[INFO] cloning repository https://github.com/fooooooooooooooo/alacritty-key
[INFO] running `Command { std: "git" "-c" "credential.helper=" "-c" "credential.helper=/workspace/cargo-home/bin/git-credential-null" "clone" "--bare" "https://github.com/fooooooooooooooo/alacritty-key" "/workspace/cache/git-repos/https%3A%2F%2Fgithub.com%2Ffooooooooooooooo%2Falacritty-key", kill_on_drop: false }`
[INFO] [stderr] Cloning into bare repository '/workspace/cache/git-repos/https%3A%2F%2Fgithub.com%2Ffooooooooooooooo%2Falacritty-key'...
[INFO] running `Command { std: "git" "rev-parse" "HEAD", kill_on_drop: false }`
[INFO] [stdout] f51d50027871ba6da0182b914bcf3a6772412edc
[INFO] testing fooooooooooooooo/alacritty-key against 1.99.0-beta.8+cargoflags=--release for beta-release-1.100-2
[INFO] running `Command { std: "git" "clone" "/workspace/cache/git-repos/https%3A%2F%2Fgithub.com%2Ffooooooooooooooo%2Falacritty-key" "/workspace/builds/worker-5-tc1/source", kill_on_drop: false }`
[INFO] [stderr] Cloning into '/workspace/builds/worker-5-tc1/source'...
[INFO] [stderr] done.
[INFO] started tweaking git repo https://github.com/fooooooooooooooo/alacritty-key
[INFO] finished tweaking git repo https://github.com/fooooooooooooooo/alacritty-key
[INFO] tweaked toml for git repo https://github.com/fooooooooooooooo/alacritty-key written to /workspace/builds/worker-5-tc1/source/Cargo.toml
[INFO] validating manifest of git repo https://github.com/fooooooooooooooo/alacritty-key on toolchain 1.99.0-beta.8
[INFO] running `Command { std: CARGO_HOME="/workspace/cargo-home" RUSTUP_HOME="/workspace/rustup-home" "/workspace/cargo-home/bin/cargo" "+1.99.0-beta.8" "metadata" "--manifest-path" "Cargo.toml" "--no-deps", kill_on_drop: false }`
[INFO] crate git repo https://github.com/fooooooooooooooo/alacritty-key already has a lockfile, it will not be regenerated
[INFO] running `Command { std: CARGO_HOME="/workspace/cargo-home" RUSTUP_HOME="/workspace/rustup-home" "/workspace/cargo-home/bin/cargo" "+1.99.0-beta.8" "fetch" "--manifest-path" "Cargo.toml", kill_on_drop: false }`
[INFO] [stderr]     Blocking waiting for file lock on package cache
[INFO] [stderr]     Updating crates.io index
[INFO] [stderr]     Blocking waiting for file lock on package cache
[INFO] [stderr]  Downloading crates ...
[INFO] [stderr]   Downloaded ab_glyph v0.2.31
[INFO] [stderr]   Downloaded polling v3.10.0
[INFO] [stderr]   Downloaded windows-numerics v0.1.1
[INFO] [stderr]   Downloaded windows-core v0.60.1
[INFO] [stderr]   Downloaded win-msgbox v0.2.1
[INFO] [stderr]   Downloaded win-hotkeys v0.5.1
[INFO] [stderr]   Downloaded windows-implement v0.59.0
[INFO] [stderr]   Downloaded windows-collections v0.1.1
[INFO] [stderr]   Downloaded windows-future v0.1.1
[INFO] [stderr]   Downloaded block2 v0.6.1
[INFO] [stderr]   Downloaded objc2-core-graphics v0.3.1
[INFO] [stderr]   Downloaded tray-icon v0.21.1
[INFO] [stderr]   Downloaded objc2-core-foundation v0.3.1
[INFO] [stderr]   Downloaded embed-resource v3.0.5
[INFO] [stderr]   Downloaded global-hotkey v0.7.0
[INFO] [stderr]   Downloaded toml_datetime v0.7.0
[INFO] [stderr]   Downloaded serde_spanned v1.0.0
[INFO] [stderr]   Downloaded toml_parser v1.0.2
[INFO] [stderr]   Downloaded objc2 v0.6.2
[INFO] [stderr]   Downloaded toml_writer v1.0.2
[INFO] [stderr]   Downloaded objc2-foundation v0.3.1
[INFO] [stderr]   Downloaded toml v0.9.5
[INFO] [stderr]   Downloaded objc2-app-kit v0.3.1
[INFO] [stderr]   Downloaded auto-launch v0.5.0
[INFO] [stderr]   Downloaded windows v0.60.0
[INFO] running `Command { std: "docker" "create" "-v" "/var/lib/crater-agent-workspace/builds/worker-5-tc1/source:/opt/rustwide/workdir:ro,Z" "-v" "/var/lib/crater-agent-workspace/builds/worker-5-tc1/target:/opt/rustwide/target:rw,Z" "-v" "/var/lib/crater-agent-workspace/cargo-home:/opt/rustwide/cargo-home:ro,Z" "-v" "/var/lib/crater-agent-workspace/rustup-home:/opt/rustwide/rustup-home:ro,Z" "-m" "1610612736" "--network" "none" "ghcr.io/rust-lang/crates-build-env/linux@sha256:77db811e55d90add9212f6832c23229e3de5f1c1f9905e8cb07319ea15df73ac" "sleep" "infinity", kill_on_drop: false }`
[INFO] [stdout] a72a3fcf5b49a3959937bd0e0da289dba55305f3a9a0a9a4148c1b19d3a42e33
[INFO] running `Command { std: "docker" "start" "a72a3fcf5b49a3959937bd0e0da289dba55305f3a9a0a9a4148c1b19d3a42e33", kill_on_drop: false }`
[INFO] running `Command { std: "docker" "inspect" "a72a3fcf5b49a3959937bd0e0da289dba55305f3a9a0a9a4148c1b19d3a42e33", kill_on_drop: false }`
[INFO] running `Command { std: "docker" "exec" "-e" "SOURCE_DIR=/opt/rustwide/workdir" "-e" "CARGO_HOME=/opt/rustwide/cargo-home" "-e" "RUSTUP_HOME=/opt/rustwide/rustup-home" "-e" "CARGO_TARGET_DIR=/opt/rustwide/target" "-w" "/opt/rustwide/workdir" "--user" "0:0" "a72a3fcf5b49a3959937bd0e0da289dba55305f3a9a0a9a4148c1b19d3a42e33" "/opt/rustwide/cargo-home/bin/cargo" "+1.99.0-beta.8" "metadata" "--no-deps" "--format-version=1", kill_on_drop: false }`
[INFO] running `Command { std: "docker" "inspect" "a72a3fcf5b49a3959937bd0e0da289dba55305f3a9a0a9a4148c1b19d3a42e33", kill_on_drop: false }`
[INFO] running `Command { std: "docker" "exec" "-e" "SOURCE_DIR=/opt/rustwide/workdir" "-e" "CARGO_HOME=/opt/rustwide/cargo-home" "-e" "RUSTUP_HOME=/opt/rustwide/rustup-home" "-e" "CARGO_TARGET_DIR=/opt/rustwide/target" "-e" "CARGO_INCREMENTAL=0" "-e" "RUST_BACKTRACE=full" "-e" "RUSTFLAGS=--cap-lints=warn" "-e" "RUSTDOCFLAGS=--cap-lints=warn" "-w" "/opt/rustwide/workdir" "--user" "0:0" "a72a3fcf5b49a3959937bd0e0da289dba55305f3a9a0a9a4148c1b19d3a42e33" "/opt/rustwide/cargo-home/bin/cargo" "+1.99.0-beta.8" "build" "--frozen" "--message-format=json" "--release", kill_on_drop: false }`
[INFO] [stderr]    Compiling proc-macro2 v1.0.101
[INFO] [stderr]    Compiling unicode-ident v1.0.19
[INFO] [stderr]    Compiling serde v1.0.219
[INFO] [stderr]    Compiling hashbrown v0.15.5
[INFO] [stderr]    Compiling winnow v0.5.40
[INFO] [stderr]    Compiling target-lexicon v0.12.16
[INFO] [stderr]    Compiling smallvec v1.15.1
[INFO] [stderr]    Compiling version-compare v0.2.0
[INFO] [stderr]    Compiling libc v0.2.175
[INFO] [stderr]    Compiling cfg-if v1.0.3
[INFO] [stderr]    Compiling rustix v1.1.2
[INFO] [stderr]    Compiling linux-raw-sys v0.11.0
[INFO] [stderr]    Compiling find-msvc-tools v0.1.1
[INFO] [stderr]    Compiling syn v1.0.109
[INFO] [stderr]    Compiling proc-macro-error v1.0.4
[INFO] [stderr]    Compiling libloading v0.8.8
[INFO] [stderr]    Compiling futures-core v0.3.31
[INFO] [stderr]    Compiling wayland-sys v0.31.7
[INFO] [stderr]    Compiling cc v1.2.36
[INFO] [stderr]    Compiling dlib v0.5.2
[INFO] [stderr]    Compiling semver v1.0.26
[INFO] [stderr]    Compiling futures-channel v0.3.31
[INFO] [stderr]    Compiling quick-xml v0.37.5
[INFO] [stderr]    Compiling wayland-client v0.31.11
[INFO] [stderr]    Compiling gio v0.18.4
[INFO] [stderr]    Compiling windows-link v0.1.3
[INFO] [stderr]    Compiling rustix v0.38.44
[INFO] [stderr]    Compiling windows-strings v0.3.1
[INFO] [stderr]    Compiling windows-result v0.3.4
[INFO] [stderr]    Compiling x11 v2.21.0
[INFO] [stderr]    Compiling linux-raw-sys v0.4.15
[INFO] [stderr]    Compiling thiserror v2.0.16
[INFO] [stderr]    Compiling gtk v0.18.2
[INFO] [stderr]    Compiling winnow v0.7.13
[INFO] [stderr]    Compiling xkeysym v0.2.1
[INFO] [stderr]    Compiling rustc_version v0.4.1
[INFO] [stderr]    Compiling cfg-expr v0.15.8
[INFO] [stderr]    Compiling simd-adler32 v0.3.7
[INFO] [stderr]    Compiling windows_x86_64_gnu v0.52.6
[INFO] [stderr]    Compiling libxdo-sys v0.11.0
[INFO] [stderr]    Compiling quote v1.0.40
[INFO] [stderr]    Compiling indexmap v2.11.1
[INFO] [stderr]    Compiling field-offset v0.3.6
[INFO] [stderr]    Compiling crossbeam-channel v0.5.15
[INFO] [stderr]    Compiling cursor-icon v1.2.0
[INFO] [stderr]    Compiling smithay-client-toolkit v0.19.2
[INFO] [stderr]    Compiling toml_writer v1.0.2
[INFO] [stderr]    Compiling bytemuck v1.23.2
[INFO] [stderr]    Compiling syn v2.0.106
[INFO] [stderr]    Compiling unicode-segmentation v1.12.0
[INFO] [stderr]    Compiling proc-macro-error-attr v1.0.4
[INFO] [stderr]    Compiling wayland-scanner v0.31.7
[INFO] [stderr]    Compiling tiny-skia-path v0.11.4
[INFO] [stderr]    Compiling memmap2 v0.9.8
[INFO] [stderr]    Compiling miniz_oxide v0.8.9
[INFO] [stderr]    Compiling crc32fast v1.5.0
[INFO] [stderr]    Compiling libloading v0.7.4
[INFO] [stderr]    Compiling ahash v0.8.12
[INFO] [stderr]    Compiling anstyle v1.0.11
[INFO] [stderr]    Compiling dpi v0.1.2
[INFO] [stderr]    Compiling x11rb-protocol v0.13.2
[INFO] [stderr]    Compiling toml_parser v1.0.2
[INFO] [stderr]    Compiling wayland-backend v0.3.11
[INFO] [stderr]    Compiling anstyle-query v1.1.4
[INFO] [stderr]    Compiling as-raw-xcb-connection v1.0.1
[INFO] [stderr]    Compiling ab_glyph v0.2.31
[INFO] [stderr]    Compiling anstream v0.6.20
[INFO] [stderr]    Compiling dirs-sys v0.5.0
[INFO] [stderr]    Compiling tiny-skia v0.11.4
[INFO] [stderr]    Compiling flate2 v1.1.2
[INFO] [stderr]    Compiling winit v0.30.12
[INFO] [stderr]    Compiling libxdo v0.6.0
[INFO] [stderr]    Compiling windows-targets v0.52.6
[INFO] [stderr]    Compiling getrandom v0.3.3
[INFO] [stderr]    Compiling dirs-sys v0.3.7
[INFO] [stderr]    Compiling fdeflate v0.3.7
[INFO] [stderr]    Compiling clap_lex v0.7.5
[INFO] [stderr]    Compiling tracing-core v0.1.34
[INFO] [stderr]    Compiling anyhow v1.0.99
[INFO] [stderr]    Compiling clap_builder v4.5.47
[INFO] [stderr]    Compiling dirs v4.0.0
[INFO] [stderr]    Compiling windows-sys v0.59.0
[INFO] [stderr]    Compiling x11-dl v2.21.0
[INFO] [stderr]    Compiling dirs v6.0.0
[INFO] [stderr]    Compiling png v0.17.16
[INFO] [stderr]    Compiling raw-window-handle v0.6.2
[INFO] [stderr]    Compiling smol_str v0.2.2
[INFO] [stderr]    Compiling tracing v0.1.41
[INFO] [stderr]    Compiling win-msgbox v0.2.1
[INFO] [stderr]    Compiling toml_datetime v0.6.3
[INFO] [stderr]    Compiling serde_spanned v0.6.9
[INFO] [stderr]    Compiling toml_datetime v0.7.0
[INFO] [stderr]    Compiling serde_spanned v1.0.0
[INFO] [stderr]    Compiling toml v0.9.5
[INFO] [stderr]    Compiling toml_edit v0.20.2
[INFO] [stderr]    Compiling toml_edit v0.19.15
[INFO] [stderr]    Compiling serde_derive v1.0.219
[INFO] [stderr]    Compiling thiserror-impl v1.0.69
[INFO] [stderr]    Compiling futures-macro v0.3.31
[INFO] [stderr]    Compiling windows-implement v0.59.0
[INFO] [stderr]    Compiling windows-interface v0.59.1
[INFO] [stderr]    Compiling thiserror-impl v2.0.16
[INFO] [stderr]    Compiling clap_derive v4.5.47
[INFO] [stderr]    Compiling embed-resource v3.0.5
[INFO] [stderr]    Compiling alacritty-key v0.1.0 (/opt/rustwide/workdir)
[INFO] [stderr]    Compiling windows-core v0.60.1
[INFO] [stderr]    Compiling futures-util v0.3.31
[INFO] [stderr]    Compiling thiserror v1.0.69
[INFO] [stderr]    Compiling auto-launch v0.5.0
[INFO] [stderr]    Compiling windows-future v0.1.1
[INFO] [stderr]    Compiling windows-numerics v0.1.1
[INFO] [stderr]    Compiling windows-collections v0.1.1
[INFO] [stderr]    Compiling clap v4.5.47
[INFO] [stderr]    Compiling proc-macro-crate v1.3.1
[INFO] [stderr]    Compiling windows v0.60.0
[INFO] [stderr]    Compiling win-hotkeys v0.5.1
[INFO] [stderr]    Compiling toml v0.8.2
[INFO] [stderr]    Compiling proc-macro-crate v2.0.2
[INFO] [stderr]    Compiling gtk3-macros v0.18.2
[INFO] [stderr]    Compiling system-deps v6.2.2
[INFO] [stderr]    Compiling glib-macros v0.18.5
[INFO] [stderr]    Compiling glib-sys v0.18.1
[INFO] [stderr]    Compiling gobject-sys v0.18.0
[INFO] [stderr]    Compiling gio-sys v0.18.1
[INFO] [stderr]    Compiling cairo-sys-rs v0.18.2
[INFO] [stderr]    Compiling atk-sys v0.18.2
[INFO] [stderr]    Compiling gdk-pixbuf-sys v0.18.0
[INFO] [stderr]    Compiling gdk-sys v0.18.2
[INFO] [stderr]    Compiling pango-sys v0.18.0
[INFO] [stderr]    Compiling gtk-sys v0.18.2
[INFO] [stderr]    Compiling futures-executor v0.3.31
[INFO] [stderr]    Compiling bitflags v2.9.4
[INFO] [stderr]    Compiling glib v0.18.5
[INFO] [stderr]    Compiling keyboard-types v0.7.0
[INFO] [stderr]    Compiling xkbcommon-dl v0.4.2
[INFO] [stderr]    Compiling libappindicator-sys v0.9.0
[INFO] [stderr]    Compiling polling v3.10.0
[INFO] [stderr]    Compiling gethostname v1.0.2
[INFO] [stderr]    Compiling x11rb v0.13.2
[INFO] [stderr]    Compiling calloop v0.13.0
[INFO] [stderr]    Compiling wayland-csd-frame v0.3.0
[INFO] [stderr]    Compiling cairo-rs v0.18.5
[INFO] [stderr]    Compiling atk v0.18.2
[INFO] [stderr]    Compiling global-hotkey v0.7.0
[INFO] [stderr]    Compiling wayland-protocols v0.32.9
[INFO] [stderr]    Compiling calloop-wayland-source v0.3.0
[INFO] [stderr]    Compiling wayland-cursor v0.31.11
[INFO] [stderr]    Compiling wayland-protocols-wlr v0.3.9
[INFO] [stderr]    Compiling wayland-protocols-plasma v0.3.9
[INFO] [stderr]    Compiling sctk-adwaita v0.10.1
[INFO] [stderr]    Compiling gdk-pixbuf v0.18.5
[INFO] [stderr]    Compiling pango v0.18.3
[INFO] [stderr]    Compiling gdk v0.18.2
[INFO] [stderr]    Compiling libappindicator v0.9.0
[INFO] [stderr]    Compiling muda v0.17.1
[INFO] [stderr]    Compiling tray-icon v0.21.1
[INFO] [stdout] error[E0433]: cannot find `windows` in `os`
[INFO] [stdout]  --> src/main.rs:3:14
[INFO] [stdout]   |
[INFO] [stdout] 3 | use std::os::windows::io::AsRawHandle;
[INFO] [stdout]   |              ^^^^^^^ could not find `windows` in `os`
[INFO] [stdout] 
[INFO] [stdout] 
[INFO] [stdout] error[E0433]: cannot find `windows` in `os`
[INFO] [stdout]  --> src/main.rs:4:14
[INFO] [stdout]   |
[INFO] [stdout] 4 | use std::os::windows::process::CommandExt;
[INFO] [stdout]   |              ^^^^^^^ could not find `windows` in `os`
[INFO] [stdout] 
[INFO] [stdout] 
[INFO] [stdout] error[E0599]: no associated function or constant named `from_resource` found for struct `tray_icon::Icon` in the current scope
[INFO] [stdout]    --> src/main.rs:81:22
[INFO] [stdout]     |
[INFO] [stdout]  81 |     .with_icon(Icon::from_resource(0x101, None)?)
[INFO] [stdout]     |                      ^^^^^^^^^^^^^ associated function or constant not found in `tray_icon::Icon`
[INFO] [stdout]     |
[INFO] [stdout] note: if you're trying to build a new `tray_icon::Icon`, consider using `tray_icon::Icon::from_rgba` which returns `Result<tray_icon::Icon, tray_icon::BadIcon>`
[INFO] [stdout]    --> /opt/rustwide/cargo-home/registry/src/index.crates.io-1949cf8c6b5b557f/tray-icon-0.21.1/src/icon.rs:132:5
[INFO] [stdout]     |
[INFO] [stdout] 132 |     pub fn from_rgba(rgba: Vec<u8>, width: u32, height: u32) -> Result<Self, BadIcon> {
[INFO] [stdout]     |     ^^^^^^^^^^^^^^^^^^^^^^^^^^^^^^^^^^^^^^^^^^^^^^^^^^^^^^^^^^^^^^^^^^^^^^^^^^^^^^^^^
[INFO] [stdout] 
[INFO] [stdout] 
[INFO] [stdout] error[E0599]: no method named `creation_flags` found for struct `std::process::Command` in the current scope
[INFO] [stdout]    --> src/main.rs:156:19
[INFO] [stdout]     |
[INFO] [stdout] 156 |           command.creation_flags(DETACHED_PROCESS);
[INFO] [stdout]     |                   ^^^^^^^^^^^^^^ method not found in `std::process::Command`
[INFO] [stdout] 
[INFO] [stdout] 
[INFO] [stdout] error[E0599]: no method named `as_raw_handle` found for struct `Child` in the current scope
[INFO] [stdout]    --> src/main.rs:162:72
[INFO] [stdout]     |
[INFO] [stdout] 162 |           let _ = command.spawn().expect("failed to launch alacritty").as_raw_handle();
[INFO] [stdout]     |                                                                        ^^^^^^^^^^^^^ method not found in `Child`
[INFO] [stdout] 
[INFO] [stdout] 
[INFO] [stdout] Some errors have detailed explanations: E0433, E0599.
[INFO] [stdout] 
[INFO] [stdout] For more information about an error, try `rustc --explain E0433`.
[INFO] [stdout] 
[INFO] [stderr] error: could not compile `alacritty-key` (bin "alacritty-key") due to 5 previous errors
[INFO] running `Command { std: "docker" "inspect" "a72a3fcf5b49a3959937bd0e0da289dba55305f3a9a0a9a4148c1b19d3a42e33", kill_on_drop: false }`
[INFO] running `Command { std: "docker" "rm" "-f" "a72a3fcf5b49a3959937bd0e0da289dba55305f3a9a0a9a4148c1b19d3a42e33", kill_on_drop: false }`
[INFO] [stdout] a72a3fcf5b49a3959937bd0e0da289dba55305f3a9a0a9a4148c1b19d3a42e33
