[INFO] cloning repository https://github.com/finleyowen/qams_cli
[INFO] running `Command { std: "git" "-c" "credential.helper=" "-c" "credential.helper=/workspace/cargo-home/bin/git-credential-null" "clone" "--bare" "https://github.com/finleyowen/qams_cli" "/workspace/cache/git-repos/https%3A%2F%2Fgithub.com%2Ffinleyowen%2Fqams_cli", kill_on_drop: false }`
[INFO] [stderr] Cloning into bare repository '/workspace/cache/git-repos/https%3A%2F%2Fgithub.com%2Ffinleyowen%2Fqams_cli'...
[INFO] running `Command { std: "git" "rev-parse" "HEAD", kill_on_drop: false }`
[INFO] [stdout] 0c490dfec2d32b281ff1720d9a23f79ad6823219
[INFO] testing finleyowen/qams_cli against 1.99.0-beta.8+cargoflags=--release for beta-release-1.100-2
[INFO] running `Command { std: "git" "clone" "/workspace/cache/git-repos/https%3A%2F%2Fgithub.com%2Ffinleyowen%2Fqams_cli" "/workspace/builds/worker-7-tc1/source", kill_on_drop: false }`
[INFO] [stderr] Cloning into '/workspace/builds/worker-7-tc1/source'...
[INFO] [stderr] done.
[INFO] started tweaking git repo https://github.com/finleyowen/qams_cli
[INFO] finished tweaking git repo https://github.com/finleyowen/qams_cli
[INFO] tweaked toml for git repo https://github.com/finleyowen/qams_cli written to /workspace/builds/worker-7-tc1/source/Cargo.toml
[INFO] validating manifest of git repo https://github.com/finleyowen/qams_cli on toolchain 1.99.0-beta.8
[INFO] running `Command { std: CARGO_HOME="/workspace/cargo-home" RUSTUP_HOME="/workspace/rustup-home" "/workspace/cargo-home/bin/cargo" "+1.99.0-beta.8" "metadata" "--manifest-path" "Cargo.toml" "--no-deps", kill_on_drop: false }`
[INFO] crate git repo https://github.com/finleyowen/qams_cli already has a lockfile, it will not be regenerated
[INFO] running `Command { std: CARGO_HOME="/workspace/cargo-home" RUSTUP_HOME="/workspace/rustup-home" "/workspace/cargo-home/bin/cargo" "+1.99.0-beta.8" "fetch" "--manifest-path" "Cargo.toml", kill_on_drop: false }`
[INFO] [stderr]     Updating git repository `https://github.com/finleyowen/qams_core`
[INFO] running `Command { std: "docker" "create" "-v" "/var/lib/crater-agent-workspace/builds/worker-7-tc1/source:/opt/rustwide/workdir:ro,Z" "-v" "/var/lib/crater-agent-workspace/builds/worker-7-tc1/target:/opt/rustwide/target:rw,Z" "-v" "/var/lib/crater-agent-workspace/cargo-home:/opt/rustwide/cargo-home:ro,Z" "-v" "/var/lib/crater-agent-workspace/rustup-home:/opt/rustwide/rustup-home:ro,Z" "-m" "1610612736" "--network" "none" "ghcr.io/rust-lang/crates-build-env/linux@sha256:77db811e55d90add9212f6832c23229e3de5f1c1f9905e8cb07319ea15df73ac" "sleep" "infinity", kill_on_drop: false }`
[INFO] [stdout] fa4e1480f2db6d2055082b3cfa9261bd7061510658ac41d84593b3bc0e622814
[INFO] running `Command { std: "docker" "start" "fa4e1480f2db6d2055082b3cfa9261bd7061510658ac41d84593b3bc0e622814", kill_on_drop: false }`
[INFO] running `Command { std: "docker" "inspect" "fa4e1480f2db6d2055082b3cfa9261bd7061510658ac41d84593b3bc0e622814", kill_on_drop: false }`
[INFO] running `Command { std: "docker" "exec" "-e" "SOURCE_DIR=/opt/rustwide/workdir" "-e" "CARGO_HOME=/opt/rustwide/cargo-home" "-e" "RUSTUP_HOME=/opt/rustwide/rustup-home" "-e" "CARGO_TARGET_DIR=/opt/rustwide/target" "-w" "/opt/rustwide/workdir" "--user" "0:0" "fa4e1480f2db6d2055082b3cfa9261bd7061510658ac41d84593b3bc0e622814" "/opt/rustwide/cargo-home/bin/cargo" "+1.99.0-beta.8" "metadata" "--no-deps" "--format-version=1", kill_on_drop: false }`
[INFO] running `Command { std: "docker" "inspect" "fa4e1480f2db6d2055082b3cfa9261bd7061510658ac41d84593b3bc0e622814", kill_on_drop: false }`
[INFO] running `Command { std: "docker" "exec" "-e" "SOURCE_DIR=/opt/rustwide/workdir" "-e" "CARGO_HOME=/opt/rustwide/cargo-home" "-e" "RUSTUP_HOME=/opt/rustwide/rustup-home" "-e" "CARGO_TARGET_DIR=/opt/rustwide/target" "-e" "CARGO_INCREMENTAL=0" "-e" "RUST_BACKTRACE=full" "-e" "RUSTFLAGS=--cap-lints=warn" "-e" "RUSTDOCFLAGS=--cap-lints=warn" "-w" "/opt/rustwide/workdir" "--user" "0:0" "fa4e1480f2db6d2055082b3cfa9261bd7061510658ac41d84593b3bc0e622814" "/opt/rustwide/cargo-home/bin/cargo" "+1.99.0-beta.8" "build" "--frozen" "--message-format=json" "--release", kill_on_drop: false }`
[INFO] [stderr]    Compiling qams_core v0.1.0 (https://github.com/finleyowen/qams_core#9f5921ae)
[INFO] [stderr]    Compiling syn v2.0.118
[INFO] [stderr]    Compiling clap_derive v4.6.1
[INFO] [stderr]    Compiling clap v4.6.1
[INFO] [stderr]    Compiling qams v0.1.0 (/opt/rustwide/workdir)
[INFO] [stderr]     Finished `release` profile [optimized] target(s) in 10.49s
[INFO] running `Command { std: "docker" "inspect" "fa4e1480f2db6d2055082b3cfa9261bd7061510658ac41d84593b3bc0e622814", kill_on_drop: false }`
[INFO] running `Command { std: "docker" "exec" "-e" "SOURCE_DIR=/opt/rustwide/workdir" "-e" "CARGO_HOME=/opt/rustwide/cargo-home" "-e" "RUSTUP_HOME=/opt/rustwide/rustup-home" "-e" "CARGO_TARGET_DIR=/opt/rustwide/target" "-e" "CARGO_INCREMENTAL=0" "-e" "RUST_BACKTRACE=full" "-e" "RUSTFLAGS=--cap-lints=warn" "-e" "RUSTDOCFLAGS=--cap-lints=warn" "-w" "/opt/rustwide/workdir" "--user" "0:0" "fa4e1480f2db6d2055082b3cfa9261bd7061510658ac41d84593b3bc0e622814" "/opt/rustwide/cargo-home/bin/cargo" "+1.99.0-beta.8" "test" "--frozen" "--no-run" "--message-format=json" "--release", kill_on_drop: false }`
[INFO] [stderr]    Compiling qams v0.1.0 (/opt/rustwide/workdir)
[INFO] [stdout] error: couldn't read `src/../../qams_core/test_artifacts/vsc1.csv`: No such file or directory (os error 2)
[INFO] [stdout]    --> src/init.rs:256:9
[INFO] [stdout]     |
[INFO] [stdout] 256 |         include_str!("../../qams_core/test_artifacts/vsc1.csv");
[INFO] [stdout]     |         ^^^^^^^^^^^^^^^^^^^^^^^^^^^^^^^^^^^^^^^^^^^^^^^^^^^^^^^
[INFO] [stdout] 
[INFO] [stdout] 
[INFO] [stdout] error: couldn't read `src/../../qams_core/test_artifacts/vsc1.csv`: No such file or directory (os error 2)
[INFO] [stdout]    --> src/scorecard.rs:651:28
[INFO] [stdout]     |
[INFO] [stdout] 651 |     const VSC1_CSV: &str = include_str!("../../qams_core/test_artifacts/vsc1.csv");
[INFO] [stdout]     |                            ^^^^^^^^^^^^^^^^^^^^^^^^^^^^^^^^^^^^^^^^^^^^^^^^^^^^^^^
[INFO] [stdout] 
[INFO] [stdout] 
[INFO] [stdout] error[E0599]: no method named `get_score` found for struct `Scorecard` in the current scope
[INFO] [stdout]    --> src/scorecard.rs:670:23
[INFO] [stdout]     |
[INFO] [stdout] 670 |         assert_eq!(sc.get_score(&sel_perfect), 1.0);
[INFO] [stdout]     |                       ^^^^^^^^^ method not found in `Scorecard`
[INFO] [stdout]     |
[INFO] [stdout]    ::: /opt/rustwide/cargo-home/git/checkouts/qams_core-daf31d315733b3dd/9f5921a/src/scorecard.rs:11:8
[INFO] [stdout]     |
[INFO] [stdout]  11 |     fn get_score(&self, sel: T) -> f64 {
[INFO] [stdout]     |        --------- the method is available for `Scorecard` here
[INFO] [stdout]     |
[INFO] [stdout]     = help: items from traits can only be used if the trait is in scope
[INFO] [stdout] help: trait `ScorecardComponent` which provides `get_score` is implemented but not in scope; perhaps you want to import it
[INFO] [stdout]     |
[INFO] [stdout] 648 +     use qams_core::ScorecardComponent;
[INFO] [stdout]     |
[INFO] [stdout] 
[INFO] [stdout] 
[INFO] [stdout] error[E0599]: no method named `get_score` found for struct `Scorecard` in the current scope
[INFO] [stdout]    --> src/scorecard.rs:676:23
[INFO] [stdout]     |
[INFO] [stdout] 676 |         assert_eq!(sc.get_score(&sel_zero), 0.0);
[INFO] [stdout]     |                       ^^^^^^^^^ method not found in `Scorecard`
[INFO] [stdout]     |
[INFO] [stdout]    ::: /opt/rustwide/cargo-home/git/checkouts/qams_core-daf31d315733b3dd/9f5921a/src/scorecard.rs:11:8
[INFO] [stdout]     |
[INFO] [stdout]  11 |     fn get_score(&self, sel: T) -> f64 {
[INFO] [stdout]     |        --------- the method is available for `Scorecard` here
[INFO] [stdout]     |
[INFO] [stdout]     = help: items from traits can only be used if the trait is in scope
[INFO] [stdout] help: trait `ScorecardComponent` which provides `get_score` is implemented but not in scope; perhaps you want to import it
[INFO] [stdout]     |
[INFO] [stdout] 648 +     use qams_core::ScorecardComponent;
[INFO] [stdout]     |
[INFO] [stdout] 
[INFO] [stdout] 
[INFO] [stdout] error[E0599]: no method named `get_score` found for struct `Scorecard` in the current scope
[INFO] [stdout]    --> src/scorecard.rs:682:23
[INFO] [stdout]     |
[INFO] [stdout] 682 |         assert_eq!(sc.get_score(&sel_na), 1.0);
[INFO] [stdout]     |                       ^^^^^^^^^ method not found in `Scorecard`
[INFO] [stdout]     |
[INFO] [stdout]    ::: /opt/rustwide/cargo-home/git/checkouts/qams_core-daf31d315733b3dd/9f5921a/src/scorecard.rs:11:8
[INFO] [stdout]     |
[INFO] [stdout]  11 |     fn get_score(&self, sel: T) -> f64 {
[INFO] [stdout]     |        --------- the method is available for `Scorecard` here
[INFO] [stdout]     |
[INFO] [stdout]     = help: items from traits can only be used if the trait is in scope
[INFO] [stdout] help: trait `ScorecardComponent` which provides `get_score` is implemented but not in scope; perhaps you want to import it
[INFO] [stdout]     |
[INFO] [stdout] 648 +     use qams_core::ScorecardComponent;
[INFO] [stdout]     |
[INFO] [stdout] 
[INFO] [stdout] 
[INFO] [stdout] error[E0599]: no method named `get_score` found for struct `Scorecard` in the current scope
[INFO] [stdout]    --> src/scorecard.rs:688:23
[INFO] [stdout]     |
[INFO] [stdout] 688 |         assert_eq!(sc.get_score(&sel_fyi), 0.5);
[INFO] [stdout]     |                       ^^^^^^^^^ method not found in `Scorecard`
[INFO] [stdout]     |
[INFO] [stdout]    ::: /opt/rustwide/cargo-home/git/checkouts/qams_core-daf31d315733b3dd/9f5921a/src/scorecard.rs:11:8
[INFO] [stdout]     |
[INFO] [stdout]  11 |     fn get_score(&self, sel: T) -> f64 {
[INFO] [stdout]     |        --------- the method is available for `Scorecard` here
[INFO] [stdout]     |
[INFO] [stdout]     = help: items from traits can only be used if the trait is in scope
[INFO] [stdout] help: trait `ScorecardComponent` which provides `get_score` is implemented but not in scope; perhaps you want to import it
[INFO] [stdout]     |
[INFO] [stdout] 648 +     use qams_core::ScorecardComponent;
[INFO] [stdout]     |
[INFO] [stdout] 
[INFO] [stdout] 
[INFO] [stdout] For more information about this error, try `rustc --explain E0599`.
[INFO] [stdout] 
[INFO] [stderr] error: could not compile `qams` (bin "qams" test) due to 6 previous errors
[INFO] running `Command { std: "docker" "inspect" "fa4e1480f2db6d2055082b3cfa9261bd7061510658ac41d84593b3bc0e622814", kill_on_drop: false }`
[INFO] running `Command { std: "docker" "rm" "-f" "fa4e1480f2db6d2055082b3cfa9261bd7061510658ac41d84593b3bc0e622814", kill_on_drop: false }`
[INFO] [stdout] fa4e1480f2db6d2055082b3cfa9261bd7061510658ac41d84593b3bc0e622814
