[INFO] cloning repository https://github.com/Test-tech-lgtm/next-test
[INFO] running `Command { std: "git" "-c" "credential.helper=" "-c" "credential.helper=/workspace/cargo-home/bin/git-credential-null" "clone" "--bare" "https://github.com/Test-tech-lgtm/next-test" "/workspace/cache/git-repos/https%3A%2F%2Fgithub.com%2FTest-tech-lgtm%2Fnext-test", kill_on_drop: false }`
[INFO] [stderr] Cloning into bare repository '/workspace/cache/git-repos/https%3A%2F%2Fgithub.com%2FTest-tech-lgtm%2Fnext-test'...
[INFO] running `Command { std: "git" "rev-parse" "HEAD", kill_on_drop: false }`
[INFO] [stdout] c8f83638d3164c69dcf3f1202dbffbc4aa7fdf80
[INFO] testing Test-tech-lgtm/next-test against 1.100.0-beta.1+cargoflags=--release for beta-release-1.100-2
[INFO] running `Command { std: "git" "clone" "/workspace/cache/git-repos/https%3A%2F%2Fgithub.com%2FTest-tech-lgtm%2Fnext-test" "/workspace/builds/worker-7-tc2/source", kill_on_drop: false }`
[INFO] [stderr] Cloning into '/workspace/builds/worker-7-tc2/source'...
[INFO] [stderr] done.
[INFO] [stderr] Updating files:  44% (6962/15613)
Updating files:  45% (7026/15613)
Updating files:  46% (7182/15613)
Updating files:  47% (7339/15613)
Updating files:  48% (7495/15613)
Updating files:  49% (7651/15613)
Updating files:  50% (7807/15613)
Updating files:  51% (7963/15613)
Updating files:  52% (8119/15613)
Updating files:  53% (8275/15613)
Updating files:  54% (8432/15613)
Updating files:  55% (8588/15613)
Updating files:  56% (8744/15613)
Updating files:  57% (8900/15613)
Updating files:  58% (9056/15613)
Updating files:  59% (9212/15613)
Updating files:  60% (9368/15613)
Updating files:  61% (9524/15613)
Updating files:  62% (9681/15613)
Updating files:  63% (9837/15613)
Updating files:  64% (9993/15613)
Updating files:  65% (10149/15613)
Updating files:  66% (10305/15613)
Updating files:  67% (10461/15613)
Updating files:  68% (10617/15613)
Updating files:  69% (10773/15613)
Updating files:  70% (10930/15613)
Updating files:  71% (11086/15613)
Updating files:  72% (11242/15613)
Updating files:  73% (11398/15613)
Updating files:  74% (11554/15613)
Updating files:  75% (11710/15613)
Updating files:  76% (11866/15613)
Updating files:  76% (11965/15613)
Updating files:  77% (12023/15613)
Updating files:  78% (12179/15613)
Updating files:  79% (12335/15613)
Updating files:  80% (12491/15613)
Updating files:  81% (12647/15613)
Updating files:  82% (12803/15613)
Updating files:  83% (12959/15613)
Updating files:  84% (13115/15613)
Updating files:  85% (13272/15613)
Updating files:  86% (13428/15613)
Updating files:  87% (13584/15613)
Updating files:  88% (13740/15613)
Updating files:  89% (13896/15613)
Updating files:  90% (14052/15613)
Updating files:  91% (14208/15613)
Updating files:  92% (14364/15613)
Updating files:  93% (14521/15613)
Updating files:  94% (14677/15613)
Updating files:  95% (14833/15613)
Updating files:  96% (14989/15613)
Updating files:  97% (15145/15613)
Updating files:  98% (15301/15613)
Updating files:  99% (15457/15613)
Updating files: 100% (15613/15613)
Updating files: 100% (15613/15613), done.
[INFO] removed /workspace/builds/worker-7-tc2/source/.cargo/config.toml
[INFO] removed /workspace/builds/worker-7-tc2/source/rust-toolchain
[INFO] started tweaking git repo https://github.com/Test-tech-lgtm/next-test
[INFO] finished tweaking git repo https://github.com/Test-tech-lgtm/next-test
[INFO] tweaked toml for git repo https://github.com/Test-tech-lgtm/next-test written to /workspace/builds/worker-7-tc2/source/Cargo.toml
[INFO] validating manifest of git repo https://github.com/Test-tech-lgtm/next-test on toolchain 1.100.0-beta.1
[INFO] running `Command { std: CARGO_HOME="/workspace/cargo-home" RUSTUP_HOME="/workspace/rustup-home" "/workspace/cargo-home/bin/cargo" "+1.100.0-beta.1" "metadata" "--manifest-path" "Cargo.toml" "--no-deps", kill_on_drop: false }`
[INFO] crate git repo https://github.com/Test-tech-lgtm/next-test already has a lockfile, it will not be regenerated
[INFO] running `Command { std: CARGO_HOME="/workspace/cargo-home" RUSTUP_HOME="/workspace/rustup-home" "/workspace/cargo-home/bin/cargo" "+1.100.0-beta.1" "fetch" "--manifest-path" "Cargo.toml", kill_on_drop: false }`
[INFO] [stderr] warning: unused workspace dependency `assert_cmd`
[INFO] [stderr]   --> Cargo.toml:13:1
[INFO] [stderr]    |
[INFO] [stderr] 13 | assert_cmd = "2.0.8"
[INFO] [stderr]    | ^^^^^^^^^^
[INFO] [stderr]    |
[INFO] [stderr]    = note: `cargo::unused_workspace_dependencies` is set to `warn` by default
[INFO] [stderr] help: consider removing the workspace dependency `assert_cmd`
[INFO] [stderr] warning: unused workspace dependency `async-compression`
[INFO] [stderr]   --> Cargo.toml:74:25
[INFO] [stderr]    |
[INFO] [stderr] 74 | [workspace.dependencies.async-compression]
[INFO] [stderr]    |                         ^^^^^^^^^^^^^^^^^
[INFO] [stderr]    |
[INFO] [stderr] help: consider removing the workspace dependency `async-compression`
[INFO] [stderr] warning: unused workspace dependency `atty`
[INFO] [stderr]   --> Cargo.toml:16:1
[INFO] [stderr]    |
[INFO] [stderr] 16 | atty = "0.2.14"
[INFO] [stderr]    | ^^^^
[INFO] [stderr]    |
[INFO] [stderr] help: consider removing the workspace dependency `atty`
[INFO] [stderr] warning: unused workspace dependency `chromiumoxide`
[INFO] [stderr]   --> Cargo.toml:79:25
[INFO] [stderr]    |
[INFO] [stderr] 79 | [workspace.dependencies.chromiumoxide]
[INFO] [stderr]    |                         ^^^^^^^^^^^^^
[INFO] [stderr]    |
[INFO] [stderr] help: consider removing the workspace dependency `chromiumoxide`
[INFO] [stderr] warning: unused workspace dependency `chrono`
[INFO] [stderr]   --> Cargo.toml:17:1
[INFO] [stderr]    |
[INFO] [stderr] 17 | chrono = "0.4.23"
[INFO] [stderr]    | ^^^^^^
[INFO] [stderr]    |
[INFO] [stderr] help: consider removing the workspace dependency `chrono`
[INFO] [stderr] warning: unused workspace dependency `clap`
[INFO] [stderr]   --> Cargo.toml:18:1
[INFO] [stderr]    |
[INFO] [stderr] 18 | clap = "4.1.6"
[INFO] [stderr]    | ^^^^
[INFO] [stderr]    |
[INFO] [stderr] help: consider removing the workspace dependency `clap`
[INFO] [stderr] warning: unused workspace dependency `clap_complete`
[INFO] [stderr]   --> Cargo.toml:19:1
[INFO] [stderr]    |
[INFO] [stderr] 19 | clap_complete = "4.1.2"
[INFO] [stderr]    | ^^^^^^^^^^^^^
[INFO] [stderr]    |
[INFO] [stderr] help: consider removing the workspace dependency `clap_complete`
[INFO] [stderr] warning: unused workspace dependency `concurrent-queue`
[INFO] [stderr]   --> Cargo.toml:20:1
[INFO] [stderr]    |
[INFO] [stderr] 20 | concurrent-queue = "2.1.0"
[INFO] [stderr]    | ^^^^^^^^^^^^^^^^
[INFO] [stderr]    |
[INFO] [stderr] help: consider removing the workspace dependency `concurrent-queue`
[INFO] [stderr] warning: unused workspace dependency `console`
[INFO] [stderr]   --> Cargo.toml:21:1
[INFO] [stderr]    |
[INFO] [stderr] 21 | console = "0.15.5"
[INFO] [stderr]    | ^^^^^^^
[INFO] [stderr]    |
[INFO] [stderr] help: consider removing the workspace dependency `console`
[INFO] [stderr] warning: unused workspace dependency `criterion`
[INFO] [stderr]   --> Cargo.toml:23:1
[INFO] [stderr]    |
[INFO] [stderr] 23 | criterion = "0.4.0"
[INFO] [stderr]    | ^^^^^^^^^
[INFO] [stderr]    |
[INFO] [stderr] help: consider removing the workspace dependency `criterion`
[INFO] [stderr] warning: unused workspace dependency `crossbeam-channel`
[INFO] [stderr]   --> Cargo.toml:24:1
[INFO] [stderr]    |
[INFO] [stderr] 24 | crossbeam-channel = "0.5.8"
[INFO] [stderr]    | ^^^^^^^^^^^^^^^^^
[INFO] [stderr]    |
[INFO] [stderr] help: consider removing the workspace dependency `crossbeam-channel`
[INFO] [stderr] warning: unused workspace dependency `dashmap`
[INFO] [stderr]   --> Cargo.toml:25:1
[INFO] [stderr]    |
[INFO] [stderr] 25 | dashmap = "5.4.0"
[INFO] [stderr]    | ^^^^^^^
[INFO] [stderr]    |
[INFO] [stderr] help: consider removing the workspace dependency `dashmap`
[INFO] [stderr] warning: unused workspace dependency `dialoguer`
[INFO] [stderr]   --> Cargo.toml:26:1
[INFO] [stderr]    |
[INFO] [stderr] 26 | dialoguer = "0.10.3"
[INFO] [stderr]    | ^^^^^^^^^
[INFO] [stderr]    |
[INFO] [stderr] help: consider removing the workspace dependency `dialoguer`
[INFO] [stderr] warning: unused workspace dependency `futures-retry`
[INFO] [stderr]   --> Cargo.toml:29:1
[INFO] [stderr]    |
[INFO] [stderr] 29 | futures-retry = "0.6.0"
[INFO] [stderr]    | ^^^^^^^^^^^^^
[INFO] [stderr]    |
[INFO] [stderr] help: consider removing the workspace dependency `futures-retry`
[INFO] [stderr] warning: unused workspace dependency `httpmock`
[INFO] [stderr]   --> Cargo.toml:87:25
[INFO] [stderr]    |
[INFO] [stderr] 87 | [workspace.dependencies.httpmock]
[INFO] [stderr]    |                         ^^^^^^^^
[INFO] [stderr]    |
[INFO] [stderr] help: consider removing the workspace dependency `httpmock`
[INFO] [stderr] warning: unused workspace dependency `indicatif`
[INFO] [stderr]   --> Cargo.toml:31:1
[INFO] [stderr]    |
[INFO] [stderr] 31 | indicatif = "0.17.3"
[INFO] [stderr]    | ^^^^^^^^^
[INFO] [stderr]    |
[INFO] [stderr] help: consider removing the workspace dependency `indicatif`
[INFO] [stderr] warning: unused workspace dependency `itertools`
[INFO] [stderr]   --> Cargo.toml:33:1
[INFO] [stderr]    |
[INFO] [stderr] 33 | itertools = "0.10.5"
[INFO] [stderr]    | ^^^^^^^^^
[INFO] [stderr]    |
[INFO] [stderr] help: consider removing the workspace dependency `itertools`
[INFO] [stderr] warning: unused workspace dependency `log`
[INFO] [stderr]   --> Cargo.toml:35:1
[INFO] [stderr]    |
[INFO] [stderr] 35 | log = "0.4.17"
[INFO] [stderr]    | ^^^
[INFO] [stderr]    |
[INFO] [stderr] help: consider removing the workspace dependency `log`
[INFO] [stderr] warning: unused workspace dependency `nohash-hasher`
[INFO] [stderr]   --> Cargo.toml:37:1
[INFO] [stderr]    |
[INFO] [stderr] 37 | nohash-hasher = "0.2.0"
[INFO] [stderr]    | ^^^^^^^^^^^^^
[INFO] [stderr]    |
[INFO] [stderr] help: consider removing the workspace dependency `nohash-hasher`
[INFO] [stderr] warning: unused workspace dependency `owo-colors`
[INFO] [stderr]   --> Cargo.toml:39:1
[INFO] [stderr]    |
[INFO] [stderr] 39 | owo-colors = "3.5.0"
[INFO] [stderr]    | ^^^^^^^^^^
[INFO] [stderr]    |
[INFO] [stderr] help: consider removing the workspace dependency `owo-colors`
[INFO] [stderr] warning: unused workspace dependency `parking_lot`
[INFO] [stderr]   --> Cargo.toml:40:1
[INFO] [stderr]    |
[INFO] [stderr] 40 | parking_lot = "0.12.1"
[INFO] [stderr]    | ^^^^^^^^^^^
[INFO] [stderr]    |
[INFO] [stderr] help: consider removing the workspace dependency `parking_lot`
[INFO] [stderr] warning: unused workspace dependency `pin-project-lite`
[INFO] [stderr]   --> Cargo.toml:42:1
[INFO] [stderr]    |
[INFO] [stderr] 42 | pin-project-lite = "0.2.9"
[INFO] [stderr]    | ^^^^^^^^^^^^^^^^
[INFO] [stderr]    |
[INFO] [stderr] help: consider removing the workspace dependency `pin-project-lite`
[INFO] [stderr] warning: unused workspace dependency `postcard`
[INFO] [stderr]   --> Cargo.toml:43:1
[INFO] [stderr]    |
[INFO] [stderr] 43 | postcard = "1.0.4"
[INFO] [stderr]    | ^^^^^^^^
[INFO] [stderr]    |
[INFO] [stderr] help: consider removing the workspace dependency `postcard`
[INFO] [stderr] warning: unused workspace dependency `predicates`
[INFO] [stderr]   --> Cargo.toml:44:1
[INFO] [stderr]    |
[INFO] [stderr] 44 | predicates = "2.1.5"
[INFO] [stderr]    | ^^^^^^^^^^
[INFO] [stderr]    |
[INFO] [stderr] help: consider removing the workspace dependency `predicates`
[INFO] [stderr] warning: unused workspace dependency `pretty_assertions`
[INFO] [stderr]   --> Cargo.toml:45:1
[INFO] [stderr]    |
[INFO] [stderr] 45 | pretty_assertions = "1.3.0"
[INFO] [stderr]    | ^^^^^^^^^^^^^^^^^
[INFO] [stderr]    |
[INFO] [stderr] help: consider removing the workspace dependency `pretty_assertions`
[INFO] [stderr] warning: unused workspace dependency `proc-macro2`
[INFO] [stderr]   --> Cargo.toml:46:1
[INFO] [stderr]    |
[INFO] [stderr] 46 | proc-macro2 = "1.0.51"
[INFO] [stderr]    | ^^^^^^^^^^^
[INFO] [stderr]    |
[INFO] [stderr] help: consider removing the workspace dependency `proc-macro2`
[INFO] [stderr] warning: unused workspace dependency `quote`
[INFO] [stderr]   --> Cargo.toml:48:1
[INFO] [stderr]    |
[INFO] [stderr] 48 | quote = "1.0.23"
[INFO] [stderr]    | ^^^^^
[INFO] [stderr]    |
[INFO] [stderr] help: consider removing the workspace dependency `quote`
[INFO] [stderr] warning: unused workspace dependency `rand`
[INFO] [stderr]   --> Cargo.toml:49:1
[INFO] [stderr]    |
[INFO] [stderr] 49 | rand = "0.8.5"
[INFO] [stderr]    | ^^^^
[INFO] [stderr]    |
[INFO] [stderr] help: consider removing the workspace dependency `rand`
[INFO] [stderr] warning: unused workspace dependency `reqwest`
[INFO] [stderr]    --> Cargo.toml:103:25
[INFO] [stderr]     |
[INFO] [stderr] 103 | [workspace.dependencies.reqwest]
[INFO] [stderr]     |                         ^^^^^^^
[INFO] [stderr]     |
[INFO] [stderr] help: consider removing the workspace dependency `reqwest`
[INFO] [stderr] warning: unused workspace dependency `rstest`
[INFO] [stderr]   --> Cargo.toml:51:1
[INFO] [stderr]    |
[INFO] [stderr] 51 | rstest = "0.16.0"
[INFO] [stderr]    | ^^^^^^
[INFO] [stderr]    |
[INFO] [stderr] help: consider removing the workspace dependency `rstest`
[INFO] [stderr] warning: unused workspace dependency `semver`
[INFO] [stderr]   --> Cargo.toml:53:1
[INFO] [stderr]    |
[INFO] [stderr] 53 | semver = "1.0.16"
[INFO] [stderr]    | ^^^^^^
[INFO] [stderr]    |
[INFO] [stderr] help: consider removing the workspace dependency `semver`
[INFO] [stderr] warning: unused workspace dependency `serde_qs`
[INFO] [stderr]   --> Cargo.toml:55:1
[INFO] [stderr]    |
[INFO] [stderr] 55 | serde_qs = "0.11.0"
[INFO] [stderr]    | ^^^^^^^^
[INFO] [stderr]    |
[INFO] [stderr] help: consider removing the workspace dependency `serde_qs`
[INFO] [stderr] warning: unused workspace dependency `serde_yaml`
[INFO] [stderr]   --> Cargo.toml:56:1
[INFO] [stderr]    |
[INFO] [stderr] 56 | serde_yaml = "0.9.17"
[INFO] [stderr]    | ^^^^^^^^^^
[INFO] [stderr]    |
[INFO] [stderr] help: consider removing the workspace dependency `serde_yaml`
[INFO] [stderr] warning: unused workspace dependency `syn`
[INFO] [stderr]   --> Cargo.toml:57:1
[INFO] [stderr]    |
[INFO] [stderr] 57 | syn = "1.0.107"
[INFO] [stderr]    | ^^^
[INFO] [stderr]    |
[INFO] [stderr] help: consider removing the workspace dependency `syn`
[INFO] [stderr] warning: unused workspace dependency `tempfile`
[INFO] [stderr]   --> Cargo.toml:58:1
[INFO] [stderr]    |
[INFO] [stderr] 58 | tempfile = "3.3.0"
[INFO] [stderr]    | ^^^^^^^^
[INFO] [stderr]    |
[INFO] [stderr] help: consider removing the workspace dependency `tempfile`
[INFO] [stderr] warning: unused workspace dependency `testing`
[INFO] [stderr]    --> Cargo.toml:120:25
[INFO] [stderr]     |
[INFO] [stderr] 120 | [workspace.dependencies.testing]
[INFO] [stderr]     |                         ^^^^^^^
[INFO] [stderr]     |
[INFO] [stderr] help: consider removing the workspace dependency `testing`
[INFO] [stderr] warning: unused workspace dependency `tiny-gradient`
[INFO] [stderr]   --> Cargo.toml:60:1
[INFO] [stderr]    |
[INFO] [stderr] 60 | tiny-gradient = "0.1.0"
[INFO] [stderr]    | ^^^^^^^^^^^^^
[INFO] [stderr]    |
[INFO] [stderr] help: consider removing the workspace dependency `tiny-gradient`
[INFO] [stderr] warning: unused workspace dependency `tokio-util`
[INFO] [stderr]    --> Cargo.toml:123:25
[INFO] [stderr]     |
[INFO] [stderr] 123 | [workspace.dependencies.tokio-util]
[INFO] [stderr]     |                         ^^^^^^^^^^
[INFO] [stderr]     |
[INFO] [stderr] help: consider removing the workspace dependency `tokio-util`
[INFO] [stderr] warning: unused workspace dependency `tungstenite`
[INFO] [stderr]   --> Cargo.toml:64:1
[INFO] [stderr]    |
[INFO] [stderr] 64 | tungstenite = "0.18.0"
[INFO] [stderr]    | ^^^^^^^^^^^
[INFO] [stderr]    |
[INFO] [stderr] help: consider removing the workspace dependency `tungstenite`
[INFO] [stderr] warning: unused workspace dependency `webbrowser`
[INFO] [stderr]   --> Cargo.toml:67:1
[INFO] [stderr]    |
[INFO] [stderr] 67 | webbrowser = "0.8.7"
[INFO] [stderr]    | ^^^^^^^^^^
[INFO] [stderr]    |
[INFO] [stderr] help: consider removing the workspace dependency `webbrowser`
[INFO] [stderr] warning: workspace (manifest) generated 40 warnings
[INFO] [stderr] warning: packages/next-swc/crates/next-core/Cargo.toml: `default_features` is deprecated in favor of `default-features` and will not work in the 2024 edition
[INFO] [stderr] (in the `allsorts` dependency)
[INFO] [stderr] warning: `next-core` (manifest) generated 1 warning
[INFO] running `Command { std: "docker" "create" "-v" "/var/lib/crater-agent-workspace/builds/worker-7-tc2/source:/opt/rustwide/workdir:ro,Z" "-v" "/var/lib/crater-agent-workspace/builds/worker-7-tc2/target:/opt/rustwide/target:rw,Z" "-v" "/var/lib/crater-agent-workspace/cargo-home:/opt/rustwide/cargo-home:ro,Z" "-v" "/var/lib/crater-agent-workspace/rustup-home:/opt/rustwide/rustup-home:ro,Z" "-m" "1610612736" "--network" "none" "ghcr.io/rust-lang/crates-build-env/linux@sha256:77db811e55d90add9212f6832c23229e3de5f1c1f9905e8cb07319ea15df73ac" "sleep" "infinity", kill_on_drop: false }`
[INFO] [stdout] 762255b9676a284c8b69c9afa68d9ecd4603adabf231dc95e3f5d3fd6417ab35
[INFO] running `Command { std: "docker" "start" "762255b9676a284c8b69c9afa68d9ecd4603adabf231dc95e3f5d3fd6417ab35", kill_on_drop: false }`
[INFO] running `Command { std: "docker" "inspect" "762255b9676a284c8b69c9afa68d9ecd4603adabf231dc95e3f5d3fd6417ab35", kill_on_drop: false }`
[INFO] running `Command { std: "docker" "exec" "-e" "SOURCE_DIR=/opt/rustwide/workdir" "-e" "CARGO_HOME=/opt/rustwide/cargo-home" "-e" "RUSTUP_HOME=/opt/rustwide/rustup-home" "-e" "CARGO_TARGET_DIR=/opt/rustwide/target" "-w" "/opt/rustwide/workdir" "--user" "0:0" "762255b9676a284c8b69c9afa68d9ecd4603adabf231dc95e3f5d3fd6417ab35" "/opt/rustwide/cargo-home/bin/cargo" "+1.100.0-beta.1" "metadata" "--no-deps" "--format-version=1", kill_on_drop: false }`
[INFO] running `Command { std: "docker" "inspect" "762255b9676a284c8b69c9afa68d9ecd4603adabf231dc95e3f5d3fd6417ab35", kill_on_drop: false }`
[INFO] running `Command { std: "docker" "exec" "-e" "SOURCE_DIR=/opt/rustwide/workdir" "-e" "CARGO_HOME=/opt/rustwide/cargo-home" "-e" "RUSTUP_HOME=/opt/rustwide/rustup-home" "-e" "CARGO_TARGET_DIR=/opt/rustwide/target" "-e" "CARGO_INCREMENTAL=0" "-e" "RUST_BACKTRACE=full" "-e" "RUSTFLAGS=--cap-lints=warn" "-e" "RUSTDOCFLAGS=--cap-lints=warn" "-w" "/opt/rustwide/workdir" "--user" "0:0" "762255b9676a284c8b69c9afa68d9ecd4603adabf231dc95e3f5d3fd6417ab35" "/opt/rustwide/cargo-home/bin/cargo" "+1.100.0-beta.1" "build" "--frozen" "--message-format=json" "--release", kill_on_drop: false }`
[INFO] [stderr] warning: unused workspace dependency `assert_cmd`
[INFO] [stderr]   --> Cargo.toml:13:1
[INFO] [stderr]    |
[INFO] [stderr] 13 | assert_cmd = "2.0.8"
[INFO] [stderr]    | ^^^^^^^^^^
[INFO] [stderr]    |
[INFO] [stderr]    = note: `cargo::unused_workspace_dependencies` is set to `warn` by default
[INFO] [stderr] help: consider removing the workspace dependency `assert_cmd`
[INFO] [stderr] warning: unused workspace dependency `async-compression`
[INFO] [stderr]   --> Cargo.toml:74:25
[INFO] [stderr]    |
[INFO] [stderr] 74 | [workspace.dependencies.async-compression]
[INFO] [stderr]    |                         ^^^^^^^^^^^^^^^^^
[INFO] [stderr]    |
[INFO] [stderr] help: consider removing the workspace dependency `async-compression`
[INFO] [stderr] warning: unused workspace dependency `atty`
[INFO] [stderr]   --> Cargo.toml:16:1
[INFO] [stderr]    |
[INFO] [stderr] 16 | atty = "0.2.14"
[INFO] [stderr]    | ^^^^
[INFO] [stderr]    |
[INFO] [stderr] help: consider removing the workspace dependency `atty`
[INFO] [stderr] warning: unused workspace dependency `chromiumoxide`
[INFO] [stderr]   --> Cargo.toml:79:25
[INFO] [stderr]    |
[INFO] [stderr] 79 | [workspace.dependencies.chromiumoxide]
[INFO] [stderr]    |                         ^^^^^^^^^^^^^
[INFO] [stderr]    |
[INFO] [stderr] help: consider removing the workspace dependency `chromiumoxide`
[INFO] [stderr] warning: unused workspace dependency `chrono`
[INFO] [stderr]   --> Cargo.toml:17:1
[INFO] [stderr]    |
[INFO] [stderr] 17 | chrono = "0.4.23"
[INFO] [stderr]    | ^^^^^^
[INFO] [stderr]    |
[INFO] [stderr] help: consider removing the workspace dependency `chrono`
[INFO] [stderr] warning: unused workspace dependency `clap`
[INFO] [stderr]   --> Cargo.toml:18:1
[INFO] [stderr]    |
[INFO] [stderr] 18 | clap = "4.1.6"
[INFO] [stderr]    | ^^^^
[INFO] [stderr]    |
[INFO] [stderr] help: consider removing the workspace dependency `clap`
[INFO] [stderr] warning: unused workspace dependency `clap_complete`
[INFO] [stderr]   --> Cargo.toml:19:1
[INFO] [stderr]    |
[INFO] [stderr] 19 | clap_complete = "4.1.2"
[INFO] [stderr]    | ^^^^^^^^^^^^^
[INFO] [stderr]    |
[INFO] [stderr] help: consider removing the workspace dependency `clap_complete`
[INFO] [stderr] warning: unused workspace dependency `concurrent-queue`
[INFO] [stderr]   --> Cargo.toml:20:1
[INFO] [stderr]    |
[INFO] [stderr] 20 | concurrent-queue = "2.1.0"
[INFO] [stderr]    | ^^^^^^^^^^^^^^^^
[INFO] [stderr]    |
[INFO] [stderr] help: consider removing the workspace dependency `concurrent-queue`
[INFO] [stderr] warning: unused workspace dependency `console`
[INFO] [stderr]   --> Cargo.toml:21:1
[INFO] [stderr]    |
[INFO] [stderr] 21 | console = "0.15.5"
[INFO] [stderr]    | ^^^^^^^
[INFO] [stderr]    |
[INFO] [stderr] help: consider removing the workspace dependency `console`
[INFO] [stderr] warning: unused workspace dependency `criterion`
[INFO] [stderr]   --> Cargo.toml:23:1
[INFO] [stderr]    |
[INFO] [stderr] 23 | criterion = "0.4.0"
[INFO] [stderr]    | ^^^^^^^^^
[INFO] [stderr]    |
[INFO] [stderr] help: consider removing the workspace dependency `criterion`
[INFO] [stderr] warning: unused workspace dependency `crossbeam-channel`
[INFO] [stderr]   --> Cargo.toml:24:1
[INFO] [stderr]    |
[INFO] [stderr] 24 | crossbeam-channel = "0.5.8"
[INFO] [stderr]    | ^^^^^^^^^^^^^^^^^
[INFO] [stderr]    |
[INFO] [stderr] help: consider removing the workspace dependency `crossbeam-channel`
[INFO] [stderr] warning: unused workspace dependency `dashmap`
[INFO] [stderr]   --> Cargo.toml:25:1
[INFO] [stderr]    |
[INFO] [stderr] 25 | dashmap = "5.4.0"
[INFO] [stderr]    | ^^^^^^^
[INFO] [stderr]    |
[INFO] [stderr] help: consider removing the workspace dependency `dashmap`
[INFO] [stderr] warning: unused workspace dependency `dialoguer`
[INFO] [stderr]   --> Cargo.toml:26:1
[INFO] [stderr]    |
[INFO] [stderr] 26 | dialoguer = "0.10.3"
[INFO] [stderr]    | ^^^^^^^^^
[INFO] [stderr]    |
[INFO] [stderr] help: consider removing the workspace dependency `dialoguer`
[INFO] [stderr] warning: unused workspace dependency `futures-retry`
[INFO] [stderr]   --> Cargo.toml:29:1
[INFO] [stderr]    |
[INFO] [stderr] 29 | futures-retry = "0.6.0"
[INFO] [stderr]    | ^^^^^^^^^^^^^
[INFO] [stderr]    |
[INFO] [stderr] help: consider removing the workspace dependency `futures-retry`
[INFO] [stderr] warning: unused workspace dependency `httpmock`
[INFO] [stderr]   --> Cargo.toml:87:25
[INFO] [stderr]    |
[INFO] [stderr] 87 | [workspace.dependencies.httpmock]
[INFO] [stderr]    |                         ^^^^^^^^
[INFO] [stderr]    |
[INFO] [stderr] help: consider removing the workspace dependency `httpmock`
[INFO] [stderr] warning: unused workspace dependency `indicatif`
[INFO] [stderr]   --> Cargo.toml:31:1
[INFO] [stderr]    |
[INFO] [stderr] 31 | indicatif = "0.17.3"
[INFO] [stderr]    | ^^^^^^^^^
[INFO] [stderr]    |
[INFO] [stderr] help: consider removing the workspace dependency `indicatif`
[INFO] [stderr] warning: unused workspace dependency `itertools`
[INFO] [stderr]   --> Cargo.toml:33:1
[INFO] [stderr]    |
[INFO] [stderr] 33 | itertools = "0.10.5"
[INFO] [stderr]    | ^^^^^^^^^
[INFO] [stderr]    |
[INFO] [stderr] help: consider removing the workspace dependency `itertools`
[INFO] [stderr] warning: unused workspace dependency `log`
[INFO] [stderr]   --> Cargo.toml:35:1
[INFO] [stderr]    |
[INFO] [stderr] 35 | log = "0.4.17"
[INFO] [stderr]    | ^^^
[INFO] [stderr]    |
[INFO] [stderr] help: consider removing the workspace dependency `log`
[INFO] [stderr] warning: unused workspace dependency `nohash-hasher`
[INFO] [stderr]   --> Cargo.toml:37:1
[INFO] [stderr]    |
[INFO] [stderr] 37 | nohash-hasher = "0.2.0"
[INFO] [stderr]    | ^^^^^^^^^^^^^
[INFO] [stderr]    |
[INFO] [stderr] help: consider removing the workspace dependency `nohash-hasher`
[INFO] [stderr] warning: unused workspace dependency `owo-colors`
[INFO] [stderr]   --> Cargo.toml:39:1
[INFO] [stderr]    |
[INFO] [stderr] 39 | owo-colors = "3.5.0"
[INFO] [stderr]    | ^^^^^^^^^^
[INFO] [stderr]    |
[INFO] [stderr] help: consider removing the workspace dependency `owo-colors`
[INFO] [stderr] warning: unused workspace dependency `parking_lot`
[INFO] [stderr]   --> Cargo.toml:40:1
[INFO] [stderr]    |
[INFO] [stderr] 40 | parking_lot = "0.12.1"
[INFO] [stderr]    | ^^^^^^^^^^^
[INFO] [stderr]    |
[INFO] [stderr] help: consider removing the workspace dependency `parking_lot`
[INFO] [stderr] warning: unused workspace dependency `pin-project-lite`
[INFO] [stderr]   --> Cargo.toml:42:1
[INFO] [stderr]    |
[INFO] [stderr] 42 | pin-project-lite = "0.2.9"
[INFO] [stderr]    | ^^^^^^^^^^^^^^^^
[INFO] [stderr]    |
[INFO] [stderr] help: consider removing the workspace dependency `pin-project-lite`
[INFO] [stderr] warning: unused workspace dependency `postcard`
[INFO] [stderr]   --> Cargo.toml:43:1
[INFO] [stderr]    |
[INFO] [stderr] 43 | postcard = "1.0.4"
[INFO] [stderr]    | ^^^^^^^^
[INFO] [stderr]    |
[INFO] [stderr] help: consider removing the workspace dependency `postcard`
[INFO] [stderr] warning: unused workspace dependency `predicates`
[INFO] [stderr]   --> Cargo.toml:44:1
[INFO] [stderr]    |
[INFO] [stderr] 44 | predicates = "2.1.5"
[INFO] [stderr]    | ^^^^^^^^^^
[INFO] [stderr]    |
[INFO] [stderr] help: consider removing the workspace dependency `predicates`
[INFO] [stderr] warning: unused workspace dependency `pretty_assertions`
[INFO] [stderr]   --> Cargo.toml:45:1
[INFO] [stderr]    |
[INFO] [stderr] 45 | pretty_assertions = "1.3.0"
[INFO] [stderr]    | ^^^^^^^^^^^^^^^^^
[INFO] [stderr]    |
[INFO] [stderr] help: consider removing the workspace dependency `pretty_assertions`
[INFO] [stderr] warning: unused workspace dependency `proc-macro2`
[INFO] [stderr]   --> Cargo.toml:46:1
[INFO] [stderr]    |
[INFO] [stderr] 46 | proc-macro2 = "1.0.51"
[INFO] [stderr]    | ^^^^^^^^^^^
[INFO] [stderr]    |
[INFO] [stderr] help: consider removing the workspace dependency `proc-macro2`
[INFO] [stderr] warning: unused workspace dependency `quote`
[INFO] [stderr]   --> Cargo.toml:48:1
[INFO] [stderr]    |
[INFO] [stderr] 48 | quote = "1.0.23"
[INFO] [stderr]    | ^^^^^
[INFO] [stderr]    |
[INFO] [stderr] help: consider removing the workspace dependency `quote`
[INFO] [stderr] warning: unused workspace dependency `rand`
[INFO] [stderr]   --> Cargo.toml:49:1
[INFO] [stderr]    |
[INFO] [stderr] 49 | rand = "0.8.5"
[INFO] [stderr]    | ^^^^
[INFO] [stderr]    |
[INFO] [stderr] help: consider removing the workspace dependency `rand`
[INFO] [stderr] warning: unused workspace dependency `reqwest`
[INFO] [stderr]    --> Cargo.toml:103:25
[INFO] [stderr]     |
[INFO] [stderr] 103 | [workspace.dependencies.reqwest]
[INFO] [stderr]     |                         ^^^^^^^
[INFO] [stderr]     |
[INFO] [stderr] help: consider removing the workspace dependency `reqwest`
[INFO] [stderr] warning: unused workspace dependency `rstest`
[INFO] [stderr]   --> Cargo.toml:51:1
[INFO] [stderr]    |
[INFO] [stderr] 51 | rstest = "0.16.0"
[INFO] [stderr]    | ^^^^^^
[INFO] [stderr]    |
[INFO] [stderr] help: consider removing the workspace dependency `rstest`
[INFO] [stderr] warning: unused workspace dependency `semver`
[INFO] [stderr]   --> Cargo.toml:53:1
[INFO] [stderr]    |
[INFO] [stderr] 53 | semver = "1.0.16"
[INFO] [stderr]    | ^^^^^^
[INFO] [stderr]    |
[INFO] [stderr] help: consider removing the workspace dependency `semver`
[INFO] [stderr] warning: unused workspace dependency `serde_qs`
[INFO] [stderr]   --> Cargo.toml:55:1
[INFO] [stderr]    |
[INFO] [stderr] 55 | serde_qs = "0.11.0"
[INFO] [stderr]    | ^^^^^^^^
[INFO] [stderr]    |
[INFO] [stderr] help: consider removing the workspace dependency `serde_qs`
[INFO] [stderr] warning: unused workspace dependency `serde_yaml`
[INFO] [stderr]   --> Cargo.toml:56:1
[INFO] [stderr]    |
[INFO] [stderr] 56 | serde_yaml = "0.9.17"
[INFO] [stderr]    | ^^^^^^^^^^
[INFO] [stderr]    |
[INFO] [stderr] help: consider removing the workspace dependency `serde_yaml`
[INFO] [stderr] warning: unused workspace dependency `syn`
[INFO] [stderr]   --> Cargo.toml:57:1
[INFO] [stderr]    |
[INFO] [stderr] 57 | syn = "1.0.107"
[INFO] [stderr]    | ^^^
[INFO] [stderr]    |
[INFO] [stderr] help: consider removing the workspace dependency `syn`
[INFO] [stderr] warning: unused workspace dependency `tempfile`
[INFO] [stderr]   --> Cargo.toml:58:1
[INFO] [stderr]    |
[INFO] [stderr] 58 | tempfile = "3.3.0"
[INFO] [stderr]    | ^^^^^^^^
[INFO] [stderr]    |
[INFO] [stderr] help: consider removing the workspace dependency `tempfile`
[INFO] [stderr] warning: unused workspace dependency `testing`
[INFO] [stderr]    --> Cargo.toml:120:25
[INFO] [stderr]     |
[INFO] [stderr] 120 | [workspace.dependencies.testing]
[INFO] [stderr]     |                         ^^^^^^^
[INFO] [stderr]     |
[INFO] [stderr] help: consider removing the workspace dependency `testing`
[INFO] [stderr] warning: unused workspace dependency `tiny-gradient`
[INFO] [stderr]   --> Cargo.toml:60:1
[INFO] [stderr]    |
[INFO] [stderr] 60 | tiny-gradient = "0.1.0"
[INFO] [stderr]    | ^^^^^^^^^^^^^
[INFO] [stderr]    |
[INFO] [stderr] help: consider removing the workspace dependency `tiny-gradient`
[INFO] [stderr] warning: unused workspace dependency `tokio-util`
[INFO] [stderr]    --> Cargo.toml:123:25
[INFO] [stderr]     |
[INFO] [stderr] 123 | [workspace.dependencies.tokio-util]
[INFO] [stderr]     |                         ^^^^^^^^^^
[INFO] [stderr]     |
[INFO] [stderr] help: consider removing the workspace dependency `tokio-util`
[INFO] [stderr] warning: unused workspace dependency `tungstenite`
[INFO] [stderr]   --> Cargo.toml:64:1
[INFO] [stderr]    |
[INFO] [stderr] 64 | tungstenite = "0.18.0"
[INFO] [stderr]    | ^^^^^^^^^^^
[INFO] [stderr]    |
[INFO] [stderr] help: consider removing the workspace dependency `tungstenite`
[INFO] [stderr] warning: unused workspace dependency `webbrowser`
[INFO] [stderr]   --> Cargo.toml:67:1
[INFO] [stderr]    |
[INFO] [stderr] 67 | webbrowser = "0.8.7"
[INFO] [stderr]    | ^^^^^^^^^^
[INFO] [stderr]    |
[INFO] [stderr] help: consider removing the workspace dependency `webbrowser`
[INFO] [stderr] warning: workspace (manifest) generated 40 warnings
[INFO] [stderr] warning: packages/next-swc/crates/next-core/Cargo.toml: `default_features` is deprecated in favor of `default-features` and will not work in the 2024 edition
[INFO] [stderr] (in the `allsorts` dependency)
[INFO] [stderr] warning: `next-core` (manifest) generated 1 warning
[INFO] [stderr]    Compiling proc-macro2 v1.0.66
[INFO] [stderr]    Compiling serde v1.0.190
[INFO] [stderr]    Compiling syn v1.0.109
[INFO] [stderr]    Compiling memchr v2.6.3
[INFO] [stderr]    Compiling ppv-lite86 v0.2.17
[INFO] [stderr]    Compiling parking_lot_core v0.9.8
[INFO] [stderr]    Compiling siphasher v0.3.11
[INFO] [stderr]    Compiling once_cell v1.18.0
[INFO] [stderr]    Compiling regex-syntax v0.7.5
[INFO] [stderr]    Compiling libc v0.2.147
[INFO] [stderr]    Compiling num-traits v0.2.16
[INFO] [stderr]    Compiling percent-encoding v2.3.0
[INFO] [stderr]    Compiling anyhow v1.0.75
[INFO] [stderr]    Compiling tinyvec v1.6.0
[INFO] [stderr]    Compiling semver v1.0.18
[INFO] [stderr]    Compiling form_urlencoded v1.2.0
[INFO] [stderr]    Compiling unicode-bidi v0.3.13
[INFO] [stderr]    Compiling num-bigint v0.4.3
[INFO] [stderr]    Compiling phf_shared v0.11.2
[INFO] [stderr]    Compiling num_cpus v1.16.0
[INFO] [stderr]    Compiling lock_api v0.4.10
[INFO] [stderr]    Compiling getrandom v0.2.10
[INFO] [stderr]    Compiling ahash v0.8.6
[INFO] [stderr]    Compiling either v1.9.0
[INFO] [stderr]    Compiling crossbeam-epoch v0.9.15
[INFO] [stderr]    Compiling cc v1.0.83
[INFO] [stderr]    Compiling aho-corasick v1.0.5
[INFO] [stderr]    Compiling hashbrown v0.14.0
[INFO] [stderr]    Compiling quote v1.0.33
[INFO] [stderr]    Compiling tracing-core v0.1.31
[INFO] [stderr]    Compiling serde_json v1.0.106
[INFO] [stderr]    Compiling rand_core v0.6.4
[INFO] [stderr]    Compiling crossbeam-deque v0.8.3
[INFO] [stderr]    Compiling syn v2.0.32
[INFO] [stderr]    Compiling rayon-core v1.11.0
[INFO] [stderr]    Compiling zerocopy v0.7.21
[INFO] [stderr]    Compiling unicode-normalization v0.1.22
[INFO] [stderr]    Compiling rand_chacha v0.3.1
[INFO] [stderr]    Compiling new_debug_unreachable v1.0.4
[INFO] [stderr]    Compiling atty v0.2.14
[INFO] [stderr]    Compiling smartstring v1.0.1
[INFO] [stderr]    Compiling uuid v1.5.0
[INFO] [stderr]    Compiling data-encoding v2.4.0
[INFO] [stderr]    Compiling rand v0.8.5
[INFO] [stderr]    Compiling unicode-id v0.3.3
[INFO] [stderr]    Compiling rayon v1.7.0
[INFO] [stderr]    Compiling idna v0.4.0
[INFO] [stderr]    Compiling if_chain v1.0.2
[INFO] [stderr]    Compiling better_scoped_tls v0.1.1
[INFO] [stderr]    Compiling termcolor v1.2.0
[INFO] [stderr]    Compiling pin-project-lite v0.2.13
[INFO] [stderr]    Compiling thiserror v1.0.48
[INFO] [stderr]    Compiling psm v0.1.21
[INFO] [stderr]    Compiling stacker v0.1.15
[INFO] [stderr]    Compiling itoa v1.0.9
[INFO] [stderr]    Compiling futures-core v0.3.28
[INFO] [stderr]    Compiling bitflags v2.4.0
[INFO] [stderr]    Compiling indexmap v1.9.3
[INFO] [stderr]    Compiling log v0.4.20
[INFO] [stderr]    Compiling url v2.4.1
[INFO] [stderr]    Compiling futures-task v0.3.28
[INFO] [stderr]    Compiling futures-channel v0.3.28
[INFO] [stderr]    Compiling futures-util v0.3.28
[INFO] [stderr]    Compiling num-integer v0.1.45
[INFO] [stderr]    Compiling phf_generator v0.11.2
[INFO] [stderr]    Compiling ryu v1.0.15
[INFO] [stderr]    Compiling proc-macro-error-attr v1.0.4
[INFO] [stderr]    Compiling scoped-tls v1.0.1
[INFO] [stderr]    Compiling unicode-width v0.1.10
[INFO] [stderr]    Compiling static_assertions v1.1.0
[INFO] [stderr]    Compiling indexmap v2.0.0
[INFO] [stderr]    Compiling phf_shared v0.10.0
[INFO] [stderr]    Compiling simd-adler32 v0.3.5
[INFO] [stderr]    Compiling ahash v0.7.6
[INFO] [stderr]    Compiling miniz_oxide v0.7.1
[INFO] [stderr]    Compiling regex-automata v0.3.8
[INFO] [stderr]    Compiling phf_generator v0.10.0
[INFO] [stderr]    Compiling backtrace v0.3.68
[INFO] [stderr]    Compiling typed-arena v2.0.2
[INFO] [stderr]    Compiling gimli v0.27.3
[INFO] [stderr]    Compiling hashbrown v0.12.3
[INFO] [stderr]    Compiling object v0.31.1
[INFO] [stderr]    Compiling signal-hook-registry v1.4.1
[INFO] [stderr]    Compiling rustc-demangle v0.1.23
[INFO] [stderr]    Compiling mio v0.8.8
[INFO] [stderr]    Compiling unicode-segmentation v1.10.1
[INFO] [stderr]    Compiling socket2 v0.5.4
[INFO] [stderr]    Compiling string_cache_codegen v0.5.2
[INFO] [stderr]    Compiling rustversion v1.0.14
[INFO] [stderr]    Compiling generic-array v0.14.7
[INFO] [stderr]    Compiling convert_case v0.6.0
[INFO] [stderr]    Compiling erased-serde v0.3.25
[INFO] [stderr]    Compiling async-trait v0.1.73
[INFO] [stderr]    Compiling futures-sink v0.3.28
[INFO] [stderr]    Compiling vergen v8.2.6
[INFO] [stderr]    Compiling include_dir_macros v0.7.3
[INFO] [stdout] error[E0433]: cannot find `tracked_env` in `proc_macro`
[INFO] [stdout]    --> /opt/rustwide/cargo-home/registry/src/index.crates.io-1949cf8c6b5b557f/include_dir_macros-0.7.3/src/lib.rs:252:17
[INFO] [stdout]     |
[INFO] [stdout] 252 |     proc_macro::tracked_env::var(variable).ok()
[INFO] [stdout]     |                 ^^^^^^^^^^^ could not find `tracked_env` in `proc_macro`
[INFO] [stdout] 
[INFO] [stdout] 
[INFO] [stdout] error[E0433]: cannot find `tracked_path` in `proc_macro`
[INFO] [stdout]    --> /opt/rustwide/cargo-home/registry/src/index.crates.io-1949cf8c6b5b557f/include_dir_macros-0.7.3/src/lib.rs:262:17
[INFO] [stdout]     |
[INFO] [stdout] 262 |     proc_macro::tracked_path::path(_path.to_string_lossy());
[INFO] [stdout]     |                 ^^^^^^^^^^^^ could not find `tracked_path` in `proc_macro`
[INFO] [stdout] 
[INFO] [stdout] 
[INFO] [stdout] error[E0554]: `#![feature]` may not be used on the beta release channel
[INFO] [stdout]  --> /opt/rustwide/cargo-home/registry/src/index.crates.io-1949cf8c6b5b557f/include_dir_macros-0.7.3/src/lib.rs:4:34
[INFO] [stdout]   |
[INFO] [stdout] 4 | #![cfg_attr(feature = "nightly", feature(track_path, proc_macro_tracked_env))]
[INFO] [stdout]   |                                  ^^^^^^^^^^^^^^^^^^^^^^^^^^^^^^^^^^^^^^^^^^^
[INFO] [stdout] 
[INFO] [stdout] 
[INFO] [stdout] error[E0635]: unknown feature `track_path`
[INFO] [stdout]  --> /opt/rustwide/cargo-home/registry/src/index.crates.io-1949cf8c6b5b557f/include_dir_macros-0.7.3/src/lib.rs:4:42
[INFO] [stdout]   |
[INFO] [stdout] 4 | #![cfg_attr(feature = "nightly", feature(track_path, proc_macro_tracked_env))]
[INFO] [stdout]   |                                          ^^^^^^^^^^
[INFO] [stdout] 
[INFO] [stdout] 
[INFO] [stdout] Some errors have detailed explanations: E0433, E0554, E0635.
[INFO] [stdout] 
[INFO] [stdout] For more information about an error, try `rustc --explain E0433`.
[INFO] [stdout] 
[INFO] [stderr] error: could not compile `include_dir_macros` (lib) due to 4 previous errors
[INFO] [stderr] warning: build failed, waiting for other jobs to finish...
[INFO] [stderr] error: could not compile `syn` (lib)
[INFO] [stderr] 
[INFO] [stderr] Caused by:
[INFO] [stderr]   process didn't exit successfully: `/opt/rustwide/rustup-home/toolchains/1.100.0-beta.1-x86_64-unknown-linux-gnu/bin/rustc --crate-name syn --edition=2021 /opt/rustwide/cargo-home/registry/src/index.crates.io-1949cf8c6b5b557f/syn-2.0.32/src/lib.rs --error-format=json --json=diagnostic-rendered-ansi,artifacts,future-incompat,unused-externs-silent --crate-type lib --emit=dep-info,metadata,link -C embed-bitcode=no -C debug-assertions=off --cfg 'feature="clone-impls"' --cfg 'feature="default"' --cfg 'feature="derive"' --cfg 'feature="extra-traits"' --cfg 'feature="fold"' --cfg 'feature="full"' --cfg 'feature="parsing"' --cfg 'feature="printing"' --cfg 'feature="proc-macro"' --cfg 'feature="quote"' --cfg 'feature="visit"' --cfg 'feature="visit-mut"' --check-cfg 'cfg(docsrs,test)' --check-cfg 'cfg(feature, values("clone-impls", "default", "derive", "extra-traits", "fold", "full", "parsing", "printing", "proc-macro", "quote", "test", "visit", "visit-mut"))' -C metadata=49559081357e195f -C extra-filename=-03c21d82800bd795 --out-dir /opt/rustwide/target/release/build/syn/03c21d82800bd795/out -C strip=debuginfo -L dependency=/opt/rustwide/target/release/build/proc-macro2/bfa567cacec4e8e8/out -L dependency=/opt/rustwide/target/release/build/unicode-ident/ca69a3cef963f881/out --extern proc_macro2=/opt/rustwide/target/release/build/proc-macro2/bfa567cacec4e8e8/out/libproc_macro2-bfa567cacec4e8e8.rmeta --extern quote=/opt/rustwide/target/release/build/quote/4ff80f0ef524b944/out/libquote-4ff80f0ef524b944.rmeta --extern unicode_ident=/opt/rustwide/target/release/build/unicode-ident/ca69a3cef963f881/out/libunicode_ident-ca69a3cef963f881.rmeta --cap-lints allow --cap-lints=warn --force-warn=unused_crate_dependencies` (signal: 9, SIGKILL: kill)
[INFO] [stderr] error: could not compile `syn` (lib)
[INFO] [stderr] 
[INFO] [stderr] Caused by:
[INFO] [stderr]   process didn't exit successfully: `/opt/rustwide/rustup-home/toolchains/1.100.0-beta.1-x86_64-unknown-linux-gnu/bin/rustc --crate-name syn --edition=2018 /opt/rustwide/cargo-home/registry/src/index.crates.io-1949cf8c6b5b557f/syn-1.0.109/src/lib.rs --error-format=json --json=diagnostic-rendered-ansi,artifacts,future-incompat,unused-externs-silent --crate-type lib --emit=dep-info,metadata,link -C embed-bitcode=no -C debug-assertions=off --cfg 'feature="clone-impls"' --cfg 'feature="default"' --cfg 'feature="derive"' --cfg 'feature="extra-traits"' --cfg 'feature="fold"' --cfg 'feature="full"' --cfg 'feature="parsing"' --cfg 'feature="printing"' --cfg 'feature="proc-macro"' --cfg 'feature="quote"' --cfg 'feature="visit"' --cfg 'feature="visit-mut"' --check-cfg 'cfg(docsrs,test)' --check-cfg 'cfg(feature, values("clone-impls", "default", "derive", "extra-traits", "fold", "full", "parsing", "printing", "proc-macro", "quote", "test", "visit", "visit-mut"))' -C metadata=90308b573e1cb71d -C extra-filename=-838366c0ff616736 --out-dir /opt/rustwide/target/release/build/syn/838366c0ff616736/out -C strip=debuginfo -L dependency=/opt/rustwide/target/release/build/proc-macro2/bfa567cacec4e8e8/out -L dependency=/opt/rustwide/target/release/build/unicode-ident/ca69a3cef963f881/out --extern proc_macro2=/opt/rustwide/target/release/build/proc-macro2/bfa567cacec4e8e8/out/libproc_macro2-bfa567cacec4e8e8.rmeta --extern quote=/opt/rustwide/target/release/build/quote/4ff80f0ef524b944/out/libquote-4ff80f0ef524b944.rmeta --extern unicode_ident=/opt/rustwide/target/release/build/unicode-ident/ca69a3cef963f881/out/libunicode_ident-ca69a3cef963f881.rmeta --cap-lints allow --cap-lints=warn --force-warn=unused_crate_dependencies --cfg syn_disable_nightly_tests` (signal: 9, SIGKILL: kill)
[INFO] running `Command { std: "docker" "inspect" "762255b9676a284c8b69c9afa68d9ecd4603adabf231dc95e3f5d3fd6417ab35", kill_on_drop: false }`
[INFO] running `Command { std: "docker" "rm" "-f" "762255b9676a284c8b69c9afa68d9ecd4603adabf231dc95e3f5d3fd6417ab35", kill_on_drop: false }`
[INFO] [stdout] 762255b9676a284c8b69c9afa68d9ecd4603adabf231dc95e3f5d3fd6417ab35
