[INFO] cloning repository https://github.com/Meshak2002/symbiote-pixel-spread
[INFO] running `Command { std: "git" "-c" "credential.helper=" "-c" "credential.helper=/workspace/cargo-home/bin/git-credential-null" "clone" "--bare" "https://github.com/Meshak2002/symbiote-pixel-spread" "/workspace/cache/git-repos/https%3A%2F%2Fgithub.com%2FMeshak2002%2Fsymbiote-pixel-spread", kill_on_drop: false }`
[INFO] [stderr] Cloning into bare repository '/workspace/cache/git-repos/https%3A%2F%2Fgithub.com%2FMeshak2002%2Fsymbiote-pixel-spread'...
[INFO] running `Command { std: "git" "rev-parse" "HEAD", kill_on_drop: false }`
[INFO] [stdout] dfe62dfc9027a94a17a46c8a2742d8f8eb75fa27
[INFO] testing Meshak2002/symbiote-pixel-spread against 1.100.0-beta.1+cargoflags=--release for beta-release-1.100-2
[INFO] running `Command { std: "git" "clone" "/workspace/cache/git-repos/https%3A%2F%2Fgithub.com%2FMeshak2002%2Fsymbiote-pixel-spread" "/workspace/builds/worker-6-tc2/source", kill_on_drop: false }`
[INFO] [stderr] Cloning into '/workspace/builds/worker-6-tc2/source'...
[INFO] [stderr] done.
[INFO] started tweaking git repo https://github.com/Meshak2002/symbiote-pixel-spread
[INFO] finished tweaking git repo https://github.com/Meshak2002/symbiote-pixel-spread
[INFO] tweaked toml for git repo https://github.com/Meshak2002/symbiote-pixel-spread written to /workspace/builds/worker-6-tc2/source/Cargo.toml
[INFO] validating manifest of git repo https://github.com/Meshak2002/symbiote-pixel-spread on toolchain 1.100.0-beta.1
[INFO] running `Command { std: CARGO_HOME="/workspace/cargo-home" RUSTUP_HOME="/workspace/rustup-home" "/workspace/cargo-home/bin/cargo" "+1.100.0-beta.1" "metadata" "--manifest-path" "Cargo.toml" "--no-deps", kill_on_drop: false }`
[INFO] crate git repo https://github.com/Meshak2002/symbiote-pixel-spread already has a lockfile, it will not be regenerated
[INFO] running `Command { std: CARGO_HOME="/workspace/cargo-home" RUSTUP_HOME="/workspace/rustup-home" "/workspace/cargo-home/bin/cargo" "+1.100.0-beta.1" "fetch" "--manifest-path" "Cargo.toml", kill_on_drop: false }`
[INFO] running `Command { std: "docker" "create" "-v" "/var/lib/crater-agent-workspace/builds/worker-6-tc2/source:/opt/rustwide/workdir:ro,Z" "-v" "/var/lib/crater-agent-workspace/builds/worker-6-tc2/target:/opt/rustwide/target:rw,Z" "-v" "/var/lib/crater-agent-workspace/cargo-home:/opt/rustwide/cargo-home:ro,Z" "-v" "/var/lib/crater-agent-workspace/rustup-home:/opt/rustwide/rustup-home:ro,Z" "-m" "1610612736" "--network" "none" "ghcr.io/rust-lang/crates-build-env/linux@sha256:77db811e55d90add9212f6832c23229e3de5f1c1f9905e8cb07319ea15df73ac" "sleep" "infinity", kill_on_drop: false }`
[INFO] [stdout] da5110397f3fd9c6032077d50a74249401c81387e4de61010ea5fd7bdd3488a3
[INFO] running `Command { std: "docker" "start" "da5110397f3fd9c6032077d50a74249401c81387e4de61010ea5fd7bdd3488a3", kill_on_drop: false }`
[INFO] running `Command { std: "docker" "inspect" "da5110397f3fd9c6032077d50a74249401c81387e4de61010ea5fd7bdd3488a3", kill_on_drop: false }`
[INFO] running `Command { std: "docker" "exec" "-e" "SOURCE_DIR=/opt/rustwide/workdir" "-e" "CARGO_HOME=/opt/rustwide/cargo-home" "-e" "RUSTUP_HOME=/opt/rustwide/rustup-home" "-e" "CARGO_TARGET_DIR=/opt/rustwide/target" "-w" "/opt/rustwide/workdir" "--user" "0:0" "da5110397f3fd9c6032077d50a74249401c81387e4de61010ea5fd7bdd3488a3" "/opt/rustwide/cargo-home/bin/cargo" "+1.100.0-beta.1" "metadata" "--no-deps" "--format-version=1", kill_on_drop: false }`
[INFO] running `Command { std: "docker" "inspect" "da5110397f3fd9c6032077d50a74249401c81387e4de61010ea5fd7bdd3488a3", kill_on_drop: false }`
[INFO] running `Command { std: "docker" "exec" "-e" "SOURCE_DIR=/opt/rustwide/workdir" "-e" "CARGO_HOME=/opt/rustwide/cargo-home" "-e" "RUSTUP_HOME=/opt/rustwide/rustup-home" "-e" "CARGO_TARGET_DIR=/opt/rustwide/target" "-e" "CARGO_INCREMENTAL=0" "-e" "RUST_BACKTRACE=full" "-e" "RUSTFLAGS=--cap-lints=warn" "-e" "RUSTDOCFLAGS=--cap-lints=warn" "-w" "/opt/rustwide/workdir" "--user" "0:0" "da5110397f3fd9c6032077d50a74249401c81387e4de61010ea5fd7bdd3488a3" "/opt/rustwide/cargo-home/bin/cargo" "+1.100.0-beta.1" "build" "--frozen" "--message-format=json" "--release", kill_on_drop: false }`
[INFO] [stderr]    Compiling windows-link v0.2.1
[INFO] [stderr]    Compiling windows-sys v0.61.2
[INFO] [stderr]    Compiling pixel_spread_demo v0.1.0 (/opt/rustwide/workdir)
[INFO] [stdout] error: linking with `cc` failed: exit status: 1
[INFO] [stdout]   |
[INFO] [stdout]   = note:  "cc" "-m64" "<1 object files omitted>" "-Wl,--as-needed" "-Wl,-Bstatic" "<sysroot>/lib/rustlib/x86_64-unknown-linux-gnu/lib/libcompiler_builtins-*.rlib" "-Wl,-Bdynamic" "-lgcc_s" "-lutil" "-lrt" "-lpthread" "-lm" "-ldl" "-lc" "-L" "/opt/rustwide/target/release/build/pixel_spread_demo/dc19e27485d9aa99/out/rustca0aHPa/raw-dylibs" "-B<sysroot>/lib/rustlib/x86_64-unknown-linux-gnu/bin/gcc-ld" "-fuse-ld=lld" "-Wl,--eh-frame-hdr" "-Wl,-z,noexecstack" "-L" "<sysroot>/lib/rustlib/x86_64-unknown-linux-gnu/lib" "-o" "/opt/rustwide/target/release/build/pixel_spread_demo/dc19e27485d9aa99/out/pixel_spread_demo" "-Wl,--gc-sections" "-pie" "-Wl,-z,relro,-z,now" "-Wl,--strip-all" "-nodefaultlibs"
[INFO] [stdout]   = note: some arguments are omitted. use `--verbose` to show all linker arguments
[INFO] [stdout]   = note: rust-lld: error: undefined symbol: SelectObject
[INFO] [stdout]           >>> referenced by pixel_spread_demo.a8780f150c48e46f-cgu.0
[INFO] [stdout]           >>>               /opt/rustwide/target/release/build/pixel_spread_demo/dc19e27485d9aa99/out/pixel_spread_demo.pixel_spread_demo.a8780f150c48e46f-cgu.0.rcgu.o:(core::ptr::drop_glue::<alloc::boxed::Box<pixel_spread_demo::AppState>>)
[INFO] [stdout]           >>> referenced by pixel_spread_demo.a8780f150c48e46f-cgu.0
[INFO] [stdout]           >>>               /opt/rustwide/target/release/build/pixel_spread_demo/dc19e27485d9aa99/out/pixel_spread_demo.pixel_spread_demo.a8780f150c48e46f-cgu.0.rcgu.o:(pixel_spread_demo::main)
[INFO] [stdout]           
[INFO] [stdout]           rust-lld: error: undefined symbol: DeleteObject
[INFO] [stdout]           >>> referenced by pixel_spread_demo.a8780f150c48e46f-cgu.0
[INFO] [stdout]           >>>               /opt/rustwide/target/release/build/pixel_spread_demo/dc19e27485d9aa99/out/pixel_spread_demo.pixel_spread_demo.a8780f150c48e46f-cgu.0.rcgu.o:(core::ptr::drop_glue::<alloc::boxed::Box<pixel_spread_demo::AppState>>)
[INFO] [stdout]           
[INFO] [stdout]           rust-lld: error: undefined symbol: DeleteDC
[INFO] [stdout]           >>> referenced by pixel_spread_demo.a8780f150c48e46f-cgu.0
[INFO] [stdout]           >>>               /opt/rustwide/target/release/build/pixel_spread_demo/dc19e27485d9aa99/out/pixel_spread_demo.pixel_spread_demo.a8780f150c48e46f-cgu.0.rcgu.o:(core::ptr::drop_glue::<alloc::boxed::Box<pixel_spread_demo::AppState>>)
[INFO] [stdout]           >>> referenced by pixel_spread_demo.a8780f150c48e46f-cgu.0
[INFO] [stdout]           >>>               /opt/rustwide/target/release/build/pixel_spread_demo/dc19e27485d9aa99/out/pixel_spread_demo.pixel_spread_demo.a8780f150c48e46f-cgu.0.rcgu.o:(pixel_spread_demo::main)
[INFO] [stdout]           
[INFO] [stdout]           rust-lld: error: undefined symbol: DestroyWindow
[INFO] [stdout]           >>> referenced by pixel_spread_demo.a8780f150c48e46f-cgu.0
[INFO] [stdout]           >>>               /opt/rustwide/target/release/build/pixel_spread_demo/dc19e27485d9aa99/out/pixel_spread_demo.pixel_spread_demo.a8780f150c48e46f-cgu.0.rcgu.o:(pixel_spread_demo::window_proc)
[INFO] [stdout]           
[INFO] [stdout]           rust-lld: error: undefined symbol: SetWindowLongPtrW
[INFO] [stdout]           >>> referenced by pixel_spread_demo.a8780f150c48e46f-cgu.0
[INFO] [stdout]           >>>               /opt/rustwide/target/release/build/pixel_spread_demo/dc19e27485d9aa99/out/pixel_spread_demo.pixel_spread_demo.a8780f150c48e46f-cgu.0.rcgu.o:(pixel_spread_demo::window_proc)
[INFO] [stdout]           >>> referenced by pixel_spread_demo.a8780f150c48e46f-cgu.0
[INFO] [stdout]           >>>               /opt/rustwide/target/release/build/pixel_spread_demo/dc19e27485d9aa99/out/pixel_spread_demo.pixel_spread_demo.a8780f150c48e46f-cgu.0.rcgu.o:(pixel_spread_demo::window_proc)
[INFO] [stdout]           
[INFO] [stdout]           rust-lld: error: undefined symbol: KillTimer
[INFO] [stdout]           >>> referenced by pixel_spread_demo.a8780f150c48e46f-cgu.0
[INFO] [stdout]           >>>               /opt/rustwide/target/release/build/pixel_spread_demo/dc19e27485d9aa99/out/pixel_spread_demo.pixel_spread_demo.a8780f150c48e46f-cgu.0.rcgu.o:(pixel_spread_demo::window_proc)
[INFO] [stdout]           
[INFO] [stdout]           rust-lld: error: undefined symbol: UnregisterHotKey
[INFO] [stdout]           >>> referenced by pixel_spread_demo.a8780f150c48e46f-cgu.0
[INFO] [stdout]           >>>               /opt/rustwide/target/release/build/pixel_spread_demo/dc19e27485d9aa99/out/pixel_spread_demo.pixel_spread_demo.a8780f150c48e46f-cgu.0.rcgu.o:(pixel_spread_demo::window_proc)
[INFO] [stdout]           >>> referenced by pixel_spread_demo.a8780f150c48e46f-cgu.0
[INFO] [stdout]           >>>               /opt/rustwide/target/release/build/pixel_spread_demo/dc19e27485d9aa99/out/pixel_spread_demo.pixel_spread_demo.a8780f150c48e46f-cgu.0.rcgu.o:(pixel_spread_demo::window_proc)
[INFO] [stdout]           >>> referenced by pixel_spread_demo.a8780f150c48e46f-cgu.0
[INFO] [stdout]           >>>               /opt/rustwide/target/release/build/pixel_spread_demo/dc19e27485d9aa99/out/pixel_spread_demo.pixel_spread_demo.a8780f150c48e46f-cgu.0.rcgu.o:(pixel_spread_demo::window_proc)
[INFO] [stdout]           
[INFO] [stdout]           rust-lld: error: undefined symbol: PostQuitMessage
[INFO] [stdout]           >>> referenced by pixel_spread_demo.a8780f150c48e46f-cgu.0
[INFO] [stdout]           >>>               /opt/rustwide/target/release/build/pixel_spread_demo/dc19e27485d9aa99/out/pixel_spread_demo.pixel_spread_demo.a8780f150c48e46f-cgu.0.rcgu.o:(pixel_spread_demo::window_proc)
[INFO] [stdout]           
[INFO] [stdout]           rust-lld: error: undefined symbol: RegisterHotKey
[INFO] [stdout]           >>> referenced by pixel_spread_demo.a8780f150c48e46f-cgu.0
[INFO] [stdout]           >>>               /opt/rustwide/target/release/build/pixel_spread_demo/dc19e27485d9aa99/out/pixel_spread_demo.pixel_spread_demo.a8780f150c48e46f-cgu.0.rcgu.o:(pixel_spread_demo::window_proc)
[INFO] [stdout]           >>> referenced by pixel_spread_demo.a8780f150c48e46f-cgu.0
[INFO] [stdout]           >>>               /opt/rustwide/target/release/build/pixel_spread_demo/dc19e27485d9aa99/out/pixel_spread_demo.pixel_spread_demo.a8780f150c48e46f-cgu.0.rcgu.o:(pixel_spread_demo::window_proc)
[INFO] [stdout]           >>> referenced by pixel_spread_demo.a8780f150c48e46f-cgu.0
[INFO] [stdout]           >>>               /opt/rustwide/target/release/build/pixel_spread_demo/dc19e27485d9aa99/out/pixel_spread_demo.pixel_spread_demo.a8780f150c48e46f-cgu.0.rcgu.o:(pixel_spread_demo::window_proc)
[INFO] [stdout]           
[INFO] [stdout]           rust-lld: error: undefined symbol: SetTimer
[INFO] [stdout]           >>> referenced by pixel_spread_demo.a8780f150c48e46f-cgu.0
[INFO] [stdout]           >>>               /opt/rustwide/target/release/build/pixel_spread_demo/dc19e27485d9aa99/out/pixel_spread_demo.pixel_spread_demo.a8780f150c48e46f-cgu.0.rcgu.o:(pixel_spread_demo::window_proc)
[INFO] [stdout]           
[INFO] [stdout]           rust-lld: error: undefined symbol: DefWindowProcW
[INFO] [stdout]           >>> referenced by pixel_spread_demo.a8780f150c48e46f-cgu.0
[INFO] [stdout]           >>>               /opt/rustwide/target/release/build/pixel_spread_demo/dc19e27485d9aa99/out/pixel_spread_demo.pixel_spread_demo.a8780f150c48e46f-cgu.0.rcgu.o:(pixel_spread_demo::window_proc)
[INFO] [stdout]           
[INFO] [stdout]           rust-lld: error: undefined symbol: UpdateLayeredWindow
[INFO] [stdout]           >>> referenced by pixel_spread_demo.a8780f150c48e46f-cgu.0
[INFO] [stdout]           >>>               /opt/rustwide/target/release/build/pixel_spread_demo/dc19e27485d9aa99/out/pixel_spread_demo.pixel_spread_demo.a8780f150c48e46f-cgu.0.rcgu.o:(pixel_spread_demo::update_overlay)
[INFO] [stdout]           
[INFO] [stdout]           rust-lld: error: undefined symbol: GetModuleHandleW
[INFO] [stdout]           >>> referenced by pixel_spread_demo.a8780f150c48e46f-cgu.0
[INFO] [stdout]           >>>               /opt/rustwide/target/release/build/pixel_spread_demo/dc19e27485d9aa99/out/pixel_spread_demo.pixel_spread_demo.a8780f150c48e46f-cgu.0.rcgu.o:(pixel_spread_demo::main)
[INFO] [stdout]           
[INFO] [stdout]           rust-lld: error: undefined symbol: LoadCursorW
[INFO] [stdout]           >>> referenced by pixel_spread_demo.a8780f150c48e46f-cgu.0
[INFO] [stdout]           >>>               /opt/rustwide/target/release/build/pixel_spread_demo/dc19e27485d9aa99/out/pixel_spread_demo.pixel_spread_demo.a8780f150c48e46f-cgu.0.rcgu.o:(pixel_spread_demo::main)
[INFO] [stdout]           
[INFO] [stdout]           rust-lld: error: undefined symbol: LoadIconW
[INFO] [stdout]           >>> referenced by pixel_spread_demo.a8780f150c48e46f-cgu.0
[INFO] [stdout]           >>>               /opt/rustwide/target/release/build/pixel_spread_demo/dc19e27485d9aa99/out/pixel_spread_demo.pixel_spread_demo.a8780f150c48e46f-cgu.0.rcgu.o:(pixel_spread_demo::main)
[INFO] [stdout]           
[INFO] [stdout]           rust-lld: error: undefined symbol: RegisterClassExW
[INFO] [stdout]           >>> referenced by pixel_spread_demo.a8780f150c48e46f-cgu.0
[INFO] [stdout]           >>>               /opt/rustwide/target/release/build/pixel_spread_demo/dc19e27485d9aa99/out/pixel_spread_demo.pixel_spread_demo.a8780f150c48e46f-cgu.0.rcgu.o:(pixel_spread_demo::main)
[INFO] [stdout]           
[INFO] [stdout]           rust-lld: error: undefined symbol: GetSystemMetrics
[INFO] [stdout]           >>> referenced by pixel_spread_demo.a8780f150c48e46f-cgu.0
[INFO] [stdout]           >>>               /opt/rustwide/target/release/build/pixel_spread_demo/dc19e27485d9aa99/out/pixel_spread_demo.pixel_spread_demo.a8780f150c48e46f-cgu.0.rcgu.o:(pixel_spread_demo::main)
[INFO] [stdout]           
[INFO] [stdout]           rust-lld: error: undefined symbol: CreateCompatibleDC
[INFO] [stdout]           >>> referenced by pixel_spread_demo.a8780f150c48e46f-cgu.0
[INFO] [stdout]           >>>               /opt/rustwide/target/release/build/pixel_spread_demo/dc19e27485d9aa99/out/pixel_spread_demo.pixel_spread_demo.a8780f150c48e46f-cgu.0.rcgu.o:(pixel_spread_demo::main)
[INFO] [stdout]           
[INFO] [stdout]           rust-lld: error: undefined symbol: CreateDIBSection
[INFO] [stdout]           >>> referenced by pixel_spread_demo.a8780f150c48e46f-cgu.0
[INFO] [stdout]           >>>               /opt/rustwide/target/release/build/pixel_spread_demo/dc19e27485d9aa99/out/pixel_spread_demo.pixel_spread_demo.a8780f150c48e46f-cgu.0.rcgu.o:(pixel_spread_demo::main)
[INFO] [stdout]           
[INFO] [stdout]           rust-lld: error: undefined symbol: CreateWindowExW
[INFO] [stdout]           >>> referenced by pixel_spread_demo.a8780f150c48e46f-cgu.0
[INFO] [stdout]           >>>               /opt/rustwide/target/release/build/pixel_spread_demo/dc19e27485d9aa99/out/pixel_spread_demo.pixel_spread_demo.a8780f150c48e46f-cgu.0.rcgu.o:(pixel_spread_demo::main)
[INFO] [stdout]           
[INFO] [stdout]           rust-lld: error: too many errors emitted, stopping now (use --error-limit=0 to see all errors)
[INFO] [stdout]           collect2: error: ld returned 1 exit status
[INFO] [stdout]           
[INFO] [stdout] 
[INFO] [stdout] 
[INFO] [stderr] error: could not compile `pixel_spread_demo` (bin "pixel_spread_demo") due to 1 previous error
[INFO] running `Command { std: "docker" "inspect" "da5110397f3fd9c6032077d50a74249401c81387e4de61010ea5fd7bdd3488a3", kill_on_drop: false }`
[INFO] running `Command { std: "docker" "rm" "-f" "da5110397f3fd9c6032077d50a74249401c81387e4de61010ea5fd7bdd3488a3", kill_on_drop: false }`
[INFO] [stdout] da5110397f3fd9c6032077d50a74249401c81387e4de61010ea5fd7bdd3488a3
