[INFO] cloning repository https://github.com/Ivanbeethoven/wslc-compose
[INFO] running `Command { std: "git" "-c" "credential.helper=" "-c" "credential.helper=/workspace/cargo-home/bin/git-credential-null" "clone" "--bare" "https://github.com/Ivanbeethoven/wslc-compose" "/workspace/cache/git-repos/https%3A%2F%2Fgithub.com%2FIvanbeethoven%2Fwslc-compose", kill_on_drop: false }`
[INFO] [stderr] Cloning into bare repository '/workspace/cache/git-repos/https%3A%2F%2Fgithub.com%2FIvanbeethoven%2Fwslc-compose'...
[INFO] running `Command { std: "git" "rev-parse" "HEAD", kill_on_drop: false }`
[INFO] [stdout] 97072a107f626328d876ab222aa697a5ebfc894b
[INFO] testing Ivanbeethoven/wslc-compose against 1.99.0-beta.8+cargoflags=--release for beta-release-1.100-2
[INFO] running `Command { std: "git" "clone" "/workspace/cache/git-repos/https%3A%2F%2Fgithub.com%2FIvanbeethoven%2Fwslc-compose" "/workspace/builds/worker-7-tc1/source", kill_on_drop: false }`
[INFO] [stderr] Cloning into '/workspace/builds/worker-7-tc1/source'...
[INFO] [stderr] done.
[INFO] started tweaking git repo https://github.com/Ivanbeethoven/wslc-compose
[INFO] finished tweaking git repo https://github.com/Ivanbeethoven/wslc-compose
[INFO] tweaked toml for git repo https://github.com/Ivanbeethoven/wslc-compose written to /workspace/builds/worker-7-tc1/source/Cargo.toml
[INFO] validating manifest of git repo https://github.com/Ivanbeethoven/wslc-compose on toolchain 1.99.0-beta.8
[INFO] running `Command { std: CARGO_HOME="/workspace/cargo-home" RUSTUP_HOME="/workspace/rustup-home" "/workspace/cargo-home/bin/cargo" "+1.99.0-beta.8" "metadata" "--manifest-path" "Cargo.toml" "--no-deps", kill_on_drop: false }`
[INFO] crate git repo https://github.com/Ivanbeethoven/wslc-compose already has a lockfile, it will not be regenerated
[INFO] running `Command { std: CARGO_HOME="/workspace/cargo-home" RUSTUP_HOME="/workspace/rustup-home" "/workspace/cargo-home/bin/cargo" "+1.99.0-beta.8" "fetch" "--manifest-path" "Cargo.toml", kill_on_drop: false }`
[INFO] [stderr]     Updating crates.io index
[INFO] [stderr]  Downloading crates ...
[INFO] [stderr]   Downloaded wslc-sys v0.1.2
[INFO] [stderr]   Downloaded compose_spec_macros v0.1.1
[INFO] [stderr]   Downloaded wslc v0.1.9
[INFO] [stderr]   Downloaded compose_spec v0.3.0
[INFO] [stderr]   Downloaded serde_yaml_ng v0.10.0
[INFO] running `Command { std: "docker" "create" "-v" "/var/lib/crater-agent-workspace/builds/worker-7-tc1/source:/opt/rustwide/workdir:ro,Z" "-v" "/var/lib/crater-agent-workspace/builds/worker-7-tc1/target:/opt/rustwide/target:rw,Z" "-v" "/var/lib/crater-agent-workspace/cargo-home:/opt/rustwide/cargo-home:ro,Z" "-v" "/var/lib/crater-agent-workspace/rustup-home:/opt/rustwide/rustup-home:ro,Z" "-m" "1610612736" "--network" "none" "ghcr.io/rust-lang/crates-build-env/linux@sha256:77db811e55d90add9212f6832c23229e3de5f1c1f9905e8cb07319ea15df73ac" "sleep" "infinity", kill_on_drop: false }`
[INFO] [stdout] 507e61ee4f11b697f7f41ac891dfca01abb6197fef0d223b2c323bdb32464913
[INFO] running `Command { std: "docker" "start" "507e61ee4f11b697f7f41ac891dfca01abb6197fef0d223b2c323bdb32464913", kill_on_drop: false }`
[INFO] running `Command { std: "docker" "inspect" "507e61ee4f11b697f7f41ac891dfca01abb6197fef0d223b2c323bdb32464913", kill_on_drop: false }`
[INFO] running `Command { std: "docker" "exec" "-e" "SOURCE_DIR=/opt/rustwide/workdir" "-e" "CARGO_HOME=/opt/rustwide/cargo-home" "-e" "RUSTUP_HOME=/opt/rustwide/rustup-home" "-e" "CARGO_TARGET_DIR=/opt/rustwide/target" "-w" "/opt/rustwide/workdir" "--user" "0:0" "507e61ee4f11b697f7f41ac891dfca01abb6197fef0d223b2c323bdb32464913" "/opt/rustwide/cargo-home/bin/cargo" "+1.99.0-beta.8" "metadata" "--no-deps" "--format-version=1", kill_on_drop: false }`
[INFO] running `Command { std: "docker" "inspect" "507e61ee4f11b697f7f41ac891dfca01abb6197fef0d223b2c323bdb32464913", kill_on_drop: false }`
[INFO] running `Command { std: "docker" "exec" "-e" "SOURCE_DIR=/opt/rustwide/workdir" "-e" "CARGO_HOME=/opt/rustwide/cargo-home" "-e" "RUSTUP_HOME=/opt/rustwide/rustup-home" "-e" "CARGO_TARGET_DIR=/opt/rustwide/target" "-e" "CARGO_INCREMENTAL=0" "-e" "RUST_BACKTRACE=full" "-e" "RUSTFLAGS=--cap-lints=warn" "-e" "RUSTDOCFLAGS=--cap-lints=warn" "-w" "/opt/rustwide/workdir" "--user" "0:0" "507e61ee4f11b697f7f41ac891dfca01abb6197fef0d223b2c323bdb32464913" "/opt/rustwide/cargo-home/bin/cargo" "+1.99.0-beta.8" "build" "--frozen" "--message-format=json" "--release", kill_on_drop: false }`
[INFO] [stderr]    Compiling stable_deref_trait v1.2.1
[INFO] [stderr]    Compiling litemap v0.8.2
[INFO] [stderr]    Compiling writeable v0.6.3
[INFO] [stderr]    Compiling utf8_iter v1.0.4
[INFO] [stderr]    Compiling serde_core v1.0.229
[INFO] [stderr]    Compiling syn v2.0.119
[INFO] [stderr]    Compiling generic-array v0.14.7
[INFO] [stderr]    Compiling icu_normalizer_data v2.2.0
[INFO] [stderr]    Compiling icu_properties_data v2.2.0
[INFO] [stderr]    Compiling rustix v1.1.4
[INFO] [stderr]    Compiling typenum v1.20.1
[INFO] [stderr]    Compiling smallvec v1.15.2
[INFO] [stderr]    Compiling equivalent v1.0.2
[INFO] [stderr]    Compiling hashbrown v0.17.1
[INFO] [stderr]    Compiling linux-raw-sys v0.12.1
[INFO] [stderr]    Compiling bitflags v2.13.1
[INFO] [stderr]    Compiling itoa v1.0.18
[INFO] [stderr]    Compiling utf8parse v0.2.2
[INFO] [stderr]    Compiling anstyle-parse v1.0.0
[INFO] [stderr]    Compiling percent-encoding v2.3.2
[INFO] [stderr]    Compiling unsafe-libyaml v0.2.11
[INFO] [stderr]    Compiling is_terminal_polyfill v1.70.2
[INFO] [stderr]    Compiling colorchoice v1.0.5
[INFO] [stderr]    Compiling ryu v1.0.23
[INFO] [stderr]    Compiling anstyle-query v1.1.5
[INFO] [stderr]    Compiling anstyle v1.0.14
[INFO] [stderr]    Compiling thiserror v1.0.69
[INFO] [stderr]    Compiling anstream v1.0.0
[INFO] [stderr]    Compiling form_urlencoded v1.2.2
[INFO] [stderr]    Compiling thiserror v2.0.19
[INFO] [stderr]    Compiling strsim v0.11.1
[INFO] [stderr]    Compiling clap_lex v1.1.0
[INFO] [stderr]    Compiling zmij v1.0.23
[INFO] [stderr]    Compiling thiserror-impl v2.0.19
[INFO] [stderr]    Compiling terminal_size v0.4.4
[INFO] [stderr]    Compiling wslc-sys v0.1.2
[INFO] [stderr]    Compiling clap_builder v4.6.2
[INFO] [stdout] error[E0599]: no method named `get` found for struct `Library` in the current scope
[INFO] [stdout]    --> /opt/rustwide/cargo-home/registry/src/index.crates.io-1949cf8c6b5b557f/wslc-sys-0.1.2/src/runtime.rs:241:34
[INFO] [stdout]     |
[INFO] [stdout] 128 | struct Library {
[INFO] [stdout]     | -------------- method `get` not found for this struct
[INFO] [stdout] ...
[INFO] [stdout] 241 |                 unsafe { library.get(concat!(stringify!($field), "\0").as_bytes())? }
[INFO] [stdout]     |                                  ^^^ method not found in `Library`
[INFO] [stdout] ...
[INFO] [stdout] 246 |             WslcInitSessionSettings: sym!(WslcInitSessionSettings),
[INFO] [stdout]     |                                      ----------------------------- in this macro invocation
[INFO] [stdout]     |
[INFO] [stdout]     = help: items from traits can only be used if the trait is implemented and in scope
[INFO] [stdout]     = note: the following trait defines an item `get`, perhaps you need to implement it:
[INFO] [stdout]             candidate #1: `SliceIndex`
[INFO] [stdout]     = note: this error originates in the macro `sym` (in Nightly builds, run with -Z macro-backtrace for more info)
[INFO] [stdout] 
[INFO] [stdout] 
[INFO] [stderr]    Compiling crypto-common v0.1.7
[INFO] [stdout] error[E0599]: no method named `get` found for struct `Library` in the current scope
[INFO] [stdout]    --> /opt/rustwide/cargo-home/registry/src/index.crates.io-1949cf8c6b5b557f/wslc-sys-0.1.2/src/runtime.rs:241:34
[INFO] [stdout]     |
[INFO] [stdout] 128 | struct Library {
[INFO] [stdout]     | -------------- method `get` not found for this struct
[INFO] [stdout] ...
[INFO] [stdout] 241 |                 unsafe { library.get(concat!(stringify!($field), "\0").as_bytes())? }
[INFO] [stdout]     |                                  ^^^ method not found in `Library`
[INFO] [stdout] ...
[INFO] [stdout] 247 |             WslcCreateSession: sym!(WslcCreateSession),
[INFO] [stdout]     |                                ----------------------- in this macro invocation
[INFO] [stdout]     |
[INFO] [stdout]     = help: items from traits can only be used if the trait is implemented and in scope
[INFO] [stdout]     = note: the following trait defines an item `get`, perhaps you need to implement it:
[INFO] [stdout]             candidate #1: `SliceIndex`
[INFO] [stdout]     = note: this error originates in the macro `sym` (in Nightly builds, run with -Z macro-backtrace for more info)
[INFO] [stdout] 
[INFO] [stdout] 
[INFO] [stdout] error[E0599]: no method named `get` found for struct `Library` in the current scope
[INFO] [stdout]    --> /opt/rustwide/cargo-home/registry/src/index.crates.io-1949cf8c6b5b557f/wslc-sys-0.1.2/src/runtime.rs:241:34
[INFO] [stdout]     |
[INFO] [stdout] 128 | struct Library {
[INFO] [stdout]     | -------------- method `get` not found for this struct
[INFO] [stdout] ...
[INFO] [stdout] 241 |                 unsafe { library.get(concat!(stringify!($field), "\0").as_bytes())? }
[INFO] [stdout]     |                                  ^^^ method not found in `Library`
[INFO] [stdout] ...
[INFO] [stdout] 248 |             WslcSetSessionSettingsCpuCount: sym!(WslcSetSessionSettingsCpuCount),
[INFO] [stdout]     |                                             ------------------------------------ in this macro invocation
[INFO] [stdout]     |
[INFO] [stdout]     = help: items from traits can only be used if the trait is implemented and in scope
[INFO] [stdout]     = note: the following trait defines an item `get`, perhaps you need to implement it:
[INFO] [stdout]             candidate #1: `SliceIndex`
[INFO] [stdout]     = note: this error originates in the macro `sym` (in Nightly builds, run with -Z macro-backtrace for more info)
[INFO] [stdout] 
[INFO] [stdout] 
[INFO] [stdout] error[E0599]: no method named `get` found for struct `Library` in the current scope
[INFO] [stdout]    --> /opt/rustwide/cargo-home/registry/src/index.crates.io-1949cf8c6b5b557f/wslc-sys-0.1.2/src/runtime.rs:241:34
[INFO] [stdout]     |
[INFO] [stdout] 128 | struct Library {
[INFO] [stdout]     | -------------- method `get` not found for this struct
[INFO] [stdout] ...
[INFO] [stdout] 241 |                 unsafe { library.get(concat!(stringify!($field), "\0").as_bytes())? }
[INFO] [stdout]     |                                  ^^^ method not found in `Library`
[INFO] [stdout] ...
[INFO] [stdout] 249 |             WslcSetSessionSettingsMemory: sym!(WslcSetSessionSettingsMemory),
[INFO] [stdout]     |                                           ---------------------------------- in this macro invocation
[INFO] [stdout]     |
[INFO] [stdout]     = help: items from traits can only be used if the trait is implemented and in scope
[INFO] [stdout]     = note: the following trait defines an item `get`, perhaps you need to implement it:
[INFO] [stdout]             candidate #1: `SliceIndex`
[INFO] [stdout]     = note: this error originates in the macro `sym` (in Nightly builds, run with -Z macro-backtrace for more info)
[INFO] [stdout] 
[INFO] [stdout] 
[INFO] [stderr]    Compiling block-buffer v0.10.4
[INFO] [stdout] error[E0599]: no method named `get` found for struct `Library` in the current scope
[INFO] [stdout]    --> /opt/rustwide/cargo-home/registry/src/index.crates.io-1949cf8c6b5b557f/wslc-sys-0.1.2/src/runtime.rs:241:34
[INFO] [stdout]     |
[INFO] [stdout] 128 | struct Library {
[INFO] [stdout]     | -------------- method `get` not found for this struct
[INFO] [stdout] ...
[INFO] [stdout] 241 |                 unsafe { library.get(concat!(stringify!($field), "\0").as_bytes())? }
[INFO] [stdout]     |                                  ^^^ method not found in `Library`
[INFO] [stdout] ...
[INFO] [stdout] 250 |             WslcSetSessionSettingsTimeout: sym!(WslcSetSessionSettingsTimeout),
[INFO] [stdout]     |                                            ----------------------------------- in this macro invocation
[INFO] [stdout]     |
[INFO] [stdout]     = help: items from traits can only be used if the trait is implemented and in scope
[INFO] [stdout]     = note: the following trait defines an item `get`, perhaps you need to implement it:
[INFO] [stdout]             candidate #1: `SliceIndex`
[INFO] [stdout]     = note: this error originates in the macro `sym` (in Nightly builds, run with -Z macro-backtrace for more info)
[INFO] [stdout] 
[INFO] [stdout] 
[INFO] [stdout] error[E0599]: no method named `get` found for struct `Library` in the current scope
[INFO] [stdout]    --> /opt/rustwide/cargo-home/registry/src/index.crates.io-1949cf8c6b5b557f/wslc-sys-0.1.2/src/runtime.rs:241:34
[INFO] [stdout]     |
[INFO] [stdout] 128 | struct Library {
[INFO] [stdout]     | -------------- method `get` not found for this struct
[INFO] [stdout] ...
[INFO] [stdout] 241 |                 unsafe { library.get(concat!(stringify!($field), "\0").as_bytes())? }
[INFO] [stdout]     |                                  ^^^ method not found in `Library`
[INFO] [stdout] ...
[INFO] [stdout] 251 |             WslcSetSessionSettingsVhd: sym!(WslcSetSessionSettingsVhd),
[INFO] [stdout]     |                                        ------------------------------- in this macro invocation
[INFO] [stdout]     |
[INFO] [stdout]     = help: items from traits can only be used if the trait is implemented and in scope
[INFO] [stdout]     = note: the following trait defines an item `get`, perhaps you need to implement it:
[INFO] [stdout]             candidate #1: `SliceIndex`
[INFO] [stdout]     = note: this error originates in the macro `sym` (in Nightly builds, run with -Z macro-backtrace for more info)
[INFO] [stdout] 
[INFO] [stdout] 
[INFO] [stdout] error[E0599]: no method named `get` found for struct `Library` in the current scope
[INFO] [stdout]    --> /opt/rustwide/cargo-home/registry/src/index.crates.io-1949cf8c6b5b557f/wslc-sys-0.1.2/src/runtime.rs:241:34
[INFO] [stdout]     |
[INFO] [stdout] 128 | struct Library {
[INFO] [stdout]     | -------------- method `get` not found for this struct
[INFO] [stdout] ...
[INFO] [stdout] 241 |                 unsafe { library.get(concat!(stringify!($field), "\0").as_bytes())? }
[INFO] [stdout]     |                                  ^^^ method not found in `Library`
[INFO] [stdout] ...
[INFO] [stdout] 252 |             WslcSetSessionSettingsFeatureFlags: sym!(WslcSetSessionSettingsFeatureFlags),
[INFO] [stdout]     |                                                 ---------------------------------------- in this macro invocation
[INFO] [stdout]     |
[INFO] [stdout]     = help: items from traits can only be used if the trait is implemented and in scope
[INFO] [stdout]     = note: the following trait defines an item `get`, perhaps you need to implement it:
[INFO] [stdout]             candidate #1: `SliceIndex`
[INFO] [stdout]     = note: this error originates in the macro `sym` (in Nightly builds, run with -Z macro-backtrace for more info)
[INFO] [stdout] 
[INFO] [stdout] 
[INFO] [stdout] error[E0599]: no method named `get` found for struct `Library` in the current scope
[INFO] [stdout]    --> /opt/rustwide/cargo-home/registry/src/index.crates.io-1949cf8c6b5b557f/wslc-sys-0.1.2/src/runtime.rs:241:34
[INFO] [stdout]     |
[INFO] [stdout] 128 | struct Library {
[INFO] [stdout]     | -------------- method `get` not found for this struct
[INFO] [stdout] ...
[INFO] [stdout] 241 |                 unsafe { library.get(concat!(stringify!($field), "\0").as_bytes())? }
[INFO] [stdout]     |                                  ^^^ method not found in `Library`
[INFO] [stdout] ...
[INFO] [stdout] 253 |             WslcTerminateSession: sym!(WslcTerminateSession),
[INFO] [stdout]     |                                   -------------------------- in this macro invocation
[INFO] [stdout]     |
[INFO] [stdout]     = help: items from traits can only be used if the trait is implemented and in scope
[INFO] [stdout]     = note: the following trait defines an item `get`, perhaps you need to implement it:
[INFO] [stdout]             candidate #1: `SliceIndex`
[INFO] [stdout]     = note: this error originates in the macro `sym` (in Nightly builds, run with -Z macro-backtrace for more info)
[INFO] [stdout] 
[INFO] [stdout] 
[INFO] [stdout] error[E0599]: no method named `get` found for struct `Library` in the current scope
[INFO] [stdout]    --> /opt/rustwide/cargo-home/registry/src/index.crates.io-1949cf8c6b5b557f/wslc-sys-0.1.2/src/runtime.rs:241:34
[INFO] [stdout]     |
[INFO] [stdout] 128 | struct Library {
[INFO] [stdout]     | -------------- method `get` not found for this struct
[INFO] [stdout] ...
[INFO] [stdout] 241 |                 unsafe { library.get(concat!(stringify!($field), "\0").as_bytes())? }
[INFO] [stdout]     |                                  ^^^ method not found in `Library`
[INFO] [stdout] ...
[INFO] [stdout] 254 |             WslcReleaseSession: sym!(WslcReleaseSession),
[INFO] [stdout]     |                                 ------------------------ in this macro invocation
[INFO] [stdout]     |
[INFO] [stdout]     = help: items from traits can only be used if the trait is implemented and in scope
[INFO] [stdout]     = note: the following trait defines an item `get`, perhaps you need to implement it:
[INFO] [stdout]             candidate #1: `SliceIndex`
[INFO] [stdout]     = note: this error originates in the macro `sym` (in Nightly builds, run with -Z macro-backtrace for more info)
[INFO] [stdout] 
[INFO] [stdout] 
[INFO] [stdout] error[E0599]: no method named `get` found for struct `Library` in the current scope
[INFO] [stdout]    --> /opt/rustwide/cargo-home/registry/src/index.crates.io-1949cf8c6b5b557f/wslc-sys-0.1.2/src/runtime.rs:241:34
[INFO] [stdout]     |
[INFO] [stdout] 128 | struct Library {
[INFO] [stdout]     | -------------- method `get` not found for this struct
[INFO] [stdout] ...
[INFO] [stdout] 241 |                 unsafe { library.get(concat!(stringify!($field), "\0").as_bytes())? }
[INFO] [stdout]     |                                  ^^^ method not found in `Library`
[INFO] [stdout] ...
[INFO] [stdout] 255 |             WslcInitContainerSettings: sym!(WslcInitContainerSettings),
[INFO] [stdout]     |                                        ------------------------------- in this macro invocation
[INFO] [stdout]     |
[INFO] [stdout]     = help: items from traits can only be used if the trait is implemented and in scope
[INFO] [stdout]     = note: the following trait defines an item `get`, perhaps you need to implement it:
[INFO] [stdout]             candidate #1: `SliceIndex`
[INFO] [stdout]     = note: this error originates in the macro `sym` (in Nightly builds, run with -Z macro-backtrace for more info)
[INFO] [stdout] 
[INFO] [stdout] 
[INFO] [stdout] error[E0599]: no method named `get` found for struct `Library` in the current scope
[INFO] [stdout]    --> /opt/rustwide/cargo-home/registry/src/index.crates.io-1949cf8c6b5b557f/wslc-sys-0.1.2/src/runtime.rs:241:34
[INFO] [stdout]     |
[INFO] [stdout] 128 | struct Library {
[INFO] [stdout]     | -------------- method `get` not found for this struct
[INFO] [stdout] ...
[INFO] [stdout] 241 |                 unsafe { library.get(concat!(stringify!($field), "\0").as_bytes())? }
[INFO] [stdout]     |                                  ^^^ method not found in `Library`
[INFO] [stdout] ...
[INFO] [stdout] 256 |             WslcCreateContainer: sym!(WslcCreateContainer),
[INFO] [stdout]     |                                  ------------------------- in this macro invocation
[INFO] [stdout]     |
[INFO] [stdout]     = help: items from traits can only be used if the trait is implemented and in scope
[INFO] [stdout]     = note: the following trait defines an item `get`, perhaps you need to implement it:
[INFO] [stdout]             candidate #1: `SliceIndex`
[INFO] [stdout]     = note: this error originates in the macro `sym` (in Nightly builds, run with -Z macro-backtrace for more info)
[INFO] [stdout] 
[INFO] [stdout] 
[INFO] [stdout] error[E0599]: no method named `get` found for struct `Library` in the current scope
[INFO] [stdout]    --> /opt/rustwide/cargo-home/registry/src/index.crates.io-1949cf8c6b5b557f/wslc-sys-0.1.2/src/runtime.rs:241:34
[INFO] [stdout]     |
[INFO] [stdout] 128 | struct Library {
[INFO] [stdout]     | -------------- method `get` not found for this struct
[INFO] [stdout] ...
[INFO] [stdout] 241 |                 unsafe { library.get(concat!(stringify!($field), "\0").as_bytes())? }
[INFO] [stdout]     |                                  ^^^ method not found in `Library`
[INFO] [stdout] ...
[INFO] [stdout] 257 |             WslcStartContainer: sym!(WslcStartContainer),
[INFO] [stdout]     |                                 ------------------------ in this macro invocation
[INFO] [stdout]     |
[INFO] [stdout]     = help: items from traits can only be used if the trait is implemented and in scope
[INFO] [stdout]     = note: the following trait defines an item `get`, perhaps you need to implement it:
[INFO] [stdout]             candidate #1: `SliceIndex`
[INFO] [stdout]     = note: this error originates in the macro `sym` (in Nightly builds, run with -Z macro-backtrace for more info)
[INFO] [stdout] 
[INFO] [stdout] 
[INFO] [stderr]    Compiling memchr v2.8.3
[INFO] [stdout] error[E0599]: no method named `get` found for struct `Library` in the current scope
[INFO] [stdout]    --> /opt/rustwide/cargo-home/registry/src/index.crates.io-1949cf8c6b5b557f/wslc-sys-0.1.2/src/runtime.rs:241:34
[INFO] [stdout]     |
[INFO] [stdout] 128 | struct Library {
[INFO] [stdout]     | -------------- method `get` not found for this struct
[INFO] [stdout] ...
[INFO] [stdout] 241 |                 unsafe { library.get(concat!(stringify!($field), "\0").as_bytes())? }
[INFO] [stdout]     |                                  ^^^ method not found in `Library`
[INFO] [stdout] ...
[INFO] [stdout] 258 |             WslcSetContainerSettingsName: sym!(WslcSetContainerSettingsName),
[INFO] [stdout]     |                                           ---------------------------------- in this macro invocation
[INFO] [stdout]     |
[INFO] [stdout]     = help: items from traits can only be used if the trait is implemented and in scope
[INFO] [stdout]     = note: the following trait defines an item `get`, perhaps you need to implement it:
[INFO] [stdout]             candidate #1: `SliceIndex`
[INFO] [stdout]     = note: this error originates in the macro `sym` (in Nightly builds, run with -Z macro-backtrace for more info)
[INFO] [stdout] 
[INFO] [stdout] 
[INFO] [stdout] error[E0599]: no method named `get` found for struct `Library` in the current scope
[INFO] [stdout]    --> /opt/rustwide/cargo-home/registry/src/index.crates.io-1949cf8c6b5b557f/wslc-sys-0.1.2/src/runtime.rs:241:34
[INFO] [stdout]     |
[INFO] [stdout] 128 | struct Library {
[INFO] [stdout]     | -------------- method `get` not found for this struct
[INFO] [stdout] ...
[INFO] [stdout] 241 |                 unsafe { library.get(concat!(stringify!($field), "\0").as_bytes())? }
[INFO] [stdout]     |                                  ^^^ method not found in `Library`
[INFO] [stdout] ...
[INFO] [stdout] 259 |             WslcSetContainerSettingsInitProcess: sym!(WslcSetContainerSettingsInitProcess),
[INFO] [stdout]     |                                                  ----------------------------------------- in this macro invocation
[INFO] [stdout]     |
[INFO] [stdout]     = help: items from traits can only be used if the trait is implemented and in scope
[INFO] [stdout]     = note: the following trait defines an item `get`, perhaps you need to implement it:
[INFO] [stdout]             candidate #1: `SliceIndex`
[INFO] [stdout]     = note: this error originates in the macro `sym` (in Nightly builds, run with -Z macro-backtrace for more info)
[INFO] [stdout] 
[INFO] [stdout] 
[INFO] [stdout] error[E0599]: no method named `get` found for struct `Library` in the current scope
[INFO] [stdout]    --> /opt/rustwide/cargo-home/registry/src/index.crates.io-1949cf8c6b5b557f/wslc-sys-0.1.2/src/runtime.rs:241:34
[INFO] [stdout]     |
[INFO] [stdout] 128 | struct Library {
[INFO] [stdout]     | -------------- method `get` not found for this struct
[INFO] [stdout] ...
[INFO] [stdout] 241 |                 unsafe { library.get(concat!(stringify!($field), "\0").as_bytes())? }
[INFO] [stdout]     |                                  ^^^ method not found in `Library`
[INFO] [stdout] ...
[INFO] [stdout] 260 |             WslcSetContainerSettingsNetworkingMode: sym!(WslcSetContainerSettingsNetworkingMode),
[INFO] [stdout]     |                                                     -------------------------------------------- in this macro invocation
[INFO] [stdout]     |
[INFO] [stdout]     = help: items from traits can only be used if the trait is implemented and in scope
[INFO] [stdout]     = note: the following trait defines an item `get`, perhaps you need to implement it:
[INFO] [stdout]             candidate #1: `SliceIndex`
[INFO] [stdout]     = note: this error originates in the macro `sym` (in Nightly builds, run with -Z macro-backtrace for more info)
[INFO] [stdout] 
[INFO] [stdout] 
[INFO] [stdout] error[E0599]: no method named `get` found for struct `Library` in the current scope
[INFO] [stdout]    --> /opt/rustwide/cargo-home/registry/src/index.crates.io-1949cf8c6b5b557f/wslc-sys-0.1.2/src/runtime.rs:241:34
[INFO] [stdout]     |
[INFO] [stdout] 128 | struct Library {
[INFO] [stdout]     | -------------- method `get` not found for this struct
[INFO] [stdout] ...
[INFO] [stdout] 241 |                 unsafe { library.get(concat!(stringify!($field), "\0").as_bytes())? }
[INFO] [stdout]     |                                  ^^^ method not found in `Library`
[INFO] [stdout] ...
[INFO] [stdout] 261 |             WslcSetContainerSettingsHostName: sym!(WslcSetContainerSettingsHostName),
[INFO] [stdout]     |                                               -------------------------------------- in this macro invocation
[INFO] [stdout]     |
[INFO] [stdout]     = help: items from traits can only be used if the trait is implemented and in scope
[INFO] [stdout]     = note: the following trait defines an item `get`, perhaps you need to implement it:
[INFO] [stdout]             candidate #1: `SliceIndex`
[INFO] [stdout]     = note: this error originates in the macro `sym` (in Nightly builds, run with -Z macro-backtrace for more info)
[INFO] [stdout] 
[INFO] [stdout] 
[INFO] [stdout] error[E0599]: no method named `get` found for struct `Library` in the current scope
[INFO] [stdout]    --> /opt/rustwide/cargo-home/registry/src/index.crates.io-1949cf8c6b5b557f/wslc-sys-0.1.2/src/runtime.rs:241:34
[INFO] [stdout]     |
[INFO] [stdout] 128 | struct Library {
[INFO] [stdout]     | -------------- method `get` not found for this struct
[INFO] [stdout] ...
[INFO] [stdout] 241 |                 unsafe { library.get(concat!(stringify!($field), "\0").as_bytes())? }
[INFO] [stdout]     |                                  ^^^ method not found in `Library`
[INFO] [stdout] ...
[INFO] [stdout] 262 |             WslcSetContainerSettingsDomainName: sym!(WslcSetContainerSettingsDomainName),
[INFO] [stdout]     |                                                 ---------------------------------------- in this macro invocation
[INFO] [stdout]     |
[INFO] [stdout]     = help: items from traits can only be used if the trait is implemented and in scope
[INFO] [stdout]     = note: the following trait defines an item `get`, perhaps you need to implement it:
[INFO] [stdout]             candidate #1: `SliceIndex`
[INFO] [stdout]     = note: this error originates in the macro `sym` (in Nightly builds, run with -Z macro-backtrace for more info)
[INFO] [stdout] 
[INFO] [stdout] 
[INFO] [stderr]    Compiling digest v0.10.7
[INFO] [stdout] error[E0599]: no method named `get` found for struct `Library` in the current scope
[INFO] [stdout]    --> /opt/rustwide/cargo-home/registry/src/index.crates.io-1949cf8c6b5b557f/wslc-sys-0.1.2/src/runtime.rs:241:34
[INFO] [stdout]     |
[INFO] [stdout] 128 | struct Library {
[INFO] [stdout]     | -------------- method `get` not found for this struct
[INFO] [stdout] ...
[INFO] [stdout] 241 |                 unsafe { library.get(concat!(stringify!($field), "\0").as_bytes())? }
[INFO] [stdout]     |                                  ^^^ method not found in `Library`
[INFO] [stdout] ...
[INFO] [stdout] 263 |             WslcSetContainerSettingsFlags: sym!(WslcSetContainerSettingsFlags),
[INFO] [stdout]     |                                            ----------------------------------- in this macro invocation
[INFO] [stdout]     |
[INFO] [stdout]     = help: items from traits can only be used if the trait is implemented and in scope
[INFO] [stdout]     = note: the following trait defines an item `get`, perhaps you need to implement it:
[INFO] [stdout]             candidate #1: `SliceIndex`
[INFO] [stdout]     = note: this error originates in the macro `sym` (in Nightly builds, run with -Z macro-backtrace for more info)
[INFO] [stdout] 
[INFO] [stdout] 
[INFO] [stdout] error[E0599]: no method named `get` found for struct `Library` in the current scope
[INFO] [stdout]    --> /opt/rustwide/cargo-home/registry/src/index.crates.io-1949cf8c6b5b557f/wslc-sys-0.1.2/src/runtime.rs:241:34
[INFO] [stdout]     |
[INFO] [stdout] 128 | struct Library {
[INFO] [stdout]     | -------------- method `get` not found for this struct
[INFO] [stdout] ...
[INFO] [stdout] 241 |                 unsafe { library.get(concat!(stringify!($field), "\0").as_bytes())? }
[INFO] [stdout]     |                                  ^^^ method not found in `Library`
[INFO] [stdout] ...
[INFO] [stdout] 264 |             WslcSetContainerSettingsPortMappings: sym!(WslcSetContainerSettingsPortMappings),
[INFO] [stdout]     |                                                   ------------------------------------------ in this macro invocation
[INFO] [stdout]     |
[INFO] [stdout]     = help: items from traits can only be used if the trait is implemented and in scope
[INFO] [stdout]     = note: the following trait defines an item `get`, perhaps you need to implement it:
[INFO] [stdout]             candidate #1: `SliceIndex`
[INFO] [stdout]     = note: this error originates in the macro `sym` (in Nightly builds, run with -Z macro-backtrace for more info)
[INFO] [stdout] 
[INFO] [stdout] 
[INFO] [stdout] error[E0599]: no method named `get` found for struct `Library` in the current scope
[INFO] [stdout]    --> /opt/rustwide/cargo-home/registry/src/index.crates.io-1949cf8c6b5b557f/wslc-sys-0.1.2/src/runtime.rs:241:34
[INFO] [stdout]     |
[INFO] [stdout] 128 | struct Library {
[INFO] [stdout]     | -------------- method `get` not found for this struct
[INFO] [stdout] ...
[INFO] [stdout] 241 |                 unsafe { library.get(concat!(stringify!($field), "\0").as_bytes())? }
[INFO] [stdout]     |                                  ^^^ method not found in `Library`
[INFO] [stdout] ...
[INFO] [stdout] 265 |             WslcSetContainerSettingsVolumes: sym!(WslcSetContainerSettingsVolumes),
[INFO] [stdout]     |                                              ------------------------------------- in this macro invocation
[INFO] [stdout]     |
[INFO] [stdout]     = help: items from traits can only be used if the trait is implemented and in scope
[INFO] [stdout]     = note: the following trait defines an item `get`, perhaps you need to implement it:
[INFO] [stdout]             candidate #1: `SliceIndex`
[INFO] [stdout]     = note: this error originates in the macro `sym` (in Nightly builds, run with -Z macro-backtrace for more info)
[INFO] [stdout] 
[INFO] [stdout] 
[INFO] [stdout] error[E0599]: no method named `get` found for struct `Library` in the current scope
[INFO] [stdout]    --> /opt/rustwide/cargo-home/registry/src/index.crates.io-1949cf8c6b5b557f/wslc-sys-0.1.2/src/runtime.rs:241:34
[INFO] [stdout]     |
[INFO] [stdout] 128 | struct Library {
[INFO] [stdout]     | -------------- method `get` not found for this struct
[INFO] [stdout] ...
[INFO] [stdout] 241 |                 unsafe { library.get(concat!(stringify!($field), "\0").as_bytes())? }
[INFO] [stdout]     |                                  ^^^ method not found in `Library`
[INFO] [stdout] ...
[INFO] [stdout] 266 |             WslcSetContainerSettingsNamedVolumes: sym!(WslcSetContainerSettingsNamedVolumes),
[INFO] [stdout]     |                                                   ------------------------------------------ in this macro invocation
[INFO] [stdout]     |
[INFO] [stdout]     = help: items from traits can only be used if the trait is implemented and in scope
[INFO] [stdout]     = note: the following trait defines an item `get`, perhaps you need to implement it:
[INFO] [stdout]             candidate #1: `SliceIndex`
[INFO] [stdout]     = note: this error originates in the macro `sym` (in Nightly builds, run with -Z macro-backtrace for more info)
[INFO] [stdout] 
[INFO] [stdout] 
[INFO] [stdout] error[E0599]: no method named `get` found for struct `Library` in the current scope
[INFO] [stdout]    --> /opt/rustwide/cargo-home/registry/src/index.crates.io-1949cf8c6b5b557f/wslc-sys-0.1.2/src/runtime.rs:241:34
[INFO] [stdout]     |
[INFO] [stdout] 128 | struct Library {
[INFO] [stdout]     | -------------- method `get` not found for this struct
[INFO] [stdout] ...
[INFO] [stdout] 241 |                 unsafe { library.get(concat!(stringify!($field), "\0").as_bytes())? }
[INFO] [stdout]     |                                  ^^^ method not found in `Library`
[INFO] [stdout] ...
[INFO] [stdout] 267 |             WslcCreateContainerProcess: sym!(WslcCreateContainerProcess),
[INFO] [stdout]     |                                         -------------------------------- in this macro invocation
[INFO] [stdout]     |
[INFO] [stdout]     = help: items from traits can only be used if the trait is implemented and in scope
[INFO] [stdout]     = note: the following trait defines an item `get`, perhaps you need to implement it:
[INFO] [stdout]             candidate #1: `SliceIndex`
[INFO] [stdout]     = note: this error originates in the macro `sym` (in Nightly builds, run with -Z macro-backtrace for more info)
[INFO] [stdout] 
[INFO] [stdout] 
[INFO] [stdout] error[E0599]: no method named `get` found for struct `Library` in the current scope
[INFO] [stdout]    --> /opt/rustwide/cargo-home/registry/src/index.crates.io-1949cf8c6b5b557f/wslc-sys-0.1.2/src/runtime.rs:241:34
[INFO] [stdout]     |
[INFO] [stdout] 128 | struct Library {
[INFO] [stdout]     | -------------- method `get` not found for this struct
[INFO] [stdout] ...
[INFO] [stdout] 241 |                 unsafe { library.get(concat!(stringify!($field), "\0").as_bytes())? }
[INFO] [stdout]     |                                  ^^^ method not found in `Library`
[INFO] [stdout] ...
[INFO] [stdout] 268 |             WslcReleaseContainer: sym!(WslcReleaseContainer),
[INFO] [stdout]     |                                   -------------------------- in this macro invocation
[INFO] [stdout]     |
[INFO] [stdout]     = help: items from traits can only be used if the trait is implemented and in scope
[INFO] [stdout]     = note: the following trait defines an item `get`, perhaps you need to implement it:
[INFO] [stdout]             candidate #1: `SliceIndex`
[INFO] [stdout]     = note: this error originates in the macro `sym` (in Nightly builds, run with -Z macro-backtrace for more info)
[INFO] [stdout] 
[INFO] [stdout] 
[INFO] [stdout] error[E0599]: no method named `get` found for struct `Library` in the current scope
[INFO] [stdout]    --> /opt/rustwide/cargo-home/registry/src/index.crates.io-1949cf8c6b5b557f/wslc-sys-0.1.2/src/runtime.rs:241:34
[INFO] [stdout]     |
[INFO] [stdout] 128 | struct Library {
[INFO] [stdout]     | -------------- method `get` not found for this struct
[INFO] [stdout] ...
[INFO] [stdout] 241 |                 unsafe { library.get(concat!(stringify!($field), "\0").as_bytes())? }
[INFO] [stdout]     |                                  ^^^ method not found in `Library`
[INFO] [stdout] ...
[INFO] [stdout] 269 |             WslcGetContainerID: sym!(WslcGetContainerID),
[INFO] [stdout]     |                                 ------------------------ in this macro invocation
[INFO] [stdout]     |
[INFO] [stdout]     = help: items from traits can only be used if the trait is implemented and in scope
[INFO] [stdout]     = note: the following trait defines an item `get`, perhaps you need to implement it:
[INFO] [stdout]             candidate #1: `SliceIndex`
[INFO] [stdout]     = note: this error originates in the macro `sym` (in Nightly builds, run with -Z macro-backtrace for more info)
[INFO] [stdout] 
[INFO] [stdout] 
[INFO] [stdout] error[E0599]: no method named `get` found for struct `Library` in the current scope
[INFO] [stdout]    --> /opt/rustwide/cargo-home/registry/src/index.crates.io-1949cf8c6b5b557f/wslc-sys-0.1.2/src/runtime.rs:241:34
[INFO] [stdout]     |
[INFO] [stdout] 128 | struct Library {
[INFO] [stdout]     | -------------- method `get` not found for this struct
[INFO] [stdout] ...
[INFO] [stdout] 241 |                 unsafe { library.get(concat!(stringify!($field), "\0").as_bytes())? }
[INFO] [stdout]     |                                  ^^^ method not found in `Library`
[INFO] [stdout] ...
[INFO] [stdout] 270 |             WslcGetContainerInitProcess: sym!(WslcGetContainerInitProcess),
[INFO] [stdout]     |                                          --------------------------------- in this macro invocation
[INFO] [stdout]     |
[INFO] [stdout]     = help: items from traits can only be used if the trait is implemented and in scope
[INFO] [stdout]     = note: the following trait defines an item `get`, perhaps you need to implement it:
[INFO] [stdout]             candidate #1: `SliceIndex`
[INFO] [stdout]     = note: this error originates in the macro `sym` (in Nightly builds, run with -Z macro-backtrace for more info)
[INFO] [stdout] 
[INFO] [stdout] 
[INFO] [stdout] error[E0599]: no method named `get` found for struct `Library` in the current scope
[INFO] [stdout]    --> /opt/rustwide/cargo-home/registry/src/index.crates.io-1949cf8c6b5b557f/wslc-sys-0.1.2/src/runtime.rs:241:34
[INFO] [stdout]     |
[INFO] [stdout] 128 | struct Library {
[INFO] [stdout]     | -------------- method `get` not found for this struct
[INFO] [stdout] ...
[INFO] [stdout] 241 |                 unsafe { library.get(concat!(stringify!($field), "\0").as_bytes())? }
[INFO] [stdout]     |                                  ^^^ method not found in `Library`
[INFO] [stdout] ...
[INFO] [stdout] 271 |             WslcInspectContainer: sym!(WslcInspectContainer),
[INFO] [stdout]     |                                   -------------------------- in this macro invocation
[INFO] [stdout]     |
[INFO] [stdout]     = help: items from traits can only be used if the trait is implemented and in scope
[INFO] [stdout]     = note: the following trait defines an item `get`, perhaps you need to implement it:
[INFO] [stdout]             candidate #1: `SliceIndex`
[INFO] [stdout]     = note: this error originates in the macro `sym` (in Nightly builds, run with -Z macro-backtrace for more info)
[INFO] [stdout] 
[INFO] [stdout] 
[INFO] [stdout] error[E0599]: no method named `get` found for struct `Library` in the current scope
[INFO] [stdout]    --> /opt/rustwide/cargo-home/registry/src/index.crates.io-1949cf8c6b5b557f/wslc-sys-0.1.2/src/runtime.rs:241:34
[INFO] [stdout]     |
[INFO] [stdout] 128 | struct Library {
[INFO] [stdout]     | -------------- method `get` not found for this struct
[INFO] [stdout] ...
[INFO] [stdout] 241 |                 unsafe { library.get(concat!(stringify!($field), "\0").as_bytes())? }
[INFO] [stdout]     |                                  ^^^ method not found in `Library`
[INFO] [stdout] ...
[INFO] [stdout] 272 |             WslcGetContainerState: sym!(WslcGetContainerState),
[INFO] [stdout]     |                                    --------------------------- in this macro invocation
[INFO] [stdout]     |
[INFO] [stdout]     = help: items from traits can only be used if the trait is implemented and in scope
[INFO] [stdout]     = note: the following trait defines an item `get`, perhaps you need to implement it:
[INFO] [stdout]             candidate #1: `SliceIndex`
[INFO] [stdout]     = note: this error originates in the macro `sym` (in Nightly builds, run with -Z macro-backtrace for more info)
[INFO] [stdout] 
[INFO] [stdout] 
[INFO] [stdout] error[E0599]: no method named `get` found for struct `Library` in the current scope
[INFO] [stdout]    --> /opt/rustwide/cargo-home/registry/src/index.crates.io-1949cf8c6b5b557f/wslc-sys-0.1.2/src/runtime.rs:241:34
[INFO] [stdout]     |
[INFO] [stdout] 128 | struct Library {
[INFO] [stdout]     | -------------- method `get` not found for this struct
[INFO] [stdout] ...
[INFO] [stdout] 241 |                 unsafe { library.get(concat!(stringify!($field), "\0").as_bytes())? }
[INFO] [stdout]     |                                  ^^^ method not found in `Library`
[INFO] [stdout] ...
[INFO] [stdout] 273 |             WslcStopContainer: sym!(WslcStopContainer),
[INFO] [stdout]     |                                ----------------------- in this macro invocation
[INFO] [stdout]     |
[INFO] [stdout]     = help: items from traits can only be used if the trait is implemented and in scope
[INFO] [stdout]     = note: the following trait defines an item `get`, perhaps you need to implement it:
[INFO] [stdout]             candidate #1: `SliceIndex`
[INFO] [stdout]     = note: this error originates in the macro `sym` (in Nightly builds, run with -Z macro-backtrace for more info)
[INFO] [stdout] 
[INFO] [stdout] 
[INFO] [stdout] error[E0599]: no method named `get` found for struct `Library` in the current scope
[INFO] [stdout]    --> /opt/rustwide/cargo-home/registry/src/index.crates.io-1949cf8c6b5b557f/wslc-sys-0.1.2/src/runtime.rs:241:34
[INFO] [stdout]     |
[INFO] [stdout] 128 | struct Library {
[INFO] [stdout]     | -------------- method `get` not found for this struct
[INFO] [stdout] ...
[INFO] [stdout] 241 |                 unsafe { library.get(concat!(stringify!($field), "\0").as_bytes())? }
[INFO] [stdout]     |                                  ^^^ method not found in `Library`
[INFO] [stdout] ...
[INFO] [stdout] 274 |             WslcDeleteContainer: sym!(WslcDeleteContainer),
[INFO] [stdout]     |                                  ------------------------- in this macro invocation
[INFO] [stdout]     |
[INFO] [stdout]     = help: items from traits can only be used if the trait is implemented and in scope
[INFO] [stdout]     = note: the following trait defines an item `get`, perhaps you need to implement it:
[INFO] [stdout]             candidate #1: `SliceIndex`
[INFO] [stdout]     = note: this error originates in the macro `sym` (in Nightly builds, run with -Z macro-backtrace for more info)
[INFO] [stdout] 
[INFO] [stdout] 
[INFO] [stdout] error[E0599]: no method named `get` found for struct `Library` in the current scope
[INFO] [stdout]    --> /opt/rustwide/cargo-home/registry/src/index.crates.io-1949cf8c6b5b557f/wslc-sys-0.1.2/src/runtime.rs:241:34
[INFO] [stdout]     |
[INFO] [stdout] 128 | struct Library {
[INFO] [stdout]     | -------------- method `get` not found for this struct
[INFO] [stdout] ...
[INFO] [stdout] 241 |                 unsafe { library.get(concat!(stringify!($field), "\0").as_bytes())? }
[INFO] [stdout]     |                                  ^^^ method not found in `Library`
[INFO] [stdout] ...
[INFO] [stdout] 275 |             WslcInitProcessSettings: sym!(WslcInitProcessSettings),
[INFO] [stdout]     |                                      ----------------------------- in this macro invocation
[INFO] [stdout]     |
[INFO] [stdout]     = help: items from traits can only be used if the trait is implemented and in scope
[INFO] [stdout]     = note: the following trait defines an item `get`, perhaps you need to implement it:
[INFO] [stdout]             candidate #1: `SliceIndex`
[INFO] [stdout]     = note: this error originates in the macro `sym` (in Nightly builds, run with -Z macro-backtrace for more info)
[INFO] [stdout] 
[INFO] [stdout] 
[INFO] [stdout] error[E0599]: no method named `get` found for struct `Library` in the current scope
[INFO] [stdout]    --> /opt/rustwide/cargo-home/registry/src/index.crates.io-1949cf8c6b5b557f/wslc-sys-0.1.2/src/runtime.rs:241:34
[INFO] [stdout]     |
[INFO] [stdout] 128 | struct Library {
[INFO] [stdout]     | -------------- method `get` not found for this struct
[INFO] [stdout] ...
[INFO] [stdout] 241 |                 unsafe { library.get(concat!(stringify!($field), "\0").as_bytes())? }
[INFO] [stdout]     |                                  ^^^ method not found in `Library`
[INFO] [stdout] ...
[INFO] [stdout] 276 |             WslcSetProcessSettingsWorkingDirectory: sym!(WslcSetProcessSettingsWorkingDirectory),
[INFO] [stdout]     |                                                     -------------------------------------------- in this macro invocation
[INFO] [stdout]     |
[INFO] [stdout]     = help: items from traits can only be used if the trait is implemented and in scope
[INFO] [stdout]     = note: the following trait defines an item `get`, perhaps you need to implement it:
[INFO] [stdout]             candidate #1: `SliceIndex`
[INFO] [stdout]     = note: this error originates in the macro `sym` (in Nightly builds, run with -Z macro-backtrace for more info)
[INFO] [stdout] 
[INFO] [stdout] 
[INFO] [stdout] error[E0599]: no method named `get` found for struct `Library` in the current scope
[INFO] [stdout]    --> /opt/rustwide/cargo-home/registry/src/index.crates.io-1949cf8c6b5b557f/wslc-sys-0.1.2/src/runtime.rs:241:34
[INFO] [stdout]     |
[INFO] [stdout] 128 | struct Library {
[INFO] [stdout]     | -------------- method `get` not found for this struct
[INFO] [stdout] ...
[INFO] [stdout] 241 |                 unsafe { library.get(concat!(stringify!($field), "\0").as_bytes())? }
[INFO] [stdout]     |                                  ^^^ method not found in `Library`
[INFO] [stdout] ...
[INFO] [stdout] 277 |             WslcSetProcessSettingsCmdLine: sym!(WslcSetProcessSettingsCmdLine),
[INFO] [stdout]     |                                            ----------------------------------- in this macro invocation
[INFO] [stdout]     |
[INFO] [stdout]     = help: items from traits can only be used if the trait is implemented and in scope
[INFO] [stdout]     = note: the following trait defines an item `get`, perhaps you need to implement it:
[INFO] [stdout]             candidate #1: `SliceIndex`
[INFO] [stdout]     = note: this error originates in the macro `sym` (in Nightly builds, run with -Z macro-backtrace for more info)
[INFO] [stdout] 
[INFO] [stdout] 
[INFO] [stdout] error[E0599]: no method named `get` found for struct `Library` in the current scope
[INFO] [stdout]    --> /opt/rustwide/cargo-home/registry/src/index.crates.io-1949cf8c6b5b557f/wslc-sys-0.1.2/src/runtime.rs:241:34
[INFO] [stdout]     |
[INFO] [stdout] 128 | struct Library {
[INFO] [stdout]     | -------------- method `get` not found for this struct
[INFO] [stdout] ...
[INFO] [stdout] 241 |                 unsafe { library.get(concat!(stringify!($field), "\0").as_bytes())? }
[INFO] [stdout]     |                                  ^^^ method not found in `Library`
[INFO] [stdout] ...
[INFO] [stdout] 278 |             WslcSetProcessSettingsEnvVariables: sym!(WslcSetProcessSettingsEnvVariables),
[INFO] [stdout]     |                                                 ---------------------------------------- in this macro invocation
[INFO] [stdout]     |
[INFO] [stdout]     = help: items from traits can only be used if the trait is implemented and in scope
[INFO] [stdout]     = note: the following trait defines an item `get`, perhaps you need to implement it:
[INFO] [stdout]             candidate #1: `SliceIndex`
[INFO] [stdout]     = note: this error originates in the macro `sym` (in Nightly builds, run with -Z macro-backtrace for more info)
[INFO] [stdout] 
[INFO] [stdout] 
[INFO] [stdout] error[E0599]: no method named `get` found for struct `Library` in the current scope
[INFO] [stdout]    --> /opt/rustwide/cargo-home/registry/src/index.crates.io-1949cf8c6b5b557f/wslc-sys-0.1.2/src/runtime.rs:241:34
[INFO] [stdout]     |
[INFO] [stdout] 128 | struct Library {
[INFO] [stdout]     | -------------- method `get` not found for this struct
[INFO] [stdout] ...
[INFO] [stdout] 241 |                 unsafe { library.get(concat!(stringify!($field), "\0").as_bytes())? }
[INFO] [stdout]     |                                  ^^^ method not found in `Library`
[INFO] [stdout] ...
[INFO] [stdout] 279 |             WslcSetProcessSettingsCallbacks: sym!(WslcSetProcessSettingsCallbacks),
[INFO] [stdout]     |                                              ------------------------------------- in this macro invocation
[INFO] [stdout]     |
[INFO] [stdout]     = help: items from traits can only be used if the trait is implemented and in scope
[INFO] [stdout]     = note: the following trait defines an item `get`, perhaps you need to implement it:
[INFO] [stdout]             candidate #1: `SliceIndex`
[INFO] [stdout]     = note: this error originates in the macro `sym` (in Nightly builds, run with -Z macro-backtrace for more info)
[INFO] [stdout] 
[INFO] [stdout] 
[INFO] [stdout] error[E0599]: no method named `get` found for struct `Library` in the current scope
[INFO] [stdout]    --> /opt/rustwide/cargo-home/registry/src/index.crates.io-1949cf8c6b5b557f/wslc-sys-0.1.2/src/runtime.rs:241:34
[INFO] [stdout]     |
[INFO] [stdout] 128 | struct Library {
[INFO] [stdout]     | -------------- method `get` not found for this struct
[INFO] [stdout] ...
[INFO] [stdout] 241 |                 unsafe { library.get(concat!(stringify!($field), "\0").as_bytes())? }
[INFO] [stdout]     |                                  ^^^ method not found in `Library`
[INFO] [stdout] ...
[INFO] [stdout] 280 |             WslcGetProcessPid: sym!(WslcGetProcessPid),
[INFO] [stdout]     |                                ----------------------- in this macro invocation
[INFO] [stdout]     |
[INFO] [stdout]     = help: items from traits can only be used if the trait is implemented and in scope
[INFO] [stdout]     = note: the following trait defines an item `get`, perhaps you need to implement it:
[INFO] [stdout]             candidate #1: `SliceIndex`
[INFO] [stdout]     = note: this error originates in the macro `sym` (in Nightly builds, run with -Z macro-backtrace for more info)
[INFO] [stdout] 
[INFO] [stdout] 
[INFO] [stdout] error[E0599]: no method named `get` found for struct `Library` in the current scope
[INFO] [stdout]    --> /opt/rustwide/cargo-home/registry/src/index.crates.io-1949cf8c6b5b557f/wslc-sys-0.1.2/src/runtime.rs:241:34
[INFO] [stdout]     |
[INFO] [stdout] 128 | struct Library {
[INFO] [stdout]     | -------------- method `get` not found for this struct
[INFO] [stdout] ...
[INFO] [stdout] 241 |                 unsafe { library.get(concat!(stringify!($field), "\0").as_bytes())? }
[INFO] [stdout]     |                                  ^^^ method not found in `Library`
[INFO] [stdout] ...
[INFO] [stdout] 281 |             WslcGetProcessExitEvent: sym!(WslcGetProcessExitEvent),
[INFO] [stdout]     |                                      ----------------------------- in this macro invocation
[INFO] [stdout]     |
[INFO] [stdout]     = help: items from traits can only be used if the trait is implemented and in scope
[INFO] [stdout]     = note: the following trait defines an item `get`, perhaps you need to implement it:
[INFO] [stdout]             candidate #1: `SliceIndex`
[INFO] [stdout]     = note: this error originates in the macro `sym` (in Nightly builds, run with -Z macro-backtrace for more info)
[INFO] [stdout] 
[INFO] [stdout] 
[INFO] [stdout] error[E0599]: no method named `get` found for struct `Library` in the current scope
[INFO] [stdout]    --> /opt/rustwide/cargo-home/registry/src/index.crates.io-1949cf8c6b5b557f/wslc-sys-0.1.2/src/runtime.rs:241:34
[INFO] [stdout]     |
[INFO] [stdout] 128 | struct Library {
[INFO] [stdout]     | -------------- method `get` not found for this struct
[INFO] [stdout] ...
[INFO] [stdout] 241 |                 unsafe { library.get(concat!(stringify!($field), "\0").as_bytes())? }
[INFO] [stdout]     |                                  ^^^ method not found in `Library`
[INFO] [stdout] ...
[INFO] [stdout] 282 |             WslcGetProcessState: sym!(WslcGetProcessState),
[INFO] [stdout]     |                                  ------------------------- in this macro invocation
[INFO] [stdout]     |
[INFO] [stdout]     = help: items from traits can only be used if the trait is implemented and in scope
[INFO] [stdout]     = note: the following trait defines an item `get`, perhaps you need to implement it:
[INFO] [stdout]             candidate #1: `SliceIndex`
[INFO] [stdout]     = note: this error originates in the macro `sym` (in Nightly builds, run with -Z macro-backtrace for more info)
[INFO] [stdout] 
[INFO] [stdout] 
[INFO] [stdout] error[E0599]: no method named `get` found for struct `Library` in the current scope
[INFO] [stdout]    --> /opt/rustwide/cargo-home/registry/src/index.crates.io-1949cf8c6b5b557f/wslc-sys-0.1.2/src/runtime.rs:241:34
[INFO] [stdout]     |
[INFO] [stdout] 128 | struct Library {
[INFO] [stdout]     | -------------- method `get` not found for this struct
[INFO] [stdout] ...
[INFO] [stdout] 241 |                 unsafe { library.get(concat!(stringify!($field), "\0").as_bytes())? }
[INFO] [stdout]     |                                  ^^^ method not found in `Library`
[INFO] [stdout] ...
[INFO] [stdout] 283 |             WslcGetProcessExitCode: sym!(WslcGetProcessExitCode),
[INFO] [stdout]     |                                     ---------------------------- in this macro invocation
[INFO] [stdout]     |
[INFO] [stdout]     = help: items from traits can only be used if the trait is implemented and in scope
[INFO] [stdout]     = note: the following trait defines an item `get`, perhaps you need to implement it:
[INFO] [stdout]             candidate #1: `SliceIndex`
[INFO] [stdout]     = note: this error originates in the macro `sym` (in Nightly builds, run with -Z macro-backtrace for more info)
[INFO] [stdout] 
[INFO] [stdout] 
[INFO] [stdout] error[E0599]: no method named `get` found for struct `Library` in the current scope
[INFO] [stdout]    --> /opt/rustwide/cargo-home/registry/src/index.crates.io-1949cf8c6b5b557f/wslc-sys-0.1.2/src/runtime.rs:241:34
[INFO] [stdout]     |
[INFO] [stdout] 128 | struct Library {
[INFO] [stdout]     | -------------- method `get` not found for this struct
[INFO] [stdout] ...
[INFO] [stdout] 241 |                 unsafe { library.get(concat!(stringify!($field), "\0").as_bytes())? }
[INFO] [stdout]     |                                  ^^^ method not found in `Library`
[INFO] [stdout] ...
[INFO] [stdout] 284 |             WslcSignalProcess: sym!(WslcSignalProcess),
[INFO] [stdout]     |                                ----------------------- in this macro invocation
[INFO] [stdout]     |
[INFO] [stdout]     = help: items from traits can only be used if the trait is implemented and in scope
[INFO] [stdout]     = note: the following trait defines an item `get`, perhaps you need to implement it:
[INFO] [stdout]             candidate #1: `SliceIndex`
[INFO] [stdout]     = note: this error originates in the macro `sym` (in Nightly builds, run with -Z macro-backtrace for more info)
[INFO] [stdout] 
[INFO] [stdout] 
[INFO] [stdout] error[E0599]: no method named `get` found for struct `Library` in the current scope
[INFO] [stdout]    --> /opt/rustwide/cargo-home/registry/src/index.crates.io-1949cf8c6b5b557f/wslc-sys-0.1.2/src/runtime.rs:241:34
[INFO] [stdout]     |
[INFO] [stdout] 128 | struct Library {
[INFO] [stdout]     | -------------- method `get` not found for this struct
[INFO] [stdout] ...
[INFO] [stdout] 241 |                 unsafe { library.get(concat!(stringify!($field), "\0").as_bytes())? }
[INFO] [stdout]     |                                  ^^^ method not found in `Library`
[INFO] [stdout] ...
[INFO] [stdout] 285 |             WslcReleaseProcess: sym!(WslcReleaseProcess),
[INFO] [stdout]     |                                 ------------------------ in this macro invocation
[INFO] [stdout]     |
[INFO] [stdout]     = help: items from traits can only be used if the trait is implemented and in scope
[INFO] [stdout]     = note: the following trait defines an item `get`, perhaps you need to implement it:
[INFO] [stdout]             candidate #1: `SliceIndex`
[INFO] [stdout]     = note: this error originates in the macro `sym` (in Nightly builds, run with -Z macro-backtrace for more info)
[INFO] [stdout] 
[INFO] [stdout] 
[INFO] [stdout] error[E0599]: no method named `get` found for struct `Library` in the current scope
[INFO] [stdout]    --> /opt/rustwide/cargo-home/registry/src/index.crates.io-1949cf8c6b5b557f/wslc-sys-0.1.2/src/runtime.rs:241:34
[INFO] [stdout]     |
[INFO] [stdout] 128 | struct Library {
[INFO] [stdout]     | -------------- method `get` not found for this struct
[INFO] [stdout] ...
[INFO] [stdout] 241 |                 unsafe { library.get(concat!(stringify!($field), "\0").as_bytes())? }
[INFO] [stdout]     |                                  ^^^ method not found in `Library`
[INFO] [stdout] ...
[INFO] [stdout] 286 |             WslcPullSessionImage: sym!(WslcPullSessionImage),
[INFO] [stdout]     |                                   -------------------------- in this macro invocation
[INFO] [stdout]     |
[INFO] [stdout]     = help: items from traits can only be used if the trait is implemented and in scope
[INFO] [stdout]     = note: the following trait defines an item `get`, perhaps you need to implement it:
[INFO] [stdout]             candidate #1: `SliceIndex`
[INFO] [stdout]     = note: this error originates in the macro `sym` (in Nightly builds, run with -Z macro-backtrace for more info)
[INFO] [stdout] 
[INFO] [stdout] 
[INFO] [stdout] error[E0599]: no method named `get` found for struct `Library` in the current scope
[INFO] [stdout]    --> /opt/rustwide/cargo-home/registry/src/index.crates.io-1949cf8c6b5b557f/wslc-sys-0.1.2/src/runtime.rs:241:34
[INFO] [stdout]     |
[INFO] [stdout] 128 | struct Library {
[INFO] [stdout]     | -------------- method `get` not found for this struct
[INFO] [stdout] ...
[INFO] [stdout] 241 |                 unsafe { library.get(concat!(stringify!($field), "\0").as_bytes())? }
[INFO] [stdout]     |                                  ^^^ method not found in `Library`
[INFO] [stdout] ...
[INFO] [stdout] 287 |             WslcDeleteSessionImage: sym!(WslcDeleteSessionImage),
[INFO] [stdout]     |                                     ---------------------------- in this macro invocation
[INFO] [stdout]     |
[INFO] [stdout]     = help: items from traits can only be used if the trait is implemented and in scope
[INFO] [stdout]     = note: the following trait defines an item `get`, perhaps you need to implement it:
[INFO] [stdout]             candidate #1: `SliceIndex`
[INFO] [stdout]     = note: this error originates in the macro `sym` (in Nightly builds, run with -Z macro-backtrace for more info)
[INFO] [stdout] 
[INFO] [stdout] 
[INFO] [stdout] error[E0599]: no method named `get` found for struct `Library` in the current scope
[INFO] [stdout]    --> /opt/rustwide/cargo-home/registry/src/index.crates.io-1949cf8c6b5b557f/wslc-sys-0.1.2/src/runtime.rs:241:34
[INFO] [stdout]     |
[INFO] [stdout] 128 | struct Library {
[INFO] [stdout]     | -------------- method `get` not found for this struct
[INFO] [stdout] ...
[INFO] [stdout] 241 |                 unsafe { library.get(concat!(stringify!($field), "\0").as_bytes())? }
[INFO] [stdout]     |                                  ^^^ method not found in `Library`
[INFO] [stdout] ...
[INFO] [stdout] 288 |             WslcTagSessionImage: sym!(WslcTagSessionImage),
[INFO] [stdout]     |                                  ------------------------- in this macro invocation
[INFO] [stdout]     |
[INFO] [stdout]     = help: items from traits can only be used if the trait is implemented and in scope
[INFO] [stdout]     = note: the following trait defines an item `get`, perhaps you need to implement it:
[INFO] [stdout]             candidate #1: `SliceIndex`
[INFO] [stdout]     = note: this error originates in the macro `sym` (in Nightly builds, run with -Z macro-backtrace for more info)
[INFO] [stdout] 
[INFO] [stdout] 
[INFO] [stdout] error[E0599]: no method named `get` found for struct `Library` in the current scope
[INFO] [stdout]    --> /opt/rustwide/cargo-home/registry/src/index.crates.io-1949cf8c6b5b557f/wslc-sys-0.1.2/src/runtime.rs:241:34
[INFO] [stdout]     |
[INFO] [stdout] 128 | struct Library {
[INFO] [stdout]     | -------------- method `get` not found for this struct
[INFO] [stdout] ...
[INFO] [stdout] 241 |                 unsafe { library.get(concat!(stringify!($field), "\0").as_bytes())? }
[INFO] [stdout]     |                                  ^^^ method not found in `Library`
[INFO] [stdout] ...
[INFO] [stdout] 289 |             WslcListSessionImages: sym!(WslcListSessionImages),
[INFO] [stdout]     |                                    --------------------------- in this macro invocation
[INFO] [stdout]     |
[INFO] [stdout]     = help: items from traits can only be used if the trait is implemented and in scope
[INFO] [stdout]     = note: the following trait defines an item `get`, perhaps you need to implement it:
[INFO] [stdout]             candidate #1: `SliceIndex`
[INFO] [stdout]     = note: this error originates in the macro `sym` (in Nightly builds, run with -Z macro-backtrace for more info)
[INFO] [stdout] 
[INFO] [stdout] 
[INFO] [stdout] error[E0599]: no method named `get` found for struct `Library` in the current scope
[INFO] [stdout]    --> /opt/rustwide/cargo-home/registry/src/index.crates.io-1949cf8c6b5b557f/wslc-sys-0.1.2/src/runtime.rs:241:34
[INFO] [stdout]     |
[INFO] [stdout] 128 | struct Library {
[INFO] [stdout]     | -------------- method `get` not found for this struct
[INFO] [stdout] ...
[INFO] [stdout] 241 |                 unsafe { library.get(concat!(stringify!($field), "\0").as_bytes())? }
[INFO] [stdout]     |                                  ^^^ method not found in `Library`
[INFO] [stdout] ...
[INFO] [stdout] 290 |             WslcCreateSessionVhdVolume: sym!(WslcCreateSessionVhdVolume),
[INFO] [stdout]     |                                         -------------------------------- in this macro invocation
[INFO] [stdout]     |
[INFO] [stdout]     = help: items from traits can only be used if the trait is implemented and in scope
[INFO] [stdout]     = note: the following trait defines an item `get`, perhaps you need to implement it:
[INFO] [stdout]             candidate #1: `SliceIndex`
[INFO] [stdout]     = note: this error originates in the macro `sym` (in Nightly builds, run with -Z macro-backtrace for more info)
[INFO] [stdout] 
[INFO] [stdout] 
[INFO] [stdout] error[E0599]: no method named `get` found for struct `Library` in the current scope
[INFO] [stdout]    --> /opt/rustwide/cargo-home/registry/src/index.crates.io-1949cf8c6b5b557f/wslc-sys-0.1.2/src/runtime.rs:241:34
[INFO] [stdout]     |
[INFO] [stdout] 128 | struct Library {
[INFO] [stdout]     | -------------- method `get` not found for this struct
[INFO] [stdout] ...
[INFO] [stdout] 241 |                 unsafe { library.get(concat!(stringify!($field), "\0").as_bytes())? }
[INFO] [stdout]     |                                  ^^^ method not found in `Library`
[INFO] [stdout] ...
[INFO] [stdout] 291 |             WslcDeleteSessionVhdVolume: sym!(WslcDeleteSessionVhdVolume),
[INFO] [stdout]     |                                         -------------------------------- in this macro invocation
[INFO] [stdout]     |
[INFO] [stdout]     = help: items from traits can only be used if the trait is implemented and in scope
[INFO] [stdout]     = note: the following trait defines an item `get`, perhaps you need to implement it:
[INFO] [stdout]             candidate #1: `SliceIndex`
[INFO] [stdout]     = note: this error originates in the macro `sym` (in Nightly builds, run with -Z macro-backtrace for more info)
[INFO] [stdout] 
[INFO] [stdout] 
[INFO] [stdout] error[E0599]: no method named `get` found for struct `Library` in the current scope
[INFO] [stdout]    --> /opt/rustwide/cargo-home/registry/src/index.crates.io-1949cf8c6b5b557f/wslc-sys-0.1.2/src/runtime.rs:241:34
[INFO] [stdout]     |
[INFO] [stdout] 128 | struct Library {
[INFO] [stdout]     | -------------- method `get` not found for this struct
[INFO] [stdout] ...
[INFO] [stdout] 241 |                 unsafe { library.get(concat!(stringify!($field), "\0").as_bytes())? }
[INFO] [stdout]     |                                  ^^^ method not found in `Library`
[INFO] [stdout] ...
[INFO] [stdout] 292 |             WslcGetMissingComponents: sym!(WslcGetMissingComponents),
[INFO] [stdout]     |                                       ------------------------------ in this macro invocation
[INFO] [stdout]     |
[INFO] [stdout]     = help: items from traits can only be used if the trait is implemented and in scope
[INFO] [stdout]     = note: the following trait defines an item `get`, perhaps you need to implement it:
[INFO] [stdout]             candidate #1: `SliceIndex`
[INFO] [stdout]     = note: this error originates in the macro `sym` (in Nightly builds, run with -Z macro-backtrace for more info)
[INFO] [stdout] 
[INFO] [stdout] 
[INFO] [stdout] error[E0599]: no method named `get` found for struct `Library` in the current scope
[INFO] [stdout]    --> /opt/rustwide/cargo-home/registry/src/index.crates.io-1949cf8c6b5b557f/wslc-sys-0.1.2/src/runtime.rs:241:34
[INFO] [stdout]     |
[INFO] [stdout] 128 | struct Library {
[INFO] [stdout]     | -------------- method `get` not found for this struct
[INFO] [stdout] ...
[INFO] [stdout] 241 |                 unsafe { library.get(concat!(stringify!($field), "\0").as_bytes())? }
[INFO] [stdout]     |                                  ^^^ method not found in `Library`
[INFO] [stdout] ...
[INFO] [stdout] 293 |             WslcGetVersion: sym!(WslcGetVersion),
[INFO] [stdout]     |                             -------------------- in this macro invocation
[INFO] [stdout]     |
[INFO] [stdout]     = help: items from traits can only be used if the trait is implemented and in scope
[INFO] [stdout]     = note: the following trait defines an item `get`, perhaps you need to implement it:
[INFO] [stdout]             candidate #1: `SliceIndex`
[INFO] [stdout]     = note: this error originates in the macro `sym` (in Nightly builds, run with -Z macro-backtrace for more info)
[INFO] [stdout] 
[INFO] [stdout] 
[INFO] [stdout] error[E0599]: no method named `get` found for struct `Library` in the current scope
[INFO] [stdout]    --> /opt/rustwide/cargo-home/registry/src/index.crates.io-1949cf8c6b5b557f/wslc-sys-0.1.2/src/runtime.rs:241:34
[INFO] [stdout]     |
[INFO] [stdout] 128 | struct Library {
[INFO] [stdout]     | -------------- method `get` not found for this struct
[INFO] [stdout] ...
[INFO] [stdout] 241 |                 unsafe { library.get(concat!(stringify!($field), "\0").as_bytes())? }
[INFO] [stdout]     |                                  ^^^ method not found in `Library`
[INFO] [stdout] ...
[INFO] [stdout] 294 |             WslcInstallWithDependencies: sym!(WslcInstallWithDependencies),
[INFO] [stdout]     |                                          --------------------------------- in this macro invocation
[INFO] [stdout]     |
[INFO] [stdout]     = help: items from traits can only be used if the trait is implemented and in scope
[INFO] [stdout]     = note: the following trait defines an item `get`, perhaps you need to implement it:
[INFO] [stdout]             candidate #1: `SliceIndex`
[INFO] [stdout]     = note: this error originates in the macro `sym` (in Nightly builds, run with -Z macro-backtrace for more info)
[INFO] [stdout] 
[INFO] [stdout] 
[INFO] [stderr]    Compiling cfg-if v1.0.4
[INFO] [stderr]    Compiling cpufeatures v0.2.17
[INFO] [stderr]    Compiling shlex v1.3.0
[INFO] [stdout] For more information about this error, try `rustc --explain E0599`.
[INFO] [stdout] 
[INFO] [stderr] error: could not compile `wslc-sys` (lib) due to 49 previous errors
[INFO] [stderr] warning: build failed, waiting for other jobs to finish...
[INFO] running `Command { std: "docker" "inspect" "507e61ee4f11b697f7f41ac891dfca01abb6197fef0d223b2c323bdb32464913", kill_on_drop: false }`
[INFO] running `Command { std: "docker" "rm" "-f" "507e61ee4f11b697f7f41ac891dfca01abb6197fef0d223b2c323bdb32464913", kill_on_drop: false }`
[INFO] [stdout] 507e61ee4f11b697f7f41ac891dfca01abb6197fef0d223b2c323bdb32464913
