[INFO] cloning repository https://github.com/Garrett45/rust-web-app
[INFO] running `Command { std: "git" "-c" "credential.helper=" "-c" "credential.helper=/workspace/cargo-home/bin/git-credential-null" "clone" "--bare" "https://github.com/Garrett45/rust-web-app" "/workspace/cache/git-repos/https%3A%2F%2Fgithub.com%2FGarrett45%2Frust-web-app", kill_on_drop: false }`
[INFO] [stderr] Cloning into bare repository '/workspace/cache/git-repos/https%3A%2F%2Fgithub.com%2FGarrett45%2Frust-web-app'...
[INFO] running `Command { std: "git" "rev-parse" "HEAD", kill_on_drop: false }`
[INFO] [stdout] 85c65a1b0b74d86af88d0294c7d4859cd18cb73b
[INFO] testing Garrett45/rust-web-app against 1.100.0-beta.1+cargoflags=--release for beta-release-1.100-2
[INFO] running `Command { std: "git" "clone" "/workspace/cache/git-repos/https%3A%2F%2Fgithub.com%2FGarrett45%2Frust-web-app" "/workspace/builds/worker-4-tc2/source", kill_on_drop: false }`
[INFO] [stderr] Cloning into '/workspace/builds/worker-4-tc2/source'...
[INFO] [stderr] done.
[INFO] started tweaking git repo https://github.com/Garrett45/rust-web-app
[INFO] finished tweaking git repo https://github.com/Garrett45/rust-web-app
[INFO] tweaked toml for git repo https://github.com/Garrett45/rust-web-app written to /workspace/builds/worker-4-tc2/source/Cargo.toml
[INFO] validating manifest of git repo https://github.com/Garrett45/rust-web-app on toolchain 1.100.0-beta.1
[INFO] running `Command { std: CARGO_HOME="/workspace/cargo-home" RUSTUP_HOME="/workspace/rustup-home" "/workspace/cargo-home/bin/cargo" "+1.100.0-beta.1" "metadata" "--manifest-path" "Cargo.toml" "--no-deps", kill_on_drop: false }`
[INFO] crate git repo https://github.com/Garrett45/rust-web-app already has a lockfile, it will not be regenerated
[INFO] running `Command { std: CARGO_HOME="/workspace/cargo-home" RUSTUP_HOME="/workspace/rustup-home" "/workspace/cargo-home/bin/cargo" "+1.100.0-beta.1" "fetch" "--manifest-path" "Cargo.toml", kill_on_drop: false }`
[INFO] running `Command { std: "docker" "create" "-v" "/var/lib/crater-agent-workspace/builds/worker-4-tc2/source:/opt/rustwide/workdir:ro,Z" "-v" "/var/lib/crater-agent-workspace/builds/worker-4-tc2/target:/opt/rustwide/target:rw,Z" "-v" "/var/lib/crater-agent-workspace/cargo-home:/opt/rustwide/cargo-home:ro,Z" "-v" "/var/lib/crater-agent-workspace/rustup-home:/opt/rustwide/rustup-home:ro,Z" "-m" "1610612736" "--network" "none" "ghcr.io/rust-lang/crates-build-env/linux@sha256:77db811e55d90add9212f6832c23229e3de5f1c1f9905e8cb07319ea15df73ac" "sleep" "infinity", kill_on_drop: false }`
[INFO] [stdout] 1695cb71cd3d47092d559c36ad3aea896cfea2c5443184585b8bf9a69c90985d
[INFO] running `Command { std: "docker" "start" "1695cb71cd3d47092d559c36ad3aea896cfea2c5443184585b8bf9a69c90985d", kill_on_drop: false }`
[INFO] running `Command { std: "docker" "inspect" "1695cb71cd3d47092d559c36ad3aea896cfea2c5443184585b8bf9a69c90985d", kill_on_drop: false }`
[INFO] running `Command { std: "docker" "exec" "-e" "SOURCE_DIR=/opt/rustwide/workdir" "-e" "CARGO_HOME=/opt/rustwide/cargo-home" "-e" "RUSTUP_HOME=/opt/rustwide/rustup-home" "-e" "CARGO_TARGET_DIR=/opt/rustwide/target" "-w" "/opt/rustwide/workdir" "--user" "0:0" "1695cb71cd3d47092d559c36ad3aea896cfea2c5443184585b8bf9a69c90985d" "/opt/rustwide/cargo-home/bin/cargo" "+1.100.0-beta.1" "metadata" "--no-deps" "--format-version=1", kill_on_drop: false }`
[INFO] running `Command { std: "docker" "inspect" "1695cb71cd3d47092d559c36ad3aea896cfea2c5443184585b8bf9a69c90985d", kill_on_drop: false }`
[INFO] running `Command { std: "docker" "exec" "-e" "SOURCE_DIR=/opt/rustwide/workdir" "-e" "CARGO_HOME=/opt/rustwide/cargo-home" "-e" "RUSTUP_HOME=/opt/rustwide/rustup-home" "-e" "CARGO_TARGET_DIR=/opt/rustwide/target" "-e" "CARGO_INCREMENTAL=0" "-e" "RUST_BACKTRACE=full" "-e" "RUSTFLAGS=--cap-lints=warn" "-e" "RUSTDOCFLAGS=--cap-lints=warn" "-w" "/opt/rustwide/workdir" "--user" "0:0" "1695cb71cd3d47092d559c36ad3aea896cfea2c5443184585b8bf9a69c90985d" "/opt/rustwide/cargo-home/bin/cargo" "+1.100.0-beta.1" "build" "--frozen" "--message-format=json" "--release", kill_on_drop: false }`
[INFO] [stderr]    Compiling proc-macro2 v1.0.40
[INFO] [stderr]    Compiling unicode-ident v1.0.1
[INFO] [stderr]    Compiling quote v1.0.20
[INFO] [stderr]    Compiling syn v1.0.98
[INFO] [stderr]    Compiling libc v0.2.126
[INFO] [stderr]    Compiling memchr v2.5.0
[INFO] [stderr]    Compiling generic-array v0.14.5
[INFO] [stderr]    Compiling value-bag v1.0.0-alpha.9
[INFO] [stderr]    Compiling once_cell v1.12.0
[INFO] [stderr]    Compiling log v0.4.17
[INFO] [stderr]    Compiling serde_derive v1.0.137
[INFO] [stderr]    Compiling pin-project-lite v0.2.9
[INFO] [stderr]    Compiling serde v1.0.137
[INFO] [stderr]    Compiling num-traits v0.2.15
[INFO] [stderr]    Compiling pkg-config v0.3.25
[INFO] [stderr]    Compiling subtle v2.4.1
[INFO] [stderr]    Compiling num-integer v0.1.45
[INFO] [stderr]    Compiling itoa v1.0.2
[INFO] [stderr]    Compiling futures-task v0.3.21
[INFO] [stderr]    Compiling futures-core v0.3.21
[INFO] [stderr]    Compiling serde_json v1.0.81
[INFO] [stderr]    Compiling cpufeatures v0.2.2
[INFO] [stderr]    Compiling futures-channel v0.3.21
[INFO] [stderr]    Compiling proc-macro2-diagnostics v0.9.1
[INFO] [stderr]    Compiling uncased v0.9.7
[INFO] [stderr]    Compiling openssl v0.10.40
[INFO] [stderr]    Compiling yansi v0.5.1
[INFO] [stderr]    Compiling unicode-segmentation v1.9.0
[INFO] [stderr]    Compiling futures-util v0.3.21
[INFO] [stderr]    Compiling futures-sink v0.3.21
[INFO] [stderr]    Compiling openssl-sys v0.9.74
[INFO] [stderr]    Compiling crossbeam-utils v0.8.9
[INFO] [stderr]    Compiling native-tls v0.2.10
[INFO] [stderr]    Compiling tracing-core v0.1.27
[INFO] [stderr]    Compiling httparse v1.7.1
[INFO] [stderr]    Compiling smallvec v1.8.0
[INFO] [stderr]    Compiling rust_decimal v1.25.0
[INFO] [stderr]    Compiling getrandom v0.2.7
[INFO] [stderr]    Compiling crypto-common v0.1.3
[INFO] [stderr]    Compiling block-buffer v0.10.2
[INFO] [stderr]    Compiling num_cpus v1.13.1
[INFO] [stderr]    Compiling socket2 v0.4.4
[INFO] [stderr]    Compiling mio v0.8.4
[INFO] [stderr]    Compiling digest v0.10.3
[INFO] [stderr]    Compiling signal-hook-registry v1.4.0
[INFO] [stderr]    Compiling rand_core v0.6.3
[INFO] [stderr]    Compiling hmac v0.12.1
[INFO] [stderr]    Compiling rand_chacha v0.3.1
[INFO] [stderr]    Compiling indexmap v1.9.1
[INFO] [stderr]    Compiling rand v0.8.5
[INFO] [stderr]    Compiling hkdf v0.12.3
[INFO] [stderr]    Compiling sha2 v0.10.2
[INFO] [stderr]    Compiling tokio v1.19.2
[INFO] [stderr]    Compiling time v0.1.44
[INFO] [stderr]    Compiling heck v0.3.3
[INFO] [stderr]    Compiling hashbrown v0.12.1
[INFO] [stderr]    Compiling num-bigint v0.3.3
[INFO] [stderr]    Compiling cookie v0.16.0
[INFO] [stderr]    Compiling crossbeam-queue v0.3.5
[INFO] [stderr]    Compiling ref-cast v1.0.7
[INFO] [stderr]    Compiling time-macros v0.2.4
[INFO] [stderr]    Compiling foreign-types-shared v0.1.1
[INFO] [stderr]    Compiling regex-syntax v0.6.26
[INFO] [stderr]    Compiling foreign-types v0.3.2
[INFO] [stderr]    Compiling tinyvec v1.6.0
[INFO] [stderr]    Compiling cipher v0.3.0
[INFO] [stderr]    Compiling universal-hash v0.4.1
[INFO] [stderr]    Compiling polyval v0.5.3
[INFO] [stderr]    Compiling aho-corasick v0.7.18
[INFO] [stderr]    Compiling http v0.2.8
[INFO] [stderr]    Compiling lock_api v0.4.7
[INFO] [stderr]    Compiling openssl-probe v0.1.5
[INFO] [stderr]    Compiling unicode-bidi v0.3.8
[INFO] [stderr]    Compiling siphasher v0.3.10
[INFO] [stderr]    Compiling phf_shared v0.10.0
[INFO] [stderr]    Compiling unicode-normalization v0.1.19
[INFO] [stderr]    Compiling parking_lot_core v0.8.5
[INFO] [stderr]    Compiling ahash v0.7.6
[INFO] [stderr]    Compiling ghash v0.4.4
[INFO] [stderr]    Compiling proc-macro-error-attr v1.0.4
[INFO] [stderr]    Compiling ctr v0.8.0
[INFO] [stderr]    Compiling aes v0.7.5
[INFO] [stderr]    Compiling aead v0.4.3
[INFO] [stderr]    Compiling async-trait v0.1.56
[INFO] [stderr]    Compiling num_threads v0.1.6
[INFO] [stderr]    Compiling try-lock v0.2.3
[INFO] [stderr]    Compiling time v0.3.11
[INFO] [stderr]    Compiling want v0.3.0
[INFO] [stderr]    Compiling futures-lite v1.12.0
[INFO] [stderr]    Compiling aes-gcm v0.9.4
[INFO] [stderr]    Compiling nom v7.1.1
[INFO] [stderr]    Compiling idna v0.2.3
[INFO] [stderr]    Compiling http-body v0.4.5
[INFO] [stderr]    Compiling tracing v0.1.35
[INFO] [stderr]    Compiling hashbrown v0.11.2
[INFO] [stderr]    Compiling parking_lot v0.11.2
[INFO] [stderr]    Compiling atty v0.2.14
[INFO] [stderr]    Compiling dirs-sys v0.3.7
[INFO] [stderr]    Compiling thread_local v1.1.4
[INFO] [stderr]    Compiling futures-io v0.3.21
[INFO] [stderr]    Compiling inlinable_string v0.1.15
[INFO] [stderr]    Compiling regex v1.5.6
[INFO] [stderr]    Compiling ryu v1.0.10
[INFO] [stderr]    Compiling tower-service v0.3.2
[INFO] [stderr]    Compiling parking_lot_core v0.9.3
[INFO] [stderr]    Compiling httpdate v1.0.2
[INFO] [stderr]    Compiling rustversion v1.0.7
[INFO] [stderr]    Compiling encoding_rs v0.8.31
[INFO] [stderr]    Compiling dirs v4.0.0
[INFO] [stderr]    Compiling hashlink v0.7.0
[INFO] [stderr]    Compiling futures v0.3.21
[INFO] [stderr]    Compiling url v2.2.2
[INFO] [stderr]    Compiling proc-macro-error v1.0.4
[INFO] [stderr]    Compiling devise_core v0.3.1
[INFO] [stderr]    Compiling futures-intrusive v0.4.0
[INFO] [stderr]    Compiling stringprep v0.1.2
[INFO] [stderr]    Compiling sqlformat v0.1.8
[INFO] [stderr]    Compiling tokio-stream v0.1.9
[INFO] [stderr]    Compiling hyper v0.14.19
[INFO] [stderr]    Compiling chrono v0.4.19
[INFO] [stderr]    Compiling phf_generator v0.10.0
[INFO] [stderr]    Compiling atoi v0.4.0
[INFO] [stderr]    Compiling md-5 v0.10.1
[INFO] [stderr]    Compiling sha-1 v0.10.0
[INFO] [stderr]    Compiling stable-pattern v0.1.0
[INFO] [stderr]    Compiling atomic v0.5.1
[INFO] [stderr]    Compiling multer v2.0.2
[INFO] [stderr]    Compiling figment v0.10.6
[INFO] [stderr]    Compiling async-task v4.2.0
[INFO] [stderr]    Compiling event-listener v2.5.2
[INFO] [stderr]    Compiling state v0.5.3
[INFO] [stderr]    Compiling ctor v0.1.22
[INFO] [stderr]    Compiling tokio-macros v1.8.0
[INFO] [stderr]    Compiling futures-macro v0.3.21
[INFO] [stderr]    Compiling openssl-macros v0.1.0
[INFO] [stderr]    Compiling time-macros-impl v0.1.2
[INFO] [stderr]    Compiling thiserror-impl v1.0.31
[INFO] [stderr]    Compiling tracing-attributes v0.1.21
[INFO] [stderr]    Compiling pear_codegen v0.2.3
[INFO] [stderr]    Compiling ref-cast-impl v1.0.7
[INFO] [stderr]    Compiling time-macros v0.1.1
[INFO] [stderr]    Compiling time v0.2.27
[INFO] [stderr]    Compiling devise_codegen v0.3.1
[INFO] [stderr]    Compiling thiserror v1.0.31
[INFO] [stderr]    Compiling async-stream-impl v0.3.3
[INFO] [stderr]    Compiling devise v0.3.1
[INFO] [stderr]    Compiling sea-query-derive v0.2.0
[INFO] [stderr]    Compiling pear v0.2.3
[INFO] [stderr]    Compiling async-stream v0.3.3
[INFO] [stderr]    Compiling sea-query-driver v0.1.1
[INFO] [stderr]    Compiling polling v2.2.0
[INFO] [stderr]    Compiling parse-zoneinfo v0.3.0
[INFO] [stderr]    Compiling phf_codegen v0.10.0
[INFO] [stderr]    Compiling rocket_http v0.5.0-rc.2
[INFO] [stderr]    Compiling phf v0.10.1
[INFO] [stderr]    Compiling tokio-native-tls v0.3.0
[INFO] [stderr]    Compiling heck v0.4.0
[INFO] [stderr]    Compiling rocket v0.5.0-rc.2
[INFO] [stderr]    Compiling sqlx-rt v0.5.13
[INFO] [stderr]    Compiling glob v0.3.0
[INFO] [stderr]    Compiling spin v0.9.3
[INFO] [stderr]    Compiling Inflector v0.11.4
[INFO] [stderr]    Compiling ucd-trie v0.1.3
[INFO] [stderr]    Compiling unicode-xid v0.2.3
[INFO] [stderr]    Compiling remove_dir_all v0.5.3
[INFO] [stderr]    Compiling byteorder v1.4.3
[INFO] [stderr]    Compiling tempfile v3.3.0
[INFO] [stderr]    Compiling pest v2.1.3
[INFO] [stderr]    Compiling walkdir v2.3.2
[INFO] [stderr]    Compiling futures-executor v0.3.21
[INFO] [stderr]    Compiling ouroboros_macro v0.15.0
[INFO] [stderr]    Compiling blocking v1.2.0
[INFO] [stderr]    Compiling chrono-tz-build v0.0.2
[INFO] [stderr]    Compiling parking_lot v0.12.1
[INFO] [stderr]    Compiling sea-strum_macros v0.23.0
[INFO] [stderr]    Compiling async-io v1.7.0
[INFO] [stderr]    Compiling bae v0.1.7
[INFO] [stderr]    Compiling async-executor v1.4.1
[INFO] [stderr]    Compiling regex-automata v0.1.10
[INFO] [stderr]    Compiling bstr v0.2.17
[INFO] [stderr]    Compiling binascii v0.1.4
[INFO] [stderr]    Compiling maplit v1.0.2
[INFO] [stderr]    Compiling unic-common v0.9.0
[INFO] [stderr]    Compiling aliasable v0.1.3
[INFO] [stderr]    Compiling unic-char-range v0.9.0
[INFO] [stderr]    Compiling ouroboros v0.15.0
[INFO] [stderr]    Compiling unic-char-property v0.9.0
[INFO] [stderr]    Compiling unic-ucd-version v0.9.0
[INFO] [stderr]    Compiling rocket_codegen v0.5.0-rc.2
[INFO] [stderr]    Compiling globset v0.4.9
[INFO] [stderr]    Compiling net2 v0.2.37
[INFO] [stderr]    Compiling pest_meta v2.1.3
[INFO] [stderr]    Compiling sea-orm-macros v0.8.0
[INFO] [stderr]    Compiling chrono-tz v0.6.1
[INFO] [stderr]    Compiling kv-log-macro v1.0.7
[INFO] [stderr]    Compiling tracing-log v0.1.3
[INFO] [stderr]    Compiling uuid v0.8.2
[INFO] [stderr]    Compiling toml v0.5.9
[INFO] [stderr]    Compiling ubyte v0.10.2
[INFO] [stderr]    Compiling tokio-util v0.7.3
[INFO] [stderr]    Compiling tokio-util v0.6.10
[INFO] [stderr]    Compiling sea-query v0.24.6
[INFO] [stderr]    Compiling h2 v0.3.13
[INFO] [stderr]    Compiling sqlx-core v0.5.13
[INFO] [stderr]    Compiling async-global-executor v2.2.0
[INFO] [stdout] error[E0277]: the trait bound `!: io::decode::Decode<'_>` is not satisfied
[INFO] [stdout]   --> /opt/rustwide/cargo-home/registry/src/index.crates.io-1949cf8c6b5b557f/sqlx-core-0.5.13/src/postgres/connection/executor.rs:67:10
[INFO] [stdout]    |
[INFO] [stdout] 67 |         .recv_expect(MessageFormat::ParseComplete)
[INFO] [stdout]    |          ^^^^^^^^^^^ the trait `io::decode::Decode<'_>` is not implemented for `!`
[INFO] [stdout]    |
[INFO] [stdout]    = help: the following other types implement trait `io::decode::Decode<'de, Context>`:
[INFO] [stdout]              ()
[INFO] [stdout]              Authentication
[INFO] [stdout]              AuthenticationSaslContinue
[INFO] [stdout]              AuthenticationSaslFinal
[INFO] [stdout]              BackendKeyData
[INFO] [stdout]              CommandComplete
[INFO] [stdout]              CopyData<bytes::Bytes>
[INFO] [stdout]              CopyDone
[INFO] [stdout]            and 10 others
[INFO] [stdout]    = note: this error might have been caused by changes to Rust's type-inference algorithm (see issue #148922 <https://github.com/rust-lang/rust/issues/148922> for more information)
[INFO] [stdout]    = help: you might have intended to use the type `()` here instead
[INFO] [stdout] note: required by a bound in `PgStream::recv_expect`
[INFO] [stdout]   --> /opt/rustwide/cargo-home/registry/src/index.crates.io-1949cf8c6b5b557f/sqlx-core-0.5.13/src/postgres/connection/stream.rs:64:45
[INFO] [stdout]    |
[INFO] [stdout] 38 | impl PgStream {
[INFO] [stdout] ...
[INFO] [stdout] 64 |     pub(crate) async fn recv_expect<'de, T: Decode<'de>>(
[INFO] [stdout]    |                                             ^^^^^^^^^^^ required by this bound in `PgStream::recv_expect`
[INFO] [stdout] 
[INFO] [stdout] 
[INFO] [stdout] error[E0277]: the trait bound `!: io::decode::Decode<'_>` is not satisfied
[INFO] [stdout]   --> /opt/rustwide/cargo-home/registry/src/index.crates.io-1949cf8c6b5b557f/sqlx-core-0.5.13/src/postgres/connection/executor.rs:65:13
[INFO] [stdout]    |
[INFO] [stdout] 65 |       let _ = conn
[INFO] [stdout]    |  _____________^
[INFO] [stdout] 66 | |         .stream
[INFO] [stdout] 67 | |         .recv_expect(MessageFormat::ParseComplete)
[INFO] [stdout]    | |__________________________________________________^ the trait `io::decode::Decode<'_>` is not implemented for `!`
[INFO] [stdout]    |
[INFO] [stdout]    = help: the following other types implement trait `io::decode::Decode<'de, Context>`:
[INFO] [stdout]              ()
[INFO] [stdout]              Authentication
[INFO] [stdout]              AuthenticationSaslContinue
[INFO] [stdout]              AuthenticationSaslFinal
[INFO] [stdout]              BackendKeyData
[INFO] [stdout]              CommandComplete
[INFO] [stdout]              CopyData<bytes::Bytes>
[INFO] [stdout]              CopyDone
[INFO] [stdout]            and 10 others
[INFO] [stdout]    = note: this error might have been caused by changes to Rust's type-inference algorithm (see issue #148922 <https://github.com/rust-lang/rust/issues/148922> for more information)
[INFO] [stdout]    = help: you might have intended to use the type `()` here instead
[INFO] [stdout] note: required by a bound in `PgStream::recv_expect`
[INFO] [stdout]   --> /opt/rustwide/cargo-home/registry/src/index.crates.io-1949cf8c6b5b557f/sqlx-core-0.5.13/src/postgres/connection/stream.rs:64:45
[INFO] [stdout]    |
[INFO] [stdout] 38 | impl PgStream {
[INFO] [stdout] ...
[INFO] [stdout] 64 |     pub(crate) async fn recv_expect<'de, T: Decode<'de>>(
[INFO] [stdout]    |                                             ^^^^^^^^^^^ required by this bound in `PgStream::recv_expect`
[INFO] [stdout] 
[INFO] [stdout] 
[INFO] [stdout] error[E0277]: the trait bound `!: io::decode::Decode<'_>` is not satisfied
[INFO] [stdout]   --> /opt/rustwide/cargo-home/registry/src/index.crates.io-1949cf8c6b5b557f/sqlx-core-0.5.13/src/postgres/connection/executor.rs:68:10
[INFO] [stdout]    |
[INFO] [stdout] 68 |         .await?;
[INFO] [stdout]    |          ^^^^^ the trait `io::decode::Decode<'_>` is not implemented for `!`
[INFO] [stdout]    |
[INFO] [stdout]    = help: the following other types implement trait `io::decode::Decode<'de, Context>`:
[INFO] [stdout]              ()
[INFO] [stdout]              Authentication
[INFO] [stdout]              AuthenticationSaslContinue
[INFO] [stdout]              AuthenticationSaslFinal
[INFO] [stdout]              BackendKeyData
[INFO] [stdout]              CommandComplete
[INFO] [stdout]              CopyData<bytes::Bytes>
[INFO] [stdout]              CopyDone
[INFO] [stdout]            and 10 others
[INFO] [stdout]    = note: this error might have been caused by changes to Rust's type-inference algorithm (see issue #148922 <https://github.com/rust-lang/rust/issues/148922> for more information)
[INFO] [stdout]    = help: you might have intended to use the type `()` here instead
[INFO] [stdout] note: required by a bound in `PgStream::recv_expect`
[INFO] [stdout]   --> /opt/rustwide/cargo-home/registry/src/index.crates.io-1949cf8c6b5b557f/sqlx-core-0.5.13/src/postgres/connection/stream.rs:64:45
[INFO] [stdout]    |
[INFO] [stdout] 38 | impl PgStream {
[INFO] [stdout] ...
[INFO] [stdout] 64 |     pub(crate) async fn recv_expect<'de, T: Decode<'de>>(
[INFO] [stdout]    |                                             ^^^^^^^^^^^ required by this bound in `PgStream::recv_expect`
[INFO] [stdout] 
[INFO] [stdout] 
[INFO] [stdout] error[E0277]: the trait bound `!: io::decode::Decode<'_>` is not satisfied
[INFO] [stdout]   --> /opt/rustwide/cargo-home/registry/src/index.crates.io-1949cf8c6b5b557f/sqlx-core-0.5.13/src/postgres/connection/executor.rs:67:10
[INFO] [stdout]    |
[INFO] [stdout] 67 |         .recv_expect(MessageFormat::ParseComplete)
[INFO] [stdout]    |          ^^^^^^^^^^^ the trait `io::decode::Decode<'_>` is not implemented for `!`
[INFO] [stdout]    |
[INFO] [stdout]    = help: the following other types implement trait `io::decode::Decode<'de, Context>`:
[INFO] [stdout]              ()
[INFO] [stdout]              Authentication
[INFO] [stdout]              AuthenticationSaslContinue
[INFO] [stdout]              AuthenticationSaslFinal
[INFO] [stdout]              BackendKeyData
[INFO] [stdout]              CommandComplete
[INFO] [stdout]              CopyData<bytes::Bytes>
[INFO] [stdout]              CopyDone
[INFO] [stdout]            and 10 others
[INFO] [stdout]    = note: this error might have been caused by changes to Rust's type-inference algorithm (see issue #148922 <https://github.com/rust-lang/rust/issues/148922> for more information)
[INFO] [stdout]    = help: you might have intended to use the type `()` here instead
[INFO] [stdout] note: required by a bound in `PgStream::recv_expect`
[INFO] [stdout]   --> /opt/rustwide/cargo-home/registry/src/index.crates.io-1949cf8c6b5b557f/sqlx-core-0.5.13/src/postgres/connection/stream.rs:64:45
[INFO] [stdout]    |
[INFO] [stdout] 38 | impl PgStream {
[INFO] [stdout] ...
[INFO] [stdout] 64 |     pub(crate) async fn recv_expect<'de, T: Decode<'de>>(
[INFO] [stdout]    |                                             ^^^^^^^^^^^ required by this bound in `PgStream::recv_expect`
[INFO] [stdout] 
[INFO] [stdout] 
[INFO] [stdout] error[E0277]: the trait bound `!: io::decode::Decode<'_>` is not satisfied
[INFO] [stdout]   --> /opt/rustwide/cargo-home/registry/src/index.crates.io-1949cf8c6b5b557f/sqlx-core-0.5.13/src/postgres/connection/executor.rs:65:13
[INFO] [stdout]    |
[INFO] [stdout] 65 |       let _ = conn
[INFO] [stdout]    |  _____________^
[INFO] [stdout] 66 | |         .stream
[INFO] [stdout] 67 | |         .recv_expect(MessageFormat::ParseComplete)
[INFO] [stdout]    | |__________________________________________________^ the trait `io::decode::Decode<'_>` is not implemented for `!`
[INFO] [stdout]    |
[INFO] [stdout]    = help: the following other types implement trait `io::decode::Decode<'de, Context>`:
[INFO] [stdout]              ()
[INFO] [stdout]              Authentication
[INFO] [stdout]              AuthenticationSaslContinue
[INFO] [stdout]              AuthenticationSaslFinal
[INFO] [stdout]              BackendKeyData
[INFO] [stdout]              CommandComplete
[INFO] [stdout]              CopyData<bytes::Bytes>
[INFO] [stdout]              CopyDone
[INFO] [stdout]            and 10 others
[INFO] [stdout]    = note: this error might have been caused by changes to Rust's type-inference algorithm (see issue #148922 <https://github.com/rust-lang/rust/issues/148922> for more information)
[INFO] [stdout]    = help: you might have intended to use the type `()` here instead
[INFO] [stdout] note: required by a bound in `PgStream::recv_expect`
[INFO] [stdout]   --> /opt/rustwide/cargo-home/registry/src/index.crates.io-1949cf8c6b5b557f/sqlx-core-0.5.13/src/postgres/connection/stream.rs:64:45
[INFO] [stdout]    |
[INFO] [stdout] 38 | impl PgStream {
[INFO] [stdout] ...
[INFO] [stdout] 64 |     pub(crate) async fn recv_expect<'de, T: Decode<'de>>(
[INFO] [stdout]    |                                             ^^^^^^^^^^^ required by this bound in `PgStream::recv_expect`
[INFO] [stdout] 
[INFO] [stdout] 
[INFO] [stdout] error[E0277]: the trait bound `!: io::decode::Decode<'_>` is not satisfied
[INFO] [stdout]   --> /opt/rustwide/cargo-home/registry/src/index.crates.io-1949cf8c6b5b557f/sqlx-core-0.5.13/src/postgres/connection/executor.rs:68:10
[INFO] [stdout]    |
[INFO] [stdout] 68 |         .await?;
[INFO] [stdout]    |          ^^^^^ the trait `io::decode::Decode<'_>` is not implemented for `!`
[INFO] [stdout]    |
[INFO] [stdout]    = help: the following other types implement trait `io::decode::Decode<'de, Context>`:
[INFO] [stdout]              ()
[INFO] [stdout]              Authentication
[INFO] [stdout]              AuthenticationSaslContinue
[INFO] [stdout]              AuthenticationSaslFinal
[INFO] [stdout]              BackendKeyData
[INFO] [stdout]              CommandComplete
[INFO] [stdout]              CopyData<bytes::Bytes>
[INFO] [stdout]              CopyDone
[INFO] [stdout]            and 10 others
[INFO] [stdout]    = note: this error might have been caused by changes to Rust's type-inference algorithm (see issue #148922 <https://github.com/rust-lang/rust/issues/148922> for more information)
[INFO] [stdout]    = help: you might have intended to use the type `()` here instead
[INFO] [stdout] note: required by a bound in `PgStream::recv_expect`
[INFO] [stdout]   --> /opt/rustwide/cargo-home/registry/src/index.crates.io-1949cf8c6b5b557f/sqlx-core-0.5.13/src/postgres/connection/stream.rs:64:45
[INFO] [stdout]    |
[INFO] [stdout] 38 | impl PgStream {
[INFO] [stdout] ...
[INFO] [stdout] 64 |     pub(crate) async fn recv_expect<'de, T: Decode<'de>>(
[INFO] [stdout]    |                                             ^^^^^^^^^^^ required by this bound in `PgStream::recv_expect`
[INFO] [stdout] 
[INFO] [stdout] 
[INFO] [stdout] error[E0277]: the trait bound `!: io::decode::Decode<'_>` is not satisfied
[INFO] [stdout]    --> /opt/rustwide/cargo-home/registry/src/index.crates.io-1949cf8c6b5b557f/sqlx-core-0.5.13/src/postgres/copy.rs:261:30
[INFO] [stdout]     |
[INFO] [stdout] 261 | ...                   .recv_expect(MessageFormat::ReadyForQuery)
[INFO] [stdout]     |                        ^^^^^^^^^^^ the trait `io::decode::Decode<'_>` is not implemented for `!`
[INFO] [stdout]     |
[INFO] [stdout]     = help: the following other types implement trait `io::decode::Decode<'de, Context>`:
[INFO] [stdout]               ()
[INFO] [stdout]               Authentication
[INFO] [stdout]               AuthenticationSaslContinue
[INFO] [stdout]               AuthenticationSaslFinal
[INFO] [stdout]               BackendKeyData
[INFO] [stdout]               CommandComplete
[INFO] [stdout]               CopyData<bytes::Bytes>
[INFO] [stdout]               CopyDone
[INFO] [stdout]             and 10 others
[INFO] [stdout]     = note: this error might have been caused by changes to Rust's type-inference algorithm (see issue #148922 <https://github.com/rust-lang/rust/issues/148922> for more information)
[INFO] [stdout]     = help: you might have intended to use the type `()` here instead
[INFO] [stdout] note: required by a bound in `PgStream::recv_expect`
[INFO] [stdout]    --> /opt/rustwide/cargo-home/registry/src/index.crates.io-1949cf8c6b5b557f/sqlx-core-0.5.13/src/postgres/connection/stream.rs:64:45
[INFO] [stdout]     |
[INFO] [stdout]  38 | impl PgStream {
[INFO] [stdout] ...
[INFO] [stdout]  64 |     pub(crate) async fn recv_expect<'de, T: Decode<'de>>(
[INFO] [stdout]     |                                             ^^^^^^^^^^^ required by this bound in `PgStream::recv_expect`
[INFO] [stdout] 
[INFO] [stdout] 
[INFO] [stdout] error[E0277]: the trait bound `!: io::decode::Decode<'_>` is not satisfied
[INFO] [stdout]    --> /opt/rustwide/cargo-home/registry/src/index.crates.io-1949cf8c6b5b557f/sqlx-core-0.5.13/src/postgres/copy.rs:260:25
[INFO] [stdout]     |
[INFO] [stdout] 260 | /                         conn.stream
[INFO] [stdout] 261 | |                             .recv_expect(MessageFormat::ReadyForQuery)
[INFO] [stdout]     | |______________________________________________________________________^ the trait `io::decode::Decode<'_>` is not implemented for `!`
[INFO] [stdout]     |
[INFO] [stdout]     = help: the following other types implement trait `io::decode::Decode<'de, Context>`:
[INFO] [stdout]               ()
[INFO] [stdout]               Authentication
[INFO] [stdout]               AuthenticationSaslContinue
[INFO] [stdout]               AuthenticationSaslFinal
[INFO] [stdout]               BackendKeyData
[INFO] [stdout]               CommandComplete
[INFO] [stdout]               CopyData<bytes::Bytes>
[INFO] [stdout]               CopyDone
[INFO] [stdout]             and 10 others
[INFO] [stdout]     = note: this error might have been caused by changes to Rust's type-inference algorithm (see issue #148922 <https://github.com/rust-lang/rust/issues/148922> for more information)
[INFO] [stdout]     = help: you might have intended to use the type `()` here instead
[INFO] [stdout] note: required by a bound in `PgStream::recv_expect`
[INFO] [stdout]    --> /opt/rustwide/cargo-home/registry/src/index.crates.io-1949cf8c6b5b557f/sqlx-core-0.5.13/src/postgres/connection/stream.rs:64:45
[INFO] [stdout]     |
[INFO] [stdout]  38 | impl PgStream {
[INFO] [stdout] ...
[INFO] [stdout]  64 |     pub(crate) async fn recv_expect<'de, T: Decode<'de>>(
[INFO] [stdout]     |                                             ^^^^^^^^^^^ required by this bound in `PgStream::recv_expect`
[INFO] [stdout] 
[INFO] [stdout] 
[INFO] [stdout] error[E0277]: the trait bound `!: io::decode::Decode<'_>` is not satisfied
[INFO] [stdout]    --> /opt/rustwide/cargo-home/registry/src/index.crates.io-1949cf8c6b5b557f/sqlx-core-0.5.13/src/postgres/copy.rs:262:30
[INFO] [stdout]     |
[INFO] [stdout] 262 | ...                   .await?;
[INFO] [stdout]     |                        ^^^^^ the trait `io::decode::Decode<'_>` is not implemented for `!`
[INFO] [stdout]     |
[INFO] [stdout]     = help: the following other types implement trait `io::decode::Decode<'de, Context>`:
[INFO] [stdout]               ()
[INFO] [stdout]               Authentication
[INFO] [stdout]               AuthenticationSaslContinue
[INFO] [stdout]               AuthenticationSaslFinal
[INFO] [stdout]               BackendKeyData
[INFO] [stdout]               CommandComplete
[INFO] [stdout]               CopyData<bytes::Bytes>
[INFO] [stdout]               CopyDone
[INFO] [stdout]             and 10 others
[INFO] [stdout]     = note: this error might have been caused by changes to Rust's type-inference algorithm (see issue #148922 <https://github.com/rust-lang/rust/issues/148922> for more information)
[INFO] [stdout]     = help: you might have intended to use the type `()` here instead
[INFO] [stdout] note: required by a bound in `PgStream::recv_expect`
[INFO] [stdout]    --> /opt/rustwide/cargo-home/registry/src/index.crates.io-1949cf8c6b5b557f/sqlx-core-0.5.13/src/postgres/connection/stream.rs:64:45
[INFO] [stdout]     |
[INFO] [stdout]  38 | impl PgStream {
[INFO] [stdout] ...
[INFO] [stdout]  64 |     pub(crate) async fn recv_expect<'de, T: Decode<'de>>(
[INFO] [stdout]     |                                             ^^^^^^^^^^^ required by this bound in `PgStream::recv_expect`
[INFO] [stdout] 
[INFO] [stdout] 
[INFO] [stdout] error[E0277]: the trait bound `!: io::decode::Decode<'_>` is not satisfied
[INFO] [stdout]    --> /opt/rustwide/cargo-home/registry/src/index.crates.io-1949cf8c6b5b557f/sqlx-core-0.5.13/src/postgres/copy.rs:288:14
[INFO] [stdout]     |
[INFO] [stdout] 288 |             .recv_expect(MessageFormat::ReadyForQuery)
[INFO] [stdout]     |              ^^^^^^^^^^^ the trait `io::decode::Decode<'_>` is not implemented for `!`
[INFO] [stdout]     |
[INFO] [stdout]     = help: the following other types implement trait `io::decode::Decode<'de, Context>`:
[INFO] [stdout]               ()
[INFO] [stdout]               Authentication
[INFO] [stdout]               AuthenticationSaslContinue
[INFO] [stdout]               AuthenticationSaslFinal
[INFO] [stdout]               BackendKeyData
[INFO] [stdout]               CommandComplete
[INFO] [stdout]               CopyData<bytes::Bytes>
[INFO] [stdout]               CopyDone
[INFO] [stdout]             and 10 others
[INFO] [stdout]     = note: this error might have been caused by changes to Rust's type-inference algorithm (see issue #148922 <https://github.com/rust-lang/rust/issues/148922> for more information)
[INFO] [stdout]     = help: you might have intended to use the type `()` here instead
[INFO] [stdout] note: required by a bound in `PgStream::recv_expect`
[INFO] [stdout]    --> /opt/rustwide/cargo-home/registry/src/index.crates.io-1949cf8c6b5b557f/sqlx-core-0.5.13/src/postgres/connection/stream.rs:64:45
[INFO] [stdout]     |
[INFO] [stdout]  38 | impl PgStream {
[INFO] [stdout] ...
[INFO] [stdout]  64 |     pub(crate) async fn recv_expect<'de, T: Decode<'de>>(
[INFO] [stdout]     |                                             ^^^^^^^^^^^ required by this bound in `PgStream::recv_expect`
[INFO] [stdout] 
[INFO] [stdout] 
[INFO] [stdout] error[E0277]: the trait bound `!: io::decode::Decode<'_>` is not satisfied
[INFO] [stdout]    --> /opt/rustwide/cargo-home/registry/src/index.crates.io-1949cf8c6b5b557f/sqlx-core-0.5.13/src/postgres/copy.rs:287:9
[INFO] [stdout]     |
[INFO] [stdout] 287 | /         conn.stream
[INFO] [stdout] 288 | |             .recv_expect(MessageFormat::ReadyForQuery)
[INFO] [stdout]     | |______________________________________________________^ the trait `io::decode::Decode<'_>` is not implemented for `!`
[INFO] [stdout]     |
[INFO] [stdout]     = help: the following other types implement trait `io::decode::Decode<'de, Context>`:
[INFO] [stdout]               ()
[INFO] [stdout]               Authentication
[INFO] [stdout]               AuthenticationSaslContinue
[INFO] [stdout]               AuthenticationSaslFinal
[INFO] [stdout]               BackendKeyData
[INFO] [stdout]               CommandComplete
[INFO] [stdout]               CopyData<bytes::Bytes>
[INFO] [stdout]               CopyDone
[INFO] [stdout]             and 10 others
[INFO] [stdout]     = note: this error might have been caused by changes to Rust's type-inference algorithm (see issue #148922 <https://github.com/rust-lang/rust/issues/148922> for more information)
[INFO] [stdout]     = help: you might have intended to use the type `()` here instead
[INFO] [stdout] note: required by a bound in `PgStream::recv_expect`
[INFO] [stdout]    --> /opt/rustwide/cargo-home/registry/src/index.crates.io-1949cf8c6b5b557f/sqlx-core-0.5.13/src/postgres/connection/stream.rs:64:45
[INFO] [stdout]     |
[INFO] [stdout]  38 | impl PgStream {
[INFO] [stdout] ...
[INFO] [stdout]  64 |     pub(crate) async fn recv_expect<'de, T: Decode<'de>>(
[INFO] [stdout]     |                                             ^^^^^^^^^^^ required by this bound in `PgStream::recv_expect`
[INFO] [stdout] 
[INFO] [stdout] 
[INFO] [stdout] error[E0277]: the trait bound `!: io::decode::Decode<'_>` is not satisfied
[INFO] [stdout]    --> /opt/rustwide/cargo-home/registry/src/index.crates.io-1949cf8c6b5b557f/sqlx-core-0.5.13/src/postgres/copy.rs:289:14
[INFO] [stdout]     |
[INFO] [stdout] 289 |             .await?;
[INFO] [stdout]     |              ^^^^^ the trait `io::decode::Decode<'_>` is not implemented for `!`
[INFO] [stdout]     |
[INFO] [stdout]     = help: the following other types implement trait `io::decode::Decode<'de, Context>`:
[INFO] [stdout]               ()
[INFO] [stdout]               Authentication
[INFO] [stdout]               AuthenticationSaslContinue
[INFO] [stdout]               AuthenticationSaslFinal
[INFO] [stdout]               BackendKeyData
[INFO] [stdout]               CommandComplete
[INFO] [stdout]               CopyData<bytes::Bytes>
[INFO] [stdout]               CopyDone
[INFO] [stdout]             and 10 others
[INFO] [stdout]     = note: this error might have been caused by changes to Rust's type-inference algorithm (see issue #148922 <https://github.com/rust-lang/rust/issues/148922> for more information)
[INFO] [stdout]     = help: you might have intended to use the type `()` here instead
[INFO] [stdout] note: required by a bound in `PgStream::recv_expect`
[INFO] [stdout]    --> /opt/rustwide/cargo-home/registry/src/index.crates.io-1949cf8c6b5b557f/sqlx-core-0.5.13/src/postgres/connection/stream.rs:64:45
[INFO] [stdout]     |
[INFO] [stdout]  38 | impl PgStream {
[INFO] [stdout] ...
[INFO] [stdout]  64 |     pub(crate) async fn recv_expect<'de, T: Decode<'de>>(
[INFO] [stdout]     |                                             ^^^^^^^^^^^ required by this bound in `PgStream::recv_expect`
[INFO] [stdout] 
[INFO] [stdout] 
[INFO] [stdout] error[E0277]: the trait bound `!: io::decode::Decode<'_>` is not satisfied
[INFO] [stdout]    --> /opt/rustwide/cargo-home/registry/src/index.crates.io-1949cf8c6b5b557f/sqlx-core-0.5.13/src/postgres/copy.rs:324:33
[INFO] [stdout]     |
[INFO] [stdout] 324 |                     conn.stream.recv_expect(MessageFormat::CommandComplete).await?;
[INFO] [stdout]     |                                 ^^^^^^^^^^^ the trait `io::decode::Decode<'_>` is not implemented for `!`
[INFO] [stdout]     |
[INFO] [stdout]     = help: the following other types implement trait `io::decode::Decode<'de, Context>`:
[INFO] [stdout]               ()
[INFO] [stdout]               Authentication
[INFO] [stdout]               AuthenticationSaslContinue
[INFO] [stdout]               AuthenticationSaslFinal
[INFO] [stdout]               BackendKeyData
[INFO] [stdout]               CommandComplete
[INFO] [stdout]               CopyData<bytes::Bytes>
[INFO] [stdout]               CopyDone
[INFO] [stdout]             and 10 others
[INFO] [stdout]     = note: this error might have been caused by changes to Rust's type-inference algorithm (see issue #148922 <https://github.com/rust-lang/rust/issues/148922> for more information)
[INFO] [stdout]     = help: you might have intended to use the type `()` here instead
[INFO] [stdout] note: required by a bound in `PgStream::recv_expect`
[INFO] [stdout]    --> /opt/rustwide/cargo-home/registry/src/index.crates.io-1949cf8c6b5b557f/sqlx-core-0.5.13/src/postgres/connection/stream.rs:64:45
[INFO] [stdout]     |
[INFO] [stdout]  38 | impl PgStream {
[INFO] [stdout] ...
[INFO] [stdout]  64 |     pub(crate) async fn recv_expect<'de, T: Decode<'de>>(
[INFO] [stdout]     |                                             ^^^^^^^^^^^ required by this bound in `PgStream::recv_expect`
[INFO] [stdout] 
[INFO] [stdout] 
[INFO] [stdout] error[E0277]: the trait bound `!: io::decode::Decode<'_>` is not satisfied
[INFO] [stdout]    --> /opt/rustwide/cargo-home/registry/src/index.crates.io-1949cf8c6b5b557f/sqlx-core-0.5.13/src/postgres/copy.rs:324:21
[INFO] [stdout]     |
[INFO] [stdout] 324 |                     conn.stream.recv_expect(MessageFormat::CommandComplete).await?;
[INFO] [stdout]     |                     ^^^^^^^^^^^^^^^^^^^^^^^^^^^^^^^^^^^^^^^^^^^^^^^^^^^^^^^ the trait `io::decode::Decode<'_>` is not implemented for `!`
[INFO] [stdout]     |
[INFO] [stdout]     = help: the following other types implement trait `io::decode::Decode<'de, Context>`:
[INFO] [stdout]               ()
[INFO] [stdout]               Authentication
[INFO] [stdout]               AuthenticationSaslContinue
[INFO] [stdout]               AuthenticationSaslFinal
[INFO] [stdout]               BackendKeyData
[INFO] [stdout]               CommandComplete
[INFO] [stdout]               CopyData<bytes::Bytes>
[INFO] [stdout]               CopyDone
[INFO] [stdout]             and 10 others
[INFO] [stdout]     = note: this error might have been caused by changes to Rust's type-inference algorithm (see issue #148922 <https://github.com/rust-lang/rust/issues/148922> for more information)
[INFO] [stdout]     = help: you might have intended to use the type `()` here instead
[INFO] [stdout] note: required by a bound in `PgStream::recv_expect`
[INFO] [stdout]    --> /opt/rustwide/cargo-home/registry/src/index.crates.io-1949cf8c6b5b557f/sqlx-core-0.5.13/src/postgres/connection/stream.rs:64:45
[INFO] [stdout]     |
[INFO] [stdout]  38 | impl PgStream {
[INFO] [stdout] ...
[INFO] [stdout]  64 |     pub(crate) async fn recv_expect<'de, T: Decode<'de>>(
[INFO] [stdout]     |                                             ^^^^^^^^^^^ required by this bound in `PgStream::recv_expect`
[INFO] [stdout] 
[INFO] [stdout] 
[INFO] [stdout] error[E0277]: the trait bound `!: io::decode::Decode<'_>` is not satisfied
[INFO] [stdout]    --> /opt/rustwide/cargo-home/registry/src/index.crates.io-1949cf8c6b5b557f/sqlx-core-0.5.13/src/postgres/copy.rs:325:33
[INFO] [stdout]     |
[INFO] [stdout] 325 |                     conn.stream.recv_expect(MessageFormat::ReadyForQuery).await?;
[INFO] [stdout]     |                                 ^^^^^^^^^^^ the trait `io::decode::Decode<'_>` is not implemented for `!`
[INFO] [stdout]     |
[INFO] [stdout]     = help: the following other types implement trait `io::decode::Decode<'de, Context>`:
[INFO] [stdout]               ()
[INFO] [stdout]               Authentication
[INFO] [stdout]               AuthenticationSaslContinue
[INFO] [stdout]               AuthenticationSaslFinal
[INFO] [stdout]               BackendKeyData
[INFO] [stdout]               CommandComplete
[INFO] [stdout]               CopyData<bytes::Bytes>
[INFO] [stdout]               CopyDone
[INFO] [stdout]             and 10 others
[INFO] [stdout]     = note: this error might have been caused by changes to Rust's type-inference algorithm (see issue #148922 <https://github.com/rust-lang/rust/issues/148922> for more information)
[INFO] [stdout]     = help: you might have intended to use the type `()` here instead
[INFO] [stdout] note: required by a bound in `PgStream::recv_expect`
[INFO] [stdout]    --> /opt/rustwide/cargo-home/registry/src/index.crates.io-1949cf8c6b5b557f/sqlx-core-0.5.13/src/postgres/connection/stream.rs:64:45
[INFO] [stdout]     |
[INFO] [stdout]  38 | impl PgStream {
[INFO] [stdout] ...
[INFO] [stdout]  64 |     pub(crate) async fn recv_expect<'de, T: Decode<'de>>(
[INFO] [stdout]     |                                             ^^^^^^^^^^^ required by this bound in `PgStream::recv_expect`
[INFO] [stdout] 
[INFO] [stdout] 
[INFO] [stdout] error[E0277]: the trait bound `!: io::decode::Decode<'_>` is not satisfied
[INFO] [stdout]    --> /opt/rustwide/cargo-home/registry/src/index.crates.io-1949cf8c6b5b557f/sqlx-core-0.5.13/src/postgres/copy.rs:325:21
[INFO] [stdout]     |
[INFO] [stdout] 325 |                     conn.stream.recv_expect(MessageFormat::ReadyForQuery).await?;
[INFO] [stdout]     |                     ^^^^^^^^^^^^^^^^^^^^^^^^^^^^^^^^^^^^^^^^^^^^^^^^^^^^^ the trait `io::decode::Decode<'_>` is not implemented for `!`
[INFO] [stdout]     |
[INFO] [stdout]     = help: the following other types implement trait `io::decode::Decode<'de, Context>`:
[INFO] [stdout]               ()
[INFO] [stdout]               Authentication
[INFO] [stdout]               AuthenticationSaslContinue
[INFO] [stdout]               AuthenticationSaslFinal
[INFO] [stdout]               BackendKeyData
[INFO] [stdout]               CommandComplete
[INFO] [stdout]               CopyData<bytes::Bytes>
[INFO] [stdout]               CopyDone
[INFO] [stdout]             and 10 others
[INFO] [stdout]     = note: this error might have been caused by changes to Rust's type-inference algorithm (see issue #148922 <https://github.com/rust-lang/rust/issues/148922> for more information)
[INFO] [stdout]     = help: you might have intended to use the type `()` here instead
[INFO] [stdout] note: required by a bound in `PgStream::recv_expect`
[INFO] [stdout]    --> /opt/rustwide/cargo-home/registry/src/index.crates.io-1949cf8c6b5b557f/sqlx-core-0.5.13/src/postgres/connection/stream.rs:64:45
[INFO] [stdout]     |
[INFO] [stdout]  38 | impl PgStream {
[INFO] [stdout] ...
[INFO] [stdout]  64 |     pub(crate) async fn recv_expect<'de, T: Decode<'de>>(
[INFO] [stdout]     |                                             ^^^^^^^^^^^ required by this bound in `PgStream::recv_expect`
[INFO] [stdout] 
[INFO] [stdout] 
[INFO] [stdout] error[E0277]: the trait bound `!: io::decode::Decode<'_>` is not satisfied
[INFO] [stdout]    --> /opt/rustwide/cargo-home/registry/src/index.crates.io-1949cf8c6b5b557f/sqlx-core-0.5.13/src/postgres/copy.rs:324:77
[INFO] [stdout]     |
[INFO] [stdout] 324 |                     conn.stream.recv_expect(MessageFormat::CommandComplete).await?;
[INFO] [stdout]     |                                                                             ^^^^^ the trait `io::decode::Decode<'_>` is not implemented for `!`
[INFO] [stdout]     |
[INFO] [stdout]     = help: the following other types implement trait `io::decode::Decode<'de, Context>`:
[INFO] [stdout]               ()
[INFO] [stdout]               Authentication
[INFO] [stdout]               AuthenticationSaslContinue
[INFO] [stdout]               AuthenticationSaslFinal
[INFO] [stdout]               BackendKeyData
[INFO] [stdout]               CommandComplete
[INFO] [stdout]               CopyData<bytes::Bytes>
[INFO] [stdout]               CopyDone
[INFO] [stdout]             and 10 others
[INFO] [stdout]     = note: this error might have been caused by changes to Rust's type-inference algorithm (see issue #148922 <https://github.com/rust-lang/rust/issues/148922> for more information)
[INFO] [stdout]     = help: you might have intended to use the type `()` here instead
[INFO] [stdout] note: required by a bound in `PgStream::recv_expect`
[INFO] [stdout]    --> /opt/rustwide/cargo-home/registry/src/index.crates.io-1949cf8c6b5b557f/sqlx-core-0.5.13/src/postgres/connection/stream.rs:64:45
[INFO] [stdout]     |
[INFO] [stdout]  38 | impl PgStream {
[INFO] [stdout] ...
[INFO] [stdout]  64 |     pub(crate) async fn recv_expect<'de, T: Decode<'de>>(
[INFO] [stdout]     |                                             ^^^^^^^^^^^ required by this bound in `PgStream::recv_expect`
[INFO] [stdout] 
[INFO] [stdout] 
[INFO] [stdout] error[E0277]: the trait bound `!: io::decode::Decode<'_>` is not satisfied
[INFO] [stdout]    --> /opt/rustwide/cargo-home/registry/src/index.crates.io-1949cf8c6b5b557f/sqlx-core-0.5.13/src/postgres/copy.rs:325:75
[INFO] [stdout]     |
[INFO] [stdout] 325 |                     conn.stream.recv_expect(MessageFormat::ReadyForQuery).await?;
[INFO] [stdout]     |                                                                           ^^^^^ the trait `io::decode::Decode<'_>` is not implemented for `!`
[INFO] [stdout]     |
[INFO] [stdout]     = help: the following other types implement trait `io::decode::Decode<'de, Context>`:
[INFO] [stdout]               ()
[INFO] [stdout]               Authentication
[INFO] [stdout]               AuthenticationSaslContinue
[INFO] [stdout]               AuthenticationSaslFinal
[INFO] [stdout]               BackendKeyData
[INFO] [stdout]               CommandComplete
[INFO] [stdout]               CopyData<bytes::Bytes>
[INFO] [stdout]               CopyDone
[INFO] [stdout]             and 10 others
[INFO] [stdout]     = note: this error might have been caused by changes to Rust's type-inference algorithm (see issue #148922 <https://github.com/rust-lang/rust/issues/148922> for more information)
[INFO] [stdout]     = help: you might have intended to use the type `()` here instead
[INFO] [stdout] note: required by a bound in `PgStream::recv_expect`
[INFO] [stdout]    --> /opt/rustwide/cargo-home/registry/src/index.crates.io-1949cf8c6b5b557f/sqlx-core-0.5.13/src/postgres/connection/stream.rs:64:45
[INFO] [stdout]     |
[INFO] [stdout]  38 | impl PgStream {
[INFO] [stdout] ...
[INFO] [stdout]  64 |     pub(crate) async fn recv_expect<'de, T: Decode<'de>>(
[INFO] [stdout]     |                                             ^^^^^^^^^^^ required by this bound in `PgStream::recv_expect`
[INFO] [stdout] 
[INFO] [stdout] 
[INFO] [stderr]    Compiling matchers v0.1.0
[INFO] [stdout] error[E0277]: the trait bound `!: io::decode::Decode<'_>` is not satisfied
[INFO] [stdout]    --> /opt/rustwide/cargo-home/registry/src/index.crates.io-1949cf8c6b5b557f/sqlx-core-0.5.13/src/postgres/copy.rs:261:30
[INFO] [stdout]     |
[INFO] [stdout] 261 | ...                   .recv_expect(MessageFormat::ReadyForQuery)
[INFO] [stdout]     |                        ^^^^^^^^^^^ the trait `io::decode::Decode<'_>` is not implemented for `!`
[INFO] [stdout]     |
[INFO] [stdout]     = help: the following other types implement trait `io::decode::Decode<'de, Context>`:
[INFO] [stdout]               ()
[INFO] [stdout]               Authentication
[INFO] [stdout]               AuthenticationSaslContinue
[INFO] [stdout]               AuthenticationSaslFinal
[INFO] [stdout]               BackendKeyData
[INFO] [stdout]               CommandComplete
[INFO] [stdout]               CopyData<bytes::Bytes>
[INFO] [stdout]               CopyDone
[INFO] [stdout]             and 10 others
[INFO] [stdout]     = note: this error might have been caused by changes to Rust's type-inference algorithm (see issue #148922 <https://github.com/rust-lang/rust/issues/148922> for more information)
[INFO] [stdout]     = help: you might have intended to use the type `()` here instead
[INFO] [stdout] note: required by a bound in `PgStream::recv_expect`
[INFO] [stdout]    --> /opt/rustwide/cargo-home/registry/src/index.crates.io-1949cf8c6b5b557f/sqlx-core-0.5.13/src/postgres/connection/stream.rs:64:45
[INFO] [stdout]     |
[INFO] [stdout]  38 | impl PgStream {
[INFO] [stdout] ...
[INFO] [stdout]  64 |     pub(crate) async fn recv_expect<'de, T: Decode<'de>>(
[INFO] [stdout]     |                                             ^^^^^^^^^^^ required by this bound in `PgStream::recv_expect`
[INFO] [stdout] 
[INFO] [stdout] 
[INFO] [stdout] error[E0277]: the trait bound `!: io::decode::Decode<'_>` is not satisfied
[INFO] [stdout]    --> /opt/rustwide/cargo-home/registry/src/index.crates.io-1949cf8c6b5b557f/sqlx-core-0.5.13/src/postgres/copy.rs:260:25
[INFO] [stdout]     |
[INFO] [stdout] 260 | /                         conn.stream
[INFO] [stdout] 261 | |                             .recv_expect(MessageFormat::ReadyForQuery)
[INFO] [stdout]     | |______________________________________________________________________^ the trait `io::decode::Decode<'_>` is not implemented for `!`
[INFO] [stdout]     |
[INFO] [stdout]     = help: the following other types implement trait `io::decode::Decode<'de, Context>`:
[INFO] [stdout]               ()
[INFO] [stdout]               Authentication
[INFO] [stdout]               AuthenticationSaslContinue
[INFO] [stdout]               AuthenticationSaslFinal
[INFO] [stdout]               BackendKeyData
[INFO] [stdout]               CommandComplete
[INFO] [stdout]               CopyData<bytes::Bytes>
[INFO] [stdout]               CopyDone
[INFO] [stdout]             and 10 others
[INFO] [stdout]     = note: this error might have been caused by changes to Rust's type-inference algorithm (see issue #148922 <https://github.com/rust-lang/rust/issues/148922> for more information)
[INFO] [stdout]     = help: you might have intended to use the type `()` here instead
[INFO] [stdout] note: required by a bound in `PgStream::recv_expect`
[INFO] [stdout]    --> /opt/rustwide/cargo-home/registry/src/index.crates.io-1949cf8c6b5b557f/sqlx-core-0.5.13/src/postgres/connection/stream.rs:64:45
[INFO] [stdout]     |
[INFO] [stdout]  38 | impl PgStream {
[INFO] [stdout] ...
[INFO] [stdout]  64 |     pub(crate) async fn recv_expect<'de, T: Decode<'de>>(
[INFO] [stdout]     |                                             ^^^^^^^^^^^ required by this bound in `PgStream::recv_expect`
[INFO] [stdout] 
[INFO] [stdout] 
[INFO] [stdout] error[E0277]: the trait bound `!: io::decode::Decode<'_>` is not satisfied
[INFO] [stdout]    --> /opt/rustwide/cargo-home/registry/src/index.crates.io-1949cf8c6b5b557f/sqlx-core-0.5.13/src/postgres/copy.rs:262:30
[INFO] [stdout]     |
[INFO] [stdout] 262 | ...                   .await?;
[INFO] [stdout]     |                        ^^^^^ the trait `io::decode::Decode<'_>` is not implemented for `!`
[INFO] [stdout]     |
[INFO] [stdout]     = help: the following other types implement trait `io::decode::Decode<'de, Context>`:
[INFO] [stdout]               ()
[INFO] [stdout]               Authentication
[INFO] [stdout]               AuthenticationSaslContinue
[INFO] [stdout]               AuthenticationSaslFinal
[INFO] [stdout]               BackendKeyData
[INFO] [stdout]               CommandComplete
[INFO] [stdout]               CopyData<bytes::Bytes>
[INFO] [stdout]               CopyDone
[INFO] [stdout]             and 10 others
[INFO] [stdout]     = note: this error might have been caused by changes to Rust's type-inference algorithm (see issue #148922 <https://github.com/rust-lang/rust/issues/148922> for more information)
[INFO] [stdout]     = help: you might have intended to use the type `()` here instead
[INFO] [stdout] note: required by a bound in `PgStream::recv_expect`
[INFO] [stdout]    --> /opt/rustwide/cargo-home/registry/src/index.crates.io-1949cf8c6b5b557f/sqlx-core-0.5.13/src/postgres/connection/stream.rs:64:45
[INFO] [stdout]     |
[INFO] [stdout]  38 | impl PgStream {
[INFO] [stdout] ...
[INFO] [stdout]  64 |     pub(crate) async fn recv_expect<'de, T: Decode<'de>>(
[INFO] [stdout]     |                                             ^^^^^^^^^^^ required by this bound in `PgStream::recv_expect`
[INFO] [stdout] 
[INFO] [stdout] 
[INFO] [stdout] error[E0277]: the trait bound `!: io::decode::Decode<'_>` is not satisfied
[INFO] [stdout]    --> /opt/rustwide/cargo-home/registry/src/index.crates.io-1949cf8c6b5b557f/sqlx-core-0.5.13/src/postgres/copy.rs:288:14
[INFO] [stdout]     |
[INFO] [stdout] 288 |             .recv_expect(MessageFormat::ReadyForQuery)
[INFO] [stdout]     |              ^^^^^^^^^^^ the trait `io::decode::Decode<'_>` is not implemented for `!`
[INFO] [stdout]     |
[INFO] [stdout]     = help: the following other types implement trait `io::decode::Decode<'de, Context>`:
[INFO] [stdout]               ()
[INFO] [stdout]               Authentication
[INFO] [stdout]               AuthenticationSaslContinue
[INFO] [stdout]               AuthenticationSaslFinal
[INFO] [stdout]               BackendKeyData
[INFO] [stdout]               CommandComplete
[INFO] [stdout]               CopyData<bytes::Bytes>
[INFO] [stdout]               CopyDone
[INFO] [stdout]             and 10 others
[INFO] [stdout]     = note: this error might have been caused by changes to Rust's type-inference algorithm (see issue #148922 <https://github.com/rust-lang/rust/issues/148922> for more information)
[INFO] [stdout]     = help: you might have intended to use the type `()` here instead
[INFO] [stdout] note: required by a bound in `PgStream::recv_expect`
[INFO] [stdout]    --> /opt/rustwide/cargo-home/registry/src/index.crates.io-1949cf8c6b5b557f/sqlx-core-0.5.13/src/postgres/connection/stream.rs:64:45
[INFO] [stdout]     |
[INFO] [stdout]  38 | impl PgStream {
[INFO] [stdout] ...
[INFO] [stdout]  64 |     pub(crate) async fn recv_expect<'de, T: Decode<'de>>(
[INFO] [stdout]     |                                             ^^^^^^^^^^^ required by this bound in `PgStream::recv_expect`
[INFO] [stdout] 
[INFO] [stdout] 
[INFO] [stderr]    Compiling sea-strum v0.23.0
[INFO] [stdout] error[E0277]: the trait bound `!: io::decode::Decode<'_>` is not satisfied
[INFO] [stdout]    --> /opt/rustwide/cargo-home/registry/src/index.crates.io-1949cf8c6b5b557f/sqlx-core-0.5.13/src/postgres/copy.rs:287:9
[INFO] [stdout]     |
[INFO] [stdout] 287 | /         conn.stream
[INFO] [stdout] 288 | |             .recv_expect(MessageFormat::ReadyForQuery)
[INFO] [stdout]     | |______________________________________________________^ the trait `io::decode::Decode<'_>` is not implemented for `!`
[INFO] [stdout]     |
[INFO] [stdout]     = help: the following other types implement trait `io::decode::Decode<'de, Context>`:
[INFO] [stdout]               ()
[INFO] [stdout]               Authentication
[INFO] [stdout]               AuthenticationSaslContinue
[INFO] [stdout]               AuthenticationSaslFinal
[INFO] [stdout]               BackendKeyData
[INFO] [stdout]               CommandComplete
[INFO] [stdout]               CopyData<bytes::Bytes>
[INFO] [stdout]               CopyDone
[INFO] [stdout]             and 10 others
[INFO] [stdout]     = note: this error might have been caused by changes to Rust's type-inference algorithm (see issue #148922 <https://github.com/rust-lang/rust/issues/148922> for more information)
[INFO] [stdout]     = help: you might have intended to use the type `()` here instead
[INFO] [stdout] note: required by a bound in `PgStream::recv_expect`
[INFO] [stdout]    --> /opt/rustwide/cargo-home/registry/src/index.crates.io-1949cf8c6b5b557f/sqlx-core-0.5.13/src/postgres/connection/stream.rs:64:45
[INFO] [stdout]     |
[INFO] [stdout]  38 | impl PgStream {
[INFO] [stdout] ...
[INFO] [stdout]  64 |     pub(crate) async fn recv_expect<'de, T: Decode<'de>>(
[INFO] [stdout]     |                                             ^^^^^^^^^^^ required by this bound in `PgStream::recv_expect`
[INFO] [stdout] 
[INFO] [stdout] 
[INFO] [stdout] error[E0277]: the trait bound `!: io::decode::Decode<'_>` is not satisfied
[INFO] [stdout]    --> /opt/rustwide/cargo-home/registry/src/index.crates.io-1949cf8c6b5b557f/sqlx-core-0.5.13/src/postgres/copy.rs:289:14
[INFO] [stdout]     |
[INFO] [stdout] 289 |             .await?;
[INFO] [stdout]     |              ^^^^^ the trait `io::decode::Decode<'_>` is not implemented for `!`
[INFO] [stdout]     |
[INFO] [stdout]     = help: the following other types implement trait `io::decode::Decode<'de, Context>`:
[INFO] [stdout]               ()
[INFO] [stdout]               Authentication
[INFO] [stdout]               AuthenticationSaslContinue
[INFO] [stdout]               AuthenticationSaslFinal
[INFO] [stdout]               BackendKeyData
[INFO] [stdout]               CommandComplete
[INFO] [stdout]               CopyData<bytes::Bytes>
[INFO] [stdout]               CopyDone
[INFO] [stdout]             and 10 others
[INFO] [stdout]     = note: this error might have been caused by changes to Rust's type-inference algorithm (see issue #148922 <https://github.com/rust-lang/rust/issues/148922> for more information)
[INFO] [stdout]     = help: you might have intended to use the type `()` here instead
[INFO] [stdout] note: required by a bound in `PgStream::recv_expect`
[INFO] [stdout]    --> /opt/rustwide/cargo-home/registry/src/index.crates.io-1949cf8c6b5b557f/sqlx-core-0.5.13/src/postgres/connection/stream.rs:64:45
[INFO] [stdout]     |
[INFO] [stdout]  38 | impl PgStream {
[INFO] [stdout] ...
[INFO] [stdout]  64 |     pub(crate) async fn recv_expect<'de, T: Decode<'de>>(
[INFO] [stdout]     |                                             ^^^^^^^^^^^ required by this bound in `PgStream::recv_expect`
[INFO] [stdout] 
[INFO] [stdout] 
[INFO] [stdout] error[E0277]: the trait bound `!: io::decode::Decode<'_>` is not satisfied
[INFO] [stdout]    --> /opt/rustwide/cargo-home/registry/src/index.crates.io-1949cf8c6b5b557f/sqlx-core-0.5.13/src/postgres/copy.rs:324:33
[INFO] [stdout]     |
[INFO] [stdout] 324 |                     conn.stream.recv_expect(MessageFormat::CommandComplete).await?;
[INFO] [stdout]     |                                 ^^^^^^^^^^^ the trait `io::decode::Decode<'_>` is not implemented for `!`
[INFO] [stdout]     |
[INFO] [stdout]     = help: the following other types implement trait `io::decode::Decode<'de, Context>`:
[INFO] [stdout]               ()
[INFO] [stdout]               Authentication
[INFO] [stdout]               AuthenticationSaslContinue
[INFO] [stdout]               AuthenticationSaslFinal
[INFO] [stdout]               BackendKeyData
[INFO] [stdout]               CommandComplete
[INFO] [stdout]               CopyData<bytes::Bytes>
[INFO] [stdout]               CopyDone
[INFO] [stdout]             and 10 others
[INFO] [stdout]     = note: this error might have been caused by changes to Rust's type-inference algorithm (see issue #148922 <https://github.com/rust-lang/rust/issues/148922> for more information)
[INFO] [stdout]     = help: you might have intended to use the type `()` here instead
[INFO] [stdout] note: required by a bound in `PgStream::recv_expect`
[INFO] [stdout]    --> /opt/rustwide/cargo-home/registry/src/index.crates.io-1949cf8c6b5b557f/sqlx-core-0.5.13/src/postgres/connection/stream.rs:64:45
[INFO] [stdout]     |
[INFO] [stdout]  38 | impl PgStream {
[INFO] [stdout] ...
[INFO] [stdout]  64 |     pub(crate) async fn recv_expect<'de, T: Decode<'de>>(
[INFO] [stdout]     |                                             ^^^^^^^^^^^ required by this bound in `PgStream::recv_expect`
[INFO] [stdout] 
[INFO] [stdout] 
[INFO] [stdout] error[E0277]: the trait bound `!: io::decode::Decode<'_>` is not satisfied
[INFO] [stdout]    --> /opt/rustwide/cargo-home/registry/src/index.crates.io-1949cf8c6b5b557f/sqlx-core-0.5.13/src/postgres/copy.rs:324:21
[INFO] [stdout]     |
[INFO] [stdout] 324 |                     conn.stream.recv_expect(MessageFormat::CommandComplete).await?;
[INFO] [stdout]     |                     ^^^^^^^^^^^^^^^^^^^^^^^^^^^^^^^^^^^^^^^^^^^^^^^^^^^^^^^ the trait `io::decode::Decode<'_>` is not implemented for `!`
[INFO] [stdout]     |
[INFO] [stdout]     = help: the following other types implement trait `io::decode::Decode<'de, Context>`:
[INFO] [stdout]               ()
[INFO] [stdout]               Authentication
[INFO] [stdout]               AuthenticationSaslContinue
[INFO] [stdout]               AuthenticationSaslFinal
[INFO] [stdout]               BackendKeyData
[INFO] [stdout]               CommandComplete
[INFO] [stdout]               CopyData<bytes::Bytes>
[INFO] [stdout]               CopyDone
[INFO] [stdout]             and 10 others
[INFO] [stdout]     = note: this error might have been caused by changes to Rust's type-inference algorithm (see issue #148922 <https://github.com/rust-lang/rust/issues/148922> for more information)
[INFO] [stdout]     = help: you might have intended to use the type `()` here instead
[INFO] [stdout] note: required by a bound in `PgStream::recv_expect`
[INFO] [stdout]    --> /opt/rustwide/cargo-home/registry/src/index.crates.io-1949cf8c6b5b557f/sqlx-core-0.5.13/src/postgres/connection/stream.rs:64:45
[INFO] [stdout]     |
[INFO] [stdout]  38 | impl PgStream {
[INFO] [stdout] ...
[INFO] [stdout]  64 |     pub(crate) async fn recv_expect<'de, T: Decode<'de>>(
[INFO] [stdout]     |                                             ^^^^^^^^^^^ required by this bound in `PgStream::recv_expect`
[INFO] [stdout] 
[INFO] [stdout] 
[INFO] [stdout] error[E0277]: the trait bound `!: io::decode::Decode<'_>` is not satisfied
[INFO] [stdout]    --> /opt/rustwide/cargo-home/registry/src/index.crates.io-1949cf8c6b5b557f/sqlx-core-0.5.13/src/postgres/copy.rs:325:33
[INFO] [stdout]     |
[INFO] [stdout] 325 |                     conn.stream.recv_expect(MessageFormat::ReadyForQuery).await?;
[INFO] [stdout]     |                                 ^^^^^^^^^^^ the trait `io::decode::Decode<'_>` is not implemented for `!`
[INFO] [stdout]     |
[INFO] [stdout]     = help: the following other types implement trait `io::decode::Decode<'de, Context>`:
[INFO] [stdout]               ()
[INFO] [stdout]               Authentication
[INFO] [stdout]               AuthenticationSaslContinue
[INFO] [stdout]               AuthenticationSaslFinal
[INFO] [stdout]               BackendKeyData
[INFO] [stdout]               CommandComplete
[INFO] [stdout]               CopyData<bytes::Bytes>
[INFO] [stdout]               CopyDone
[INFO] [stdout]             and 10 others
[INFO] [stdout]     = note: this error might have been caused by changes to Rust's type-inference algorithm (see issue #148922 <https://github.com/rust-lang/rust/issues/148922> for more information)
[INFO] [stdout]     = help: you might have intended to use the type `()` here instead
[INFO] [stdout] note: required by a bound in `PgStream::recv_expect`
[INFO] [stdout]    --> /opt/rustwide/cargo-home/registry/src/index.crates.io-1949cf8c6b5b557f/sqlx-core-0.5.13/src/postgres/connection/stream.rs:64:45
[INFO] [stdout]     |
[INFO] [stdout]  38 | impl PgStream {
[INFO] [stdout] ...
[INFO] [stdout]  64 |     pub(crate) async fn recv_expect<'de, T: Decode<'de>>(
[INFO] [stdout]     |                                             ^^^^^^^^^^^ required by this bound in `PgStream::recv_expect`
[INFO] [stdout] 
[INFO] [stdout] 
[INFO] [stdout] error[E0277]: the trait bound `!: io::decode::Decode<'_>` is not satisfied
[INFO] [stdout]    --> /opt/rustwide/cargo-home/registry/src/index.crates.io-1949cf8c6b5b557f/sqlx-core-0.5.13/src/postgres/copy.rs:325:21
[INFO] [stdout]     |
[INFO] [stdout] 325 |                     conn.stream.recv_expect(MessageFormat::ReadyForQuery).await?;
[INFO] [stdout]     |                     ^^^^^^^^^^^^^^^^^^^^^^^^^^^^^^^^^^^^^^^^^^^^^^^^^^^^^ the trait `io::decode::Decode<'_>` is not implemented for `!`
[INFO] [stdout]     |
[INFO] [stdout]     = help: the following other types implement trait `io::decode::Decode<'de, Context>`:
[INFO] [stdout]               ()
[INFO] [stdout]               Authentication
[INFO] [stdout]               AuthenticationSaslContinue
[INFO] [stdout]               AuthenticationSaslFinal
[INFO] [stdout]               BackendKeyData
[INFO] [stdout]               CommandComplete
[INFO] [stdout]               CopyData<bytes::Bytes>
[INFO] [stdout]               CopyDone
[INFO] [stdout]             and 10 others
[INFO] [stdout]     = note: this error might have been caused by changes to Rust's type-inference algorithm (see issue #148922 <https://github.com/rust-lang/rust/issues/148922> for more information)
[INFO] [stdout]     = help: you might have intended to use the type `()` here instead
[INFO] [stdout] note: required by a bound in `PgStream::recv_expect`
[INFO] [stdout]    --> /opt/rustwide/cargo-home/registry/src/index.crates.io-1949cf8c6b5b557f/sqlx-core-0.5.13/src/postgres/connection/stream.rs:64:45
[INFO] [stdout]     |
[INFO] [stdout]  38 | impl PgStream {
[INFO] [stdout] ...
[INFO] [stdout]  64 |     pub(crate) async fn recv_expect<'de, T: Decode<'de>>(
[INFO] [stdout]     |                                             ^^^^^^^^^^^ required by this bound in `PgStream::recv_expect`
[INFO] [stdout] 
[INFO] [stdout] 
[INFO] [stdout] error[E0277]: the trait bound `!: io::decode::Decode<'_>` is not satisfied
[INFO] [stdout]    --> /opt/rustwide/cargo-home/registry/src/index.crates.io-1949cf8c6b5b557f/sqlx-core-0.5.13/src/postgres/copy.rs:324:77
[INFO] [stdout]     |
[INFO] [stdout] 324 |                     conn.stream.recv_expect(MessageFormat::CommandComplete).await?;
[INFO] [stdout]     |                                                                             ^^^^^ the trait `io::decode::Decode<'_>` is not implemented for `!`
[INFO] [stdout]     |
[INFO] [stdout]     = help: the following other types implement trait `io::decode::Decode<'de, Context>`:
[INFO] [stdout]               ()
[INFO] [stdout]               Authentication
[INFO] [stdout]               AuthenticationSaslContinue
[INFO] [stdout]               AuthenticationSaslFinal
[INFO] [stdout]               BackendKeyData
[INFO] [stdout]               CommandComplete
[INFO] [stdout]               CopyData<bytes::Bytes>
[INFO] [stdout]               CopyDone
[INFO] [stdout]             and 10 others
[INFO] [stdout]     = note: this error might have been caused by changes to Rust's type-inference algorithm (see issue #148922 <https://github.com/rust-lang/rust/issues/148922> for more information)
[INFO] [stdout]     = help: you might have intended to use the type `()` here instead
[INFO] [stdout] note: required by a bound in `PgStream::recv_expect`
[INFO] [stdout]    --> /opt/rustwide/cargo-home/registry/src/index.crates.io-1949cf8c6b5b557f/sqlx-core-0.5.13/src/postgres/connection/stream.rs:64:45
[INFO] [stdout]     |
[INFO] [stdout]  38 | impl PgStream {
[INFO] [stdout] ...
[INFO] [stdout]  64 |     pub(crate) async fn recv_expect<'de, T: Decode<'de>>(
[INFO] [stdout]     |                                             ^^^^^^^^^^^ required by this bound in `PgStream::recv_expect`
[INFO] [stdout] 
[INFO] [stdout] 
[INFO] [stdout] error[E0277]: the trait bound `!: io::decode::Decode<'_>` is not satisfied
[INFO] [stdout]    --> /opt/rustwide/cargo-home/registry/src/index.crates.io-1949cf8c6b5b557f/sqlx-core-0.5.13/src/postgres/copy.rs:325:75
[INFO] [stdout]     |
[INFO] [stdout] 325 |                     conn.stream.recv_expect(MessageFormat::ReadyForQuery).await?;
[INFO] [stdout]     |                                                                           ^^^^^ the trait `io::decode::Decode<'_>` is not implemented for `!`
[INFO] [stdout]     |
[INFO] [stdout]     = help: the following other types implement trait `io::decode::Decode<'de, Context>`:
[INFO] [stdout]               ()
[INFO] [stdout]               Authentication
[INFO] [stdout]               AuthenticationSaslContinue
[INFO] [stdout]               AuthenticationSaslFinal
[INFO] [stdout]               BackendKeyData
[INFO] [stdout]               CommandComplete
[INFO] [stdout]               CopyData<bytes::Bytes>
[INFO] [stdout]               CopyDone
[INFO] [stdout]             and 10 others
[INFO] [stdout]     = note: this error might have been caused by changes to Rust's type-inference algorithm (see issue #148922 <https://github.com/rust-lang/rust/issues/148922> for more information)
[INFO] [stdout]     = help: you might have intended to use the type `()` here instead
[INFO] [stdout] note: required by a bound in `PgStream::recv_expect`
[INFO] [stdout]    --> /opt/rustwide/cargo-home/registry/src/index.crates.io-1949cf8c6b5b557f/sqlx-core-0.5.13/src/postgres/connection/stream.rs:64:45
[INFO] [stdout]     |
[INFO] [stdout]  38 | impl PgStream {
[INFO] [stdout] ...
[INFO] [stdout]  64 |     pub(crate) async fn recv_expect<'de, T: Decode<'de>>(
[INFO] [stdout]     |                                             ^^^^^^^^^^^ required by this bound in `PgStream::recv_expect`
[INFO] [stdout] 
[INFO] [stdout] 
[INFO] [stderr]    Compiling sea-schema-derive v0.1.0
[INFO] [stderr]    Compiling async-attributes v1.1.2
[INFO] [stderr]    Compiling iovec v0.1.4
[INFO] [stderr]    Compiling clap v2.34.0
[INFO] [stderr]    Compiling sea-schema v0.8.1
[INFO] [stderr]    Compiling mio v0.6.23
[INFO] [stderr]    Compiling async-std v1.12.0
[INFO] [stderr]    Compiling tracing-subscriber v0.3.11
[INFO] [stderr]    Compiling ignore v0.4.18
[INFO] [stderr]    Compiling pest_generator v2.1.3
[INFO] [stderr] error: could not compile `sqlx-core` (lib) due to 15 previous errors
[INFO] [stderr] 
[INFO] [stderr] Caused by:
[INFO] [stderr]   process didn't exit successfully: `/opt/rustwide/rustup-home/toolchains/1.100.0-beta.1-x86_64-unknown-linux-gnu/bin/rustc --crate-name sqlx_core --edition=2018 /opt/rustwide/cargo-home/registry/src/index.crates.io-1949cf8c6b5b557f/sqlx-core-0.5.13/src/lib.rs --error-format=json --json=diagnostic-rendered-ansi,artifacts,future-incompat,unused-externs-silent --crate-type lib --emit=dep-info,metadata,link -C embed-bitcode=no -C debug-assertions=off --cfg 'feature="_rt-tokio"' --cfg 'feature="_tls-native-tls"' --cfg 'feature="base64"' --cfg 'feature="chrono"' --cfg 'feature="crc"' --cfg 'feature="decimal"' --cfg 'feature="dirs"' --cfg 'feature="hkdf"' --cfg 'feature="hmac"' --cfg 'feature="json"' --cfg 'feature="md-5"' --cfg 'feature="migrate"' --cfg 'feature="num-bigint"' --cfg 'feature="postgres"' --cfg 'feature="rand"' --cfg 'feature="runtime-tokio-native-tls"' --cfg 'feature="rust_decimal"' --cfg 'feature="serde"' --cfg 'feature="serde_json"' --cfg 'feature="sha-1"' --cfg 'feature="sha2"' --cfg 'feature="time"' --cfg 'feature="tokio-stream"' --cfg 'feature="uuid"' --cfg 'feature="whoami"' --check-cfg 'cfg(docsrs,test)' --check-cfg 'cfg(feature, values("_rt-actix", "_rt-async-std", "_rt-tokio", "_tls-native-tls", "_tls-rustls", "all-databases", "all-types", "any", "base64", "bigdecimal", "bigdecimal_", "bit-vec", "bstr", "chrono", "crc", "decimal", "default", "digest", "dirs", "encoding_rs", "flume", "futures-executor", "generic-array", "git2", "hkdf", "hmac", "ipnetwork", "json", "libsqlite3-sys", "mac_address", "md-5", "migrate", "mssql", "mysql", "num-bigint", "offline", "postgres", "rand", "regex", "rsa", "runtime-actix-native-tls", "runtime-actix-rustls", "runtime-async-std-native-tls", "runtime-async-std-rustls", "runtime-tokio-native-tls", "runtime-tokio-rustls", "rust_decimal", "rustls", "serde", "serde_json", "sha-1", "sha2", "sqlite", "time", "tokio-stream", "uuid", "webpki", "webpki-roots", "whoami"))' -C metadata=5a40e2c883250f5a -C extra-filename=-c3fb317343421430 --out-dir /opt/rustwide/target/release/build/sqlx-core/c3fb317343421430/out -C strip=debuginfo -L dependency=/opt/rustwide/target/release/build/ahash/ade14d11e2da1f54/out -L dependency=/opt/rustwide/target/release/build/arrayvec/42fc5a3d6c116473/out -L dependency=/opt/rustwide/target/release/build/bitflags/f377b9b78cdfe9db/out -L dependency=/opt/rustwide/target/release/build/block-buffer/6e3800493dac0674/out -L dependency=/opt/rustwide/target/release/build/bytes/4af5dd7d92b3aadb/out -L dependency=/opt/rustwide/target/release/build/cfg-if/6407e8cf9bf7546f/out -L dependency=/opt/rustwide/target/release/build/const_fn/2f2245f2557fb28f/out -L dependency=/opt/rustwide/target/release/build/cpufeatures/5d73a0c4240dc61f/out -L dependency=/opt/rustwide/target/release/build/crc-catalog/0d0a94baa7a759fb/out -L dependency=/opt/rustwide/target/release/build/crossbeam-utils/bffa36d9ac31aa62/out -L dependency=/opt/rustwide/target/release/build/crypto-common/8e0587761b010006/out -L dependency=/opt/rustwide/target/release/build/digest/d34f2536fae7640f/out -L dependency=/opt/rustwide/target/release/build/dirs-sys/6e835e2a18a14d63/out -L dependency=/opt/rustwide/target/release/build/either/a672d9d3a4cb4599/out -L dependency=/opt/rustwide/target/release/build/foreign-types-shared/83fe81712b9c858f/out -L dependency=/opt/rustwide/target/release/build/foreign-types/924a7b87dd35bb35/out -L dependency=/opt/rustwide/target/release/build/form_urlencoded/b8d51b612a89a6f9/out -L dependency=/opt/rustwide/target/release/build/futures-core/138218e1465f0450/out -L dependency=/opt/rustwide/target/release/build/futures-sink/4649c6cc7e9a42f8/out -L dependency=/opt/rustwide/target/release/build/futures-task/aabbb113ba858dbd/out -L dependency=/opt/rustwide/target/release/build/generic-array/3a14e98cb246d1da/out -L dependency=/opt/rustwide/target/release/build/getrandom/5785d159907dcfad/out -L dependency=/opt/rustwide/target/release/build/hashbrown/5e65d150e193e5d3/out -L dependency=/opt/rustwide/target/release/build/hashbrown/8b2ee06e5d6dac67/out -L dependency=/opt/rustwide/target/release/build/hmac/f2dccf41fc885089/out -L dependency=/opt/rustwide/target/release/build/idna/a9636de04b021cfa/out -L dependency=/opt/rustwide/target/release/build/instant/b5d38c0e76782464/out -L dependency=/opt/rustwide/target/release/build/itertools/bb9398ad0495315d/out -L dependency=/opt/rustwide/target/release/build/itoa/5310a9fe036954c6/out -L dependency=/opt/rustwide/target/release/build/libc/a09f501d666811fa/out -L dependency=/opt/rustwide/target/release/build/lock_api/1372a0294eea4e21/out -L dependency=/opt/rustwide/target/release/build/log/0de299b3d9d23daa/out -L dependency=/opt/rustwide/target/release/build/matches/0bb50d45d2fef908/out -L dependency=/opt/rustwide/target/release/build/memchr/cb3488267a7dfa56/out -L dependency=/opt/rustwide/target/release/build/minimal-lexical/e1944a4b21940302/out -L dependency=/opt/rustwide/target/release/build/mio/5c7fcb34e31d470e/out -L dependency=/opt/rustwide/target/release/build/native-tls/d02823e324395c41/out -L dependency=/opt/rustwide/target/release/build/nom/c2ddd342a6f61b59/out -L dependency=/opt/rustwide/target/release/build/num-integer/eb68d53beb924c01/out -L dependency=/opt/rustwide/target/release/build/num-traits/010a5055f4d57841/out -L dependency=/opt/rustwide/target/release/build/num_cpus/72d43073cf67ea28/out -L dependency=/opt/rustwide/target/release/build/once_cell/0d7986a3707fa550/out -L dependency=/opt/rustwide/target/release/build/openssl-macros/554ec57a80c1731e/out -L dependency=/opt/rustwide/target/release/build/openssl-probe/df71e7a4ba876247/out -L dependency=/opt/rustwide/target/release/build/openssl-sys/6e490ec9e58b4e20/out -L dependency=/opt/rustwide/target/release/build/openssl/53c7d8fddf386886/out -L dependency=/opt/rustwide/target/release/build/parking_lot/0b3f599b07018cd0/out -L dependency=/opt/rustwide/target/release/build/parking_lot_core/6b13a0d0ed3b52e0/out -L dependency=/opt/rustwide/target/release/build/percent-encoding/fe49cc1ba1d97427/out -L dependency=/opt/rustwide/target/release/build/pin-project-lite/8c47284cc16f6ebc/out -L dependency=/opt/rustwide/target/release/build/pin-utils/6c5ade52b50cc602/out -L dependency=/opt/rustwide/target/release/build/ppv-lite86/4c24e1a0be9820ec/out -L dependency=/opt/rustwide/target/release/build/proc-macro-hack/ad641a430cf31bb0/out -L dependency=/opt/rustwide/target/release/build/rand_chacha/ab9f35a321b85821/out -L dependency=/opt/rustwide/target/release/build/rand_core/6384348aae530289/out -L dependency=/opt/rustwide/target/release/build/ryu/bea3e4db1741cefa/out -L dependency=/opt/rustwide/target/release/build/scopeguard/03dfa307616b042b/out -L dependency=/opt/rustwide/target/release/build/serde/c9df7a2768ba49ea/out -L dependency=/opt/rustwide/target/release/build/serde_derive/370d6fe90e517f8b/out -L dependency=/opt/rustwide/target/release/build/smallvec/24972cb980e5c380/out -L dependency=/opt/rustwide/target/release/build/socket2/1550387acdc3445e/out -L dependency=/opt/rustwide/target/release/build/standback/dd01cd58673f1736/out -L dependency=/opt/rustwide/target/release/build/subtle/3b59a3e9b64667ef/out -L dependency=/opt/rustwide/target/release/build/thiserror-impl/8f78023b4a7e2dc8/out -L dependency=/opt/rustwide/target/release/build/time-macros-impl/3bdf5194e9c166f2/out -L dependency=/opt/rustwide/target/release/build/time-macros/6c9ee077e7ca0ccb/out -L dependency=/opt/rustwide/target/release/build/tinyvec/f0b88f623433cee0/out -L dependency=/opt/rustwide/target/release/build/tinyvec_macros/b92cad9955558f6a/out -L dependency=/opt/rustwide/target/release/build/tokio-native-tls/b31c77948ec93878/out -L dependency=/opt/rustwide/target/release/build/tokio/4f0711038c726ce2/out -L dependency=/opt/rustwide/target/release/build/typenum/b55ef190928652f6/out -L dependency=/opt/rustwide/target/release/build/unicode-bidi/9e54ca2fdd4e97a3/out -L dependency=/opt/rustwide/target/release/build/unicode-normalization/0739e03a08560f6a/out -L dependency=/opt/rustwide/target/release/build/unicode_categories/78fb903bb49cfa5b/out --extern ahash=/opt/rustwide/target/release/build/ahash/ade14d11e2da1f54/out/libahash-ade14d11e2da1f54.rmeta --extern atoi=/opt/rustwide/target/release/build/atoi/f1d7110c435fd05d/out/libatoi-f1d7110c435fd05d.rmeta --extern base64=/opt/rustwide/target/release/build/base64/880173aa0db94ff7/out/libbase64-880173aa0db94ff7.rmeta --extern bitflags=/opt/rustwide/target/release/build/bitflags/f377b9b78cdfe9db/out/libbitflags-f377b9b78cdfe9db.rmeta --extern byteorder=/opt/rustwide/target/release/build/byteorder/3f976d83c0f5cbda/out/libbyteorder-3f976d83c0f5cbda.rmeta --extern bytes=/opt/rustwide/target/release/build/bytes/4af5dd7d92b3aadb/out/libbytes-4af5dd7d92b3aadb.rmeta --extern chrono=/opt/rustwide/target/release/build/chrono/06eed7c2dd0528c4/out/libchrono-06eed7c2dd0528c4.rmeta --extern crc=/opt/rustwide/target/release/build/crc/ef769529dcbb3286/out/libcrc-ef769529dcbb3286.rmeta --extern crossbeam_queue=/opt/rustwide/target/release/build/crossbeam-queue/96fb4db1a793d2a4/out/libcrossbeam_queue-96fb4db1a793d2a4.rmeta --extern dirs=/opt/rustwide/target/release/build/dirs/a7d51edf770d36f2/out/libdirs-a7d51edf770d36f2.rmeta --extern either=/opt/rustwide/target/release/build/either/a672d9d3a4cb4599/out/libeither-a672d9d3a4cb4599.rmeta --extern event_listener=/opt/rustwide/target/release/build/event-listener/38fba7f0139e3409/out/libevent_listener-38fba7f0139e3409.rmeta --extern futures_channel=/opt/rustwide/target/release/build/futures-channel/29da28b4ed62b254/out/libfutures_channel-29da28b4ed62b254.rmeta --extern futures_core=/opt/rustwide/target/release/build/futures-core/138218e1465f0450/out/libfutures_core-138218e1465f0450.rmeta --extern futures_intrusive=/opt/rustwide/target/release/build/futures-intrusive/1216c9f17e99d8d5/out/libfutures_intrusive-1216c9f17e99d8d5.rmeta --extern futures_util=/opt/rustwide/target/release/build/futures-util/9fb2d0a1f1672349/out/libfutures_util-9fb2d0a1f1672349.rmeta --extern hashlink=/opt/rustwide/target/release/build/hashlink/1d2f48473e8ad79f/out/libhashlink-1d2f48473e8ad79f.rmeta --extern hex=/opt/rustwide/target/release/build/hex/52707bfe3e583ee3/out/libhex-52707bfe3e583ee3.rmeta --extern hkdf=/opt/rustwide/target/release/build/hkdf/b721e5166b3bf4fc/out/libhkdf-b721e5166b3bf4fc.rmeta --extern hmac=/opt/rustwide/target/release/build/hmac/f2dccf41fc885089/out/libhmac-f2dccf41fc885089.rmeta --extern indexmap=/opt/rustwide/target/release/build/indexmap/6afef78706a034ed/out/libindexmap-6afef78706a034ed.rmeta --extern itoa=/opt/rustwide/target/release/build/itoa/5310a9fe036954c6/out/libitoa-5310a9fe036954c6.rmeta --extern libc=/opt/rustwide/target/release/build/libc/a09f501d666811fa/out/liblibc-a09f501d666811fa.rmeta --extern log=/opt/rustwide/target/release/build/log/0de299b3d9d23daa/out/liblog-0de299b3d9d23daa.rmeta --extern md5=/opt/rustwide/target/release/build/md-5/2f7a71dbdab9f3c8/out/libmd5-2f7a71dbdab9f3c8.rmeta --extern memchr=/opt/rustwide/target/release/build/memchr/cb3488267a7dfa56/out/libmemchr-cb3488267a7dfa56.rmeta --extern num_bigint=/opt/rustwide/target/release/build/num-bigint/fd58a63e73319a2f/out/libnum_bigint-fd58a63e73319a2f.rmeta --extern once_cell=/opt/rustwide/target/release/build/once_cell/0d7986a3707fa550/out/libonce_cell-0d7986a3707fa550.rmeta --extern paste=/opt/rustwide/target/release/build/paste/fd44752c077e4cf6/out/libpaste-fd44752c077e4cf6.so --extern percent_encoding=/opt/rustwide/target/release/build/percent-encoding/fe49cc1ba1d97427/out/libpercent_encoding-fe49cc1ba1d97427.rmeta --extern rand=/opt/rustwide/target/release/build/rand/ccbfd72fcc77ebd6/out/librand-ccbfd72fcc77ebd6.rmeta --extern rust_decimal=/opt/rustwide/target/release/build/rust_decimal/cb3abfc227464e07/out/librust_decimal-cb3abfc227464e07.rmeta --extern serde=/opt/rustwide/target/release/build/serde/c9df7a2768ba49ea/out/libserde-c9df7a2768ba49ea.rmeta --extern serde_json=/opt/rustwide/target/release/build/serde_json/7597d8bb073aa696/out/libserde_json-7597d8bb073aa696.rmeta --extern sha1=/opt/rustwide/target/release/build/sha-1/0c823dd59cead42f/out/libsha1-0c823dd59cead42f.rmeta --extern sha2=/opt/rustwide/target/release/build/sha2/ac4e74cf2c762977/out/libsha2-ac4e74cf2c762977.rmeta --extern smallvec=/opt/rustwide/target/release/build/smallvec/24972cb980e5c380/out/libsmallvec-24972cb980e5c380.rmeta --extern sqlformat=/opt/rustwide/target/release/build/sqlformat/af1958bf6f451884/out/libsqlformat-af1958bf6f451884.rmeta --extern sqlx_rt=/opt/rustwide/target/release/build/sqlx-rt/4de57f015f89516c/out/libsqlx_rt-4de57f015f89516c.rmeta --extern stringprep=/opt/rustwide/target/release/build/stringprep/41b5a124199ceb18/out/libstringprep-41b5a124199ceb18.rmeta --extern thiserror=/opt/rustwide/target/release/build/thiserror/34b94340ee33c251/out/libthiserror-34b94340ee33c251.rmeta --extern time=/opt/rustwide/target/release/build/time/d477a3fe1948406f/out/libtime-d477a3fe1948406f.rmeta --extern tokio_stream=/opt/rustwide/target/release/build/tokio-stream/fb4ad5e577dfc7cb/out/libtokio_stream-fb4ad5e577dfc7cb.rmeta --extern url=/opt/rustwide/target/release/build/url/c6a20cc3d42bfe2e/out/liburl-c6a20cc3d42bfe2e.rmeta --extern uuid=/opt/rustwide/target/release/build/uuid/934fe80e53bc9f92/out/libuuid-934fe80e53bc9f92.rmeta --extern whoami=/opt/rustwide/target/release/build/whoami/32e2f39d0cc92125/out/libwhoami-32e2f39d0cc92125.rmeta --cap-lints allow --cap-lints=warn --force-warn=unused_crate_dependencies` (signal: 9, SIGKILL: kill)
[INFO] [stderr] warning: build failed, waiting for other jobs to finish...
[INFO] [stderr] error: could not compile `tokio` (lib)
[INFO] [stderr] 
[INFO] [stderr] Caused by:
[INFO] [stderr]   process didn't exit successfully: `/opt/rustwide/rustup-home/toolchains/1.100.0-beta.1-x86_64-unknown-linux-gnu/bin/rustc --crate-name tokio --edition=2018 /opt/rustwide/cargo-home/registry/src/index.crates.io-1949cf8c6b5b557f/tokio-1.19.2/src/lib.rs --error-format=json --json=diagnostic-rendered-ansi,artifacts,future-incompat,unused-externs-silent --crate-type lib --emit=dep-info,metadata,link -C opt-level=3 -C embed-bitcode=no --cfg 'feature="bytes"' --cfg 'feature="default"' --cfg 'feature="fs"' --cfg 'feature="io-std"' --cfg 'feature="io-util"' --cfg 'feature="libc"' --cfg 'feature="macros"' --cfg 'feature="memchr"' --cfg 'feature="mio"' --cfg 'feature="net"' --cfg 'feature="num_cpus"' --cfg 'feature="once_cell"' --cfg 'feature="rt"' --cfg 'feature="rt-multi-thread"' --cfg 'feature="signal"' --cfg 'feature="signal-hook-registry"' --cfg 'feature="socket2"' --cfg 'feature="sync"' --cfg 'feature="time"' --cfg 'feature="tokio-macros"' --check-cfg 'cfg(docsrs,test)' --check-cfg 'cfg(feature, values("bytes", "default", "fs", "full", "io-std", "io-util", "libc", "macros", "memchr", "mio", "net", "num_cpus", "once_cell", "parking_lot", "process", "rt", "rt-multi-thread", "signal", "signal-hook-registry", "socket2", "stats", "sync", "test-util", "time", "tokio-macros", "tracing", "winapi"))' -C metadata=aecc0b26de68f836 -C extra-filename=-7fcb39a39415369e --out-dir /opt/rustwide/target/release/build/tokio/7fcb39a39415369e/out -C strip=debuginfo -L dependency=/opt/rustwide/target/release/build/cfg-if/193575a6b29a3ab9/out -L dependency=/opt/rustwide/target/release/build/ctor/e3a76bf25666a9ee/out -L dependency=/opt/rustwide/target/release/build/libc/055c1859b0ca7827/out -L dependency=/opt/rustwide/target/release/build/log/f6045ebd3a1b4026/out -L dependency=/opt/rustwide/target/release/build/value-bag/c513af7bf3dd3e9c/out --extern bytes=/opt/rustwide/target/release/build/bytes/b6d154c3fb16e0fb/out/libbytes-b6d154c3fb16e0fb.rmeta --extern libc=/opt/rustwide/target/release/build/libc/055c1859b0ca7827/out/liblibc-055c1859b0ca7827.rmeta --extern memchr=/opt/rustwide/target/release/build/memchr/4c2333bb57774a0f/out/libmemchr-4c2333bb57774a0f.rmeta --extern mio=/opt/rustwide/target/release/build/mio/846a611316819cc2/out/libmio-846a611316819cc2.rmeta --extern num_cpus=/opt/rustwide/target/release/build/num_cpus/282f4d3c3c7256b7/out/libnum_cpus-282f4d3c3c7256b7.rmeta --extern once_cell=/opt/rustwide/target/release/build/once_cell/04aec6b5adb73aca/out/libonce_cell-04aec6b5adb73aca.rmeta --extern pin_project_lite=/opt/rustwide/target/release/build/pin-project-lite/5d685072b05426e1/out/libpin_project_lite-5d685072b05426e1.rmeta --extern signal_hook_registry=/opt/rustwide/target/release/build/signal-hook-registry/7b44b6aaa3a5a050/out/libsignal_hook_registry-7b44b6aaa3a5a050.rmeta --extern socket2=/opt/rustwide/target/release/build/socket2/73e1022d0fafa6df/out/libsocket2-73e1022d0fafa6df.rmeta --extern tokio_macros=/opt/rustwide/target/release/build/tokio-macros/a1d62bde53c61a6a/out/libtokio_macros-a1d62bde53c61a6a.so --cap-lints allow --cap-lints=warn --force-warn=unused_crate_dependencies` (signal: 9, SIGKILL: kill)
[INFO] [stdout] For more information about this error, try `rustc --explain E0277`.
[INFO] [stdout] 
[INFO] [stderr] error: could not compile `sqlx-core` (lib) due to 15 previous errors
[INFO] running `Command { std: "docker" "inspect" "1695cb71cd3d47092d559c36ad3aea896cfea2c5443184585b8bf9a69c90985d", kill_on_drop: false }`
[INFO] running `Command { std: "docker" "rm" "-f" "1695cb71cd3d47092d559c36ad3aea896cfea2c5443184585b8bf9a69c90985d", kill_on_drop: false }`
[INFO] [stdout] 1695cb71cd3d47092d559c36ad3aea896cfea2c5443184585b8bf9a69c90985d
