[INFO] fetching crate gossan-horizontal 0.3.2...
[INFO] testing gossan-horizontal-0.3.2 against 1.98.0-beta.1 for beta-1.98-2
[INFO] extracting crate gossan-horizontal 0.3.2 into /workspace/builds/worker-6-tc2/source
[INFO] started tweaking crates.io crate gossan-horizontal 0.3.2
[INFO] removed 0 missing tests
[INFO] finished tweaking crates.io crate gossan-horizontal 0.3.2
[INFO] tweaked toml for crates.io crate gossan-horizontal 0.3.2 written to /workspace/builds/worker-6-tc2/source/Cargo.toml
[INFO] validating manifest of crates.io crate gossan-horizontal 0.3.2 on toolchain 1.98.0-beta.1
[INFO] running `Command { std: CARGO_HOME="/workspace/cargo-home" RUSTUP_HOME="/workspace/rustup-home" "/workspace/cargo-home/bin/cargo" "+1.98.0-beta.1" "metadata" "--manifest-path" "Cargo.toml" "--no-deps", kill_on_drop: false }`
[INFO] crate crates.io crate gossan-horizontal 0.3.2 already has a lockfile, it will not be regenerated
[INFO] running `Command { std: CARGO_HOME="/workspace/cargo-home" RUSTUP_HOME="/workspace/rustup-home" "/workspace/cargo-home/bin/cargo" "+1.98.0-beta.1" "fetch" "--manifest-path" "Cargo.toml", kill_on_drop: false }`
[INFO] [stderr]     Blocking waiting for file lock on package cache
[INFO] [stderr]     Updating crates.io index
[INFO] [stderr]     Blocking waiting for file lock on package cache
[ERROR] error running command: no output for 300 seconds
[INFO] testing gossan-horizontal-0.3.2 against 1.98.0-beta.1 for beta-1.98-2
[INFO] extracting crate gossan-horizontal 0.3.2 into /workspace/builds/worker-6-tc2/source
[INFO] started tweaking crates.io crate gossan-horizontal 0.3.2
[INFO] removed 0 missing tests
[INFO] finished tweaking crates.io crate gossan-horizontal 0.3.2
[INFO] tweaked toml for crates.io crate gossan-horizontal 0.3.2 written to /workspace/builds/worker-6-tc2/source/Cargo.toml
[INFO] validating manifest of crates.io crate gossan-horizontal 0.3.2 on toolchain 1.98.0-beta.1
[INFO] running `Command { std: CARGO_HOME="/workspace/cargo-home" RUSTUP_HOME="/workspace/rustup-home" "/workspace/cargo-home/bin/cargo" "+1.98.0-beta.1" "metadata" "--manifest-path" "Cargo.toml" "--no-deps", kill_on_drop: false }`
[INFO] crate crates.io crate gossan-horizontal 0.3.2 already has a lockfile, it will not be regenerated
[INFO] running `Command { std: CARGO_HOME="/workspace/cargo-home" RUSTUP_HOME="/workspace/rustup-home" "/workspace/cargo-home/bin/cargo" "+1.98.0-beta.1" "fetch" "--manifest-path" "Cargo.toml", kill_on_drop: false }`
[INFO] [stderr]     Blocking waiting for file lock on package cache
[INFO] [stderr]     Blocking waiting for file lock on package cache
[ERROR] error running command: no output for 300 seconds
[INFO] testing gossan-horizontal-0.3.2 against 1.98.0-beta.1 for beta-1.98-2
[INFO] extracting crate gossan-horizontal 0.3.2 into /workspace/builds/worker-6-tc2/source
[INFO] started tweaking crates.io crate gossan-horizontal 0.3.2
[INFO] removed 0 missing tests
[INFO] finished tweaking crates.io crate gossan-horizontal 0.3.2
[INFO] tweaked toml for crates.io crate gossan-horizontal 0.3.2 written to /workspace/builds/worker-6-tc2/source/Cargo.toml
[INFO] validating manifest of crates.io crate gossan-horizontal 0.3.2 on toolchain 1.98.0-beta.1
[INFO] running `Command { std: CARGO_HOME="/workspace/cargo-home" RUSTUP_HOME="/workspace/rustup-home" "/workspace/cargo-home/bin/cargo" "+1.98.0-beta.1" "metadata" "--manifest-path" "Cargo.toml" "--no-deps", kill_on_drop: false }`
[INFO] crate crates.io crate gossan-horizontal 0.3.2 already has a lockfile, it will not be regenerated
[INFO] running `Command { std: CARGO_HOME="/workspace/cargo-home" RUSTUP_HOME="/workspace/rustup-home" "/workspace/cargo-home/bin/cargo" "+1.98.0-beta.1" "fetch" "--manifest-path" "Cargo.toml", kill_on_drop: false }`
[INFO] [stderr]     Blocking waiting for file lock on package cache
[INFO] [stderr]     Blocking waiting for file lock on package cache
[ERROR] error running command: no output for 300 seconds
[INFO] testing gossan-horizontal-0.3.2 against 1.98.0-beta.1 for beta-1.98-2
[INFO] extracting crate gossan-horizontal 0.3.2 into /workspace/builds/worker-6-tc2/source
[INFO] started tweaking crates.io crate gossan-horizontal 0.3.2
[INFO] removed 0 missing tests
[INFO] finished tweaking crates.io crate gossan-horizontal 0.3.2
[INFO] tweaked toml for crates.io crate gossan-horizontal 0.3.2 written to /workspace/builds/worker-6-tc2/source/Cargo.toml
[INFO] validating manifest of crates.io crate gossan-horizontal 0.3.2 on toolchain 1.98.0-beta.1
[INFO] running `Command { std: CARGO_HOME="/workspace/cargo-home" RUSTUP_HOME="/workspace/rustup-home" "/workspace/cargo-home/bin/cargo" "+1.98.0-beta.1" "metadata" "--manifest-path" "Cargo.toml" "--no-deps", kill_on_drop: false }`
[INFO] crate crates.io crate gossan-horizontal 0.3.2 already has a lockfile, it will not be regenerated
[INFO] running `Command { std: CARGO_HOME="/workspace/cargo-home" RUSTUP_HOME="/workspace/rustup-home" "/workspace/cargo-home/bin/cargo" "+1.98.0-beta.1" "fetch" "--manifest-path" "Cargo.toml", kill_on_drop: false }`
[INFO] [stderr]     Blocking waiting for file lock on package cache
[INFO] [stderr]     Blocking waiting for file lock on package cache
[ERROR] error running command: no output for 300 seconds
[INFO] testing gossan-horizontal-0.3.2 against 1.98.0-beta.1 for beta-1.98-2
[INFO] extracting crate gossan-horizontal 0.3.2 into /workspace/builds/worker-6-tc2/source
[INFO] started tweaking crates.io crate gossan-horizontal 0.3.2
[INFO] removed 0 missing tests
[INFO] finished tweaking crates.io crate gossan-horizontal 0.3.2
[INFO] tweaked toml for crates.io crate gossan-horizontal 0.3.2 written to /workspace/builds/worker-6-tc2/source/Cargo.toml
[INFO] validating manifest of crates.io crate gossan-horizontal 0.3.2 on toolchain 1.98.0-beta.1
[INFO] running `Command { std: CARGO_HOME="/workspace/cargo-home" RUSTUP_HOME="/workspace/rustup-home" "/workspace/cargo-home/bin/cargo" "+1.98.0-beta.1" "metadata" "--manifest-path" "Cargo.toml" "--no-deps", kill_on_drop: false }`
[INFO] crate crates.io crate gossan-horizontal 0.3.2 already has a lockfile, it will not be regenerated
[INFO] running `Command { std: CARGO_HOME="/workspace/cargo-home" RUSTUP_HOME="/workspace/rustup-home" "/workspace/cargo-home/bin/cargo" "+1.98.0-beta.1" "fetch" "--manifest-path" "Cargo.toml", kill_on_drop: false }`
[INFO] [stderr]     Blocking waiting for file lock on package cache
[INFO] [stderr]     Blocking waiting for file lock on package cache
[INFO] [stderr]  Downloading crates ...
[INFO] [stderr]   Downloaded x509-cert v0.2.5
[INFO] [stderr]   Downloaded flagset v0.4.7
[INFO] [stderr]   Downloaded tls_codec v0.4.2
[INFO] [stderr]   Downloaded tls_codec_derive v0.4.2
[INFO] [stderr]   Downloaded der_derive v0.7.3
[INFO] [stderr]   Downloaded resolv-conf v0.7.6
[INFO] [stderr]   Downloaded tagptr v0.2.0
[INFO] [stderr]   Downloaded psl-types v2.0.11
[INFO] [stderr]   Downloaded wasm-bindgen-shared v0.2.121
[INFO] [stderr]   Downloaded wasm-bindgen-macro v0.2.121
[INFO] [stderr]   Downloaded compression-core v0.4.32
[INFO] [stderr]   Downloaded wasm-bindgen-futures v0.4.71
[INFO] [stderr]   Downloaded compression-codecs v0.4.38
[INFO] [stderr]   Downloaded lru-cache v0.1.2
[INFO] [stderr]   Downloaded ntlmclient v0.2.0
[INFO] [stderr]   Downloaded md4 v0.10.2
[INFO] [stderr]   Downloaded hashkit v0.1.0
[INFO] [stderr]   Downloaded fallible-streaming-iterator v0.1.9
[INFO] [stderr]   Downloaded ipconfig v0.3.4
[INFO] [stderr]   Downloaded md-5 v0.11.0
[INFO] [stderr]   Downloaded secfinding v0.3.0
[INFO] [stderr]   Downloaded digest v0.11.3
[INFO] [stderr]   Downloaded hashlink v0.9.1
[INFO] [stderr]   Downloaded gossan-checkpoint v0.3.2
[INFO] [stderr]   Downloaded uuid v1.23.0
[INFO] [stderr]   Downloaded des v0.8.1
[INFO] [stderr]   Downloaded hybrid-array v0.4.12
[INFO] [stderr]   Downloaded hickory-resolver v0.25.2
[INFO] [stderr]   Downloaded wasm-bindgen v0.2.121
[INFO] [stderr]   Downloaded fallible-iterator v0.3.0
[INFO] [stderr]   Downloaded wasm-bindgen-macro-support v0.2.121
[INFO] [stderr]   Downloaded proxywire v0.1.0
[INFO] [stderr]   Downloaded gossan-core v0.3.2
[INFO] [stderr]   Downloaded widestring v1.2.1
[INFO] [stderr]   Downloaded futures v0.3.32
[INFO] [stderr]   Downloaded publicsuffix v2.3.0
[INFO] [stderr]   Downloaded hickory-resolver v0.24.4
[INFO] [stderr]   Downloaded async-compression v0.4.42
[INFO] [stderr]   Downloaded gossan-portscan v0.3.2
[INFO] [stderr]   Downloaded js-sys v0.3.98
[INFO] [stderr]   Downloaded tower-http v0.6.10
[INFO] [stderr]   Downloaded rusqlite v0.32.1
[INFO] [stderr]   Downloaded h2 v0.4.14
[INFO] [stderr]   Downloaded moka v0.12.15
[INFO] [stderr]   Downloaded hickory-proto v0.24.4
[INFO] [stderr]   Downloaded hickory-proto v0.25.2
[INFO] [stderr]   Downloaded web-sys v0.3.98
[INFO] [stderr]   Downloaded tokio v1.51.1
[INFO] running `Command { std: "docker" "create" "-v" "/var/lib/crater-agent-workspace/builds/worker-6-tc2/source:/opt/rustwide/workdir:ro,Z" "-v" "/var/lib/crater-agent-workspace/builds/worker-6-tc2/target:/opt/rustwide/target:rw,Z" "-v" "/var/lib/crater-agent-workspace/cargo-home:/opt/rustwide/cargo-home:ro,Z" "-v" "/var/lib/crater-agent-workspace/rustup-home:/opt/rustwide/rustup-home:ro,Z" "-m" "1610612736" "--network" "none" "ghcr.io/rust-lang/crates-build-env/linux@sha256:3d5ced03c013a94a2f102a4510f48a6e9184255caf5fd8244f58017bde7f5210" "sleep" "infinity", kill_on_drop: false }`
[INFO] [stdout] eff0db3f99623018995645050b2bd98b99e34f50964b302f050d851a85543c05
[INFO] running `Command { std: "docker" "start" "eff0db3f99623018995645050b2bd98b99e34f50964b302f050d851a85543c05", kill_on_drop: false }`
[INFO] running `Command { std: "docker" "inspect" "eff0db3f99623018995645050b2bd98b99e34f50964b302f050d851a85543c05", kill_on_drop: false }`
[INFO] running `Command { std: "docker" "exec" "-e" "SOURCE_DIR=/opt/rustwide/workdir" "-e" "CARGO_HOME=/opt/rustwide/cargo-home" "-e" "RUSTUP_HOME=/opt/rustwide/rustup-home" "-e" "CARGO_TARGET_DIR=/opt/rustwide/target" "-w" "/opt/rustwide/workdir" "--user" "0:0" "eff0db3f99623018995645050b2bd98b99e34f50964b302f050d851a85543c05" "/opt/rustwide/cargo-home/bin/cargo" "+1.98.0-beta.1" "metadata" "--no-deps" "--format-version=1", kill_on_drop: false }`
[INFO] running `Command { std: "docker" "inspect" "eff0db3f99623018995645050b2bd98b99e34f50964b302f050d851a85543c05", kill_on_drop: false }`
[INFO] running `Command { std: "docker" "exec" "-e" "SOURCE_DIR=/opt/rustwide/workdir" "-e" "CARGO_HOME=/opt/rustwide/cargo-home" "-e" "RUSTUP_HOME=/opt/rustwide/rustup-home" "-e" "CARGO_TARGET_DIR=/opt/rustwide/target" "-e" "CARGO_INCREMENTAL=0" "-e" "RUST_BACKTRACE=full" "-e" "RUSTFLAGS=--cap-lints=warn" "-e" "RUSTDOCFLAGS=--cap-lints=warn" "-w" "/opt/rustwide/workdir" "--user" "0:0" "eff0db3f99623018995645050b2bd98b99e34f50964b302f050d851a85543c05" "/opt/rustwide/cargo-home/bin/cargo" "+1.98.0-beta.1" "build" "--frozen" "--message-format=json", kill_on_drop: false }`
[INFO] [stderr]    Compiling portable-atomic v1.13.1
[INFO] [stderr]    Compiling serde_core v1.0.228
[INFO] [stderr]    Compiling critical-section v1.2.0
[INFO] [stderr]    Compiling syn v2.0.117
[INFO] [stderr]    Compiling memchr v2.8.0
[INFO] [stderr]    Compiling zerocopy v0.8.48
[INFO] [stderr]    Compiling serde v1.0.228
[INFO] [stderr]    Compiling typenum v1.20.0
[INFO] [stderr]    Compiling writeable v0.6.3
[INFO] [stderr]    Compiling litemap v0.8.2
[INFO] [stderr]    Compiling slab v0.4.12
[INFO] [stderr]    Compiling futures-channel v0.3.32
[INFO] [stderr]    Compiling icu_properties_data v2.2.0
[INFO] [stderr]    Compiling icu_normalizer_data v2.2.0
[INFO] [stderr]    Compiling getrandom v0.2.17
[INFO] [stderr]    Compiling generic-array v0.14.7
[INFO] [stderr]    Compiling futures-io v0.3.32
[INFO] [stderr]    Compiling crossbeam-utils v0.8.21
[INFO] [stderr]    Compiling once_cell v1.21.4
[INFO] [stderr]    Compiling hashbrown v0.17.1
[INFO] [stderr]    Compiling rand_core v0.10.1
[INFO] [stderr]    Compiling tracing-core v0.1.36
[INFO] [stderr]    Compiling getrandom v0.4.2
[INFO] [stderr]    Compiling getrandom v0.3.4
[INFO] [stderr]    Compiling crypto-common v0.1.7
[INFO] [stderr]    Compiling ipnet v2.12.0
[INFO] [stderr]    Compiling bitflags v2.11.1
[INFO] [stderr]    Compiling indexmap v2.14.0
[INFO] [stderr]    Compiling crc32fast v1.5.0
[INFO] [stderr]    Compiling alloc-no-stdlib v2.0.4
[INFO] [stderr]    Compiling alloc-stdlib v0.2.2
[INFO] [stderr]    Compiling block-buffer v0.10.4
[INFO] [stderr]    Compiling rand_core v0.6.4
[INFO] [stderr]    Compiling ahash v0.8.12
[INFO] [stderr]    Compiling tinyvec_macros v0.1.1
[INFO] [stderr]    Compiling zmij v1.0.21
[INFO] [stderr]    Compiling simd-adler32 v0.3.9
[INFO] [stderr]    Compiling adler2 v2.0.1
[INFO] [stderr]    Compiling tinyvec v1.11.0
[INFO] [stderr]    Compiling miniz_oxide v0.8.9
[INFO] [stderr]    Compiling ring v0.17.14
[INFO] [stderr]    Compiling digest v0.10.7
[INFO] [stderr]    Compiling brotli-decompressor v5.0.0
[INFO] [stderr]    Compiling rand_core v0.9.5
[INFO] [stderr]    Compiling serde_json v1.0.149
[INFO] [stderr]    Compiling rustls v0.23.40
[INFO] [stderr]    Compiling num-conv v0.2.1
[INFO] [stderr]    Compiling data-encoding v2.11.0
[INFO] [stderr]    Compiling thiserror v2.0.18
[INFO] [stderr]    Compiling time-macros v0.2.27
[INFO] [stderr]    Compiling synstructure v0.13.2
[INFO] [stderr]    Compiling brotli v8.0.2
[INFO] [stderr]    Compiling flate2 v1.1.9
[INFO] [stderr]    Compiling rustls-webpki v0.103.13
[INFO] [stderr]    Compiling uuid v1.23.0
[INFO] [stderr]    Compiling num-traits v0.2.19
[INFO] [stderr]    Compiling hybrid-array v0.4.12
[INFO] [stderr]    Compiling cookie v0.18.1
[INFO] [stderr]    Compiling cpufeatures v0.3.0
[INFO] [stderr]    Compiling compression-core v0.4.32
[INFO] [stderr]    Compiling ppv-lite86 v0.2.21
[INFO] [stderr]    Compiling hashbrown v0.14.5
[INFO] [stderr]    Compiling zerofrom-derive v0.1.7
[INFO] [stderr]    Compiling yoke-derive v0.8.2
[INFO] [stderr]    Compiling zerovec-derive v0.11.3
[INFO] [stderr]    Compiling displaydoc v0.2.5
[INFO] [stderr]    Compiling serde_derive v1.0.228
[INFO] [stderr]    Compiling tokio-macros v2.7.0
[INFO] [stderr]    Compiling futures-macro v0.3.32
[INFO] [stderr]    Compiling tracing-attributes v0.1.31
[INFO] [stderr]    Compiling tokio v1.51.1
[INFO] [stderr]    Compiling zerofrom v0.1.8
[INFO] [stderr]    Compiling yoke v0.8.2
[INFO] [stderr]    Compiling rand_chacha v0.3.1
[INFO] [stderr]    Compiling futures-util v0.3.32
[INFO] [stderr]    Compiling zerovec v0.11.6
[INFO] [stderr]    Compiling zerotrie v0.2.4
[INFO] [stderr]    Compiling tracing v0.1.44
[INFO] [stderr]    Compiling enum-as-inner v0.6.1
[INFO] [stderr]    Compiling async-trait v0.1.89
[INFO] [stderr]    Compiling rand v0.8.6
[INFO] [stderr]    Compiling rand_chacha v0.9.0
[INFO] [stderr]    Compiling tinystr v0.8.3
[INFO] [stderr]    Compiling icu_locale_core v2.2.0
[INFO] [stderr]    Compiling potential_utf v0.1.5
[INFO] [stderr]    Compiling icu_collections v2.2.0
[INFO] [stderr]    Compiling thiserror-impl v2.0.18
[INFO] [stderr]    Compiling rand v0.9.4
[INFO] [stderr]    Compiling compression-codecs v0.4.38
[INFO] [stderr]    Compiling icu_provider v2.2.0
[INFO] [stderr]    Compiling time v0.3.47
[INFO] [stderr]    Compiling icu_normalizer v2.2.0
[INFO] [stderr]    Compiling icu_properties v2.2.0
[INFO] [stderr]    Compiling crossbeam-epoch v0.9.18
[INFO] [stderr]    Compiling toml_datetime v0.6.11
[INFO] [stderr]    Compiling serde_spanned v0.6.9
[INFO] [stderr]    Compiling crossbeam-channel v0.5.15
[INFO] [stderr]    Compiling inout v0.1.4
[INFO] [stderr]    Compiling sync_wrapper v1.0.2
[INFO] [stderr]    Compiling tagptr v0.2.0
[INFO] [stderr]    Compiling winnow v0.7.15
[INFO] [stderr]    Compiling psl-types v2.0.11
[INFO] [stderr]    Compiling resolv-conf v0.7.6
[INFO] [stderr]    Compiling litrs v1.0.0
[INFO] [stderr]    Compiling moka v0.12.15
[INFO] [stderr]    Compiling chrono v0.4.44
[INFO] [stderr]    Compiling idna_adapter v1.2.2
[INFO] [stderr]    Compiling idna v1.1.0
[INFO] [stderr]    Compiling document-features v0.2.12
[INFO] [stderr]    Compiling url v2.5.8
[INFO] [stderr]    Compiling publicsuffix v2.3.0
[INFO] [stderr]    Compiling tokio-util v0.7.18
[INFO] [stderr]    Compiling tower v0.5.3
[INFO] [stderr]    Compiling async-compression v0.4.42
[INFO] [stderr]    Compiling h2 v0.4.14
[INFO] [stderr]    Compiling toml_edit v0.22.27
[INFO] [stderr]    Compiling hickory-proto v0.25.2
[INFO] [stderr]    Compiling tokio-rustls v0.26.4
[INFO] [stderr]    Compiling cipher v0.4.4
[INFO] [stderr]    Compiling thiserror-impl v1.0.69
[INFO] [stderr]    Compiling crypto-common v0.2.1
[INFO] [stderr]    Compiling block-buffer v0.12.0
[INFO] [stderr]    Compiling webpki-roots v1.0.7
[INFO] [stderr]    Compiling blake3 v1.8.5
[INFO] [stderr]    Compiling pkg-config v0.3.33
[INFO] [stderr]    Compiling const-oid v0.10.2
[INFO] [stderr]    Compiling ryu v1.0.23
[INFO] [stderr]    Compiling serde_urlencoded v0.7.1
[INFO] [stderr]    Compiling digest v0.11.3
[INFO] [stderr]    Compiling thiserror v1.0.69
[INFO] [stderr]    Compiling libsqlite3-sys v0.30.1
[INFO] [stderr]    Compiling tower-http v0.6.10
[INFO] [stderr]    Compiling cookie_store v0.22.1
[INFO] [stderr]    Compiling toml v0.8.23
[INFO] [stderr]    Compiling des v0.8.1
[INFO] [stderr]    Compiling futures-executor v0.3.32
[INFO] [stderr]    Compiling chacha20 v0.10.0
[INFO] [stderr]    Compiling hyper v1.9.0
[INFO] [stderr]    Compiling hickory-resolver v0.25.2
[INFO] [stderr]    Compiling md4 v0.10.2
[INFO] [stderr]    Compiling hmac v0.12.1
[INFO] [stderr]    Compiling md-5 v0.10.6
[INFO] [stderr]    Compiling raw-cpuid v11.6.0
[INFO] [stderr]    Compiling constant_time_eq v0.4.2
[INFO] [stderr]    Compiling linked-hash-map v0.5.6
[INFO] [stderr]    Compiling anyhow v1.0.102
[INFO] [stderr]    Compiling base64ct v1.8.3
[INFO] [stderr]    Compiling arrayref v0.3.9
[INFO] [stderr]    Compiling pem-rfc7468 v0.7.0
[INFO] [stderr]    Compiling lru-cache v0.1.2
[INFO] [stderr]    Compiling hyper-util v0.1.20
[INFO] [stderr]    Compiling ntlmclient v0.2.0
[INFO] [stderr]    Compiling rand v0.10.1
[INFO] [stderr]    Compiling quanta v0.12.6
[INFO] [stderr]    Compiling futures v0.3.32
[INFO] [stderr]    Compiling md-5 v0.11.0
[INFO] [stderr]    Compiling hickory-proto v0.24.4
[INFO] [stderr]    Compiling dashmap v5.5.3
[INFO] [stderr]    Compiling der_derive v0.7.3
[INFO] [stderr]    Compiling spinning_top v0.3.0
[INFO] [stderr]    Compiling flagset v0.4.7
[INFO] [stderr]    Compiling const-oid v0.9.6
[INFO] [stderr]    Compiling no-std-compat v0.4.1
[INFO] [stderr]    Compiling nonzero_ext v0.3.0
[INFO] [stderr]    Compiling futures-timer v3.0.3
[INFO] [stderr]    Compiling hyper-rustls v0.27.9
[INFO] [stderr]    Compiling governor v0.6.3
[INFO] [stderr]    Compiling reqwest v0.12.28
[INFO] [stderr]    Compiling hashkit v0.1.0
[INFO] [stderr]    Compiling secfinding v0.3.0
[INFO] [stderr]    Compiling hashlink v0.9.1
[INFO] [stderr]    Compiling aho-corasick v1.1.4
[INFO] [stderr]    Compiling regex-syntax v0.8.10
[INFO] [stderr]    Compiling der v0.7.10
[INFO] [stderr]    Compiling fallible-streaming-iterator v0.1.9
[INFO] [stderr]    Compiling fallible-iterator v0.3.0
[INFO] [stderr]    Compiling sha2 v0.10.9
[INFO] [stderr]    Compiling md5 v0.7.0
[INFO] [stderr]    Compiling spki v0.7.3
[INFO] [stderr]    Compiling hickory-resolver v0.24.4
[INFO] [stderr]    Compiling x509-cert v0.2.5
[INFO] [stderr]    Compiling regex-automata v0.4.14
[INFO] [stderr]    Compiling proxywire v0.1.0
[INFO] [stderr]    Compiling gossan-core v0.3.2
[INFO] [stderr]    Compiling regex v1.12.3
[INFO] [stderr]    Compiling rusqlite v0.32.1
[INFO] [stderr]    Compiling gossan-checkpoint v0.3.2
[INFO] [stderr]    Compiling gossan-portscan v0.3.2
[INFO] [stderr]    Compiling gossan-horizontal v0.3.2 (/opt/rustwide/workdir)
[INFO] [stderr]     Finished `dev` profile [unoptimized + debuginfo] target(s) in 2m 21s
[INFO] running `Command { std: "docker" "inspect" "eff0db3f99623018995645050b2bd98b99e34f50964b302f050d851a85543c05", kill_on_drop: false }`
[INFO] running `Command { std: "docker" "exec" "-e" "SOURCE_DIR=/opt/rustwide/workdir" "-e" "CARGO_HOME=/opt/rustwide/cargo-home" "-e" "RUSTUP_HOME=/opt/rustwide/rustup-home" "-e" "CARGO_TARGET_DIR=/opt/rustwide/target" "-e" "CARGO_INCREMENTAL=0" "-e" "RUST_BACKTRACE=full" "-e" "RUSTFLAGS=--cap-lints=warn" "-e" "RUSTDOCFLAGS=--cap-lints=warn" "-w" "/opt/rustwide/workdir" "--user" "0:0" "eff0db3f99623018995645050b2bd98b99e34f50964b302f050d851a85543c05" "/opt/rustwide/cargo-home/bin/cargo" "+1.98.0-beta.1" "test" "--frozen" "--no-run" "--message-format=json", kill_on_drop: false }`
[INFO] [stderr]    Compiling gossan-horizontal v0.3.2 (/opt/rustwide/workdir)
[INFO] [stderr]     Finished `test` profile [unoptimized + debuginfo] target(s) in 4.59s
[INFO] running `Command { std: "docker" "inspect" "eff0db3f99623018995645050b2bd98b99e34f50964b302f050d851a85543c05", kill_on_drop: false }`
[INFO] running `Command { std: "docker" "exec" "-e" "SOURCE_DIR=/opt/rustwide/workdir" "-e" "CARGO_HOME=/opt/rustwide/cargo-home" "-e" "RUSTUP_HOME=/opt/rustwide/rustup-home" "-e" "CARGO_TARGET_DIR=/opt/rustwide/target" "-e" "CARGO_INCREMENTAL=0" "-e" "RUST_BACKTRACE=full" "-e" "RUSTFLAGS=--cap-lints=warn" "-e" "RUSTDOCFLAGS=--cap-lints=warn" "-w" "/opt/rustwide/workdir" "--user" "0:0" "eff0db3f99623018995645050b2bd98b99e34f50964b302f050d851a85543c05" "/opt/rustwide/cargo-home/bin/cargo" "+1.98.0-beta.1" "test" "--frozen", kill_on_drop: false }`
[INFO] [stderr]     Finished `test` profile [unoptimized + debuginfo] target(s) in 0.51s
[INFO] [stderr]      Running unittests src/lib.rs (/opt/rustwide/target/debug/deps/gossan_horizontal-a771ae16f6d6fe8e)
[INFO] [stdout] 
[INFO] [stderr]      Running tests/adversarial/conservative.rs (/opt/rustwide/target/debug/deps/adversarial-7f3ccc6087351a57)
[INFO] [stdout] running 3 tests
[INFO] [stderr]      Running tests/cidr_expansion.rs (/opt/rustwide/target/debug/deps/cidr_expansion-cfd32ef505da3dbc)
[INFO] [stdout] test asn::tests::parse_prefixes_handles_lines_and_whitespace ... ok
[INFO] [stdout] test asn::tests::parse_asn_handles_valid_and_invalid ... ok
[INFO] [stdout] test ownership::tests::parse_reverseip_handles_empty_and_lines ... ok
[INFO] [stdout] 
[INFO] [stdout] test result: ok. 3 passed; 0 failed; 0 ignored; 0 measured; 0 filtered out; finished in 0.00s
[INFO] [stdout] 
[INFO] [stdout] 
[INFO] [stdout] running 5 tests
[INFO] [stdout] test test_adversarial_empty_inputs ... ignored, live network probes against example.com — wall-clock O(minutes); run with --ignored
[INFO] [stdout] test test_adversarial_huge_inputs ... ignored, live network probes against example.com — wall-clock O(minutes); run with --ignored
[INFO] [stdout] test test_crash_recovery_malformed_responses ... ok
[INFO] [stdout] test test_concurrent_access ... ok
[INFO] [stdout] test test_adversarial_null_bytes ... ok
[INFO] [stdout] 
[INFO] [stdout] test result: ok. 3 passed; 0 failed; 2 ignored; 0 measured; 0 filtered out; finished in 0.09s
[INFO] [stdout] 
[INFO] [stdout] 
[INFO] [stdout] running 6 tests
[INFO] [stdout] test slash29_expands_to_six_usable_hosts ... ok
[INFO] [stdout] test slash30_expands_to_two_usable_hosts ... ok
[INFO] [stdout] test slash24_yields_254_usable_hosts ... ok
[INFO] [stdout] test ipv6_cidr_expansion_does_not_panic ... ok
[INFO] [stdout] test slash32_yields_one_host ... ok
[INFO] [stdout] test malformed_cidr_returns_err ... ok
[INFO] [stdout] 
[INFO] [stdout] test result: ok. 6 passed; 0 failed; 0 ignored; 0 measured; 0 filtered out; finished in 0.55s
[INFO] [stdout] 
[INFO] [stderr]    Doc-tests gossan_horizontal
[INFO] [stdout] 
[INFO] [stdout] running 1 test
[INFO] [stdout] test src/conservative.rs - conservative::ConservativeScanner (line 700) ... ignored
[INFO] [stdout] 
[INFO] [stdout] test result: ok. 0 passed; 0 failed; 1 ignored; 0 measured; 0 filtered out; finished in 0.00s
[INFO] [stdout] 
[INFO] running `Command { std: "docker" "inspect" "eff0db3f99623018995645050b2bd98b99e34f50964b302f050d851a85543c05", kill_on_drop: false }`
[INFO] running `Command { std: "docker" "rm" "-f" "eff0db3f99623018995645050b2bd98b99e34f50964b302f050d851a85543c05", kill_on_drop: false }`
[INFO] [stdout] eff0db3f99623018995645050b2bd98b99e34f50964b302f050d851a85543c05
