[INFO] cloning repository https://github.com/levish0/nanachi-lang
[INFO] running `Command { std: "git" "-c" "credential.helper=" "-c" "credential.helper=/workspace/cargo-home/bin/git-credential-null" "clone" "--bare" "https://github.com/levish0/nanachi-lang" "/workspace/cache/git-repos/https%3A%2F%2Fgithub.com%2Flevish0%2Fnanachi-lang", kill_on_drop: false }`
[INFO] [stderr] Cloning into bare repository '/workspace/cache/git-repos/https%3A%2F%2Fgithub.com%2Flevish0%2Fnanachi-lang'...
[INFO] running `Command { std: "git" "rev-parse" "HEAD", kill_on_drop: false }`
[INFO] [stdout] 8d96a4a344f1efc4ee6d6a406e97feb0c5b36445
[INFO] testing levish0/nanachi-lang against 1.98.0-beta.1 for beta-1.98-2
[INFO] running `Command { std: "git" "clone" "/workspace/cache/git-repos/https%3A%2F%2Fgithub.com%2Flevish0%2Fnanachi-lang" "/workspace/builds/worker-3-tc2/source", kill_on_drop: false }`
[INFO] [stderr] Cloning into '/workspace/builds/worker-3-tc2/source'...
[INFO] [stderr] done.
[INFO] removed /workspace/builds/worker-3-tc2/source/.cargo/config.toml
[INFO] started tweaking git repo https://github.com/levish0/nanachi-lang
[INFO] finished tweaking git repo https://github.com/levish0/nanachi-lang
[INFO] tweaked toml for git repo https://github.com/levish0/nanachi-lang written to /workspace/builds/worker-3-tc2/source/Cargo.toml
[INFO] validating manifest of git repo https://github.com/levish0/nanachi-lang on toolchain 1.98.0-beta.1
[INFO] running `Command { std: CARGO_HOME="/workspace/cargo-home" RUSTUP_HOME="/workspace/rustup-home" "/workspace/cargo-home/bin/cargo" "+1.98.0-beta.1" "metadata" "--manifest-path" "Cargo.toml" "--no-deps", kill_on_drop: false }`
[INFO] crate git repo https://github.com/levish0/nanachi-lang already has a lockfile, it will not be regenerated
[INFO] running `Command { std: CARGO_HOME="/workspace/cargo-home" RUSTUP_HOME="/workspace/rustup-home" "/workspace/cargo-home/bin/cargo" "+1.98.0-beta.1" "fetch" "--manifest-path" "Cargo.toml", kill_on_drop: false }`
[INFO] [stderr]     Blocking waiting for file lock on package cache
[INFO] [stderr]     Updating crates.io index
[INFO] [stderr]     Blocking waiting for file lock on package cache
[ERROR] error running command: no output for 300 seconds
[INFO] testing levish0/nanachi-lang against 1.98.0-beta.1 for beta-1.98-2
[INFO] running `Command { std: "git" "clone" "/workspace/cache/git-repos/https%3A%2F%2Fgithub.com%2Flevish0%2Fnanachi-lang" "/workspace/builds/worker-3-tc2/source", kill_on_drop: false }`
[INFO] [stderr] Cloning into '/workspace/builds/worker-3-tc2/source'...
[INFO] [stderr] done.
[INFO] removed /workspace/builds/worker-3-tc2/source/.cargo/config.toml
[INFO] started tweaking git repo https://github.com/levish0/nanachi-lang
[INFO] finished tweaking git repo https://github.com/levish0/nanachi-lang
[INFO] tweaked toml for git repo https://github.com/levish0/nanachi-lang written to /workspace/builds/worker-3-tc2/source/Cargo.toml
[INFO] validating manifest of git repo https://github.com/levish0/nanachi-lang on toolchain 1.98.0-beta.1
[INFO] running `Command { std: CARGO_HOME="/workspace/cargo-home" RUSTUP_HOME="/workspace/rustup-home" "/workspace/cargo-home/bin/cargo" "+1.98.0-beta.1" "metadata" "--manifest-path" "Cargo.toml" "--no-deps", kill_on_drop: false }`
[INFO] crate git repo https://github.com/levish0/nanachi-lang already has a lockfile, it will not be regenerated
[INFO] running `Command { std: CARGO_HOME="/workspace/cargo-home" RUSTUP_HOME="/workspace/rustup-home" "/workspace/cargo-home/bin/cargo" "+1.98.0-beta.1" "fetch" "--manifest-path" "Cargo.toml", kill_on_drop: false }`
[INFO] [stderr]     Blocking waiting for file lock on package cache
[INFO] [stderr]     Blocking waiting for file lock on package cache
[ERROR] error running command: no output for 300 seconds
[INFO] testing levish0/nanachi-lang against 1.98.0-beta.1 for beta-1.98-2
[INFO] running `Command { std: "git" "clone" "/workspace/cache/git-repos/https%3A%2F%2Fgithub.com%2Flevish0%2Fnanachi-lang" "/workspace/builds/worker-3-tc2/source", kill_on_drop: false }`
[INFO] [stderr] Cloning into '/workspace/builds/worker-3-tc2/source'...
[INFO] [stderr] done.
[INFO] removed /workspace/builds/worker-3-tc2/source/.cargo/config.toml
[INFO] started tweaking git repo https://github.com/levish0/nanachi-lang
[INFO] finished tweaking git repo https://github.com/levish0/nanachi-lang
[INFO] tweaked toml for git repo https://github.com/levish0/nanachi-lang written to /workspace/builds/worker-3-tc2/source/Cargo.toml
[INFO] validating manifest of git repo https://github.com/levish0/nanachi-lang on toolchain 1.98.0-beta.1
[INFO] running `Command { std: CARGO_HOME="/workspace/cargo-home" RUSTUP_HOME="/workspace/rustup-home" "/workspace/cargo-home/bin/cargo" "+1.98.0-beta.1" "metadata" "--manifest-path" "Cargo.toml" "--no-deps", kill_on_drop: false }`
[INFO] crate git repo https://github.com/levish0/nanachi-lang already has a lockfile, it will not be regenerated
[INFO] running `Command { std: CARGO_HOME="/workspace/cargo-home" RUSTUP_HOME="/workspace/rustup-home" "/workspace/cargo-home/bin/cargo" "+1.98.0-beta.1" "fetch" "--manifest-path" "Cargo.toml", kill_on_drop: false }`
[INFO] [stderr]     Blocking waiting for file lock on package cache
[INFO] [stderr]     Blocking waiting for file lock on package cache
[ERROR] error running command: no output for 300 seconds
[INFO] testing levish0/nanachi-lang against 1.98.0-beta.1 for beta-1.98-2
[INFO] running `Command { std: "git" "clone" "/workspace/cache/git-repos/https%3A%2F%2Fgithub.com%2Flevish0%2Fnanachi-lang" "/workspace/builds/worker-3-tc2/source", kill_on_drop: false }`
[INFO] [stderr] Cloning into '/workspace/builds/worker-3-tc2/source'...
[INFO] [stderr] done.
[INFO] removed /workspace/builds/worker-3-tc2/source/.cargo/config.toml
[INFO] started tweaking git repo https://github.com/levish0/nanachi-lang
[INFO] finished tweaking git repo https://github.com/levish0/nanachi-lang
[INFO] tweaked toml for git repo https://github.com/levish0/nanachi-lang written to /workspace/builds/worker-3-tc2/source/Cargo.toml
[INFO] validating manifest of git repo https://github.com/levish0/nanachi-lang on toolchain 1.98.0-beta.1
[INFO] running `Command { std: CARGO_HOME="/workspace/cargo-home" RUSTUP_HOME="/workspace/rustup-home" "/workspace/cargo-home/bin/cargo" "+1.98.0-beta.1" "metadata" "--manifest-path" "Cargo.toml" "--no-deps", kill_on_drop: false }`
[INFO] crate git repo https://github.com/levish0/nanachi-lang already has a lockfile, it will not be regenerated
[INFO] running `Command { std: CARGO_HOME="/workspace/cargo-home" RUSTUP_HOME="/workspace/rustup-home" "/workspace/cargo-home/bin/cargo" "+1.98.0-beta.1" "fetch" "--manifest-path" "Cargo.toml", kill_on_drop: false }`
[INFO] [stderr]     Blocking waiting for file lock on package cache
[INFO] [stderr]     Blocking waiting for file lock on package cache
[ERROR] error running command: no output for 300 seconds
[INFO] testing levish0/nanachi-lang against 1.98.0-beta.1 for beta-1.98-2
[INFO] running `Command { std: "git" "clone" "/workspace/cache/git-repos/https%3A%2F%2Fgithub.com%2Flevish0%2Fnanachi-lang" "/workspace/builds/worker-3-tc2/source", kill_on_drop: false }`
[INFO] [stderr] Cloning into '/workspace/builds/worker-3-tc2/source'...
[INFO] [stderr] done.
[INFO] removed /workspace/builds/worker-3-tc2/source/.cargo/config.toml
[INFO] started tweaking git repo https://github.com/levish0/nanachi-lang
[INFO] finished tweaking git repo https://github.com/levish0/nanachi-lang
[INFO] tweaked toml for git repo https://github.com/levish0/nanachi-lang written to /workspace/builds/worker-3-tc2/source/Cargo.toml
[INFO] validating manifest of git repo https://github.com/levish0/nanachi-lang on toolchain 1.98.0-beta.1
[INFO] running `Command { std: CARGO_HOME="/workspace/cargo-home" RUSTUP_HOME="/workspace/rustup-home" "/workspace/cargo-home/bin/cargo" "+1.98.0-beta.1" "metadata" "--manifest-path" "Cargo.toml" "--no-deps", kill_on_drop: false }`
[INFO] crate git repo https://github.com/levish0/nanachi-lang already has a lockfile, it will not be regenerated
[INFO] running `Command { std: CARGO_HOME="/workspace/cargo-home" RUSTUP_HOME="/workspace/rustup-home" "/workspace/cargo-home/bin/cargo" "+1.98.0-beta.1" "fetch" "--manifest-path" "Cargo.toml", kill_on_drop: false }`
[INFO] [stderr]     Blocking waiting for file lock on package cache
[INFO] [stderr]     Blocking waiting for file lock on package cache
[INFO] [stderr]  Downloading crates ...
[INFO] [stderr]   Downloaded logos-derive v0.16.1
[INFO] [stderr]   Downloaded logos-codegen v0.16.1
[INFO] [stderr]   Downloaded unicode-ident v1.0.23
[INFO] [stderr]   Downloaded logos v0.16.1
[INFO] [stderr]   Downloaded quote v1.0.44
[INFO] [stderr]   Downloaded syn v2.0.115
[INFO] [stderr]   Downloaded regex-syntax v0.8.9
[INFO] running `Command { std: "docker" "create" "-v" "/var/lib/crater-agent-workspace/builds/worker-3-tc2/source:/opt/rustwide/workdir:ro,Z" "-v" "/var/lib/crater-agent-workspace/builds/worker-3-tc2/target:/opt/rustwide/target:rw,Z" "-v" "/var/lib/crater-agent-workspace/cargo-home:/opt/rustwide/cargo-home:ro,Z" "-v" "/var/lib/crater-agent-workspace/rustup-home:/opt/rustwide/rustup-home:ro,Z" "-m" "1610612736" "--network" "none" "ghcr.io/rust-lang/crates-build-env/linux@sha256:3d5ced03c013a94a2f102a4510f48a6e9184255caf5fd8244f58017bde7f5210" "sleep" "infinity", kill_on_drop: false }`
[INFO] [stdout] becad84318d6bd704041669b7514a89224e114f9cf92e93c41e5fc6832ba2378
[INFO] running `Command { std: "docker" "start" "becad84318d6bd704041669b7514a89224e114f9cf92e93c41e5fc6832ba2378", kill_on_drop: false }`
[INFO] running `Command { std: "docker" "inspect" "becad84318d6bd704041669b7514a89224e114f9cf92e93c41e5fc6832ba2378", kill_on_drop: false }`
[INFO] running `Command { std: "docker" "exec" "-e" "SOURCE_DIR=/opt/rustwide/workdir" "-e" "CARGO_HOME=/opt/rustwide/cargo-home" "-e" "RUSTUP_HOME=/opt/rustwide/rustup-home" "-e" "CARGO_TARGET_DIR=/opt/rustwide/target" "-w" "/opt/rustwide/workdir" "--user" "0:0" "becad84318d6bd704041669b7514a89224e114f9cf92e93c41e5fc6832ba2378" "/opt/rustwide/cargo-home/bin/cargo" "+1.98.0-beta.1" "metadata" "--no-deps" "--format-version=1", kill_on_drop: false }`
[INFO] running `Command { std: "docker" "inspect" "becad84318d6bd704041669b7514a89224e114f9cf92e93c41e5fc6832ba2378", kill_on_drop: false }`
[INFO] running `Command { std: "docker" "exec" "-e" "SOURCE_DIR=/opt/rustwide/workdir" "-e" "CARGO_HOME=/opt/rustwide/cargo-home" "-e" "RUSTUP_HOME=/opt/rustwide/rustup-home" "-e" "CARGO_TARGET_DIR=/opt/rustwide/target" "-e" "CARGO_INCREMENTAL=0" "-e" "RUST_BACKTRACE=full" "-e" "RUSTFLAGS=--cap-lints=warn" "-e" "RUSTDOCFLAGS=--cap-lints=warn" "-w" "/opt/rustwide/workdir" "--user" "0:0" "becad84318d6bd704041669b7514a89224e114f9cf92e93c41e5fc6832ba2378" "/opt/rustwide/cargo-home/bin/cargo" "+1.98.0-beta.1" "build" "--frozen" "--message-format=json", kill_on_drop: false }`
[INFO] [stderr]    Compiling proc-macro2 v1.0.106
[INFO] [stderr]    Compiling quote v1.0.44
[INFO] [stderr]    Compiling unicode-ident v1.0.23
[INFO] [stderr]    Compiling memchr v2.8.0
[INFO] [stderr]    Compiling regex-syntax v0.8.9
[INFO] [stderr]    Compiling fnv v1.0.7
[INFO] [stderr]    Compiling winnow v0.7.14
[INFO] [stderr]    Compiling aho-corasick v1.1.4
[INFO] [stderr]    Compiling syn v2.0.115
[INFO] [stderr]    Compiling regex-automata v0.4.14
[INFO] [stderr]    Compiling logos-codegen v0.16.1
[INFO] [stderr]    Compiling logos-derive v0.16.1
[INFO] [stderr]    Compiling logos v0.16.1
[INFO] [stderr]    Compiling nanachi-lexer v0.1.0 (/opt/rustwide/workdir/crates/nanachi-lexer)
[INFO] [stderr]    Compiling nanachi-ast v0.1.0 (/opt/rustwide/workdir/crates/nanachi-ast)
[INFO] [stderr]    Compiling nanachi-parser v0.1.0 (/opt/rustwide/workdir/crates/nanachi-parser)
[INFO] [stderr]    Compiling nanachi-hir v0.1.0 (/opt/rustwide/workdir/crates/nanachi-hir)
[INFO] [stderr]    Compiling nanachi-mir v0.1.0 (/opt/rustwide/workdir/crates/nanachi-mir)
[INFO] [stderr]    Compiling nanachi-analyzer v0.1.0 (/opt/rustwide/workdir/crates/nanachi-analyzer)
[INFO] [stderr]    Compiling nanachi-codegen v0.1.0 (/opt/rustwide/workdir/crates/nanachi-codegen)
[INFO] [stderr]    Compiling nanachi-cli v0.1.0 (/opt/rustwide/workdir/crates/nanachi-cli)
[INFO] [stderr]     Finished `dev` profile [unoptimized + debuginfo] target(s) in 6.27s
[INFO] running `Command { std: "docker" "inspect" "becad84318d6bd704041669b7514a89224e114f9cf92e93c41e5fc6832ba2378", kill_on_drop: false }`
[INFO] running `Command { std: "docker" "exec" "-e" "SOURCE_DIR=/opt/rustwide/workdir" "-e" "CARGO_HOME=/opt/rustwide/cargo-home" "-e" "RUSTUP_HOME=/opt/rustwide/rustup-home" "-e" "CARGO_TARGET_DIR=/opt/rustwide/target" "-e" "CARGO_INCREMENTAL=0" "-e" "RUST_BACKTRACE=full" "-e" "RUSTFLAGS=--cap-lints=warn" "-e" "RUSTDOCFLAGS=--cap-lints=warn" "-w" "/opt/rustwide/workdir" "--user" "0:0" "becad84318d6bd704041669b7514a89224e114f9cf92e93c41e5fc6832ba2378" "/opt/rustwide/cargo-home/bin/cargo" "+1.98.0-beta.1" "test" "--frozen" "--no-run" "--message-format=json", kill_on_drop: false }`
[INFO] [stderr]    Compiling nanachi-lexer v0.1.0 (/opt/rustwide/workdir/crates/nanachi-lexer)
[INFO] [stderr]    Compiling nanachi-ast v0.1.0 (/opt/rustwide/workdir/crates/nanachi-ast)
[INFO] [stderr]    Compiling nanachi-parser v0.1.0 (/opt/rustwide/workdir/crates/nanachi-parser)
[INFO] [stderr]    Compiling nanachi-hir v0.1.0 (/opt/rustwide/workdir/crates/nanachi-hir)
[INFO] [stderr]    Compiling nanachi-cli v0.1.0 (/opt/rustwide/workdir/crates/nanachi-cli)
[INFO] [stderr]    Compiling nanachi-codegen v0.1.0 (/opt/rustwide/workdir/crates/nanachi-codegen)
[INFO] [stderr]    Compiling nanachi-analyzer v0.1.0 (/opt/rustwide/workdir/crates/nanachi-analyzer)
[INFO] [stderr]    Compiling nanachi-mir v0.1.0 (/opt/rustwide/workdir/crates/nanachi-mir)
[INFO] [stderr]     Finished `test` profile [unoptimized + debuginfo] target(s) in 1.46s
[INFO] running `Command { std: "docker" "inspect" "becad84318d6bd704041669b7514a89224e114f9cf92e93c41e5fc6832ba2378", kill_on_drop: false }`
[INFO] running `Command { std: "docker" "exec" "-e" "SOURCE_DIR=/opt/rustwide/workdir" "-e" "CARGO_HOME=/opt/rustwide/cargo-home" "-e" "RUSTUP_HOME=/opt/rustwide/rustup-home" "-e" "CARGO_TARGET_DIR=/opt/rustwide/target" "-e" "CARGO_INCREMENTAL=0" "-e" "RUST_BACKTRACE=full" "-e" "RUSTFLAGS=--cap-lints=warn" "-e" "RUSTDOCFLAGS=--cap-lints=warn" "-w" "/opt/rustwide/workdir" "--user" "0:0" "becad84318d6bd704041669b7514a89224e114f9cf92e93c41e5fc6832ba2378" "/opt/rustwide/cargo-home/bin/cargo" "+1.98.0-beta.1" "test" "--frozen", kill_on_drop: false }`
[INFO] [stderr]     Finished `test` profile [unoptimized + debuginfo] target(s) in 0.02s
[INFO] [stderr]      Running unittests src/lib.rs (/opt/rustwide/target/debug/deps/nanachi_analyzer-3d63b89db0b4b804)
[INFO] [stdout] 
[INFO] [stdout] running 27 tests
[INFO] [stdout] test liveness::tests::param_live_at_entry ... ok
[INFO] [stdout] test liveness::tests::local_def_before_use_not_live_at_entry ... ok
[INFO] [stdout] test liveness::tests::dead_after_last_use ... ok
[INFO] [stdout] test mutability::tests::param_not_reassigned_is_not_mutable ... ok
[INFO] [stdout] test mutability::tests::compound_assign_is_mutable ... ok
[INFO] [stdout] test mutability::tests::reassigned_var_is_mutable ... ok
[INFO] [stdout] test mutability::tests::param_reassigned_is_mutable ... ok
[INFO] [stdout] test mutability::tests::single_assign_is_not_mutable ... ok
[INFO] [stdout] test tests::await_future_result_call_sites_are_fallible ... ok
[INFO] [stdout] test tests::call_site_move_and_clone ... ok
[INFO] [stdout] test tests::cross_function_converges_through_method_call ... ok
[INFO] [stdout] test tests::error_propagation_basic ... ok
[INFO] [stdout] test tests::error_propagates_through_method_call ... ok
[INFO] [stdout] test tests::call_site_respects_param_order ... ok
[INFO] [stdout] test tests::method_call_uses_user_defined_self_sig ... ok
[INFO] [stdout] test tests::direct_param_reassign_keeps_param_sig_ref ... ok
[INFO] [stdout] test tests::no_error_wrap_explicit_result ... ok
[INFO] [stdout] test tests::main_is_error_propagation_stop_condition ... ok
[INFO] [stdout] test tests::no_mut ... ok
[INFO] [stdout] test tests::self_ref ... ok
[INFO] [stdout] test tests::param_ref_string ... ok
[INFO] [stdout] test tests::param_consumed ... ok
[INFO] [stdout] test tests::self_ref_mut ... ok
[INFO] [stdout] test tests::param_ref_mut_via_hint ... ok
[INFO] [stdout] test tests::mut_reassign ... ok
[INFO] [stdout] test tests::sketch_ownership_integration ... ok
[INFO] [stdout] test tests::sketch_struct_impl_integration ... ok
[INFO] [stdout] 
[INFO] [stdout] test result: ok. 27 passed; 0 failed; 0 ignored; 0 measured; 0 filtered out; finished in 0.00s
[INFO] [stdout] 
[INFO] [stderr]      Running unittests src/lib.rs (/opt/rustwide/target/debug/deps/nanachi_ast-08fe238d90be325e)
[INFO] [stdout] 
[INFO] [stdout] running 0 tests
[INFO] [stdout] 
[INFO] [stdout] test result: ok. 0 passed; 0 failed; 0 ignored; 0 measured; 0 filtered out; finished in 0.00s
[INFO] [stdout] 
[INFO] [stderr]      Running unittests src/main.rs (/opt/rustwide/target/debug/deps/nanachi_cli-9b4978154c10bb10)
[INFO] [stdout] 
[INFO] [stdout] running 0 tests
[INFO] [stdout] 
[INFO] [stdout] test result: ok. 0 passed; 0 failed; 0 ignored; 0 measured; 0 filtered out; finished in 0.00s
[INFO] [stdout] 
[INFO] [stderr]      Running unittests src/lib.rs (/opt/rustwide/target/debug/deps/nanachi_codegen-859e7143b7112796)
[INFO] [stdout] 
[INFO] [stdout] running 11 tests
[INFO] [stdout] test generator::tests::async_main_gets_tokio_attr ... ok
[INFO] [stdout] test generator::tests::macro_tokens_are_compacted ... ok
[INFO] [stdout] test generator::tests::error_wrap_and_question_mark ... ok
[INFO] [stdout] test generator::tests::main_fallible_uses_expect_without_wrap ... ok
[INFO] [stdout] test generator::tests::method_receiver_borrow_does_not_emit_prefix_ref ... ok
[INFO] [stdout] test generator::tests::for_loop_borrows_iter_when_used_after ... ok
[INFO] [stdout] test generator::tests::method_self_sig_codegen ... ok
[INFO] [stdout] test generator::tests::mutability_and_param_sig_codegen ... ok
[INFO] [stdout] test generator::tests::trait_method_sig_follows_impl_analysis ... ok
[INFO] [stdout] test generator::tests::reqwest_get_text_chain_uses_expect_in_non_result_fn ... ok
[INFO] [stdout] test generator::tests::optional_and_null_codegen ... ok
[INFO] [stdout] 
[INFO] [stdout] test result: ok. 11 passed; 0 failed; 0 ignored; 0 measured; 0 filtered out; finished in 0.00s
[INFO] [stdout] 
[INFO] [stderr]      Running unittests src/lib.rs (/opt/rustwide/target/debug/deps/nanachi_hir-98f35eae0de52fe0)
[INFO] [stdout] 
[INFO] [stdout] running 29 tests
[INFO] [stdout] test lower::tests::async_fn_lowered ... ok
[INFO] [stdout] test lower::tests::assign_type_is_unit ... ok
[INFO] [stdout] test lower::tests::closure_lowered ... ok
[INFO] [stdout] test lower::tests::enum_variants_lowered ... ok
[INFO] [stdout] test lower::tests::for_loop_lowered ... ok
[INFO] [stdout] test lower::tests::generic_fn_lowered ... ok
[INFO] [stdout] test lower::tests::generic_fn_with_bound ... ok
[INFO] [stdout] test lower::tests::match_arms_lowered ... ok
[INFO] [stdout] test lower::tests::impl_block_lowered ... ok
[INFO] [stdout] test lower::tests::optional_chain_preserved ... ok
[INFO] [stdout] test lower::tests::rust_block_lowered ... ok
[INFO] [stdout] test lower::tests::null_coalesce_preserved ... ok
[INFO] [stdout] test lower::tests::scope_fn_param_type ... ok
[INFO] [stdout] test lower::tests::literal_types ... ok
[INFO] [stdout] test lower::tests::scope_fn_call_return_type ... ok
[INFO] [stdout] test lower::tests::sketch_comprehensive ... ok
[INFO] [stdout] test lower::tests::scope_variable_type_from_let ... ok
[INFO] [stdout] test lower::tests::struct_definition_in_scope ... ok
[INFO] [stdout] test lower::tests::struct_fields_lowered ... ok
[INFO] [stdout] test lower::tests::sketch_struct_impl_full ... ok
[INFO] [stdout] test lower::tests::trait_lowered ... ok
[INFO] [stdout] test lower::tests::type_option_desugaring ... ok
[INFO] [stdout] test lower::tests::sketch_option_full ... ok
[INFO] [stdout] test lower::tests::type_primitive_annotation ... ok
[INFO] [stdout] test lower::tests::type_generic_named ... ok
[INFO] [stdout] test lower::tests::use_item_lowered ... ok
[INFO] [stdout] test lower::tests::type_unit_return ... ok
[INFO] [stdout] test lower::tests::type_tuple ... ok
[INFO] [stdout] test lower::tests::while_loop_lowered ... ok
[INFO] [stdout] 
[INFO] [stdout] test result: ok. 29 passed; 0 failed; 0 ignored; 0 measured; 0 filtered out; finished in 0.00s
[INFO] [stdout] 
[INFO] [stderr]      Running unittests src/lib.rs (/opt/rustwide/target/debug/deps/nanachi_lexer-f17d542ecb65d6c6)
[INFO] [stdout] 
[INFO] [stdout] running 16 tests
[INFO] [stdout] test tests::compound_operators ... ok
[INFO] [stdout] test tests::arrow_and_fat_arrow ... ok
[INFO] [stdout] test tests::error_on_unknown_char ... ok
[INFO] [stdout] test tests::full_function ... ok
[INFO] [stdout] test tests::hello_world ... ok
[INFO] [stdout] test tests::keywords_vs_idents ... ok
[INFO] [stdout] test tests::line_comment_skipped ... ok
[INFO] [stdout] test tests::null_coalescing_vs_question ... ok
[INFO] [stdout] test tests::numeric_literals ... ok
[INFO] [stdout] test tests::optional_chaining_vs_question_dot ... ok
[INFO] [stdout] test tests::question_alone ... ok
[INFO] [stdout] test tests::ranges ... ok
[INFO] [stdout] test tests::self_keyword ... ok
[INFO] [stdout] test tests::shr_token ... ok
[INFO] [stdout] test tests::span_tracking ... ok
[INFO] [stdout] test tests::string_and_char_literals ... ok
[INFO] [stdout] 
[INFO] [stdout] test result: ok. 16 passed; 0 failed; 0 ignored; 0 measured; 0 filtered out; finished in 0.00s
[INFO] [stdout] 
[INFO] [stderr]      Running unittests src/lib.rs (/opt/rustwide/target/debug/deps/nanachi_mir-b9be7a7125309e7f)
[INFO] [stdout] 
[INFO] [stdout] running 19 tests
[INFO] [stdout] test builder::tests::async_await_method_call ... ok
[INFO] [stdout] test builder::tests::fn_call_terminator ... ok
[INFO] [stdout] test builder::tests::for_loop_blocks ... ok
[INFO] [stdout] test builder::tests::field_access_place ... ok
[INFO] [stdout] test builder::tests::macro_and_rust_block_statements ... ok
[INFO] [stdout] test builder::tests::if_else_blocks ... ok
[INFO] [stdout] test builder::tests::method_call_terminator ... ok
[INFO] [stdout] test builder::tests::simple_let ... ok
[INFO] [stdout] test builder::tests::reassignment ... ok
[INFO] [stdout] test builder::tests::optional_chain_and_null_coalesce ... ok
[INFO] [stdout] test builder::tests::return_in_middle ... ok
[INFO] [stdout] test builder::tests::params_and_self_locals ... ok
[INFO] [stdout] test builder::tests::sketch_struct_impl ... ok
[INFO] [stdout] test builder::tests::match_arms ... ok
[INFO] [stdout] test builder::tests::loop_break_continue ... ok
[INFO] [stdout] test builder::tests::sketch_ownership ... ok
[INFO] [stdout] test builder::tests::struct_literal_aggregate ... ok
[INFO] [stdout] test builder::tests::while_loop_blocks ... ok
[INFO] [stdout] test builder::tests::tuple_aggregate ... ok
[INFO] [stdout] 
[INFO] [stdout] test result: ok. 19 passed; 0 failed; 0 ignored; 0 measured; 0 filtered out; finished in 0.00s
[INFO] [stdout] 
[INFO] [stderr]      Running unittests src/lib.rs (/opt/rustwide/target/debug/deps/nanachi_parser-6fb0fb7d7b0fae42)
[INFO] [stdout] 
[INFO] [stdout] running 46 tests
[INFO] [stdout] test tests::binary_expression ... ok
[INFO] [stdout] test tests::closure_expr ... ok
[INFO] [stdout] test tests::async_fn ... ok
[INFO] [stdout] test tests::enum_definition ... ok
[INFO] [stdout] test tests::enum_with_tuple_variant ... ok
[INFO] [stdout] test tests::empty_program ... ok
[INFO] [stdout] test tests::fn_with_let_and_macro ... ok
[INFO] [stdout] test tests::fn_with_return_type ... ok
[INFO] [stdout] test tests::for_loop ... ok
[INFO] [stdout] test tests::generic_fn ... ok
[INFO] [stdout] test tests::impl_trait_for_type ... ok
[INFO] [stdout] test tests::generic_type ... ok
[INFO] [stdout] test tests::if_else_expression ... ok
[INFO] [stdout] test tests::nested_generic_shr_split ... ok
[INFO] [stdout] test tests::impl_block ... ok
[INFO] [stdout] test tests::multi_param_generic ... ok
[INFO] [stdout] test tests::match_expression ... ok
[INFO] [stdout] test tests::optional_generic ... ok
[INFO] [stdout] test tests::null_coalescing ... ok
[INFO] [stdout] test tests::method_chain ... ok
[INFO] [stdout] test tests::optional_chaining ... ok
[INFO] [stdout] test tests::optional_type ... ok
[INFO] [stdout] test tests::path_type ... ok
[INFO] [stdout] test tests::nested_option_generic ... ok
[INFO] [stdout] test tests::pub_fn ... ok
[INFO] [stdout] test tests::simple_fn_main ... ok
[INFO] [stdout] test tests::sketch_async ... ok
[INFO] [stdout] test tests::sketch_comprehensive ... ok
[INFO] [stdout] test tests::sketch_enum_match ... ok
[INFO] [stdout] test tests::sketch_control_flow ... ok
[INFO] [stdout] test tests::sketch_error_propagation ... ok
[INFO] [stdout] test tests::sketch_hello_world ... ok
[INFO] [stdout] test tests::sketch_option_return_type ... ok
[INFO] [stdout] test tests::sketch_rust_block ... ok
[INFO] [stdout] test tests::sketch_ownership ... ok
[INFO] [stdout] test tests::sketch_struct_impl ... ok
[INFO] [stdout] test tests::sketch_trait_generic ... ok
[INFO] [stdout] test tests::sketch_option_usage ... ok
[INFO] [stdout] test tests::sketch_variables ... ok
[INFO] [stdout] test tests::triple_nested_generic ... ok
[INFO] [stdout] test tests::tuple_type ... ok
[INFO] [stdout] test tests::use_item ... ok
[INFO] [stdout] test tests::while_loop ... ok
[INFO] [stdout] test tests::struct_definition ... ok
[INFO] [stdout] test tests::trait_definition ... ok
[INFO] [stdout] test tests::unit_return_type ... ok
[INFO] [stdout] 
[INFO] [stdout] test result: ok. 46 passed; 0 failed; 0 ignored; 0 measured; 0 filtered out; finished in 0.00s
[INFO] [stdout] 
[INFO] [stderr]    Doc-tests nanachi_analyzer
[INFO] [stdout] 
[INFO] [stdout] running 0 tests
[INFO] [stdout] 
[INFO] [stdout] test result: ok. 0 passed; 0 failed; 0 ignored; 0 measured; 0 filtered out; finished in 0.00s
[INFO] [stdout] 
[INFO] [stderr]    Doc-tests nanachi_ast
[INFO] [stdout] 
[INFO] [stdout] running 0 tests
[INFO] [stdout] 
[INFO] [stdout] test result: ok. 0 passed; 0 failed; 0 ignored; 0 measured; 0 filtered out; finished in 0.00s
[INFO] [stdout] 
[INFO] [stderr]    Doc-tests nanachi_codegen
[INFO] [stdout] 
[INFO] [stdout] running 0 tests
[INFO] [stdout] 
[INFO] [stdout] test result: ok. 0 passed; 0 failed; 0 ignored; 0 measured; 0 filtered out; finished in 0.00s
[INFO] [stdout] 
[INFO] [stderr]    Doc-tests nanachi_hir
[INFO] [stdout] 
[INFO] [stdout] running 0 tests
[INFO] [stdout] 
[INFO] [stdout] test result: ok. 0 passed; 0 failed; 0 ignored; 0 measured; 0 filtered out; finished in 0.00s
[INFO] [stdout] 
[INFO] [stderr]    Doc-tests nanachi_lexer
[INFO] [stdout] 
[INFO] [stdout] running 0 tests
[INFO] [stdout] 
[INFO] [stdout] test result: ok. 0 passed; 0 failed; 0 ignored; 0 measured; 0 filtered out; finished in 0.00s
[INFO] [stdout] 
[INFO] [stderr]    Doc-tests nanachi_mir
[INFO] [stdout] 
[INFO] [stdout] running 0 tests
[INFO] [stdout] 
[INFO] [stdout] test result: ok. 0 passed; 0 failed; 0 ignored; 0 measured; 0 filtered out; finished in 0.00s
[INFO] [stdout] 
[INFO] [stderr]    Doc-tests nanachi_parser
[INFO] [stdout] 
[INFO] [stdout] running 0 tests
[INFO] [stdout] 
[INFO] [stdout] test result: ok. 0 passed; 0 failed; 0 ignored; 0 measured; 0 filtered out; finished in 0.00s
[INFO] [stdout] 
[INFO] running `Command { std: "docker" "inspect" "becad84318d6bd704041669b7514a89224e114f9cf92e93c41e5fc6832ba2378", kill_on_drop: false }`
[INFO] running `Command { std: "docker" "rm" "-f" "becad84318d6bd704041669b7514a89224e114f9cf92e93c41e5fc6832ba2378", kill_on_drop: false }`
[INFO] [stdout] becad84318d6bd704041669b7514a89224e114f9cf92e93c41e5fc6832ba2378
