[INFO] fetching crate video_to_gif 0.1.0...
[INFO] testing video_to_gif-0.1.0 against 1.98.0-beta.1 for beta-1.98-2
[INFO] extracting crate video_to_gif 0.1.0 into /workspace/builds/worker-3-tc2/source
[INFO] started tweaking crates.io crate video_to_gif 0.1.0
[INFO] finished tweaking crates.io crate video_to_gif 0.1.0
[INFO] tweaked toml for crates.io crate video_to_gif 0.1.0 written to /workspace/builds/worker-3-tc2/source/Cargo.toml
[INFO] validating manifest of crates.io crate video_to_gif 0.1.0 on toolchain 1.98.0-beta.1
[INFO] running `Command { std: CARGO_HOME="/workspace/cargo-home" RUSTUP_HOME="/workspace/rustup-home" "/workspace/cargo-home/bin/cargo" "+1.98.0-beta.1" "metadata" "--manifest-path" "Cargo.toml" "--no-deps", kill_on_drop: false }`
[INFO] running `Command { std: CARGO_HOME="/workspace/cargo-home" RUSTUP_HOME="/workspace/rustup-home" "/workspace/cargo-home/bin/cargo" "+1.98.0-beta.1" "generate-lockfile" "--manifest-path" "Cargo.toml", kill_on_drop: false }`
[INFO] [stderr]     Updating crates.io index
[INFO] [stderr]      Locking 176 packages to latest compatible versions
[INFO] [stderr]       Adding gif v0.13.3 (available: v0.14.2)
[INFO] [stderr]       Adding ndarray v0.15.6 (available: v0.17.2)
[INFO] [stderr]       Adding video-rs v0.8.1 (available: v0.11.0)
[INFO] running `Command { std: CARGO_HOME="/workspace/cargo-home" RUSTUP_HOME="/workspace/rustup-home" "/workspace/cargo-home/bin/cargo" "+1.98.0-beta.1" "fetch" "--manifest-path" "Cargo.toml", kill_on_drop: false }`
[INFO] running `Command { std: "docker" "create" "-v" "/var/lib/crater-agent-workspace/builds/worker-3-tc2/source:/opt/rustwide/workdir:ro,Z" "-v" "/var/lib/crater-agent-workspace/builds/worker-3-tc2/target:/opt/rustwide/target:rw,Z" "-v" "/var/lib/crater-agent-workspace/cargo-home:/opt/rustwide/cargo-home:ro,Z" "-v" "/var/lib/crater-agent-workspace/rustup-home:/opt/rustwide/rustup-home:ro,Z" "-m" "1610612736" "--network" "none" "ghcr.io/rust-lang/crates-build-env/linux@sha256:3d5ced03c013a94a2f102a4510f48a6e9184255caf5fd8244f58017bde7f5210" "sleep" "infinity", kill_on_drop: false }`
[INFO] [stdout] df5fab05ca488297d6763a02f9168b47622bd3a027f3cb239d01079073766f6f
[INFO] running `Command { std: "docker" "start" "df5fab05ca488297d6763a02f9168b47622bd3a027f3cb239d01079073766f6f", kill_on_drop: false }`
[INFO] running `Command { std: "docker" "inspect" "df5fab05ca488297d6763a02f9168b47622bd3a027f3cb239d01079073766f6f", kill_on_drop: false }`
[INFO] running `Command { std: "docker" "exec" "-e" "SOURCE_DIR=/opt/rustwide/workdir" "-e" "CARGO_HOME=/opt/rustwide/cargo-home" "-e" "RUSTUP_HOME=/opt/rustwide/rustup-home" "-e" "CARGO_TARGET_DIR=/opt/rustwide/target" "-w" "/opt/rustwide/workdir" "--user" "0:0" "df5fab05ca488297d6763a02f9168b47622bd3a027f3cb239d01079073766f6f" "/opt/rustwide/cargo-home/bin/cargo" "+1.98.0-beta.1" "metadata" "--no-deps" "--format-version=1", kill_on_drop: false }`
[INFO] running `Command { std: "docker" "inspect" "df5fab05ca488297d6763a02f9168b47622bd3a027f3cb239d01079073766f6f", kill_on_drop: false }`
[INFO] running `Command { std: "docker" "exec" "-e" "SOURCE_DIR=/opt/rustwide/workdir" "-e" "CARGO_HOME=/opt/rustwide/cargo-home" "-e" "RUSTUP_HOME=/opt/rustwide/rustup-home" "-e" "CARGO_TARGET_DIR=/opt/rustwide/target" "-e" "CARGO_INCREMENTAL=0" "-e" "RUST_BACKTRACE=full" "-e" "RUSTFLAGS=--cap-lints=warn" "-e" "RUSTDOCFLAGS=--cap-lints=warn" "-w" "/opt/rustwide/workdir" "--user" "0:0" "df5fab05ca488297d6763a02f9168b47622bd3a027f3cb239d01079073766f6f" "/opt/rustwide/cargo-home/bin/cargo" "+1.98.0-beta.1" "build" "--frozen" "--message-format=json", kill_on_drop: false }`
[INFO] [stderr]    Compiling quote v1.0.46
[INFO] [stderr]    Compiling autocfg v1.5.1
[INFO] [stderr]    Compiling memchr v2.8.3
[INFO] [stderr]    Compiling libc v0.2.186
[INFO] [stderr]    Compiling bitflags v2.13.0
[INFO] [stderr]    Compiling crossbeam-utils v0.8.22
[INFO] [stderr]    Compiling glob v0.3.3
[INFO] [stderr]    Compiling crossbeam-epoch v0.9.20
[INFO] [stderr]    Compiling crossbeam-deque v0.8.7
[INFO] [stderr]    Compiling minimal-lexical v0.2.1
[INFO] [stderr]    Compiling clang-sys v1.8.1
[INFO] [stderr]    Compiling regex-syntax v0.8.11
[INFO] [stderr]    Compiling syn v2.0.118
[INFO] [stderr]    Compiling rayon-core v1.13.0
[INFO] [stderr]    Compiling libloading v0.8.9
[INFO] [stderr]    Compiling writeable v0.6.3
[INFO] [stderr]    Compiling num-traits v0.2.19
[INFO] [stderr]    Compiling nom v7.1.3
[INFO] [stderr]    Compiling bindgen v0.70.1
[INFO] [stderr]    Compiling either v1.16.0
[INFO] [stderr]    Compiling simd-adler32 v0.3.9
[INFO] [stderr]    Compiling itertools v0.13.0
[INFO] [stderr]    Compiling anyhow v1.0.103
[INFO] [stderr]    Compiling smallvec v1.15.2
[INFO] [stderr]    Compiling shlex v2.0.1
[INFO] [stderr]    Compiling rustc-hash v1.1.0
[INFO] [stderr]    Compiling num-integer v0.1.46
[INFO] [stderr]    Compiling regex-automata v0.4.15
[INFO] [stderr]    Compiling paste v1.0.15
[INFO] [stderr]    Compiling bytemuck v1.25.1
[INFO] [stderr]    Compiling num-bigint v0.4.8
[INFO] [stderr]    Compiling cc v1.2.67
[INFO] [stderr]    Compiling num_cpus v1.17.0
[INFO] [stderr]    Compiling crc32fast v1.5.0
[INFO] [stderr]    Compiling zerocopy v0.8.54
[INFO] [stderr]    Compiling arrayvec v0.7.8
[INFO] [stderr]    Compiling cexpr v0.6.0
[INFO] [stderr]    Compiling adler2 v2.0.1
[INFO] [stderr]    Compiling miniz_oxide v0.8.9
[INFO] [stderr]    Compiling regex v1.13.0
[INFO] [stderr]    Compiling num-complex v0.4.6
[INFO] [stderr]    Compiling num-rational v0.4.2
[INFO] [stderr]    Compiling rayon v1.12.0
[INFO] [stderr]    Compiling as-slice v0.2.1
[INFO] [stderr]    Compiling log v0.4.33
[INFO] [stderr]    Compiling libm v0.2.16
[INFO] [stderr]    Compiling built v0.8.1
[INFO] [stderr]    Compiling av-scenechange v0.14.1
[INFO] [stderr]    Compiling pulp v0.22.3
[INFO] [stderr]    Compiling aligned v0.4.3
[INFO] [stderr]    Compiling nom v8.0.0
[INFO] [stderr]    Compiling no_std_io2 v0.9.4
[INFO] [stderr]    Compiling matrixmultiply v0.3.10
[INFO] [stderr]    Compiling weezl v0.1.12
[INFO] [stderr]    Compiling y4m v0.8.0
[INFO] [stderr]    Compiling pastey v0.1.1
[INFO] [stderr]    Compiling quick-error v2.0.1
[INFO] [stderr]    Compiling rav1e v0.8.1
[INFO] [stderr]    Compiling synstructure v0.13.2
[INFO] [stderr]    Compiling bitstream-io v4.10.0
[INFO] [stderr]    Compiling flate2 v1.1.9
[INFO] [stderr]    Compiling itertools v0.14.0
[INFO] [stderr]    Compiling simd_helpers v0.1.0
[INFO] [stderr]    Compiling raw-cpuid v11.6.0
[INFO] [stderr]    Compiling pulp-wasm-simd-flag v0.1.1
[INFO] [stderr]    Compiling zune-core v0.5.1
[INFO] [stderr]    Compiling new_debug_unreachable v1.0.6
[INFO] [stderr]    Compiling noop_proc_macro v0.3.0
[INFO] [stderr]    Compiling rawpointer v0.2.1
[INFO] [stderr]    Compiling percent-encoding v2.3.2
[INFO] [stderr]    Compiling reborrow v0.5.5
[INFO] [stderr]    Compiling imgref v1.12.2
[INFO] [stderr]    Compiling ffmpeg-next v7.1.0
[INFO] [stderr]    Compiling maybe-rayon v0.1.1
[INFO] [stderr]    Compiling form_urlencoded v1.2.2
[INFO] [stderr]    Compiling tracing-core v0.1.36
[INFO] [stderr]    Compiling zerofrom-derive v0.1.7
[INFO] [stderr]    Compiling yoke-derive v0.8.2
[INFO] [stderr]    Compiling zerovec-derive v0.11.3
[INFO] [stderr]    Compiling displaydoc v0.2.6
[INFO] [stderr]    Compiling equator-macro v0.4.2
[INFO] [stderr]    Compiling zerocopy-derive v0.8.54
[INFO] [stderr]    Compiling thiserror-impl v2.0.18
[INFO] [stderr]    Compiling zerofrom v0.1.8
[INFO] [stderr]    Compiling equator v0.4.2
[INFO] [stderr]    Compiling profiling-procmacros v1.0.18
[INFO] [stderr]    Compiling yoke v0.8.3
[INFO] [stderr]    Compiling aligned-vec v0.6.4
[INFO] [stderr]    Compiling arg_enum_proc_macro v0.3.4
[INFO] [stderr]    Compiling profiling v1.0.18
[INFO] [stderr]    Compiling num-derive v0.4.2
[INFO] [stderr]    Compiling zerovec v0.11.6
[INFO] [stderr]    Compiling zerotrie v0.2.4
[INFO] [stderr]    Compiling v_frame v0.3.9
[INFO] [stderr]    Compiling av1-grain v0.2.5
[INFO] [stderr]    Compiling tracing-attributes v0.1.31
[INFO] [stderr]    Compiling tinystr v0.8.3
[INFO] [stderr]    Compiling icu_locale_core v2.2.0
[INFO] [stderr]    Compiling potential_utf v0.1.5
[INFO] [stderr]    Compiling icu_collections v2.2.0
[INFO] [stderr]    Compiling thiserror v2.0.18
[INFO] [stderr]    Compiling loop9 v0.1.5
[INFO] [stderr]    Compiling zune-jpeg v0.5.15
[INFO] [stderr]    Compiling icu_provider v2.2.0
[INFO] [stderr]    Compiling icu_properties v2.2.0
[INFO] [stderr]    Compiling icu_normalizer v2.2.0
[INFO] [stderr]    Compiling avif-serialize v0.8.9
[INFO] [stderr]    Compiling zune-inflate v0.2.54
[INFO] [stderr]    Compiling fdeflate v0.3.7
[INFO] [stderr]    Compiling bit_field v0.10.3
[INFO] [stderr]    Compiling rgb v0.8.53
[INFO] [stderr]    Compiling pxfm v0.1.30
[INFO] [stderr]    Compiling ffmpeg-sys-next v7.1.3
[INFO] [stderr]    Compiling lebe v0.5.3
[INFO] [stderr]    Compiling byteorder-lite v0.1.0
[INFO] [stderr]    Compiling fax v0.2.7
[INFO] [stderr]    Compiling image-webp v0.2.4
[INFO] [stderr]    Compiling idna_adapter v1.2.2
[INFO] [stderr]    Compiling idna v1.1.0
[INFO] [stderr]    Compiling tracing v0.1.44
[INFO] [stderr]    Compiling url v2.5.8
[INFO] [stderr]    Compiling png v0.18.1
[INFO] [stderr]    Compiling ndarray v0.15.6
[INFO] [stderr]    Compiling half v2.7.1
[INFO] [stderr]    Compiling gif v0.14.2
[INFO] [stderr]    Compiling qoi v0.4.1
[INFO] [stderr]    Compiling tiff v0.11.3
[INFO] [stderr]    Compiling exr v1.74.2
[INFO] [stderr]    Compiling gif v0.13.3
[INFO] [stderr]    Compiling moxcms v0.8.1
[INFO] [stderr]    Compiling ravif v0.13.0
[INFO] [stderr]    Compiling image v0.25.10
[INFO] [stderr]    Compiling video-rs v0.8.1
[INFO] [stderr]    Compiling video_to_gif v0.1.0 (/opt/rustwide/workdir)
[INFO] [stderr]     Finished `dev` profile [unoptimized + debuginfo] target(s) in 2m 40s
[INFO] running `Command { std: "docker" "inspect" "df5fab05ca488297d6763a02f9168b47622bd3a027f3cb239d01079073766f6f", kill_on_drop: false }`
[INFO] running `Command { std: "docker" "exec" "-e" "SOURCE_DIR=/opt/rustwide/workdir" "-e" "CARGO_HOME=/opt/rustwide/cargo-home" "-e" "RUSTUP_HOME=/opt/rustwide/rustup-home" "-e" "CARGO_TARGET_DIR=/opt/rustwide/target" "-e" "CARGO_INCREMENTAL=0" "-e" "RUST_BACKTRACE=full" "-e" "RUSTFLAGS=--cap-lints=warn" "-e" "RUSTDOCFLAGS=--cap-lints=warn" "-w" "/opt/rustwide/workdir" "--user" "0:0" "df5fab05ca488297d6763a02f9168b47622bd3a027f3cb239d01079073766f6f" "/opt/rustwide/cargo-home/bin/cargo" "+1.98.0-beta.1" "test" "--frozen" "--no-run" "--message-format=json", kill_on_drop: false }`
[INFO] [stderr]    Compiling video_to_gif v0.1.0 (/opt/rustwide/workdir)
[INFO] [stderr]     Finished `test` profile [unoptimized + debuginfo] target(s) in 1.89s
[INFO] running `Command { std: "docker" "inspect" "df5fab05ca488297d6763a02f9168b47622bd3a027f3cb239d01079073766f6f", kill_on_drop: false }`
[INFO] running `Command { std: "docker" "exec" "-e" "SOURCE_DIR=/opt/rustwide/workdir" "-e" "CARGO_HOME=/opt/rustwide/cargo-home" "-e" "RUSTUP_HOME=/opt/rustwide/rustup-home" "-e" "CARGO_TARGET_DIR=/opt/rustwide/target" "-e" "CARGO_INCREMENTAL=0" "-e" "RUST_BACKTRACE=full" "-e" "RUSTFLAGS=--cap-lints=warn" "-e" "RUSTDOCFLAGS=--cap-lints=warn" "-w" "/opt/rustwide/workdir" "--user" "0:0" "df5fab05ca488297d6763a02f9168b47622bd3a027f3cb239d01079073766f6f" "/opt/rustwide/cargo-home/bin/cargo" "+1.98.0-beta.1" "test" "--frozen", kill_on_drop: false }`
[INFO] [stderr]     Finished `test` profile [unoptimized + debuginfo] target(s) in 0.16s
[INFO] [stderr]      Running unittests src/lib.rs (/opt/rustwide/target/debug/deps/video_to_gif-224ca561a42a62c2)
[INFO] [stdout] 
[INFO] [stdout] running 1 test
[INFO] [stdout] test tests::video_to_gif_test ... FAILED
[INFO] [stdout] 
[INFO] [stdout] failures:
[INFO] [stdout] 
[INFO] [stdout] ---- tests::video_to_gif_test stdout ----
[INFO] [stdout] 
[INFO] [stdout] thread 'tests::video_to_gif_test' (2386) panicked at src/lib.rs:146:10:
[INFO] [stdout] called `Result::unwrap()` on an `Err` value: No such file or directory
[INFO] [stdout] 
[INFO] [stdout] Caused by:
[INFO] [stdout]     No such file or directory
[INFO] [stdout] 
[INFO] [stdout] Stack backtrace:
[INFO] [stdout]    0: <anyhow::Error as core::convert::From<video_rs::error::Error>>::from
[INFO] [stdout]              at /opt/rustwide/cargo-home/registry/src/index.crates.io-1949cf8c6b5b557f/anyhow-1.0.103/src/backtrace.rs:10:14
[INFO] [stdout]    1: <core::result::Result<bool, anyhow::Error> as core::ops::try_trait::FromResidual<core::result::Result<core::convert::Infallible, video_rs::error::Error>>>::from_residual
[INFO] [stdout]              at /rustc/6b3fa26749ab40e159b2dd5cf577acaaf5902772/library/core/src/result.rs:2192:27
[INFO] [stdout]    2: video_to_gif::video_to_gif
[INFO] [stdout]              at ./src/lib.rs:52:23
[INFO] [stdout]    3: video_to_gif::tests::video_to_gif_test
[INFO] [stdout]              at ./src/lib.rs:140:21
[INFO] [stdout]    4: video_to_gif::tests::video_to_gif_test::{closure#0}
[INFO] [stdout]              at ./src/lib.rs:139:27
[INFO] [stdout]    5: <video_to_gif::tests::video_to_gif_test::{closure#0} as core::ops::function::FnOnce<()>>::call_once
[INFO] [stdout]              at /rustc/6b3fa26749ab40e159b2dd5cf577acaaf5902772/library/core/src/ops/function.rs:250:5
[INFO] [stdout]    6: <fn() -> core::result::Result<(), alloc::string::String> as core::ops::function::FnOnce<()>>::call_once
[INFO] [stdout]              at /rustc/6b3fa26749ab40e159b2dd5cf577acaaf5902772/library/core/src/ops/function.rs:250:5
[INFO] [stdout]    7: test::__rust_begin_short_backtrace::<core::result::Result<(), alloc::string::String>, fn() -> core::result::Result<(), alloc::string::String>>
[INFO] [stdout]              at /rustc/6b3fa26749ab40e159b2dd5cf577acaaf5902772/library/test/src/lib.rs:724:18
[INFO] [stdout]    8: test::run_test_in_process::{closure#0}
[INFO] [stdout]              at /rustc/6b3fa26749ab40e159b2dd5cf577acaaf5902772/library/test/src/lib.rs:747:74
[INFO] [stdout]    9: <core::panic::unwind_safe::AssertUnwindSafe<test::run_test_in_process::{closure#0}> as core::ops::function::FnOnce<()>>::call_once
[INFO] [stdout]              at /rustc/6b3fa26749ab40e159b2dd5cf577acaaf5902772/library/core/src/panic/unwind_safe.rs:275:9
[INFO] [stdout]   10: std::panicking::catch_unwind::do_call::<core::panic::unwind_safe::AssertUnwindSafe<test::run_test_in_process::{closure#0}>, core::result::Result<(), alloc::string::String>>
[INFO] [stdout]              at /rustc/6b3fa26749ab40e159b2dd5cf577acaaf5902772/library/std/src/panicking.rs:576:43
[INFO] [stdout]   11: std::panicking::catch_unwind::<core::result::Result<(), alloc::string::String>, core::panic::unwind_safe::AssertUnwindSafe<test::run_test_in_process::{closure#0}>>
[INFO] [stdout]              at /rustc/6b3fa26749ab40e159b2dd5cf577acaaf5902772/library/std/src/panicking.rs:544:19
[INFO] [stdout]   12: std::panic::catch_unwind::<core::panic::unwind_safe::AssertUnwindSafe<test::run_test_in_process::{closure#0}>, core::result::Result<(), alloc::string::String>>
[INFO] [stdout]              at /rustc/6b3fa26749ab40e159b2dd5cf577acaaf5902772/library/std/src/panic.rs:359:14
[INFO] [stdout]   13: test::run_test_in_process
[INFO] [stdout]              at /rustc/6b3fa26749ab40e159b2dd5cf577acaaf5902772/library/test/src/lib.rs:747:27
[INFO] [stdout]   14: test::run_test::{closure#0}
[INFO] [stdout]              at /rustc/6b3fa26749ab40e159b2dd5cf577acaaf5902772/library/test/src/lib.rs:668:43
[INFO] [stdout]   15: test::run_test::{closure#1}
[INFO] [stdout]              at /rustc/6b3fa26749ab40e159b2dd5cf577acaaf5902772/library/test/src/lib.rs:698:41
[INFO] [stdout]   16: std::sys::backtrace::__rust_begin_short_backtrace::<test::run_test::{closure#1}, ()>
[INFO] [stdout]              at /rustc/6b3fa26749ab40e159b2dd5cf577acaaf5902772/library/std/src/sys/backtrace.rs:166:18
[INFO] [stdout]   17: std::thread::lifecycle::spawn_unchecked::<test::run_test::{closure#1}, ()>::{closure#1}::{closure#0}
[INFO] [stdout]              at /rustc/6b3fa26749ab40e159b2dd5cf577acaaf5902772/library/std/src/thread/lifecycle.rs:70:13
[INFO] [stdout]   18: <core::panic::unwind_safe::AssertUnwindSafe<std::thread::lifecycle::spawn_unchecked<test::run_test::{closure#1}, ()>::{closure#1}::{closure#0}> as core::ops::function::FnOnce<()>>::call_once
[INFO] [stdout]              at /rustc/6b3fa26749ab40e159b2dd5cf577acaaf5902772/library/core/src/panic/unwind_safe.rs:275:9
[INFO] [stdout]   19: std::panicking::catch_unwind::do_call::<core::panic::unwind_safe::AssertUnwindSafe<std::thread::lifecycle::spawn_unchecked<test::run_test::{closure#1}, ()>::{closure#1}::{closure#0}>, ()>
[INFO] [stdout]              at /rustc/6b3fa26749ab40e159b2dd5cf577acaaf5902772/library/std/src/panicking.rs:576:43
[INFO] [stdout]   20: std::panicking::catch_unwind::<(), core::panic::unwind_safe::AssertUnwindSafe<std::thread::lifecycle::spawn_unchecked<test::run_test::{closure#1}, ()>::{closure#1}::{closure#0}>>
[INFO] [stdout]              at /rustc/6b3fa26749ab40e159b2dd5cf577acaaf5902772/library/std/src/panicking.rs:544:19
[INFO] [stdout]   21: std::panic::catch_unwind::<core::panic::unwind_safe::AssertUnwindSafe<std::thread::lifecycle::spawn_unchecked<test::run_test::{closure#1}, ()>::{closure#1}::{closure#0}>, ()>
[INFO] [stdout]              at /rustc/6b3fa26749ab40e159b2dd5cf577acaaf5902772/library/std/src/panic.rs:359:14
[INFO] [stdout]   22: std::thread::lifecycle::spawn_unchecked::<test::run_test::{closure#1}, ()>::{closure#1}
[INFO] [stdout]              at /rustc/6b3fa26749ab40e159b2dd5cf577acaaf5902772/library/std/src/thread/lifecycle.rs:68:26
[INFO] [stdout]   23: <std::thread::lifecycle::spawn_unchecked<test::run_test::{closure#1}, ()>::{closure#1} as core::ops::function::FnOnce<()>>::call_once::{shim:vtable#0}
[INFO] [stdout]              at /rustc/6b3fa26749ab40e159b2dd5cf577acaaf5902772/library/core/src/ops/function.rs:250:5
[INFO] [stdout]   24: <alloc::boxed::Box<dyn core::ops::function::FnOnce<(), Output = ()> + core::marker::Send> as core::ops::function::FnOnce<()>>::call_once
[INFO] [stdout]              at /rustc/6b3fa26749ab40e159b2dd5cf577acaaf5902772/library/alloc/src/boxed.rs:2319:9
[INFO] [stdout]   25: <std::sys::thread::unix::Thread>::new::thread_start
[INFO] [stdout]              at /rustc/6b3fa26749ab40e159b2dd5cf577acaaf5902772/library/std/src/sys/thread/unix.rs:123:17
[INFO] [stdout]   26: <unknown>
[INFO] [stdout]   27: clone
[INFO] [stdout] stack backtrace:
[INFO] [stdout]    0:     0x5b4937a5dac1 - std[73adb7dc35730857]::backtrace_rs::backtrace::libunwind::trace
[INFO] [stdout]                                at /rustc/6b3fa26749ab40e159b2dd5cf577acaaf5902772/library/std/src/../../backtrace/src/backtrace/libunwind.rs:117:9
[INFO] [stdout]    1:     0x5b4937a5dac1 - std[73adb7dc35730857]::backtrace_rs::backtrace::trace_unsynchronized::<std[73adb7dc35730857]::sys::backtrace::_print_fmt::{closure#1}>
[INFO] [stdout]                                at /rustc/6b3fa26749ab40e159b2dd5cf577acaaf5902772/library/std/src/../../backtrace/src/backtrace/mod.rs:66:14
[INFO] [stdout]    2:     0x5b4937a5dac1 - std[73adb7dc35730857]::sys::backtrace::_print_fmt
[INFO] [stdout]                                at /rustc/6b3fa26749ab40e159b2dd5cf577acaaf5902772/library/std/src/sys/backtrace.rs:74:9
[INFO] [stdout]    3:     0x5b4937a5dac1 - <<std[73adb7dc35730857]::sys::backtrace::BacktraceLock>::print::DisplayBacktrace as core[6883ba1bc0fe4ed1]::fmt::Display>::fmt
[INFO] [stdout]                                at /rustc/6b3fa26749ab40e159b2dd5cf577acaaf5902772/library/std/src/sys/backtrace.rs:44:26
[INFO] [stdout]    4:     0x5b4937a7245a - <core[6883ba1bc0fe4ed1]::fmt::rt::Argument>::fmt
[INFO] [stdout]                                at /rustc/6b3fa26749ab40e159b2dd5cf577acaaf5902772/library/core/src/fmt/rt.rs:152:76
[INFO] [stdout]    5:     0x5b4937a7245a - core[6883ba1bc0fe4ed1]::fmt::write
[INFO] [stdout]    6:     0x5b4937a6252c - std[73adb7dc35730857]::io::default_write_fmt::<alloc[55a36b64bcbf2c0d]::vec::Vec<u8>>
[INFO] [stdout]                                at /rustc/6b3fa26749ab40e159b2dd5cf577acaaf5902772/library/std/src/io/mod.rs:626:11
[INFO] [stdout]    7:     0x5b4937a6252c - <alloc[55a36b64bcbf2c0d]::vec::Vec<u8> as std[73adb7dc35730857]::io::Write>::write_fmt
[INFO] [stdout]                                at /rustc/6b3fa26749ab40e159b2dd5cf577acaaf5902772/library/std/src/io/mod.rs:1730:13
[INFO] [stdout]    8:     0x5b4937a3ba86 - <std[73adb7dc35730857]::sys::backtrace::BacktraceLock>::print
[INFO] [stdout]                                at /rustc/6b3fa26749ab40e159b2dd5cf577acaaf5902772/library/std/src/sys/backtrace.rs:47:9
[INFO] [stdout]    9:     0x5b4937a3ba86 - std[73adb7dc35730857]::panicking::default_hook::{closure#0}
[INFO] [stdout]                                at /rustc/6b3fa26749ab40e159b2dd5cf577acaaf5902772/library/std/src/panicking.rs:292:27
[INFO] [stdout]   10:     0x5b4937a55b49 - std[73adb7dc35730857]::panicking::default_hook
[INFO] [stdout]                                at /rustc/6b3fa26749ab40e159b2dd5cf577acaaf5902772/library/std/src/panicking.rs:316:9
[INFO] [stdout]   11:     0x5b4937958930 - <alloc[55a36b64bcbf2c0d]::boxed::Box<dyn for<'a, 'b> core[6883ba1bc0fe4ed1]::ops::function::Fn<(&'a std[73adb7dc35730857]::panic::PanicHookInfo<'b>,), Output = ()> + core[6883ba1bc0fe4ed1]::marker::Send + core[6883ba1bc0fe4ed1]::marker::Sync> as core[6883ba1bc0fe4ed1]::ops::function::Fn<(&std[73adb7dc35730857]::panic::PanicHookInfo,)>>::call
[INFO] [stdout]                                at /rustc/6b3fa26749ab40e159b2dd5cf577acaaf5902772/library/alloc/src/boxed.rs:2333:9
[INFO] [stdout]   12:     0x5b4937958930 - test[980ffaebd391d06d]::test_main_inner::<test[980ffaebd391d06d]::test_main_static::{closure#0}>::{closure#0}
[INFO] [stdout]                                at /rustc/6b3fa26749ab40e159b2dd5cf577acaaf5902772/library/test/src/lib.rs:155:21
[INFO] [stdout]   13:     0x5b4937a55d02 - <alloc[55a36b64bcbf2c0d]::boxed::Box<dyn for<'a, 'b> core[6883ba1bc0fe4ed1]::ops::function::Fn<(&'a std[73adb7dc35730857]::panic::PanicHookInfo<'b>,), Output = ()> + core[6883ba1bc0fe4ed1]::marker::Send + core[6883ba1bc0fe4ed1]::marker::Sync> as core[6883ba1bc0fe4ed1]::ops::function::Fn<(&std[73adb7dc35730857]::panic::PanicHookInfo,)>>::call
[INFO] [stdout]                                at /rustc/6b3fa26749ab40e159b2dd5cf577acaaf5902772/library/alloc/src/boxed.rs:2333:9
[INFO] [stdout]   14:     0x5b4937a55d02 - std[73adb7dc35730857]::panicking::panic_with_hook
[INFO] [stdout]                                at /rustc/6b3fa26749ab40e159b2dd5cf577acaaf5902772/library/std/src/panicking.rs:823:13
[INFO] [stdout]   15:     0x5b4937a3bb32 - std[73adb7dc35730857]::panicking::panic_handler::{closure#0}
[INFO] [stdout]                                at /rustc/6b3fa26749ab40e159b2dd5cf577acaaf5902772/library/std/src/panicking.rs:688:13
[INFO] [stdout]   16:     0x5b4937a32ec9 - std[73adb7dc35730857]::sys::backtrace::__rust_end_short_backtrace::<std[73adb7dc35730857]::panicking::panic_handler::{closure#0}, !>
[INFO] [stdout]                                at /rustc/6b3fa26749ab40e159b2dd5cf577acaaf5902772/library/std/src/sys/backtrace.rs:182:18
[INFO] [stdout]   17:     0x5b4937a3c83d - __rustc[a7b7b02e776dd976]::rust_begin_unwind
[INFO] [stdout]                                at /rustc/6b3fa26749ab40e159b2dd5cf577acaaf5902772/library/std/src/panicking.rs:679:5
[INFO] [stdout]   18:     0x5b4937a72c4c - core[6883ba1bc0fe4ed1]::panicking::panic_fmt
[INFO] [stdout]                                at /rustc/6b3fa26749ab40e159b2dd5cf577acaaf5902772/library/core/src/panicking.rs:80:14
[INFO] [stdout]   19:     0x5b4937a72992 - core[6883ba1bc0fe4ed1]::result::unwrap_failed
[INFO] [stdout]                                at /rustc/6b3fa26749ab40e159b2dd5cf577acaaf5902772/library/core/src/result.rs:1870:5
[INFO] [stdout]   20:     0x5b4937948f0d - <core[6883ba1bc0fe4ed1]::result::Result<bool, anyhow[f9f341d57a5e0344]::Error>>::unwrap
[INFO] [stdout]                                at /rustc/6b3fa26749ab40e159b2dd5cf577acaaf5902772/library/core/src/result.rs:1231:23
[INFO] [stdout]   21:     0x5b4937948f0d - video_to_gif[150c4664102f470a]::tests::video_to_gif_test
[INFO] [stdout]                                at /opt/rustwide/workdir/src/lib.rs:146:10
[INFO] [stdout]   22:     0x5b4937943e07 - video_to_gif[150c4664102f470a]::tests::video_to_gif_test::{closure#0}
[INFO] [stdout]                                at /opt/rustwide/workdir/src/lib.rs:139:27
[INFO] [stdout]   23:     0x5b493794bad6 - <video_to_gif[150c4664102f470a]::tests::video_to_gif_test::{closure#0} as core[6883ba1bc0fe4ed1]::ops::function::FnOnce<()>>::call_once
[INFO] [stdout]                                at /rustc/6b3fa26749ab40e159b2dd5cf577acaaf5902772/library/core/src/ops/function.rs:250:5
[INFO] [stdout]   24:     0x5b493794bc6b - <fn() -> core[6883ba1bc0fe4ed1]::result::Result<(), alloc[55a36b64bcbf2c0d]::string::String> as core[6883ba1bc0fe4ed1]::ops::function::FnOnce<()>>::call_once
[INFO] [stdout]                                at /rustc/6b3fa26749ab40e159b2dd5cf577acaaf5902772/library/core/src/ops/function.rs:250:5
[INFO] [stdout]   25:     0x5b493794bc6b - test[980ffaebd391d06d]::__rust_begin_short_backtrace::<core[6883ba1bc0fe4ed1]::result::Result<(), alloc[55a36b64bcbf2c0d]::string::String>, fn() -> core[6883ba1bc0fe4ed1]::result::Result<(), alloc[55a36b64bcbf2c0d]::string::String>>
[INFO] [stdout]                                at /rustc/6b3fa26749ab40e159b2dd5cf577acaaf5902772/library/test/src/lib.rs:724:18
[INFO] [stdout]   26:     0x5b49379592b5 - test[980ffaebd391d06d]::run_test_in_process::{closure#0}
[INFO] [stdout]                                at /rustc/6b3fa26749ab40e159b2dd5cf577acaaf5902772/library/test/src/lib.rs:747:74
[INFO] [stdout]   27:     0x5b49379592b5 - <core[6883ba1bc0fe4ed1]::panic::unwind_safe::AssertUnwindSafe<test[980ffaebd391d06d]::run_test_in_process::{closure#0}> as core[6883ba1bc0fe4ed1]::ops::function::FnOnce<()>>::call_once
[INFO] [stdout]                                at /rustc/6b3fa26749ab40e159b2dd5cf577acaaf5902772/library/core/src/panic/unwind_safe.rs:275:9
[INFO] [stdout]   28:     0x5b49379592b5 - std[73adb7dc35730857]::panicking::catch_unwind::do_call::<core[6883ba1bc0fe4ed1]::panic::unwind_safe::AssertUnwindSafe<test[980ffaebd391d06d]::run_test_in_process::{closure#0}>, core[6883ba1bc0fe4ed1]::result::Result<(), alloc[55a36b64bcbf2c0d]::string::String>>
[INFO] [stdout]                                at /rustc/6b3fa26749ab40e159b2dd5cf577acaaf5902772/library/std/src/panicking.rs:576:43
[INFO] [stdout]   29:     0x5b49379592b5 - std[73adb7dc35730857]::panicking::catch_unwind::<core[6883ba1bc0fe4ed1]::result::Result<(), alloc[55a36b64bcbf2c0d]::string::String>, core[6883ba1bc0fe4ed1]::panic::unwind_safe::AssertUnwindSafe<test[980ffaebd391d06d]::run_test_in_process::{closure#0}>>
[INFO] [stdout]                                at /rustc/6b3fa26749ab40e159b2dd5cf577acaaf5902772/library/std/src/panicking.rs:544:19
[INFO] [stdout]   30:     0x5b49379592b5 - std[73adb7dc35730857]::panic::catch_unwind::<core[6883ba1bc0fe4ed1]::panic::unwind_safe::AssertUnwindSafe<test[980ffaebd391d06d]::run_test_in_process::{closure#0}>, core[6883ba1bc0fe4ed1]::result::Result<(), alloc[55a36b64bcbf2c0d]::string::String>>
[INFO] [stdout]                                at /rustc/6b3fa26749ab40e159b2dd5cf577acaaf5902772/library/std/src/panic.rs:359:14
[INFO] [stdout]   31:     0x5b49379592b5 - test[980ffaebd391d06d]::run_test_in_process
[INFO] [stdout]                                at /rustc/6b3fa26749ab40e159b2dd5cf577acaaf5902772/library/test/src/lib.rs:747:27
[INFO] [stdout]   32:     0x5b49379592b5 - test[980ffaebd391d06d]::run_test::{closure#0}
[INFO] [stdout]                                at /rustc/6b3fa26749ab40e159b2dd5cf577acaaf5902772/library/test/src/lib.rs:668:43
[INFO] [stdout]   33:     0x5b4937953d64 - test[980ffaebd391d06d]::run_test::{closure#1}
[INFO] [stdout]                                at /rustc/6b3fa26749ab40e159b2dd5cf577acaaf5902772/library/test/src/lib.rs:698:41
[INFO] [stdout]   34:     0x5b4937953d64 - std[73adb7dc35730857]::sys::backtrace::__rust_begin_short_backtrace::<test[980ffaebd391d06d]::run_test::{closure#1}, ()>
[INFO] [stdout]                                at /rustc/6b3fa26749ab40e159b2dd5cf577acaaf5902772/library/std/src/sys/backtrace.rs:166:18
[INFO] [stdout]   35:     0x5b493795c402 - std[73adb7dc35730857]::thread::lifecycle::spawn_unchecked::<test[980ffaebd391d06d]::run_test::{closure#1}, ()>::{closure#1}::{closure#0}
[INFO] [stdout]                                at /rustc/6b3fa26749ab40e159b2dd5cf577acaaf5902772/library/std/src/thread/lifecycle.rs:70:13
[INFO] [stdout]   36:     0x5b493795c402 - <core[6883ba1bc0fe4ed1]::panic::unwind_safe::AssertUnwindSafe<std[73adb7dc35730857]::thread::lifecycle::spawn_unchecked<test[980ffaebd391d06d]::run_test::{closure#1}, ()>::{closure#1}::{closure#0}> as core[6883ba1bc0fe4ed1]::ops::function::FnOnce<()>>::call_once
[INFO] [stdout]                                at /rustc/6b3fa26749ab40e159b2dd5cf577acaaf5902772/library/core/src/panic/unwind_safe.rs:275:9
[INFO] [stdout]   37:     0x5b493795c402 - std[73adb7dc35730857]::panicking::catch_unwind::do_call::<core[6883ba1bc0fe4ed1]::panic::unwind_safe::AssertUnwindSafe<std[73adb7dc35730857]::thread::lifecycle::spawn_unchecked<test[980ffaebd391d06d]::run_test::{closure#1}, ()>::{closure#1}::{closure#0}>, ()>
[INFO] [stdout]                                at /rustc/6b3fa26749ab40e159b2dd5cf577acaaf5902772/library/std/src/panicking.rs:576:43
[INFO] [stdout]   38:     0x5b493795c402 - std[73adb7dc35730857]::panicking::catch_unwind::<(), core[6883ba1bc0fe4ed1]::panic::unwind_safe::AssertUnwindSafe<std[73adb7dc35730857]::thread::lifecycle::spawn_unchecked<test[980ffaebd391d06d]::run_test::{closure#1}, ()>::{closure#1}::{closure#0}>>
[INFO] [stdout]                                at /rustc/6b3fa26749ab40e159b2dd5cf577acaaf5902772/library/std/src/panicking.rs:544:19
[INFO] [stdout]   39:     0x5b493795c402 - std[73adb7dc35730857]::panic::catch_unwind::<core[6883ba1bc0fe4ed1]::panic::unwind_safe::AssertUnwindSafe<std[73adb7dc35730857]::thread::lifecycle::spawn_unchecked<test[980ffaebd391d06d]::run_test::{closure#1}, ()>::{closure#1}::{closure#0}>, ()>
[INFO] [stdout]                                at /rustc/6b3fa26749ab40e159b2dd5cf577acaaf5902772/library/std/src/panic.rs:359:14
[INFO] [stdout]   40:     0x5b493795c402 - std[73adb7dc35730857]::thread::lifecycle::spawn_unchecked::<test[980ffaebd391d06d]::run_test::{closure#1}, ()>::{closure#1}
[INFO] [stdout]                                at /rustc/6b3fa26749ab40e159b2dd5cf577acaaf5902772/library/std/src/thread/lifecycle.rs:68:26
[INFO] [stdout]   41:     0x5b493795c402 - <std[73adb7dc35730857]::thread::lifecycle::spawn_unchecked<test[980ffaebd391d06d]::run_test::{closure#1}, ()>::{closure#1} as core[6883ba1bc0fe4ed1]::ops::function::FnOnce<()>>::call_once::{shim:vtable#0}
[INFO] [stdout]                                at /rustc/6b3fa26749ab40e159b2dd5cf577acaaf5902772/library/core/src/ops/function.rs:250:5
[INFO] [stdout]   42:     0x5b4937a5d31f - <alloc[55a36b64bcbf2c0d]::boxed::Box<dyn core[6883ba1bc0fe4ed1]::ops::function::FnOnce<(), Output = ()> + core[6883ba1bc0fe4ed1]::marker::Send> as core[6883ba1bc0fe4ed1]::ops::function::FnOnce<()>>::call_once
[INFO] [stdout]                                at /rustc/6b3fa26749ab40e159b2dd5cf577acaaf5902772/library/alloc/src/boxed.rs:2319:9
[INFO] [stdout]   43:     0x5b4937a5d31f - <std[73adb7dc35730857]::sys::thread::unix::Thread>::new::thread_start
[INFO] [stdout]                                at /rustc/6b3fa26749ab40e159b2dd5cf577acaaf5902772/library/std/src/sys/thread/unix.rs:123:17
[INFO] [stdout]   44:     0x7acbb1b4baa4 - <unknown>
[INFO] [stdout]   45:     0x7acbb1bd8a64 - clone
[INFO] [stdout]   46:                0x0 - <unknown>
[INFO] [stdout] 
[INFO] [stdout] 
[INFO] [stdout] failures:
[INFO] [stdout]     tests::video_to_gif_test
[INFO] [stdout] 
[INFO] [stdout] test result: FAILED. 0 passed; 1 failed; 0 ignored; 0 measured; 0 filtered out; finished in 0.23s
[INFO] [stdout] 
[INFO] [stderr] error: test failed, to rerun pass `--lib`
[INFO] running `Command { std: "docker" "inspect" "df5fab05ca488297d6763a02f9168b47622bd3a027f3cb239d01079073766f6f", kill_on_drop: false }`
[INFO] running `Command { std: "docker" "rm" "-f" "df5fab05ca488297d6763a02f9168b47622bd3a027f3cb239d01079073766f6f", kill_on_drop: false }`
[INFO] [stdout] df5fab05ca488297d6763a02f9168b47622bd3a027f3cb239d01079073766f6f
