[INFO] fetching crate scrutin 0.0.21...
[INFO] testing scrutin-0.0.21 against 1.98.0-beta.1 for beta-1.98-2
[INFO] extracting crate scrutin 0.0.21 into /workspace/builds/worker-5-tc2/source
[INFO] started tweaking crates.io crate scrutin 0.0.21
[INFO] removed 0 missing tests
[INFO] finished tweaking crates.io crate scrutin 0.0.21
[INFO] tweaked toml for crates.io crate scrutin 0.0.21 written to /workspace/builds/worker-5-tc2/source/Cargo.toml
[INFO] validating manifest of crates.io crate scrutin 0.0.21 on toolchain 1.98.0-beta.1
[INFO] running `Command { std: CARGO_HOME="/workspace/cargo-home" RUSTUP_HOME="/workspace/rustup-home" "/workspace/cargo-home/bin/cargo" "+1.98.0-beta.1" "metadata" "--manifest-path" "Cargo.toml" "--no-deps", kill_on_drop: false }`
[INFO] crate crates.io crate scrutin 0.0.21 already has a lockfile, it will not be regenerated
[INFO] running `Command { std: CARGO_HOME="/workspace/cargo-home" RUSTUP_HOME="/workspace/rustup-home" "/workspace/cargo-home/bin/cargo" "+1.98.0-beta.1" "fetch" "--manifest-path" "Cargo.toml", kill_on_drop: false }`
[INFO] running `Command { std: "docker" "create" "-v" "/var/lib/crater-agent-workspace/builds/worker-5-tc2/source:/opt/rustwide/workdir:ro,Z" "-v" "/var/lib/crater-agent-workspace/builds/worker-5-tc2/target:/opt/rustwide/target:rw,Z" "-v" "/var/lib/crater-agent-workspace/cargo-home:/opt/rustwide/cargo-home:ro,Z" "-v" "/var/lib/crater-agent-workspace/rustup-home:/opt/rustwide/rustup-home:ro,Z" "-m" "1610612736" "--network" "none" "ghcr.io/rust-lang/crates-build-env/linux@sha256:3d5ced03c013a94a2f102a4510f48a6e9184255caf5fd8244f58017bde7f5210" "sleep" "infinity", kill_on_drop: false }`
[INFO] [stdout] 4806f7a2c518b2d208717e10a8fad67f4a374d3b057f08d38ef7bef4accf0b62
[INFO] running `Command { std: "docker" "start" "4806f7a2c518b2d208717e10a8fad67f4a374d3b057f08d38ef7bef4accf0b62", kill_on_drop: false }`
[INFO] running `Command { std: "docker" "inspect" "4806f7a2c518b2d208717e10a8fad67f4a374d3b057f08d38ef7bef4accf0b62", kill_on_drop: false }`
[INFO] running `Command { std: "docker" "exec" "-e" "SOURCE_DIR=/opt/rustwide/workdir" "-e" "CARGO_HOME=/opt/rustwide/cargo-home" "-e" "RUSTUP_HOME=/opt/rustwide/rustup-home" "-e" "CARGO_TARGET_DIR=/opt/rustwide/target" "-w" "/opt/rustwide/workdir" "--user" "0:0" "4806f7a2c518b2d208717e10a8fad67f4a374d3b057f08d38ef7bef4accf0b62" "/opt/rustwide/cargo-home/bin/cargo" "+1.98.0-beta.1" "metadata" "--no-deps" "--format-version=1", kill_on_drop: false }`
[INFO] running `Command { std: "docker" "inspect" "4806f7a2c518b2d208717e10a8fad67f4a374d3b057f08d38ef7bef4accf0b62", kill_on_drop: false }`
[INFO] running `Command { std: "docker" "exec" "-e" "SOURCE_DIR=/opt/rustwide/workdir" "-e" "CARGO_HOME=/opt/rustwide/cargo-home" "-e" "RUSTUP_HOME=/opt/rustwide/rustup-home" "-e" "CARGO_TARGET_DIR=/opt/rustwide/target" "-e" "CARGO_INCREMENTAL=0" "-e" "RUST_BACKTRACE=full" "-e" "RUSTFLAGS=--cap-lints=warn" "-e" "RUSTDOCFLAGS=--cap-lints=warn" "-w" "/opt/rustwide/workdir" "--user" "0:0" "4806f7a2c518b2d208717e10a8fad67f4a374d3b057f08d38ef7bef4accf0b62" "/opt/rustwide/cargo-home/bin/cargo" "+1.98.0-beta.1" "build" "--frozen" "--message-format=json", kill_on_drop: false }`
[INFO] [stderr]    Compiling libc v0.2.184
[INFO] [stderr]    Compiling bitflags v2.11.0
[INFO] [stderr]    Compiling unicode-segmentation v1.13.2
[INFO] [stderr]    Compiling rustix v1.1.4
[INFO] [stderr]    Compiling linux-raw-sys v0.12.1
[INFO] [stderr]    Compiling aho-corasick v1.1.4
[INFO] [stderr]    Compiling syn v2.0.117
[INFO] [stderr]    Compiling cc v1.2.59
[INFO] [stderr]    Compiling unicode-width v0.2.0
[INFO] [stderr]    Compiling instability v0.3.12
[INFO] [stderr]    Compiling compact_str v0.9.0
[INFO] [stderr]    Compiling lru v0.16.3
[INFO] [stderr]    Compiling indexmap v2.13.1
[INFO] [stderr]    Compiling winnow v0.7.15
[INFO] [stderr]    Compiling toml_write v0.1.2
[INFO] [stderr]    Compiling anyhow v1.0.102
[INFO] [stderr]    Compiling crc32fast v1.5.0
[INFO] [stderr]    Compiling time-core v0.1.8
[INFO] [stderr]    Compiling tracing v0.1.44
[INFO] [stderr]    Compiling serde_json v1.0.149
[INFO] [stderr]    Compiling notify-types v2.1.0
[INFO] [stderr]    Compiling line-clipping v0.3.7
[INFO] [stderr]    Compiling convert_case v0.10.0
[INFO] [stderr]    Compiling unicode-truncate v2.0.1
[INFO] [stderr]    Compiling hashlink v0.11.0
[INFO] [stderr]    Compiling bstr v1.12.1
[INFO] [stderr]    Compiling fallible-streaming-iterator v0.1.9
[INFO] [stderr]    Compiling bit-vec v0.8.0
[INFO] [stderr]    Compiling sync_wrapper v1.0.2
[INFO] [stderr]    Compiling simd-adler32 v0.3.9
[INFO] [stderr]    Compiling fallible-iterator v0.3.0
[INFO] [stderr]    Compiling fastrand v2.4.0
[INFO] [stderr]    Compiling bit-set v0.8.0
[INFO] [stderr]    Compiling chrono v0.4.44
[INFO] [stderr]    Compiling miniz_oxide v0.8.9
[INFO] [stderr]    Compiling xxhash-rust v0.8.15
[INFO] [stderr]    Compiling axum-core v0.5.6
[INFO] [stderr]    Compiling serde_path_to_error v0.1.20
[INFO] [stderr]    Compiling matchit v0.8.4
[INFO] [stderr]    Compiling scrutin-web v0.0.21
[INFO] [stderr]    Compiling scrutin v0.0.21 (/opt/rustwide/workdir)
[INFO] [stderr]    Compiling flate2 v1.1.9
[INFO] [stderr]    Compiling regex-automata v0.4.14
[INFO] [stderr]    Compiling errno v0.3.14
[INFO] [stderr]    Compiling mio v1.2.0
[INFO] [stderr]    Compiling socket2 v0.6.3
[INFO] [stderr]    Compiling getrandom v0.4.2
[INFO] [stderr]    Compiling inotify-sys v0.1.5
[INFO] [stderr]    Compiling libsqlite3-sys v0.37.0
[INFO] [stderr]    Compiling parking_lot_core v0.9.12
[INFO] [stderr]    Compiling time v0.3.47
[INFO] [stderr]    Compiling signal-hook-registry v1.4.8
[INFO] [stderr]    Compiling inotify v0.11.1
[INFO] [stderr]    Compiling dirs-sys v0.5.0
[INFO] [stderr]    Compiling parking_lot v0.12.5
[INFO] [stderr]    Compiling dirs v6.0.0
[INFO] [stderr]    Compiling notify v8.2.0
[INFO] [stderr]    Compiling signal-hook v0.3.18
[INFO] [stderr]    Compiling uuid v1.23.0
[INFO] [stderr]    Compiling signal-hook-mio v0.2.5
[INFO] [stderr]    Compiling tempfile v3.27.0
[INFO] [stderr]    Compiling darling_core v0.23.0
[INFO] [stderr]    Compiling serde_derive v1.0.228
[INFO] [stderr]    Compiling tokio-macros v2.7.0
[INFO] [stderr]    Compiling thiserror-impl v2.0.18
[INFO] [stderr]    Compiling strum_macros v0.27.2
[INFO] [stderr]    Compiling futures-macro v0.3.32
[INFO] [stderr]    Compiling derive_more-impl v2.1.1
[INFO] [stderr]    Compiling axum-macros v0.5.0
[INFO] [stderr]    Compiling clap_derive v4.6.0
[INFO] [stderr]    Compiling tokio v1.51.0
[INFO] [stderr]    Compiling futures-util v0.3.32
[INFO] [stderr]    Compiling globset v0.4.18
[INFO] [stderr]    Compiling fancy-regex v0.16.2
[INFO] [stderr]    Compiling derive_more v2.1.1
[INFO] [stderr]    Compiling crossterm v0.29.0
[INFO] [stderr]    Compiling thiserror v2.0.18
[INFO] [stderr]    Compiling kasuari v0.4.12
[INFO] [stderr]    Compiling strum v0.27.2
[INFO] [stderr]    Compiling ratatui-core v0.1.0
[INFO] [stderr]    Compiling clap v4.6.0
[INFO] [stderr]    Compiling darling_macro v0.23.0
[INFO] [stderr]    Compiling darling v0.23.0
[INFO] [stderr]    Compiling serde v1.0.228
[INFO] [stderr]    Compiling toml_datetime v0.6.11
[INFO] [stderr]    Compiling serde_spanned v0.6.9
[INFO] [stderr]    Compiling serde_urlencoded v0.7.1
[INFO] [stderr]    Compiling bincode v1.3.3
[INFO] [stderr]    Compiling toml_edit v0.22.27
[INFO] [stderr]    Compiling ratatui-widgets v0.3.0
[INFO] [stderr]    Compiling ratatui-crossterm v0.1.0
[INFO] [stderr]    Compiling syntect v5.3.0
[INFO] [stderr]    Compiling futures-executor v0.3.32
[INFO] [stderr]    Compiling futures v0.3.32
[INFO] [stderr]    Compiling ratatui-macros v0.7.0
[INFO] [stderr]    Compiling ratatui v0.30.0
[INFO] [stderr]    Compiling hyper v1.9.0
[INFO] [stderr]    Compiling tower v0.5.3
[INFO] [stderr]    Compiling tokio-util v0.7.18
[INFO] [stderr]    Compiling toml v0.8.23
[INFO] [stderr]    Compiling tokio-stream v0.1.18
[INFO] [stderr]    Compiling hyper-util v0.1.20
[INFO] [stderr]    Compiling axum v0.8.8
[INFO] [stderr]    Compiling rusqlite v0.39.0
[INFO] [stderr]    Compiling scrutin-core v0.0.21
[INFO] [stderr]    Compiling scrutin-tui v0.0.21
[INFO] [stderr]     Finished `dev` profile [unoptimized + debuginfo] target(s) in 1m 04s
[INFO] running `Command { std: "docker" "inspect" "4806f7a2c518b2d208717e10a8fad67f4a374d3b057f08d38ef7bef4accf0b62", kill_on_drop: false }`
[INFO] running `Command { std: "docker" "exec" "-e" "SOURCE_DIR=/opt/rustwide/workdir" "-e" "CARGO_HOME=/opt/rustwide/cargo-home" "-e" "RUSTUP_HOME=/opt/rustwide/rustup-home" "-e" "CARGO_TARGET_DIR=/opt/rustwide/target" "-e" "CARGO_INCREMENTAL=0" "-e" "RUST_BACKTRACE=full" "-e" "RUSTFLAGS=--cap-lints=warn" "-e" "RUSTDOCFLAGS=--cap-lints=warn" "-w" "/opt/rustwide/workdir" "--user" "0:0" "4806f7a2c518b2d208717e10a8fad67f4a374d3b057f08d38ef7bef4accf0b62" "/opt/rustwide/cargo-home/bin/cargo" "+1.98.0-beta.1" "test" "--frozen" "--no-run" "--message-format=json", kill_on_drop: false }`
[INFO] [stderr]    Compiling scrutin v0.0.21 (/opt/rustwide/workdir)
[INFO] [stderr]     Finished `test` profile [unoptimized + debuginfo] target(s) in 8.15s
[INFO] running `Command { std: "docker" "inspect" "4806f7a2c518b2d208717e10a8fad67f4a374d3b057f08d38ef7bef4accf0b62", kill_on_drop: false }`
[INFO] running `Command { std: "docker" "exec" "-e" "SOURCE_DIR=/opt/rustwide/workdir" "-e" "CARGO_HOME=/opt/rustwide/cargo-home" "-e" "RUSTUP_HOME=/opt/rustwide/rustup-home" "-e" "CARGO_TARGET_DIR=/opt/rustwide/target" "-e" "CARGO_INCREMENTAL=0" "-e" "RUST_BACKTRACE=full" "-e" "RUSTFLAGS=--cap-lints=warn" "-e" "RUSTDOCFLAGS=--cap-lints=warn" "-w" "/opt/rustwide/workdir" "--user" "0:0" "4806f7a2c518b2d208717e10a8fad67f4a374d3b057f08d38ef7bef4accf0b62" "/opt/rustwide/cargo-home/bin/cargo" "+1.98.0-beta.1" "test" "--frozen", kill_on_drop: false }`
[INFO] [stderr]    Compiling scrutin v0.0.21 (/opt/rustwide/workdir)
[INFO] [stderr]     Finished `test` profile [unoptimized + debuginfo] target(s) in 7.83s
[INFO] [stderr]      Running unittests src/lib.rs (/opt/rustwide/target/debug/deps/scrutin_lib-f622949834537e7c)
[INFO] [stdout] 
[INFO] [stdout] running 26 tests
[INFO] [stdout] test cli::reporter::github::tests::escape_no_special_chars ... ok
[INFO] [stdout] test cli::reporter::github::tests::escape_percent_and_newlines ... ok
[INFO] [stdout] test cli::reporter::tests::from_results_matches_live_push ... ok
[INFO] [stdout] test cli::reporter::tests::replace_results_appends_unknown ... ok
[INFO] [stdout] test cli::reporter::tests::replace_results_in_place ... ok
[INFO] [stdout] test cli::reporter::tests::tally_events_authoritative_over_summary_counts ... ok
[INFO] [stdout] test cli::reporter::tests::tally_cancelled_flag_does_not_count_as_skipped_or_bad ... ok
[INFO] [stdout] test cli::reporter::tests::tally_six_outcome_taxonomy ... ok
[INFO] [stdout] test cli::tests::empty_group_string_inherits_top_level ... ok
[INFO] [stdout] test cli::tests::group_applies_tool_restriction ... ok
[INFO] [stdout] test cli::reporter::tests::tally_xfail_and_warn_do_not_set_bad_file ... ok
[INFO] [stdout] test cli::tests::group_replaces_top_level_filter ... ok
[INFO] [stdout] test cli::tests::reporter_spec_from_str_github ... ok
[INFO] [stdout] test cli::tests::no_group_inherits_top_level_filter ... ok
[INFO] [stdout] test cli::tests::reporter_spec_from_str_junit_requires_path ... ok
[INFO] [stdout] test cli::tests::reporter_spec_from_str_list ... ok
[INFO] [stdout] test cli::tests::resolve_reporter_defaults_to_plain_when_no_tty ... ok
[INFO] [stdout] test cli::tests::resolve_reporter_github ... ok
[INFO] [stdout] test cli::tests::resolve_reporter_junit ... ok
[INFO] [stdout] test cli::tests::resolve_reporter_web_default_addr ... ok
[INFO] [stdout] test cli::tests::resolve_reporter_list ... ok
[INFO] [stdout] test cli::tests::resolve_reporter_web_invalid_addr ... ok
[INFO] [stdout] test cli::tests::unknown_group_errors_with_known_list ... ok
[INFO] [stdout] test cli::tests::reporter_spec_from_str_unknown ... ok
[INFO] [stdout] test cli::tests::resolve_reporter_web_parses_addr ... ok
[INFO] [stdout] test cli::tests::reporter_spec_from_str_web_variants ... ok
[INFO] [stdout] 
[INFO] [stdout] test result: ok. 26 passed; 0 failed; 0 ignored; 0 measured; 0 filtered out; finished in 0.06s
[INFO] [stdout] 
[INFO] [stderr]      Running unittests src/main.rs (/opt/rustwide/target/debug/deps/scrutin-27604d1bb46e6343)
[INFO] [stdout] 
[INFO] [stdout] running 26 tests
[INFO] [stdout] test cli::reporter::github::tests::escape_no_special_chars ... ok
[INFO] [stdout] test cli::reporter::github::tests::escape_percent_and_newlines ... ok
[INFO] [stdout] test cli::reporter::tests::from_results_matches_live_push ... ok
[INFO] [stdout] test cli::reporter::tests::replace_results_appends_unknown ... ok
[INFO] [stdout] test cli::reporter::tests::replace_results_in_place ... ok
[INFO] [stdout] test cli::reporter::tests::tally_events_authoritative_over_summary_counts ... ok
[INFO] [stdout] test cli::reporter::tests::tally_xfail_and_warn_do_not_set_bad_file ... ok
[INFO] [stdout] test cli::reporter::tests::tally_six_outcome_taxonomy ... ok
[INFO] [stdout] test cli::tests::empty_group_string_inherits_top_level ... ok
[INFO] [stdout] test cli::tests::group_applies_tool_restriction ... ok
[INFO] [stdout] test cli::tests::group_replaces_top_level_filter ... ok
[INFO] [stdout] test cli::tests::no_group_inherits_top_level_filter ... ok
[INFO] [stdout] test cli::tests::reporter_spec_from_str_github ... ok
[INFO] [stdout] test cli::tests::reporter_spec_from_str_junit_requires_path ... ok
[INFO] [stdout] test cli::tests::reporter_spec_from_str_list ... ok
[INFO] [stdout] test cli::tests::reporter_spec_from_str_unknown ... ok
[INFO] [stdout] test cli::tests::reporter_spec_from_str_web_variants ... ok
[INFO] [stdout] test cli::tests::resolve_reporter_defaults_to_plain_when_no_tty ... ok
[INFO] [stdout] test cli::tests::resolve_reporter_junit ... ok
[INFO] [stdout] test cli::tests::resolve_reporter_github ... ok
[INFO] [stdout] test cli::tests::resolve_reporter_list ... ok
[INFO] [stdout] test cli::tests::resolve_reporter_web_parses_addr ... ok
[INFO] [stdout] test cli::tests::resolve_reporter_web_default_addr ... ok
[INFO] [stdout] test cli::tests::unknown_group_errors_with_known_list ... ok
[INFO] [stdout] test cli::reporter::tests::tally_cancelled_flag_does_not_count_as_skipped_or_bad ... ok
[INFO] [stdout] test cli::tests::resolve_reporter_web_invalid_addr ... ok
[INFO] [stdout] 
[INFO] [stdout] test result: ok. 26 passed; 0 failed; 0 ignored; 0 measured; 0 filtered out; finished in 0.06s
[INFO] [stdout] 
[INFO] [stderr]      Running tests/ci_flaky_and_max_fail.rs (/opt/rustwide/target/debug/deps/ci_flaky_and_max_fail-753a0e6ab6be72a1)
[INFO] [stdout] 
[INFO] [stdout] running 5 tests
[INFO] [stdout] test max_fail_one_halts_after_first_bad_file ... ok
[INFO] [stdout] test deterministic_failure_is_not_marked_flaky ... ok
[INFO] [stdout] test flaky_file_passes_on_rerun_is_marked_flaky ... ok
[INFO] [stdout] test max_fail_counts_files_not_expectations ... ok
[INFO] [stdout] test max_fail_zero_is_disabled_runs_all_files ... ok
[INFO] [stdout] 
[INFO] [stdout] test result: ok. 5 passed; 0 failed; 0 ignored; 0 measured; 0 filtered out; finished in 0.08s
[INFO] [stdout] 
[INFO] [stderr]      Running tests/ci_reporters.rs (/opt/rustwide/target/debug/deps/ci_reporters-7f4dbd8f766e0957)
[INFO] [stdout] 
[INFO] [stdout] running 7 tests
[INFO] [stdout] test junit_reporter_exits_non_zero_on_failure ... ok
[INFO] [stdout] test github_reporter_emits_annotations_for_failing_files ... ok
[INFO] [stdout] test list_reporter_prints_files_without_running_them ... ok
[INFO] [stdout] test github_reporter_exits_zero_on_all_pass ... ok
[INFO] [stdout] test junit_reporter_exits_zero_on_all_pass ... ok
[INFO] [stdout] test junit_reporter_emits_wellformed_xml_with_expected_schema ... ok
[INFO] [stdout] test plain_reporter_exit_codes ... ok
[INFO] [stdout] 
[INFO] [stdout] test result: ok. 7 passed; 0 failed; 0 ignored; 0 measured; 0 filtered out; finished in 0.13s
[INFO] [stdout] 
[INFO] [stderr]      Running tests/ci_reruns_and_metadata.rs (/opt/rustwide/target/debug/deps/ci_reruns_and_metadata-d2d76f552f76813a)
[INFO] [stdout] 
[INFO] [stdout] running 1 test
[INFO] [stdout] test reruns_and_metadata_round_trip ... FAILED
[INFO] [stdout] 
[INFO] [stdout] failures:
[INFO] [stdout] 
[INFO] [stdout] ---- reruns_and_metadata_round_trip stdout ----
[INFO] [stdout] 
[INFO] [stdout] thread 'reruns_and_metadata_round_trip' (2558) panicked at tests/ci_reruns_and_metadata.rs:46:5:
[INFO] [stdout] fixture missing
[INFO] [stdout] stack backtrace:
[INFO] [stdout]    0:     0x5ac72cfc4231 - std[73adb7dc35730857]::backtrace_rs::backtrace::libunwind::trace
[INFO] [stdout]                                at /rustc/6b3fa26749ab40e159b2dd5cf577acaaf5902772/library/std/src/../../backtrace/src/backtrace/libunwind.rs:117:9
[INFO] [stdout]    1:     0x5ac72cfc4231 - std[73adb7dc35730857]::backtrace_rs::backtrace::trace_unsynchronized::<std[73adb7dc35730857]::sys::backtrace::_print_fmt::{closure#1}>
[INFO] [stdout]                                at /rustc/6b3fa26749ab40e159b2dd5cf577acaaf5902772/library/std/src/../../backtrace/src/backtrace/mod.rs:66:14
[INFO] [stdout]    2:     0x5ac72cfc4231 - std[73adb7dc35730857]::sys::backtrace::_print_fmt
[INFO] [stdout]                                at /rustc/6b3fa26749ab40e159b2dd5cf577acaaf5902772/library/std/src/sys/backtrace.rs:74:9
[INFO] [stdout]    3:     0x5ac72cfc4231 - <<std[73adb7dc35730857]::sys::backtrace::BacktraceLock>::print::DisplayBacktrace as core[6883ba1bc0fe4ed1]::fmt::Display>::fmt
[INFO] [stdout]                                at /rustc/6b3fa26749ab40e159b2dd5cf577acaaf5902772/library/std/src/sys/backtrace.rs:44:26
[INFO] [stdout]    4:     0x5ac72cfd829a - <core[6883ba1bc0fe4ed1]::fmt::rt::Argument>::fmt
[INFO] [stdout]                                at /rustc/6b3fa26749ab40e159b2dd5cf577acaaf5902772/library/core/src/fmt/rt.rs:152:76
[INFO] [stdout]    5:     0x5ac72cfd829a - core[6883ba1bc0fe4ed1]::fmt::write
[INFO] [stdout]    6:     0x5ac72cfc896c - std[73adb7dc35730857]::io::default_write_fmt::<alloc[55a36b64bcbf2c0d]::vec::Vec<u8>>
[INFO] [stdout]                                at /rustc/6b3fa26749ab40e159b2dd5cf577acaaf5902772/library/std/src/io/mod.rs:626:11
[INFO] [stdout]    7:     0x5ac72cfc896c - <alloc[55a36b64bcbf2c0d]::vec::Vec<u8> as std[73adb7dc35730857]::io::Write>::write_fmt
[INFO] [stdout]                                at /rustc/6b3fa26749ab40e159b2dd5cf577acaaf5902772/library/std/src/io/mod.rs:1730:13
[INFO] [stdout]    8:     0x5ac72cfa0ff6 - <std[73adb7dc35730857]::sys::backtrace::BacktraceLock>::print
[INFO] [stdout]                                at /rustc/6b3fa26749ab40e159b2dd5cf577acaaf5902772/library/std/src/sys/backtrace.rs:47:9
[INFO] [stdout]    9:     0x5ac72cfa0ff6 - std[73adb7dc35730857]::panicking::default_hook::{closure#0}
[INFO] [stdout]                                at /rustc/6b3fa26749ab40e159b2dd5cf577acaaf5902772/library/std/src/panicking.rs:292:27
[INFO] [stdout]   10:     0x5ac72cfbb889 - std[73adb7dc35730857]::panicking::default_hook
[INFO] [stdout]                                at /rustc/6b3fa26749ab40e159b2dd5cf577acaaf5902772/library/std/src/panicking.rs:316:9
[INFO] [stdout]   11:     0x5ac72cf554c0 - <alloc[55a36b64bcbf2c0d]::boxed::Box<dyn for<'a, 'b> core[6883ba1bc0fe4ed1]::ops::function::Fn<(&'a std[73adb7dc35730857]::panic::PanicHookInfo<'b>,), Output = ()> + core[6883ba1bc0fe4ed1]::marker::Send + core[6883ba1bc0fe4ed1]::marker::Sync> as core[6883ba1bc0fe4ed1]::ops::function::Fn<(&std[73adb7dc35730857]::panic::PanicHookInfo,)>>::call
[INFO] [stdout]                                at /rustc/6b3fa26749ab40e159b2dd5cf577acaaf5902772/library/alloc/src/boxed.rs:2333:9
[INFO] [stdout]   12:     0x5ac72cf554c0 - test[980ffaebd391d06d]::test_main_inner::<test[980ffaebd391d06d]::test_main_static::{closure#0}>::{closure#0}
[INFO] [stdout]                                at /rustc/6b3fa26749ab40e159b2dd5cf577acaaf5902772/library/test/src/lib.rs:155:21
[INFO] [stdout]   13:     0x5ac72cfbba42 - <alloc[55a36b64bcbf2c0d]::boxed::Box<dyn for<'a, 'b> core[6883ba1bc0fe4ed1]::ops::function::Fn<(&'a std[73adb7dc35730857]::panic::PanicHookInfo<'b>,), Output = ()> + core[6883ba1bc0fe4ed1]::marker::Send + core[6883ba1bc0fe4ed1]::marker::Sync> as core[6883ba1bc0fe4ed1]::ops::function::Fn<(&std[73adb7dc35730857]::panic::PanicHookInfo,)>>::call
[INFO] [stdout]                                at /rustc/6b3fa26749ab40e159b2dd5cf577acaaf5902772/library/alloc/src/boxed.rs:2333:9
[INFO] [stdout]   14:     0x5ac72cfbba42 - std[73adb7dc35730857]::panicking::panic_with_hook
[INFO] [stdout]                                at /rustc/6b3fa26749ab40e159b2dd5cf577acaaf5902772/library/std/src/panicking.rs:823:13
[INFO] [stdout]   15:     0x5ac72cfa10d4 - std[73adb7dc35730857]::panicking::panic_handler::{closure#0}
[INFO] [stdout]                                at /rustc/6b3fa26749ab40e159b2dd5cf577acaaf5902772/library/std/src/panicking.rs:681:13
[INFO] [stdout]   16:     0x5ac72cf98759 - std[73adb7dc35730857]::sys::backtrace::__rust_end_short_backtrace::<std[73adb7dc35730857]::panicking::panic_handler::{closure#0}, !>
[INFO] [stdout]                                at /rustc/6b3fa26749ab40e159b2dd5cf577acaaf5902772/library/std/src/sys/backtrace.rs:182:18
[INFO] [stdout]   17:     0x5ac72cfa1c9d - __rustc[a7b7b02e776dd976]::rust_begin_unwind
[INFO] [stdout]                                at /rustc/6b3fa26749ab40e159b2dd5cf577acaaf5902772/library/std/src/panicking.rs:679:5
[INFO] [stdout]   18:     0x5ac72cfd89cc - core[6883ba1bc0fe4ed1]::panicking::panic_fmt
[INFO] [stdout]                                at /rustc/6b3fa26749ab40e159b2dd5cf577acaaf5902772/library/core/src/panicking.rs:80:14
[INFO] [stdout]   19:     0x5ac72cf41ed4 - ci_reruns_and_metadata[bae17ca883cb61b]::reruns_and_metadata_round_trip
[INFO] [stdout]                                at /opt/rustwide/workdir/tests/ci_reruns_and_metadata.rs:46:5
[INFO] [stdout]   20:     0x5ac72cf41527 - ci_reruns_and_metadata[bae17ca883cb61b]::reruns_and_metadata_round_trip::{closure#0}
[INFO] [stdout]                                at /opt/rustwide/workdir/tests/ci_reruns_and_metadata.rs:39:36
[INFO] [stdout]   21:     0x5ac72cf48446 - <ci_reruns_and_metadata[bae17ca883cb61b]::reruns_and_metadata_round_trip::{closure#0} as core[6883ba1bc0fe4ed1]::ops::function::FnOnce<()>>::call_once
[INFO] [stdout]                                at /rustc/6b3fa26749ab40e159b2dd5cf577acaaf5902772/library/core/src/ops/function.rs:250:5
[INFO] [stdout]   22:     0x5ac72cf487fb - <fn() -> core[6883ba1bc0fe4ed1]::result::Result<(), alloc[55a36b64bcbf2c0d]::string::String> as core[6883ba1bc0fe4ed1]::ops::function::FnOnce<()>>::call_once
[INFO] [stdout]                                at /rustc/6b3fa26749ab40e159b2dd5cf577acaaf5902772/library/core/src/ops/function.rs:250:5
[INFO] [stdout]   23:     0x5ac72cf487fb - test[980ffaebd391d06d]::__rust_begin_short_backtrace::<core[6883ba1bc0fe4ed1]::result::Result<(), alloc[55a36b64bcbf2c0d]::string::String>, fn() -> core[6883ba1bc0fe4ed1]::result::Result<(), alloc[55a36b64bcbf2c0d]::string::String>>
[INFO] [stdout]                                at /rustc/6b3fa26749ab40e159b2dd5cf577acaaf5902772/library/test/src/lib.rs:724:18
[INFO] [stdout]   24:     0x5ac72cf55e45 - test[980ffaebd391d06d]::run_test_in_process::{closure#0}
[INFO] [stdout]                                at /rustc/6b3fa26749ab40e159b2dd5cf577acaaf5902772/library/test/src/lib.rs:747:74
[INFO] [stdout]   25:     0x5ac72cf55e45 - <core[6883ba1bc0fe4ed1]::panic::unwind_safe::AssertUnwindSafe<test[980ffaebd391d06d]::run_test_in_process::{closure#0}> as core[6883ba1bc0fe4ed1]::ops::function::FnOnce<()>>::call_once
[INFO] [stdout]                                at /rustc/6b3fa26749ab40e159b2dd5cf577acaaf5902772/library/core/src/panic/unwind_safe.rs:275:9
[INFO] [stdout]   26:     0x5ac72cf55e45 - std[73adb7dc35730857]::panicking::catch_unwind::do_call::<core[6883ba1bc0fe4ed1]::panic::unwind_safe::AssertUnwindSafe<test[980ffaebd391d06d]::run_test_in_process::{closure#0}>, core[6883ba1bc0fe4ed1]::result::Result<(), alloc[55a36b64bcbf2c0d]::string::String>>
[INFO] [stdout]                                at /rustc/6b3fa26749ab40e159b2dd5cf577acaaf5902772/library/std/src/panicking.rs:576:43
[INFO] [stdout]   27:     0x5ac72cf55e45 - std[73adb7dc35730857]::panicking::catch_unwind::<core[6883ba1bc0fe4ed1]::result::Result<(), alloc[55a36b64bcbf2c0d]::string::String>, core[6883ba1bc0fe4ed1]::panic::unwind_safe::AssertUnwindSafe<test[980ffaebd391d06d]::run_test_in_process::{closure#0}>>
[INFO] [stdout]                                at /rustc/6b3fa26749ab40e159b2dd5cf577acaaf5902772/library/std/src/panicking.rs:544:19
[INFO] [stdout]   28:     0x5ac72cf55e45 - std[73adb7dc35730857]::panic::catch_unwind::<core[6883ba1bc0fe4ed1]::panic::unwind_safe::AssertUnwindSafe<test[980ffaebd391d06d]::run_test_in_process::{closure#0}>, core[6883ba1bc0fe4ed1]::result::Result<(), alloc[55a36b64bcbf2c0d]::string::String>>
[INFO] [stdout]                                at /rustc/6b3fa26749ab40e159b2dd5cf577acaaf5902772/library/std/src/panic.rs:359:14
[INFO] [stdout]   29:     0x5ac72cf55e45 - test[980ffaebd391d06d]::run_test_in_process
[INFO] [stdout]                                at /rustc/6b3fa26749ab40e159b2dd5cf577acaaf5902772/library/test/src/lib.rs:747:27
[INFO] [stdout]   30:     0x5ac72cf55e45 - test[980ffaebd391d06d]::run_test::{closure#0}
[INFO] [stdout]                                at /rustc/6b3fa26749ab40e159b2dd5cf577acaaf5902772/library/test/src/lib.rs:668:43
[INFO] [stdout]   31:     0x5ac72cf508f4 - test[980ffaebd391d06d]::run_test::{closure#1}
[INFO] [stdout]                                at /rustc/6b3fa26749ab40e159b2dd5cf577acaaf5902772/library/test/src/lib.rs:698:41
[INFO] [stdout]   32:     0x5ac72cf508f4 - std[73adb7dc35730857]::sys::backtrace::__rust_begin_short_backtrace::<test[980ffaebd391d06d]::run_test::{closure#1}, ()>
[INFO] [stdout]                                at /rustc/6b3fa26749ab40e159b2dd5cf577acaaf5902772/library/std/src/sys/backtrace.rs:166:18
[INFO] [stdout]   33:     0x5ac72cf58f92 - std[73adb7dc35730857]::thread::lifecycle::spawn_unchecked::<test[980ffaebd391d06d]::run_test::{closure#1}, ()>::{closure#1}::{closure#0}
[INFO] [stdout]                                at /rustc/6b3fa26749ab40e159b2dd5cf577acaaf5902772/library/std/src/thread/lifecycle.rs:70:13
[INFO] [stdout]   34:     0x5ac72cf58f92 - <core[6883ba1bc0fe4ed1]::panic::unwind_safe::AssertUnwindSafe<std[73adb7dc35730857]::thread::lifecycle::spawn_unchecked<test[980ffaebd391d06d]::run_test::{closure#1}, ()>::{closure#1}::{closure#0}> as core[6883ba1bc0fe4ed1]::ops::function::FnOnce<()>>::call_once
[INFO] [stdout]                                at /rustc/6b3fa26749ab40e159b2dd5cf577acaaf5902772/library/core/src/panic/unwind_safe.rs:275:9
[INFO] [stdout]   35:     0x5ac72cf58f92 - std[73adb7dc35730857]::panicking::catch_unwind::do_call::<core[6883ba1bc0fe4ed1]::panic::unwind_safe::AssertUnwindSafe<std[73adb7dc35730857]::thread::lifecycle::spawn_unchecked<test[980ffaebd391d06d]::run_test::{closure#1}, ()>::{closure#1}::{closure#0}>, ()>
[INFO] [stdout]                                at /rustc/6b3fa26749ab40e159b2dd5cf577acaaf5902772/library/std/src/panicking.rs:576:43
[INFO] [stdout]   36:     0x5ac72cf58f92 - std[73adb7dc35730857]::panicking::catch_unwind::<(), core[6883ba1bc0fe4ed1]::panic::unwind_safe::AssertUnwindSafe<std[73adb7dc35730857]::thread::lifecycle::spawn_unchecked<test[980ffaebd391d06d]::run_test::{closure#1}, ()>::{closure#1}::{closure#0}>>
[INFO] [stdout]                                at /rustc/6b3fa26749ab40e159b2dd5cf577acaaf5902772/library/std/src/panicking.rs:544:19
[INFO] [stdout]   37:     0x5ac72cf58f92 - std[73adb7dc35730857]::panic::catch_unwind::<core[6883ba1bc0fe4ed1]::panic::unwind_safe::AssertUnwindSafe<std[73adb7dc35730857]::thread::lifecycle::spawn_unchecked<test[980ffaebd391d06d]::run_test::{closure#1}, ()>::{closure#1}::{closure#0}>, ()>
[INFO] [stdout]                                at /rustc/6b3fa26749ab40e159b2dd5cf577acaaf5902772/library/std/src/panic.rs:359:14
[INFO] [stdout]   38:     0x5ac72cf58f92 - std[73adb7dc35730857]::thread::lifecycle::spawn_unchecked::<test[980ffaebd391d06d]::run_test::{closure#1}, ()>::{closure#1}
[INFO] [stdout]                                at /rustc/6b3fa26749ab40e159b2dd5cf577acaaf5902772/library/std/src/thread/lifecycle.rs:68:26
[INFO] [stdout]   39:     0x5ac72cf58f92 - <std[73adb7dc35730857]::thread::lifecycle::spawn_unchecked<test[980ffaebd391d06d]::run_test::{closure#1}, ()>::{closure#1} as core[6883ba1bc0fe4ed1]::ops::function::FnOnce<()>>::call_once::{shim:vtable#0}
[INFO] [stdout]                                at /rustc/6b3fa26749ab40e159b2dd5cf577acaaf5902772/library/core/src/ops/function.rs:250:5
[INFO] [stdout]   40:     0x5ac72cfc374f - <alloc[55a36b64bcbf2c0d]::boxed::Box<dyn core[6883ba1bc0fe4ed1]::ops::function::FnOnce<(), Output = ()> + core[6883ba1bc0fe4ed1]::marker::Send> as core[6883ba1bc0fe4ed1]::ops::function::FnOnce<()>>::call_once
[INFO] [stdout]                                at /rustc/6b3fa26749ab40e159b2dd5cf577acaaf5902772/library/alloc/src/boxed.rs:2319:9
[INFO] [stdout]   41:     0x5ac72cfc374f - <std[73adb7dc35730857]::sys::thread::unix::Thread>::new::thread_start
[INFO] [stdout]                                at /rustc/6b3fa26749ab40e159b2dd5cf577acaaf5902772/library/std/src/sys/thread/unix.rs:123:17
[INFO] [stdout]   42:     0x79f1c5654aa4 - <unknown>
[INFO] [stdout]   43:     0x79f1c56e1a64 - clone
[INFO] [stdout]   44:                0x0 - <unknown>
[INFO] [stdout] 
[INFO] [stdout] 
[INFO] [stdout] failures:
[INFO] [stdout]     reruns_and_metadata_round_trip
[INFO] [stdout] 
[INFO] [stdout] test result: FAILED. 0 passed; 1 failed; 0 ignored; 0 measured; 0 filtered out; finished in 0.03s
[INFO] [stdout] 
[INFO] [stderr] error: test failed, to rerun pass `--test ci_reruns_and_metadata`
[INFO] running `Command { std: "docker" "inspect" "4806f7a2c518b2d208717e10a8fad67f4a374d3b057f08d38ef7bef4accf0b62", kill_on_drop: false }`
[INFO] running `Command { std: "docker" "rm" "-f" "4806f7a2c518b2d208717e10a8fad67f4a374d3b057f08d38ef7bef4accf0b62", kill_on_drop: false }`
[INFO] [stdout] 4806f7a2c518b2d208717e10a8fad67f4a374d3b057f08d38ef7bef4accf0b62
