[INFO] fetching crate robit-chatbot 0.1.9...
[INFO] testing robit-chatbot-0.1.9 against 1.98.0-beta.1 for beta-1.98-2
[INFO] extracting crate robit-chatbot 0.1.9 into /workspace/builds/worker-5-tc2/source
[INFO] started tweaking crates.io crate robit-chatbot 0.1.9
[INFO] finished tweaking crates.io crate robit-chatbot 0.1.9
[INFO] tweaked toml for crates.io crate robit-chatbot 0.1.9 written to /workspace/builds/worker-5-tc2/source/Cargo.toml
[INFO] validating manifest of crates.io crate robit-chatbot 0.1.9 on toolchain 1.98.0-beta.1
[INFO] running `Command { std: CARGO_HOME="/workspace/cargo-home" RUSTUP_HOME="/workspace/rustup-home" "/workspace/cargo-home/bin/cargo" "+1.98.0-beta.1" "metadata" "--manifest-path" "Cargo.toml" "--no-deps", kill_on_drop: false }`
[INFO] crate crates.io crate robit-chatbot 0.1.9 already has a lockfile, it will not be regenerated
[INFO] running `Command { std: CARGO_HOME="/workspace/cargo-home" RUSTUP_HOME="/workspace/rustup-home" "/workspace/cargo-home/bin/cargo" "+1.98.0-beta.1" "fetch" "--manifest-path" "Cargo.toml", kill_on_drop: false }`
[INFO] running `Command { std: "docker" "create" "-v" "/var/lib/crater-agent-workspace/builds/worker-5-tc2/source:/opt/rustwide/workdir:ro,Z" "-v" "/var/lib/crater-agent-workspace/builds/worker-5-tc2/target:/opt/rustwide/target:rw,Z" "-v" "/var/lib/crater-agent-workspace/cargo-home:/opt/rustwide/cargo-home:ro,Z" "-v" "/var/lib/crater-agent-workspace/rustup-home:/opt/rustwide/rustup-home:ro,Z" "-m" "1610612736" "--network" "none" "ghcr.io/rust-lang/crates-build-env/linux@sha256:3d5ced03c013a94a2f102a4510f48a6e9184255caf5fd8244f58017bde7f5210" "sleep" "infinity", kill_on_drop: false }`
[INFO] [stdout] 3e14de50af0e72b1a6285a9a6a75a80d8fdefd073c4b8d39fa14c293a9071676
[INFO] running `Command { std: "docker" "start" "3e14de50af0e72b1a6285a9a6a75a80d8fdefd073c4b8d39fa14c293a9071676", kill_on_drop: false }`
[INFO] running `Command { std: "docker" "inspect" "3e14de50af0e72b1a6285a9a6a75a80d8fdefd073c4b8d39fa14c293a9071676", kill_on_drop: false }`
[INFO] running `Command { std: "docker" "exec" "-e" "SOURCE_DIR=/opt/rustwide/workdir" "-e" "CARGO_HOME=/opt/rustwide/cargo-home" "-e" "RUSTUP_HOME=/opt/rustwide/rustup-home" "-e" "CARGO_TARGET_DIR=/opt/rustwide/target" "-w" "/opt/rustwide/workdir" "--user" "0:0" "3e14de50af0e72b1a6285a9a6a75a80d8fdefd073c4b8d39fa14c293a9071676" "/opt/rustwide/cargo-home/bin/cargo" "+1.98.0-beta.1" "metadata" "--no-deps" "--format-version=1", kill_on_drop: false }`
[INFO] running `Command { std: "docker" "inspect" "3e14de50af0e72b1a6285a9a6a75a80d8fdefd073c4b8d39fa14c293a9071676", kill_on_drop: false }`
[INFO] running `Command { std: "docker" "exec" "-e" "SOURCE_DIR=/opt/rustwide/workdir" "-e" "CARGO_HOME=/opt/rustwide/cargo-home" "-e" "RUSTUP_HOME=/opt/rustwide/rustup-home" "-e" "CARGO_TARGET_DIR=/opt/rustwide/target" "-e" "CARGO_INCREMENTAL=0" "-e" "RUST_BACKTRACE=full" "-e" "RUSTFLAGS=--cap-lints=warn" "-e" "RUSTDOCFLAGS=--cap-lints=warn" "-w" "/opt/rustwide/workdir" "--user" "0:0" "3e14de50af0e72b1a6285a9a6a75a80d8fdefd073c4b8d39fa14c293a9071676" "/opt/rustwide/cargo-home/bin/cargo" "+1.98.0-beta.1" "build" "--frozen" "--message-format=json", kill_on_drop: false }`
[INFO] [stderr]    Compiling quote v1.0.46
[INFO] [stderr]    Compiling libc v0.2.186
[INFO] [stderr]    Compiling smallvec v1.15.2
[INFO] [stderr]    Compiling memchr v2.8.3
[INFO] [stderr]    Compiling shlex v2.0.1
[INFO] [stderr]    Compiling find-msvc-tools v0.1.9
[INFO] [stderr]    Compiling pkg-config v0.3.33
[INFO] [stderr]    Compiling bytes v1.12.1
[INFO] [stderr]    Compiling parking_lot_core v0.9.12
[INFO] [stderr]    Compiling lock_api v0.4.14
[INFO] [stderr]    Compiling fs_extra v1.3.0
[INFO] [stderr]    Compiling syn v2.0.118
[INFO] [stderr]    Compiling tracing-core v0.1.36
[INFO] [stderr]    Compiling zeroize v1.9.0
[INFO] [stderr]    Compiling slab v0.4.12
[INFO] [stderr]    Compiling foldhash v0.2.0
[INFO] [stderr]    Compiling aws-lc-rs v1.17.1
[INFO] [stderr]    Compiling rustls-pki-types v1.15.0
[INFO] [stderr]    Compiling hashbrown v0.17.1
[INFO] [stderr]    Compiling http v1.4.2
[INFO] [stderr]    Compiling equivalent v1.0.2
[INFO] [stderr]    Compiling untrusted v0.9.0
[INFO] [stderr]    Compiling rustls v0.23.41
[INFO] [stderr]    Compiling zerocopy v0.8.54
[INFO] [stderr]    Compiling log v0.4.33
[INFO] [stderr]    Compiling subtle v2.6.1
[INFO] [stderr]    Compiling unicase v2.9.0
[INFO] [stderr]    Compiling aho-corasick v1.1.4
[INFO] [stderr]    Compiling bitflags v2.13.0
[INFO] [stderr]    Compiling regex-syntax v0.8.11
[INFO] [stderr]    Compiling mime_guess v2.0.5
[INFO] [stderr]    Compiling indexmap v2.14.0
[INFO] [stderr]    Compiling openssl-probe v0.2.1
[INFO] [stderr]    Compiling serde_json v1.0.150
[INFO] [stderr]    Compiling http-body v1.0.1
[INFO] [stderr]    Compiling jobserver v0.1.35
[INFO] [stderr]    Compiling cc v1.2.66
[INFO] [stderr]    Compiling errno v0.3.14
[INFO] [stderr]    Compiling parking_lot v0.12.5
[INFO] [stderr]    Compiling signal-hook-registry v1.4.8
[INFO] [stderr]    Compiling mio v1.2.1
[INFO] [stderr]    Compiling socket2 v0.6.4
[INFO] [stderr]    Compiling getrandom v0.3.4
[INFO] [stderr]    Compiling autocfg v1.5.1
[INFO] [stderr]    Compiling rand_core v0.9.5
[INFO] [stderr]    Compiling regex-automata v0.4.15
[INFO] [stderr]    Compiling cmake v0.1.58
[INFO] [stderr]    Compiling num-traits v0.2.19
[INFO] [stderr]    Compiling rustls-native-certs v0.8.4
[INFO] [stderr]    Compiling vcpkg v0.2.15
[INFO] [stderr]    Compiling nom v7.1.3
[INFO] [stderr]    Compiling aws-lc-sys v0.42.0
[INFO] [stderr]    Compiling libsqlite3-sys v0.38.1
[INFO] [stderr]    Compiling http-body-util v0.1.3
[INFO] [stderr]    Compiling encoding_rs v0.8.35
[INFO] [stderr]    Compiling synstructure v0.13.2
[INFO] [stderr]    Compiling darling_core v0.20.11
[INFO] [stderr]    Compiling winnow v1.0.3
[INFO] [stderr]    Compiling ppv-lite86 v0.2.21
[INFO] [stderr]    Compiling option-ext v0.2.0
[INFO] [stderr]    Compiling getrandom v0.4.3
[INFO] [stderr]    Compiling dirs-sys v0.5.0
[INFO] [stderr]    Compiling toml_parser v1.1.2+spec-1.1.0
[INFO] [stderr]    Compiling eventsource-stream v0.2.3
[INFO] [stderr]    Compiling rand_chacha v0.9.0
[INFO] [stderr]    Compiling rand v0.9.4
[INFO] [stderr]    Compiling matchers v0.2.0
[INFO] [stderr]    Compiling zerofrom-derive v0.1.7
[INFO] [stderr]    Compiling yoke-derive v0.8.2
[INFO] [stderr]    Compiling zerovec-derive v0.11.3
[INFO] [stderr]    Compiling displaydoc v0.2.6
[INFO] [stderr]    Compiling tokio-macros v2.7.0
[INFO] [stderr]    Compiling zerofrom v0.1.8
[INFO] [stderr]    Compiling yoke v0.8.3
[INFO] [stderr]    Compiling tracing-attributes v0.1.31
[INFO] [stderr]    Compiling futures-macro v0.3.32
[INFO] [stderr]    Compiling tokio v1.52.3
[INFO] [stderr]    Compiling zerovec v0.11.6
[INFO] [stderr]    Compiling zerotrie v0.2.4
[INFO] [stderr]    Compiling serde_derive v1.0.228
[INFO] [stderr]    Compiling futures-util v0.3.32
[INFO] [stderr]    Compiling tinystr v0.8.3
[INFO] [stderr]    Compiling icu_locale_core v2.2.0
[INFO] [stderr]    Compiling tracing v0.1.44
[INFO] [stderr]    Compiling potential_utf v0.1.5
[INFO] [stderr]    Compiling icu_collections v2.2.0
[INFO] [stderr]    Compiling darling_macro v0.20.11
[INFO] [stderr]    Compiling icu_provider v2.2.0
[INFO] [stderr]    Compiling darling v0.20.11
[INFO] [stderr]    Compiling derive_builder_core v0.20.2
[INFO] [stderr]    Compiling icu_normalizer v2.2.0
[INFO] [stderr]    Compiling icu_properties v2.2.0
[INFO] [stderr]    Compiling thiserror-impl v2.0.18
[INFO] [stderr]    Compiling derive_builder_macro v0.20.2
[INFO] [stderr]    Compiling derive_builder v0.20.2
[INFO] [stderr]    Compiling async-openai-macros v0.3.0
[INFO] [stderr]    Compiling futures-executor v0.3.32
[INFO] [stderr]    Compiling idna_adapter v1.2.2
[INFO] [stderr]    Compiling idna v1.1.0
[INFO] [stderr]    Compiling serde v1.0.228
[INFO] [stderr]    Compiling futures v0.3.32
[INFO] [stderr]    Compiling url v2.5.8
[INFO] [stderr]    Compiling tracing-log v0.2.0
[INFO] [stderr]    Compiling thiserror v2.0.18
[INFO] [stderr]    Compiling serde_spanned v1.1.1
[INFO] [stderr]    Compiling toml_datetime v1.1.1+spec-1.1.0
[INFO] [stderr]    Compiling num-conv v0.2.2
[INFO] [stderr]    Compiling serde_urlencoded v0.7.1
[INFO] [stderr]    Compiling secrecy v0.10.3
[INFO] [stderr]    Compiling toml_writer v1.1.1+spec-1.1.0
[INFO] [stderr]    Compiling time-core v0.1.9
[INFO] [stderr]    Compiling tracing-subscriber v0.3.23
[INFO] [stderr]    Compiling toml v1.1.2+spec-1.1.0
[INFO] [stderr]    Compiling chrono v0.4.45
[INFO] [stderr]    Compiling time-macros v0.2.31
[INFO] [stderr]    Compiling dirs v6.0.0
[INFO] [stderr]    Compiling hashlink v0.12.1
[INFO] [stderr]    Compiling tokio-util v0.7.18
[INFO] [stderr]    Compiling tokio-stream v0.1.18
[INFO] [stderr]    Compiling h2 v0.4.15
[INFO] [stderr]    Compiling tower v0.5.3
[INFO] [stderr]    Compiling bstr v1.12.3
[INFO] [stderr]    Compiling unsafe-libyaml v0.2.11
[INFO] [stderr]    Compiling fallible-iterator v0.3.0
[INFO] [stderr]    Compiling tower-http v0.6.11
[INFO] [stderr]    Compiling unicode-width v0.2.2
[INFO] [stderr]    Compiling fallible-streaming-iterator v0.1.9
[INFO] [stderr]    Compiling pulldown-cmark v0.13.4
[INFO] [stderr]    Compiling deranged v0.5.8
[INFO] [stderr]    Compiling powerfmt v0.2.0
[INFO] [stderr]    Compiling getopts v0.2.24
[INFO] [stderr]    Compiling serde_yaml v0.9.34+deprecated
[INFO] [stderr]    Compiling globset v0.4.18
[INFO] [stderr]    Compiling uuid v1.23.4
[INFO] [stderr]    Compiling async-trait v0.1.89
[INFO] [stderr]    Compiling regex v1.13.0
[INFO] [stderr]    Compiling rusqlite v0.40.1
[INFO] [stderr]    Compiling time v0.3.53
[INFO] [stderr]    Compiling fs2 v0.4.3
[INFO] [stderr]    Compiling pulldown-cmark-escape v0.11.0
[INFO] [stderr]    Compiling hyper v1.10.1
[INFO] [stderr]    Compiling hyper-util v0.1.20
[INFO] [stderr]    Compiling rustls-webpki v0.103.13
[INFO] [stderr]    Compiling tokio-rustls v0.26.4
[INFO] [stderr]    Compiling rustls-platform-verifier v0.7.0
[INFO] [stderr]    Compiling hyper-rustls v0.27.9
[INFO] [stderr]    Compiling reqwest v0.13.4
[INFO] [stderr]    Compiling async-openai v0.41.1
[INFO] [stderr]    Compiling robit-ai v0.1.9
[INFO] [stderr]    Compiling robit-agent v0.1.9
[INFO] [stderr]    Compiling robit-chatbot v0.1.9 (/opt/rustwide/workdir)
[INFO] [stderr]     Finished `dev` profile [unoptimized + debuginfo] target(s) in 3m 12s
[INFO] running `Command { std: "docker" "inspect" "3e14de50af0e72b1a6285a9a6a75a80d8fdefd073c4b8d39fa14c293a9071676", kill_on_drop: false }`
[INFO] running `Command { std: "docker" "exec" "-e" "SOURCE_DIR=/opt/rustwide/workdir" "-e" "CARGO_HOME=/opt/rustwide/cargo-home" "-e" "RUSTUP_HOME=/opt/rustwide/rustup-home" "-e" "CARGO_TARGET_DIR=/opt/rustwide/target" "-e" "CARGO_INCREMENTAL=0" "-e" "RUST_BACKTRACE=full" "-e" "RUSTFLAGS=--cap-lints=warn" "-e" "RUSTDOCFLAGS=--cap-lints=warn" "-w" "/opt/rustwide/workdir" "--user" "0:0" "3e14de50af0e72b1a6285a9a6a75a80d8fdefd073c4b8d39fa14c293a9071676" "/opt/rustwide/cargo-home/bin/cargo" "+1.98.0-beta.1" "test" "--frozen" "--no-run" "--message-format=json", kill_on_drop: false }`
[INFO] [stderr]    Compiling robit-chatbot v0.1.9 (/opt/rustwide/workdir)
[INFO] [stderr]     Finished `test` profile [unoptimized + debuginfo] target(s) in 4.24s
[INFO] running `Command { std: "docker" "inspect" "3e14de50af0e72b1a6285a9a6a75a80d8fdefd073c4b8d39fa14c293a9071676", kill_on_drop: false }`
[INFO] running `Command { std: "docker" "exec" "-e" "SOURCE_DIR=/opt/rustwide/workdir" "-e" "CARGO_HOME=/opt/rustwide/cargo-home" "-e" "RUSTUP_HOME=/opt/rustwide/rustup-home" "-e" "CARGO_TARGET_DIR=/opt/rustwide/target" "-e" "CARGO_INCREMENTAL=0" "-e" "RUST_BACKTRACE=full" "-e" "RUSTFLAGS=--cap-lints=warn" "-e" "RUSTDOCFLAGS=--cap-lints=warn" "-w" "/opt/rustwide/workdir" "--user" "0:0" "3e14de50af0e72b1a6285a9a6a75a80d8fdefd073c4b8d39fa14c293a9071676" "/opt/rustwide/cargo-home/bin/cargo" "+1.98.0-beta.1" "test" "--frozen", kill_on_drop: false }`
[INFO] [stderr]     Finished `test` profile [unoptimized + debuginfo] target(s) in 0.29s
[INFO] [stderr]      Running unittests src/lib.rs (/opt/rustwide/target/debug/deps/robit_chatbot-3cecc3f3496c5287)
[INFO] [stdout] 
[INFO] [stdout] running 31 tests
[INFO] [stdout] test confirmer::tests::cleanup_expired_removes_old_entries ... ok
[INFO] [stdout] test confirmer::tests::no_pending_returns_none ... ok
[INFO] [stdout] test confirmer::tests::auto_approve_skips_prompt ... ok
[INFO] [stdout] test confirmer::tests::non_keyword_message_returns_none ... ok
[INFO] [stdout] test confirmer::tests::reject_keyword_resolves_pending ... ok
[INFO] [stdout] test confirmer::tests::only_first_pending_per_chat_resolved ... ok
[INFO] [stdout] test confirmer::tests::approve_keyword_resolves_pending ... ok
[INFO] [stdout] test manager::tests::generate_title_empty_message ... ok
[INFO] [stdout] test manager::tests::generate_title_short_message ... ok
[INFO] [stdout] test manager::tests::generate_title_truncates_long_messages ... ok
[INFO] [stdout] test markdown::tests::converts_image_to_alt_fallback ... ok
[INFO] [stdout] test markdown::tests::converts_table_to_aligned_text ... ok
[INFO] [stdout] test markdown::tests::handles_empty_input ... ok
[INFO] [stdout] test markdown::tests::handles_unicode_for_qq ... ok
[INFO] [stdout] test markdown::tests::passes_through_code_blocks_for_qq ... ok
[INFO] [stdout] test markdown::tests::preserves_code_block_contents_with_dashes ... ok
[INFO] [stdout] test markdown::tests::strips_bold_and_italic_for_qq ... ok
[INFO] [stdout] test markdown::tests::strips_html_tags ... ok
[INFO] [stdout] test markdown::tests::strips_inline_code_for_qq ... ok
[INFO] [stdout] test markdown::tests::strips_links_for_qq ... ok
[INFO] [stdout] test confirmer::tests::timeout_returns_false ... ok
[INFO] [stdout] test tool::send_file::tests::test_classify_file ... ok
[INFO] [stdout] test tool::send_file::tests::test_classify_image ... ok
[INFO] [stdout] test tool::send_file::tests::test_send_file_schema ... ok
[INFO] [stdout] test markdown::tests::unsupported_headings_become_bold ... ok
[INFO] [stdout] test frontend::tests::error_sends_error_message ... FAILED
[INFO] [stdout] test frontend::tests::no_hint_in_manual_mode ... FAILED
[INFO] [stdout] test frontend::tests::progress_hint_resets_on_turn_complete ... FAILED
[INFO] [stdout] test frontend::tests::progress_hint_rate_limited_per_turn ... FAILED
[INFO] [stdout] test frontend::tests::textdelta_accumulates_until_turn_complete ... FAILED
[INFO] [stdout] test frontend::tests::turn_complete_flushes_accumulated_text ... FAILED
[INFO] [stdout] 
[INFO] [stdout] failures:
[INFO] [stdout] 
[INFO] [stdout] ---- frontend::tests::error_sends_error_message stdout ----
[INFO] [stdout] 
[INFO] [stdout] thread 'frontend::tests::error_sends_error_message' (3445) panicked at src/frontend.rs:388:25:
[INFO] [stdout] Cannot block the current thread from within a runtime. This happens because a function attempted to block the current thread while the thread is being used to drive asynchronous tasks.
[INFO] [stdout] stack backtrace:
[INFO] [stdout]    0:     0x5fa72d58f211 - std[73adb7dc35730857]::backtrace_rs::backtrace::libunwind::trace
[INFO] [stdout]                                at /rustc/6b3fa26749ab40e159b2dd5cf577acaaf5902772/library/std/src/../../backtrace/src/backtrace/libunwind.rs:117:9
[INFO] [stdout]    1:     0x5fa72d58f211 - std[73adb7dc35730857]::backtrace_rs::backtrace::trace_unsynchronized::<std[73adb7dc35730857]::sys::backtrace::_print_fmt::{closure#1}>
[INFO] [stdout]                                at /rustc/6b3fa26749ab40e159b2dd5cf577acaaf5902772/library/std/src/../../backtrace/src/backtrace/mod.rs:66:14
[INFO] [stdout]    2:     0x5fa72d58f211 - std[73adb7dc35730857]::sys::backtrace::_print_fmt
[INFO] [stdout]                                at /rustc/6b3fa26749ab40e159b2dd5cf577acaaf5902772/library/std/src/sys/backtrace.rs:74:9
[INFO] [stdout]    3:     0x5fa72d58f211 - <<std[73adb7dc35730857]::sys::backtrace::BacktraceLock>::print::DisplayBacktrace as core[6883ba1bc0fe4ed1]::fmt::Display>::fmt
[INFO] [stdout]                                at /rustc/6b3fa26749ab40e159b2dd5cf577acaaf5902772/library/std/src/sys/backtrace.rs:44:26
[INFO] [stdout]    4:     0x5fa72d5a4a3a - <core[6883ba1bc0fe4ed1]::fmt::rt::Argument>::fmt
[INFO] [stdout]                                at /rustc/6b3fa26749ab40e159b2dd5cf577acaaf5902772/library/core/src/fmt/rt.rs:152:76
[INFO] [stdout]    5:     0x5fa72d5a4a3a - core[6883ba1bc0fe4ed1]::fmt::write
[INFO] [stdout]    6:     0x5fa72d59386c - std[73adb7dc35730857]::io::default_write_fmt::<alloc[55a36b64bcbf2c0d]::vec::Vec<u8>>
[INFO] [stdout]                                at /rustc/6b3fa26749ab40e159b2dd5cf577acaaf5902772/library/std/src/io/mod.rs:626:11
[INFO] [stdout]    7:     0x5fa72d59386c - <alloc[55a36b64bcbf2c0d]::vec::Vec<u8> as std[73adb7dc35730857]::io::Write>::write_fmt
[INFO] [stdout]                                at /rustc/6b3fa26749ab40e159b2dd5cf577acaaf5902772/library/std/src/io/mod.rs:1730:13
[INFO] [stdout]    8:     0x5fa72d56d236 - <std[73adb7dc35730857]::sys::backtrace::BacktraceLock>::print
[INFO] [stdout]                                at /rustc/6b3fa26749ab40e159b2dd5cf577acaaf5902772/library/std/src/sys/backtrace.rs:47:9
[INFO] [stdout]    9:     0x5fa72d56d236 - std[73adb7dc35730857]::panicking::default_hook::{closure#0}
[INFO] [stdout]                                at /rustc/6b3fa26749ab40e159b2dd5cf577acaaf5902772/library/std/src/panicking.rs:292:27
[INFO] [stdout]   10:     0x5fa72d587079 - std[73adb7dc35730857]::panicking::default_hook
[INFO] [stdout]                                at /rustc/6b3fa26749ab40e159b2dd5cf577acaaf5902772/library/std/src/panicking.rs:316:9
[INFO] [stdout]   11:     0x5fa72d264bc0 - <alloc[55a36b64bcbf2c0d]::boxed::Box<dyn for<'a, 'b> core[6883ba1bc0fe4ed1]::ops::function::Fn<(&'a std[73adb7dc35730857]::panic::PanicHookInfo<'b>,), Output = ()> + core[6883ba1bc0fe4ed1]::marker::Send + core[6883ba1bc0fe4ed1]::marker::Sync> as core[6883ba1bc0fe4ed1]::ops::function::Fn<(&std[73adb7dc35730857]::panic::PanicHookInfo,)>>::call
[INFO] [stdout]                                at /rustc/6b3fa26749ab40e159b2dd5cf577acaaf5902772/library/alloc/src/boxed.rs:2333:9
[INFO] [stdout]   12:     0x5fa72d264bc0 - test[980ffaebd391d06d]::test_main_inner::<test[980ffaebd391d06d]::test_main_static::{closure#0}>::{closure#0}
[INFO] [stdout]                                at /rustc/6b3fa26749ab40e159b2dd5cf577acaaf5902772/library/test/src/lib.rs:155:21
[INFO] [stdout]   13:     0x5fa72d5873a2 - <alloc[55a36b64bcbf2c0d]::boxed::Box<dyn for<'a, 'b> core[6883ba1bc0fe4ed1]::ops::function::Fn<(&'a std[73adb7dc35730857]::panic::PanicHookInfo<'b>,), Output = ()> + core[6883ba1bc0fe4ed1]::marker::Send + core[6883ba1bc0fe4ed1]::marker::Sync> as core[6883ba1bc0fe4ed1]::ops::function::Fn<(&std[73adb7dc35730857]::panic::PanicHookInfo,)>>::call
[INFO] [stdout]                                at /rustc/6b3fa26749ab40e159b2dd5cf577acaaf5902772/library/alloc/src/boxed.rs:2333:9
[INFO] [stdout]   14:     0x5fa72d5873a2 - std[73adb7dc35730857]::panicking::panic_with_hook
[INFO] [stdout]                                at /rustc/6b3fa26749ab40e159b2dd5cf577acaaf5902772/library/std/src/panicking.rs:823:13
[INFO] [stdout]   15:     0x5fa72d56d2e2 - std[73adb7dc35730857]::panicking::panic_handler::{closure#0}
[INFO] [stdout]                                at /rustc/6b3fa26749ab40e159b2dd5cf577acaaf5902772/library/std/src/panicking.rs:688:13
[INFO] [stdout]   16:     0x5fa72d564c49 - std[73adb7dc35730857]::sys::backtrace::__rust_end_short_backtrace::<std[73adb7dc35730857]::panicking::panic_handler::{closure#0}, !>
[INFO] [stdout]                                at /rustc/6b3fa26749ab40e159b2dd5cf577acaaf5902772/library/std/src/sys/backtrace.rs:182:18
[INFO] [stdout]   17:     0x5fa72d56dedd - __rustc[a7b7b02e776dd976]::rust_begin_unwind
[INFO] [stdout]                                at /rustc/6b3fa26749ab40e159b2dd5cf577acaaf5902772/library/std/src/panicking.rs:679:5
[INFO] [stdout]   18:     0x5fa72d5a523c - core[6883ba1bc0fe4ed1]::panicking::panic_fmt
[INFO] [stdout]                                at /rustc/6b3fa26749ab40e159b2dd5cf577acaaf5902772/library/core/src/panicking.rs:80:14
[INFO] [stdout]   19:     0x5fa72d5a4f34 - core[6883ba1bc0fe4ed1]::panicking::panic_display::<&str>
[INFO] [stdout]                                at /rustc/6b3fa26749ab40e159b2dd5cf577acaaf5902772/library/core/src/panicking.rs:259:5
[INFO] [stdout]   20:     0x5fa72d5a4f34 - core[6883ba1bc0fe4ed1]::option::expect_failed
[INFO] [stdout]                                at /rustc/6b3fa26749ab40e159b2dd5cf577acaaf5902772/library/core/src/option.rs:2260:5
[INFO] [stdout]   21:     0x5fa72d24a4e1 - <core[6883ba1bc0fe4ed1]::option::Option<tokio[26cbf225d2f5f6b7]::runtime::context::blocking::BlockingRegionGuard>>::expect
[INFO] [stdout]                                at /rustc/6b3fa26749ab40e159b2dd5cf577acaaf5902772/library/core/src/option.rs:969:21
[INFO] [stdout]   22:     0x5fa72d23f31d - tokio[26cbf225d2f5f6b7]::future::block_on::block_on::<<tokio[26cbf225d2f5f6b7]::sync::mutex::Mutex<rusqlite[e6ce72722113c0f]::Connection>>::lock::{closure#0}>
[INFO] [stdout]                                at /opt/rustwide/cargo-home/registry/src/index.crates.io-1949cf8c6b5b557f/tokio-1.52.3/src/future/block_on.rs:6:74
[INFO] [stdout]   23:     0x5fa72d228891 - <tokio[26cbf225d2f5f6b7]::sync::mutex::Mutex<rusqlite[e6ce72722113c0f]::Connection>>::blocking_lock
[INFO] [stdout]                                at /opt/rustwide/cargo-home/registry/src/index.crates.io-1949cf8c6b5b557f/tokio-1.52.3/src/sync/mutex.rs:521:9
[INFO] [stdout]   24:     0x5fa72d239090 - robit_chatbot[6ca6cf9f5caed3f6]::frontend::tests::make_frontend
[INFO] [stdout]                                at /opt/rustwide/workdir/src/frontend.rs:388:25
[INFO] [stdout]   25:     0x5fa72d2337e9 - robit_chatbot[6ca6cf9f5caed3f6]::frontend::tests::error_sends_error_message::{closure#0}
[INFO] [stdout]                                at /opt/rustwide/workdir/src/frontend.rs:489:18
[INFO] [stdout]   26:     0x5fa72d21b9a2 - <core[6883ba1bc0fe4ed1]::pin::Pin<&mut dyn core[6883ba1bc0fe4ed1]::future::future::Future<Output = ()>> as core[6883ba1bc0fe4ed1]::future::future::Future>::poll
[INFO] [stdout]                                at /rustc/6b3fa26749ab40e159b2dd5cf577acaaf5902772/library/core/src/future/future.rs:133:9
[INFO] [stdout]   27:     0x5fa72d21ba1d - <core[6883ba1bc0fe4ed1]::pin::Pin<&mut core[6883ba1bc0fe4ed1]::pin::Pin<&mut dyn core[6883ba1bc0fe4ed1]::future::future::Future<Output = ()>>> as core[6883ba1bc0fe4ed1]::future::future::Future>::poll
[INFO] [stdout]                                at /rustc/6b3fa26749ab40e159b2dd5cf577acaaf5902772/library/core/src/future/future.rs:133:9
[INFO] [stdout]   28:     0x5fa72d2300ad - <tokio[26cbf225d2f5f6b7]::runtime::scheduler::current_thread::CoreGuard>::block_on::<core[6883ba1bc0fe4ed1]::pin::Pin<&mut core[6883ba1bc0fe4ed1]::pin::Pin<&mut dyn core[6883ba1bc0fe4ed1]::future::future::Future<Output = ()>>>>::{closure#0}::{closure#0}::{closure#0}
[INFO] [stdout]                                at /opt/rustwide/cargo-home/registry/src/index.crates.io-1949cf8c6b5b557f/tokio-1.52.3/src/runtime/scheduler/current_thread/mod.rs:778:70
[INFO] [stdout]   29:     0x5fa72d22ffab - tokio[26cbf225d2f5f6b7]::task::coop::with_budget::<core[6883ba1bc0fe4ed1]::task::poll::Poll<()>, <tokio[26cbf225d2f5f6b7]::runtime::scheduler::current_thread::CoreGuard>::block_on<core[6883ba1bc0fe4ed1]::pin::Pin<&mut core[6883ba1bc0fe4ed1]::pin::Pin<&mut dyn core[6883ba1bc0fe4ed1]::future::future::Future<Output = ()>>>>::{closure#0}::{closure#0}::{closure#0}>
[INFO] [stdout]                                at /opt/rustwide/cargo-home/registry/src/index.crates.io-1949cf8c6b5b557f/tokio-1.52.3/src/task/coop/mod.rs:167:5
[INFO] [stdout]   30:     0x5fa72d22ffab - tokio[26cbf225d2f5f6b7]::task::coop::budget::<core[6883ba1bc0fe4ed1]::task::poll::Poll<()>, <tokio[26cbf225d2f5f6b7]::runtime::scheduler::current_thread::CoreGuard>::block_on<core[6883ba1bc0fe4ed1]::pin::Pin<&mut core[6883ba1bc0fe4ed1]::pin::Pin<&mut dyn core[6883ba1bc0fe4ed1]::future::future::Future<Output = ()>>>>::{closure#0}::{closure#0}::{closure#0}>
[INFO] [stdout]                                at /opt/rustwide/cargo-home/registry/src/index.crates.io-1949cf8c6b5b557f/tokio-1.52.3/src/task/coop/mod.rs:133:5
[INFO] [stdout]   31:     0x5fa72d22ffab - <tokio[26cbf225d2f5f6b7]::runtime::scheduler::current_thread::CoreGuard>::block_on::<core[6883ba1bc0fe4ed1]::pin::Pin<&mut core[6883ba1bc0fe4ed1]::pin::Pin<&mut dyn core[6883ba1bc0fe4ed1]::future::future::Future<Output = ()>>>>::{closure#0}::{closure#0}
[INFO] [stdout]                                at /opt/rustwide/cargo-home/registry/src/index.crates.io-1949cf8c6b5b557f/tokio-1.52.3/src/runtime/scheduler/current_thread/mod.rs:778:25
[INFO] [stdout]   32:     0x5fa72d22a2a0 - <tokio[26cbf225d2f5f6b7]::runtime::scheduler::current_thread::Context>::enter::<core[6883ba1bc0fe4ed1]::task::poll::Poll<()>, <tokio[26cbf225d2f5f6b7]::runtime::scheduler::current_thread::CoreGuard>::block_on<core[6883ba1bc0fe4ed1]::pin::Pin<&mut core[6883ba1bc0fe4ed1]::pin::Pin<&mut dyn core[6883ba1bc0fe4ed1]::future::future::Future<Output = ()>>>>::{closure#0}::{closure#0}>
[INFO] [stdout]                                at /opt/rustwide/cargo-home/registry/src/index.crates.io-1949cf8c6b5b557f/tokio-1.52.3/src/runtime/scheduler/current_thread/mod.rs:451:19
[INFO] [stdout]   33:     0x5fa72d22ec2d - <tokio[26cbf225d2f5f6b7]::runtime::scheduler::current_thread::CoreGuard>::block_on::<core[6883ba1bc0fe4ed1]::pin::Pin<&mut core[6883ba1bc0fe4ed1]::pin::Pin<&mut dyn core[6883ba1bc0fe4ed1]::future::future::Future<Output = ()>>>>::{closure#0}
[INFO] [stdout]                                at /opt/rustwide/cargo-home/registry/src/index.crates.io-1949cf8c6b5b557f/tokio-1.52.3/src/runtime/scheduler/current_thread/mod.rs:777:44
[INFO] [stdout]   34:     0x5fa72d22ded4 - <tokio[26cbf225d2f5f6b7]::runtime::scheduler::current_thread::CoreGuard>::enter::<<tokio[26cbf225d2f5f6b7]::runtime::scheduler::current_thread::CoreGuard>::block_on<core[6883ba1bc0fe4ed1]::pin::Pin<&mut core[6883ba1bc0fe4ed1]::pin::Pin<&mut dyn core[6883ba1bc0fe4ed1]::future::future::Future<Output = ()>>>>::{closure#0}, core[6883ba1bc0fe4ed1]::option::Option<()>>::{closure#0}
[INFO] [stdout]                                at /opt/rustwide/cargo-home/registry/src/index.crates.io-1949cf8c6b5b557f/tokio-1.52.3/src/runtime/scheduler/current_thread/mod.rs:865:68
[INFO] [stdout]   35:     0x5fa72d21325b - <tokio[26cbf225d2f5f6b7]::runtime::context::scoped::Scoped<tokio[26cbf225d2f5f6b7]::runtime::scheduler::Context>>::set::<<tokio[26cbf225d2f5f6b7]::runtime::scheduler::current_thread::CoreGuard>::enter<<tokio[26cbf225d2f5f6b7]::runtime::scheduler::current_thread::CoreGuard>::block_on<core[6883ba1bc0fe4ed1]::pin::Pin<&mut core[6883ba1bc0fe4ed1]::pin::Pin<&mut dyn core[6883ba1bc0fe4ed1]::future::future::Future<Output = ()>>>>::{closure#0}, core[6883ba1bc0fe4ed1]::option::Option<()>>::{closure#0}, (alloc[55a36b64bcbf2c0d]::boxed::Box<tokio[26cbf225d2f5f6b7]::runtime::scheduler::current_thread::Core>, core[6883ba1bc0fe4ed1]::option::Option<()>)>
[INFO] [stdout]                                at /opt/rustwide/cargo-home/registry/src/index.crates.io-1949cf8c6b5b557f/tokio-1.52.3/src/runtime/context/scoped.rs:40:9
[INFO] [stdout]   36:     0x5fa72d2211d9 - tokio[26cbf225d2f5f6b7]::runtime::context::set_scheduler::<(alloc[55a36b64bcbf2c0d]::boxed::Box<tokio[26cbf225d2f5f6b7]::runtime::scheduler::current_thread::Core>, core[6883ba1bc0fe4ed1]::option::Option<()>), <tokio[26cbf225d2f5f6b7]::runtime::scheduler::current_thread::CoreGuard>::enter<<tokio[26cbf225d2f5f6b7]::runtime::scheduler::current_thread::CoreGuard>::block_on<core[6883ba1bc0fe4ed1]::pin::Pin<&mut core[6883ba1bc0fe4ed1]::pin::Pin<&mut dyn core[6883ba1bc0fe4ed1]::future::future::Future<Output = ()>>>>::{closure#0}, core[6883ba1bc0fe4ed1]::option::Option<()>>::{closure#0}>::{closure#0}
[INFO] [stdout]                                at /opt/rustwide/cargo-home/registry/src/index.crates.io-1949cf8c6b5b557f/tokio-1.52.3/src/runtime/context.rs:181:38
[INFO] [stdout]   37:     0x5fa72d247242 - <std[73adb7dc35730857]::thread::local::LocalKey<tokio[26cbf225d2f5f6b7]::runtime::context::Context>>::try_with::<tokio[26cbf225d2f5f6b7]::runtime::context::set_scheduler<(alloc[55a36b64bcbf2c0d]::boxed::Box<tokio[26cbf225d2f5f6b7]::runtime::scheduler::current_thread::Core>, core[6883ba1bc0fe4ed1]::option::Option<()>), <tokio[26cbf225d2f5f6b7]::runtime::scheduler::current_thread::CoreGuard>::enter<<tokio[26cbf225d2f5f6b7]::runtime::scheduler::current_thread::CoreGuard>::block_on<core[6883ba1bc0fe4ed1]::pin::Pin<&mut core[6883ba1bc0fe4ed1]::pin::Pin<&mut dyn core[6883ba1bc0fe4ed1]::future::future::Future<Output = ()>>>>::{closure#0}, core[6883ba1bc0fe4ed1]::option::Option<()>>::{closure#0}>::{closure#0}, (alloc[55a36b64bcbf2c0d]::boxed::Box<tokio[26cbf225d2f5f6b7]::runtime::scheduler::current_thread::Core>, core[6883ba1bc0fe4ed1]::option::Option<()>)>
[INFO] [stdout]                                at /rustc/6b3fa26749ab40e159b2dd5cf577acaaf5902772/library/std/src/thread/local.rs:463:12
[INFO] [stdout]   38:     0x5fa72d246dce - <std[73adb7dc35730857]::thread::local::LocalKey<tokio[26cbf225d2f5f6b7]::runtime::context::Context>>::with::<tokio[26cbf225d2f5f6b7]::runtime::context::set_scheduler<(alloc[55a36b64bcbf2c0d]::boxed::Box<tokio[26cbf225d2f5f6b7]::runtime::scheduler::current_thread::Core>, core[6883ba1bc0fe4ed1]::option::Option<()>), <tokio[26cbf225d2f5f6b7]::runtime::scheduler::current_thread::CoreGuard>::enter<<tokio[26cbf225d2f5f6b7]::runtime::scheduler::current_thread::CoreGuard>::block_on<core[6883ba1bc0fe4ed1]::pin::Pin<&mut core[6883ba1bc0fe4ed1]::pin::Pin<&mut dyn core[6883ba1bc0fe4ed1]::future::future::Future<Output = ()>>>>::{closure#0}, core[6883ba1bc0fe4ed1]::option::Option<()>>::{closure#0}>::{closure#0}, (alloc[55a36b64bcbf2c0d]::boxed::Box<tokio[26cbf225d2f5f6b7]::runtime::scheduler::current_thread::Core>, core[6883ba1bc0fe4ed1]::option::Option<()>)>
[INFO] [stdout]                                at /rustc/6b3fa26749ab40e159b2dd5cf577acaaf5902772/library/std/src/thread/local.rs:427:20
[INFO] [stdout]   39:     0x5fa72d220d3d - tokio[26cbf225d2f5f6b7]::runtime::context::set_scheduler::<(alloc[55a36b64bcbf2c0d]::boxed::Box<tokio[26cbf225d2f5f6b7]::runtime::scheduler::current_thread::Core>, core[6883ba1bc0fe4ed1]::option::Option<()>), <tokio[26cbf225d2f5f6b7]::runtime::scheduler::current_thread::CoreGuard>::enter<<tokio[26cbf225d2f5f6b7]::runtime::scheduler::current_thread::CoreGuard>::block_on<core[6883ba1bc0fe4ed1]::pin::Pin<&mut core[6883ba1bc0fe4ed1]::pin::Pin<&mut dyn core[6883ba1bc0fe4ed1]::future::future::Future<Output = ()>>>>::{closure#0}, core[6883ba1bc0fe4ed1]::option::Option<()>>::{closure#0}>
[INFO] [stdout]                                at /opt/rustwide/cargo-home/registry/src/index.crates.io-1949cf8c6b5b557f/tokio-1.52.3/src/runtime/context.rs:181:17
[INFO] [stdout]   40:     0x5fa72d22cc90 - <tokio[26cbf225d2f5f6b7]::runtime::scheduler::current_thread::CoreGuard>::enter::<<tokio[26cbf225d2f5f6b7]::runtime::scheduler::current_thread::CoreGuard>::block_on<core[6883ba1bc0fe4ed1]::pin::Pin<&mut core[6883ba1bc0fe4ed1]::pin::Pin<&mut dyn core[6883ba1bc0fe4ed1]::future::future::Future<Output = ()>>>>::{closure#0}, core[6883ba1bc0fe4ed1]::option::Option<()>>
[INFO] [stdout]                                at /opt/rustwide/cargo-home/registry/src/index.crates.io-1949cf8c6b5b557f/tokio-1.52.3/src/runtime/scheduler/current_thread/mod.rs:865:27
[INFO] [stdout]   41:     0x5fa72d22cf86 - <tokio[26cbf225d2f5f6b7]::runtime::scheduler::current_thread::CoreGuard>::block_on::<core[6883ba1bc0fe4ed1]::pin::Pin<&mut core[6883ba1bc0fe4ed1]::pin::Pin<&mut dyn core[6883ba1bc0fe4ed1]::future::future::Future<Output = ()>>>>
[INFO] [stdout]                                at /opt/rustwide/cargo-home/registry/src/index.crates.io-1949cf8c6b5b557f/tokio-1.52.3/src/runtime/scheduler/current_thread/mod.rs:765:24
[INFO] [stdout]   42:     0x5fa72d22dae0 - <tokio[26cbf225d2f5f6b7]::runtime::scheduler::current_thread::CurrentThread>::block_on::<core[6883ba1bc0fe4ed1]::pin::Pin<&mut dyn core[6883ba1bc0fe4ed1]::future::future::Future<Output = ()>>>::{closure#0}
[INFO] [stdout]                                at /opt/rustwide/cargo-home/registry/src/index.crates.io-1949cf8c6b5b557f/tokio-1.52.3/src/runtime/scheduler/current_thread/mod.rs:205:33
[INFO] [stdout]   43:     0x5fa72d22d4c3 - tokio[26cbf225d2f5f6b7]::runtime::context::runtime::enter_runtime::<<tokio[26cbf225d2f5f6b7]::runtime::scheduler::current_thread::CurrentThread>::block_on<core[6883ba1bc0fe4ed1]::pin::Pin<&mut dyn core[6883ba1bc0fe4ed1]::future::future::Future<Output = ()>>>::{closure#0}, ()>
[INFO] [stdout]                                at /opt/rustwide/cargo-home/registry/src/index.crates.io-1949cf8c6b5b557f/tokio-1.52.3/src/runtime/context/runtime.rs:65:16
[INFO] [stdout]   44:     0x5fa72d229dd1 - <tokio[26cbf225d2f5f6b7]::runtime::scheduler::current_thread::CurrentThread>::block_on::<core[6883ba1bc0fe4ed1]::pin::Pin<&mut dyn core[6883ba1bc0fe4ed1]::future::future::Future<Output = ()>>>
[INFO] [stdout]                                at /opt/rustwide/cargo-home/registry/src/index.crates.io-1949cf8c6b5b557f/tokio-1.52.3/src/runtime/scheduler/current_thread/mod.rs:193:9
[INFO] [stdout]   45:     0x5fa72d20ac44 - <tokio[26cbf225d2f5f6b7]::runtime::runtime::Runtime>::block_on_inner::<core[6883ba1bc0fe4ed1]::pin::Pin<&mut dyn core[6883ba1bc0fe4ed1]::future::future::Future<Output = ()>>>
[INFO] [stdout]                                at /opt/rustwide/cargo-home/registry/src/index.crates.io-1949cf8c6b5b557f/tokio-1.52.3/src/runtime/runtime.rs:371:52
[INFO] [stdout]   46:     0x5fa72d20ae0f - <tokio[26cbf225d2f5f6b7]::runtime::runtime::Runtime>::block_on::<core[6883ba1bc0fe4ed1]::pin::Pin<&mut dyn core[6883ba1bc0fe4ed1]::future::future::Future<Output = ()>>>
[INFO] [stdout]                                at /opt/rustwide/cargo-home/registry/src/index.crates.io-1949cf8c6b5b557f/tokio-1.52.3/src/runtime/runtime.rs:345:18
[INFO] [stdout]   47:     0x5fa72d239671 - robit_chatbot[6ca6cf9f5caed3f6]::frontend::tests::error_sends_error_message
[INFO] [stdout]                                at /opt/rustwide/workdir/src/frontend.rs:493:95
[INFO] [stdout]   48:     0x5fa72d232ef7 - robit_chatbot[6ca6cf9f5caed3f6]::frontend::tests::error_sends_error_message::{closure#0}
[INFO] [stdout]                                at /opt/rustwide/workdir/src/frontend.rs:487:41
[INFO] [stdout]   49:     0x5fa72d201766 - <robit_chatbot[6ca6cf9f5caed3f6]::frontend::tests::error_sends_error_message::{closure#0} as core[6883ba1bc0fe4ed1]::ops::function::FnOnce<()>>::call_once
[INFO] [stdout]                                at /rustc/6b3fa26749ab40e159b2dd5cf577acaaf5902772/library/core/src/ops/function.rs:250:5
[INFO] [stdout]   50:     0x5fa72d257efb - <fn() -> core[6883ba1bc0fe4ed1]::result::Result<(), alloc[55a36b64bcbf2c0d]::string::String> as core[6883ba1bc0fe4ed1]::ops::function::FnOnce<()>>::call_once
[INFO] [stdout]                                at /rustc/6b3fa26749ab40e159b2dd5cf577acaaf5902772/library/core/src/ops/function.rs:250:5
[INFO] [stdout]   51:     0x5fa72d257efb - test[980ffaebd391d06d]::__rust_begin_short_backtrace::<core[6883ba1bc0fe4ed1]::result::Result<(), alloc[55a36b64bcbf2c0d]::string::String>, fn() -> core[6883ba1bc0fe4ed1]::result::Result<(), alloc[55a36b64bcbf2c0d]::string::String>>
[INFO] [stdout]                                at /rustc/6b3fa26749ab40e159b2dd5cf577acaaf5902772/library/test/src/lib.rs:724:18
[INFO] [stdout]   52:     0x5fa72d265545 - test[980ffaebd391d06d]::run_test_in_process::{closure#0}
[INFO] [stdout]                                at /rustc/6b3fa26749ab40e159b2dd5cf577acaaf5902772/library/test/src/lib.rs:747:74
[INFO] [stdout]   53:     0x5fa72d265545 - <core[6883ba1bc0fe4ed1]::panic::unwind_safe::AssertUnwindSafe<test[980ffaebd391d06d]::run_test_in_process::{closure#0}> as core[6883ba1bc0fe4ed1]::ops::function::FnOnce<()>>::call_once
[INFO] [stdout]                                at /rustc/6b3fa26749ab40e159b2dd5cf577acaaf5902772/library/core/src/panic/unwind_safe.rs:275:9
[INFO] [stdout]   54:     0x5fa72d265545 - std[73adb7dc35730857]::panicking::catch_unwind::do_call::<core[6883ba1bc0fe4ed1]::panic::unwind_safe::AssertUnwindSafe<test[980ffaebd391d06d]::run_test_in_process::{closure#0}>, core[6883ba1bc0fe4ed1]::result::Result<(), alloc[55a36b64bcbf2c0d]::string::String>>
[INFO] [stdout]                                at /rustc/6b3fa26749ab40e159b2dd5cf577acaaf5902772/library/std/src/panicking.rs:576:43
[INFO] [stdout]   55:     0x5fa72d265545 - std[73adb7dc35730857]::panicking::catch_unwind::<core[6883ba1bc0fe4ed1]::result::Result<(), alloc[55a36b64bcbf2c0d]::string::String>, core[6883ba1bc0fe4ed1]::panic::unwind_safe::AssertUnwindSafe<test[980ffaebd391d06d]::run_test_in_process::{closure#0}>>
[INFO] [stdout]                                at /rustc/6b3fa26749ab40e159b2dd5cf577acaaf5902772/library/std/src/panicking.rs:544:19
[INFO] [stdout]   56:     0x5fa72d265545 - std[73adb7dc35730857]::panic::catch_unwind::<core[6883ba1bc0fe4ed1]::panic::unwind_safe::AssertUnwindSafe<test[980ffaebd391d06d]::run_test_in_process::{closure#0}>, core[6883ba1bc0fe4ed1]::result::Result<(), alloc[55a36b64bcbf2c0d]::string::String>>
[INFO] [stdout]                                at /rustc/6b3fa26749ab40e159b2dd5cf577acaaf5902772/library/std/src/panic.rs:359:14
[INFO] [stdout]   57:     0x5fa72d265545 - test[980ffaebd391d06d]::run_test_in_process
[INFO] [stdout]                                at /rustc/6b3fa26749ab40e159b2dd5cf577acaaf5902772/library/test/src/lib.rs:747:27
[INFO] [stdout]   58:     0x5fa72d265545 - test[980ffaebd391d06d]::run_test::{closure#0}
[INFO] [stdout]                                at /rustc/6b3fa26749ab40e159b2dd5cf577acaaf5902772/library/test/src/lib.rs:668:43
[INFO] [stdout]   59:     0x5fa72d25fff4 - test[980ffaebd391d06d]::run_test::{closure#1}
[INFO] [stdout]                                at /rustc/6b3fa26749ab40e159b2dd5cf577acaaf5902772/library/test/src/lib.rs:698:41
[INFO] [stdout]   60:     0x5fa72d25fff4 - std[73adb7dc35730857]::sys::backtrace::__rust_begin_short_backtrace::<test[980ffaebd391d06d]::run_test::{closure#1}, ()>
[INFO] [stdout]                                at /rustc/6b3fa26749ab40e159b2dd5cf577acaaf5902772/library/std/src/sys/backtrace.rs:166:18
[INFO] [stdout]   61:     0x5fa72d268692 - std[73adb7dc35730857]::thread::lifecycle::spawn_unchecked::<test[980ffaebd391d06d]::run_test::{closure#1}, ()>::{closure#1}::{closure#0}
[INFO] [stdout]                                at /rustc/6b3fa26749ab40e159b2dd5cf577acaaf5902772/library/std/src/thread/lifecycle.rs:70:13
[INFO] [stdout]   62:     0x5fa72d268692 - <core[6883ba1bc0fe4ed1]::panic::unwind_safe::AssertUnwindSafe<std[73adb7dc35730857]::thread::lifecycle::spawn_unchecked<test[980ffaebd391d06d]::run_test::{closure#1}, ()>::{closure#1}::{closure#0}> as core[6883ba1bc0fe4ed1]::ops::function::FnOnce<()>>::call_once
[INFO] [stdout]                                at /rustc/6b3fa26749ab40e159b2dd5cf577acaaf5902772/library/core/src/panic/unwind_safe.rs:275:9
[INFO] [stdout]   63:     0x5fa72d268692 - std[73adb7dc35730857]::panicking::catch_unwind::do_call::<core[6883ba1bc0fe4ed1]::panic::unwind_safe::AssertUnwindSafe<std[73adb7dc35730857]::thread::lifecycle::spawn_unchecked<test[980ffaebd391d06d]::run_test::{closure#1}, ()>::{closure#1}::{closure#0}>, ()>
[INFO] [stdout]                                at /rustc/6b3fa26749ab40e159b2dd5cf577acaaf5902772/library/std/src/panicking.rs:576:43
[INFO] [stdout]   64:     0x5fa72d268692 - std[73adb7dc35730857]::panicking::catch_unwind::<(), core[6883ba1bc0fe4ed1]::panic::unwind_safe::AssertUnwindSafe<std[73adb7dc35730857]::thread::lifecycle::spawn_unchecked<test[980ffaebd391d06d]::run_test::{closure#1}, ()>::{closure#1}::{closure#0}>>
[INFO] [stdout]                                at /rustc/6b3fa26749ab40e159b2dd5cf577acaaf5902772/library/std/src/panicking.rs:544:19
[INFO] [stdout]   65:     0x5fa72d268692 - std[73adb7dc35730857]::panic::catch_unwind::<core[6883ba1bc0fe4ed1]::panic::unwind_safe::AssertUnwindSafe<std[73adb7dc35730857]::thread::lifecycle::spawn_unchecked<test[980ffaebd391d06d]::run_test::{closure#1}, ()>::{closure#1}::{closure#0}>, ()>
[INFO] [stdout]                                at /rustc/6b3fa26749ab40e159b2dd5cf577acaaf5902772/library/std/src/panic.rs:359:14
[INFO] [stdout]   66:     0x5fa72d268692 - std[73adb7dc35730857]::thread::lifecycle::spawn_unchecked::<test[980ffaebd391d06d]::run_test::{closure#1}, ()>::{closure#1}
[INFO] [stdout]                                at /rustc/6b3fa26749ab40e159b2dd5cf577acaaf5902772/library/std/src/thread/lifecycle.rs:68:26
[INFO] [stdout]   67:     0x5fa72d268692 - <std[73adb7dc35730857]::thread::lifecycle::spawn_unchecked<test[980ffaebd391d06d]::run_test::{closure#1}, ()>::{closure#1} as core[6883ba1bc0fe4ed1]::ops::function::FnOnce<()>>::call_once::{shim:vtable#0}
[INFO] [stdout]                                at /rustc/6b3fa26749ab40e159b2dd5cf577acaaf5902772/library/core/src/ops/function.rs:250:5
[INFO] [stdout]   68:     0x5fa72d58ea5f - <alloc[55a36b64bcbf2c0d]::boxed::Box<dyn core[6883ba1bc0fe4ed1]::ops::function::FnOnce<(), Output = ()> + core[6883ba1bc0fe4ed1]::marker::Send> as core[6883ba1bc0fe4ed1]::ops::function::FnOnce<()>>::call_once
[INFO] [stdout]                                at /rustc/6b3fa26749ab40e159b2dd5cf577acaaf5902772/library/alloc/src/boxed.rs:2319:9
[INFO] [stdout]   69:     0x5fa72d58ea5f - <std[73adb7dc35730857]::sys::thread::unix::Thread>::new::thread_start
[INFO] [stdout]                                at /rustc/6b3fa26749ab40e159b2dd5cf577acaaf5902772/library/std/src/sys/thread/unix.rs:123:17
[INFO] [stdout]   70:     0x716cdacfcaa4 - <unknown>
[INFO] [stdout]   71:     0x716cdad89a64 - clone
[INFO] [stdout]   72:                0x0 - <unknown>
[INFO] [stdout] 
[INFO] [stdout] ---- frontend::tests::no_hint_in_manual_mode stdout ----
[INFO] [stdout] 
[INFO] [stdout] thread 'frontend::tests::no_hint_in_manual_mode' (3446) panicked at src/frontend.rs:388:25:
[INFO] [stdout] Cannot block the current thread from within a runtime. This happens because a function attempted to block the current thread while the thread is being used to drive asynchronous tasks.
[INFO] [stdout] stack backtrace:
[INFO] [stdout]    0:     0x5fa72d58f211 - std[73adb7dc35730857]::backtrace_rs::backtrace::libunwind::trace
[INFO] [stdout]                                at /rustc/6b3fa26749ab40e159b2dd5cf577acaaf5902772/library/std/src/../../backtrace/src/backtrace/libunwind.rs:117:9
[INFO] [stdout]    1:     0x5fa72d58f211 - std[73adb7dc35730857]::backtrace_rs::backtrace::trace_unsynchronized::<std[73adb7dc35730857]::sys::backtrace::_print_fmt::{closure#1}>
[INFO] [stdout]                                at /rustc/6b3fa26749ab40e159b2dd5cf577acaaf5902772/library/std/src/../../backtrace/src/backtrace/mod.rs:66:14
[INFO] [stdout]    2:     0x5fa72d58f211 - std[73adb7dc35730857]::sys::backtrace::_print_fmt
[INFO] [stdout]                                at /rustc/6b3fa26749ab40e159b2dd5cf577acaaf5902772/library/std/src/sys/backtrace.rs:74:9
[INFO] [stdout]    3:     0x5fa72d58f211 - <<std[73adb7dc35730857]::sys::backtrace::BacktraceLock>::print::DisplayBacktrace as core[6883ba1bc0fe4ed1]::fmt::Display>::fmt
[INFO] [stdout]                                at /rustc/6b3fa26749ab40e159b2dd5cf577acaaf5902772/library/std/src/sys/backtrace.rs:44:26
[INFO] [stdout]    4:     0x5fa72d5a4a3a - <core[6883ba1bc0fe4ed1]::fmt::rt::Argument>::fmt
[INFO] [stdout]                                at /rustc/6b3fa26749ab40e159b2dd5cf577acaaf5902772/library/core/src/fmt/rt.rs:152:76
[INFO] [stdout]    5:     0x5fa72d5a4a3a - core[6883ba1bc0fe4ed1]::fmt::write
[INFO] [stdout]    6:     0x5fa72d59386c - std[73adb7dc35730857]::io::default_write_fmt::<alloc[55a36b64bcbf2c0d]::vec::Vec<u8>>
[INFO] [stdout]                                at /rustc/6b3fa26749ab40e159b2dd5cf577acaaf5902772/library/std/src/io/mod.rs:626:11
[INFO] [stdout]    7:     0x5fa72d59386c - <alloc[55a36b64bcbf2c0d]::vec::Vec<u8> as std[73adb7dc35730857]::io::Write>::write_fmt
[INFO] [stdout]                                at /rustc/6b3fa26749ab40e159b2dd5cf577acaaf5902772/library/std/src/io/mod.rs:1730:13
[INFO] [stdout]    8:     0x5fa72d56d236 - <std[73adb7dc35730857]::sys::backtrace::BacktraceLock>::print
[INFO] [stdout]                                at /rustc/6b3fa26749ab40e159b2dd5cf577acaaf5902772/library/std/src/sys/backtrace.rs:47:9
[INFO] [stdout]    9:     0x5fa72d56d236 - std[73adb7dc35730857]::panicking::default_hook::{closure#0}
[INFO] [stdout]                                at /rustc/6b3fa26749ab40e159b2dd5cf577acaaf5902772/library/std/src/panicking.rs:292:27
[INFO] [stdout]   10:     0x5fa72d587079 - std[73adb7dc35730857]::panicking::default_hook
[INFO] [stdout]                                at /rustc/6b3fa26749ab40e159b2dd5cf577acaaf5902772/library/std/src/panicking.rs:316:9
[INFO] [stdout]   11:     0x5fa72d264bc0 - <alloc[55a36b64bcbf2c0d]::boxed::Box<dyn for<'a, 'b> core[6883ba1bc0fe4ed1]::ops::function::Fn<(&'a std[73adb7dc35730857]::panic::PanicHookInfo<'b>,), Output = ()> + core[6883ba1bc0fe4ed1]::marker::Send + core[6883ba1bc0fe4ed1]::marker::Sync> as core[6883ba1bc0fe4ed1]::ops::function::Fn<(&std[73adb7dc35730857]::panic::PanicHookInfo,)>>::call
[INFO] [stdout]                                at /rustc/6b3fa26749ab40e159b2dd5cf577acaaf5902772/library/alloc/src/boxed.rs:2333:9
[INFO] [stdout]   12:     0x5fa72d264bc0 - test[980ffaebd391d06d]::test_main_inner::<test[980ffaebd391d06d]::test_main_static::{closure#0}>::{closure#0}
[INFO] [stdout]                                at /rustc/6b3fa26749ab40e159b2dd5cf577acaaf5902772/library/test/src/lib.rs:155:21
[INFO] [stdout]   13:     0x5fa72d5873a2 - <alloc[55a36b64bcbf2c0d]::boxed::Box<dyn for<'a, 'b> core[6883ba1bc0fe4ed1]::ops::function::Fn<(&'a std[73adb7dc35730857]::panic::PanicHookInfo<'b>,), Output = ()> + core[6883ba1bc0fe4ed1]::marker::Send + core[6883ba1bc0fe4ed1]::marker::Sync> as core[6883ba1bc0fe4ed1]::ops::function::Fn<(&std[73adb7dc35730857]::panic::PanicHookInfo,)>>::call
[INFO] [stdout]                                at /rustc/6b3fa26749ab40e159b2dd5cf577acaaf5902772/library/alloc/src/boxed.rs:2333:9
[INFO] [stdout]   14:     0x5fa72d5873a2 - std[73adb7dc35730857]::panicking::panic_with_hook
[INFO] [stdout]                                at /rustc/6b3fa26749ab40e159b2dd5cf577acaaf5902772/library/std/src/panicking.rs:823:13
[INFO] [stdout]   15:     0x5fa72d56d2e2 - std[73adb7dc35730857]::panicking::panic_handler::{closure#0}
[INFO] [stdout]                                at /rustc/6b3fa26749ab40e159b2dd5cf577acaaf5902772/library/std/src/panicking.rs:688:13
[INFO] [stdout]   16:     0x5fa72d564c49 - std[73adb7dc35730857]::sys::backtrace::__rust_end_short_backtrace::<std[73adb7dc35730857]::panicking::panic_handler::{closure#0}, !>
[INFO] [stdout]                                at /rustc/6b3fa26749ab40e159b2dd5cf577acaaf5902772/library/std/src/sys/backtrace.rs:182:18
[INFO] [stdout]   17:     0x5fa72d56dedd - __rustc[a7b7b02e776dd976]::rust_begin_unwind
[INFO] [stdout]                                at /rustc/6b3fa26749ab40e159b2dd5cf577acaaf5902772/library/std/src/panicking.rs:679:5
[INFO] [stdout]   18:     0x5fa72d5a523c - core[6883ba1bc0fe4ed1]::panicking::panic_fmt
[INFO] [stdout]                                at /rustc/6b3fa26749ab40e159b2dd5cf577acaaf5902772/library/core/src/panicking.rs:80:14
[INFO] [stdout]   19:     0x5fa72d5a4f34 - core[6883ba1bc0fe4ed1]::panicking::panic_display::<&str>
[INFO] [stdout]                                at /rustc/6b3fa26749ab40e159b2dd5cf577acaaf5902772/library/core/src/panicking.rs:259:5
[INFO] [stdout]   20:     0x5fa72d5a4f34 - core[6883ba1bc0fe4ed1]::option::expect_failed
[INFO] [stdout]                                at /rustc/6b3fa26749ab40e159b2dd5cf577acaaf5902772/library/core/src/option.rs:2260:5
[INFO] [stdout]   21:     0x5fa72d24a4e1 - <core[6883ba1bc0fe4ed1]::option::Option<tokio[26cbf225d2f5f6b7]::runtime::context::blocking::BlockingRegionGuard>>::expect
[INFO] [stdout]                                at /rustc/6b3fa26749ab40e159b2dd5cf577acaaf5902772/library/core/src/option.rs:969:21
[INFO] [stdout]   22:     0x5fa72d23f31d - tokio[26cbf225d2f5f6b7]::future::block_on::block_on::<<tokio[26cbf225d2f5f6b7]::sync::mutex::Mutex<rusqlite[e6ce72722113c0f]::Connection>>::lock::{closure#0}>
[INFO] [stdout]                                at /opt/rustwide/cargo-home/registry/src/index.crates.io-1949cf8c6b5b557f/tokio-1.52.3/src/future/block_on.rs:6:74
[INFO] [stdout]   23:     0x5fa72d228891 - <tokio[26cbf225d2f5f6b7]::sync::mutex::Mutex<rusqlite[e6ce72722113c0f]::Connection>>::blocking_lock
[INFO] [stdout]                                at /opt/rustwide/cargo-home/registry/src/index.crates.io-1949cf8c6b5b557f/tokio-1.52.3/src/sync/mutex.rs:521:9
[INFO] [stdout]   24:     0x5fa72d239090 - robit_chatbot[6ca6cf9f5caed3f6]::frontend::tests::make_frontend
[INFO] [stdout]                                at /opt/rustwide/workdir/src/frontend.rs:388:25
[INFO] [stdout]   25:     0x5fa72d2330f3 - robit_chatbot[6ca6cf9f5caed3f6]::frontend::tests::no_hint_in_manual_mode::{closure#0}
[INFO] [stdout]                                at /opt/rustwide/workdir/src/frontend.rs:476:18
[INFO] [stdout]   26:     0x5fa72d21b9a2 - <core[6883ba1bc0fe4ed1]::pin::Pin<&mut dyn core[6883ba1bc0fe4ed1]::future::future::Future<Output = ()>> as core[6883ba1bc0fe4ed1]::future::future::Future>::poll
[INFO] [stdout]                                at /rustc/6b3fa26749ab40e159b2dd5cf577acaaf5902772/library/core/src/future/future.rs:133:9
[INFO] [stdout]   27:     0x5fa72d21ba1d - <core[6883ba1bc0fe4ed1]::pin::Pin<&mut core[6883ba1bc0fe4ed1]::pin::Pin<&mut dyn core[6883ba1bc0fe4ed1]::future::future::Future<Output = ()>>> as core[6883ba1bc0fe4ed1]::future::future::Future>::poll
[INFO] [stdout]                                at /rustc/6b3fa26749ab40e159b2dd5cf577acaaf5902772/library/core/src/future/future.rs:133:9
[INFO] [stdout]   28:     0x5fa72d2300ad - <tokio[26cbf225d2f5f6b7]::runtime::scheduler::current_thread::CoreGuard>::block_on::<core[6883ba1bc0fe4ed1]::pin::Pin<&mut core[6883ba1bc0fe4ed1]::pin::Pin<&mut dyn core[6883ba1bc0fe4ed1]::future::future::Future<Output = ()>>>>::{closure#0}::{closure#0}::{closure#0}
[INFO] [stdout]                                at /opt/rustwide/cargo-home/registry/src/index.crates.io-1949cf8c6b5b557f/tokio-1.52.3/src/runtime/scheduler/current_thread/mod.rs:778:70
[INFO] [stdout]   29:     0x5fa72d22ffab - tokio[26cbf225d2f5f6b7]::task::coop::with_budget::<core[6883ba1bc0fe4ed1]::task::poll::Poll<()>, <tokio[26cbf225d2f5f6b7]::runtime::scheduler::current_thread::CoreGuard>::block_on<core[6883ba1bc0fe4ed1]::pin::Pin<&mut core[6883ba1bc0fe4ed1]::pin::Pin<&mut dyn core[6883ba1bc0fe4ed1]::future::future::Future<Output = ()>>>>::{closure#0}::{closure#0}::{closure#0}>
[INFO] [stdout]                                at /opt/rustwide/cargo-home/registry/src/index.crates.io-1949cf8c6b5b557f/tokio-1.52.3/src/task/coop/mod.rs:167:5
[INFO] [stdout]   30:     0x5fa72d22ffab - tokio[26cbf225d2f5f6b7]::task::coop::budget::<core[6883ba1bc0fe4ed1]::task::poll::Poll<()>, <tokio[26cbf225d2f5f6b7]::runtime::scheduler::current_thread::CoreGuard>::block_on<core[6883ba1bc0fe4ed1]::pin::Pin<&mut core[6883ba1bc0fe4ed1]::pin::Pin<&mut dyn core[6883ba1bc0fe4ed1]::future::future::Future<Output = ()>>>>::{closure#0}::{closure#0}::{closure#0}>
[INFO] [stdout]                                at /opt/rustwide/cargo-home/registry/src/index.crates.io-1949cf8c6b5b557f/tokio-1.52.3/src/task/coop/mod.rs:133:5
[INFO] [stdout]   31:     0x5fa72d22ffab - <tokio[26cbf225d2f5f6b7]::runtime::scheduler::current_thread::CoreGuard>::block_on::<core[6883ba1bc0fe4ed1]::pin::Pin<&mut core[6883ba1bc0fe4ed1]::pin::Pin<&mut dyn core[6883ba1bc0fe4ed1]::future::future::Future<Output = ()>>>>::{closure#0}::{closure#0}
[INFO] [stdout]                                at /opt/rustwide/cargo-home/registry/src/index.crates.io-1949cf8c6b5b557f/tokio-1.52.3/src/runtime/scheduler/current_thread/mod.rs:778:25
[INFO] [stdout]   32:     0x5fa72d22a2a0 - <tokio[26cbf225d2f5f6b7]::runtime::scheduler::current_thread::Context>::enter::<core[6883ba1bc0fe4ed1]::task::poll::Poll<()>, <tokio[26cbf225d2f5f6b7]::runtime::scheduler::current_thread::CoreGuard>::block_on<core[6883ba1bc0fe4ed1]::pin::Pin<&mut core[6883ba1bc0fe4ed1]::pin::Pin<&mut dyn core[6883ba1bc0fe4ed1]::future::future::Future<Output = ()>>>>::{closure#0}::{closure#0}>
[INFO] [stdout]                                at /opt/rustwide/cargo-home/registry/src/index.crates.io-1949cf8c6b5b557f/tokio-1.52.3/src/runtime/scheduler/current_thread/mod.rs:451:19
[INFO] [stdout]   33:     0x5fa72d22ec2d - <tokio[26cbf225d2f5f6b7]::runtime::scheduler::current_thread::CoreGuard>::block_on::<core[6883ba1bc0fe4ed1]::pin::Pin<&mut core[6883ba1bc0fe4ed1]::pin::Pin<&mut dyn core[6883ba1bc0fe4ed1]::future::future::Future<Output = ()>>>>::{closure#0}
[INFO] [stdout]                                at /opt/rustwide/cargo-home/registry/src/index.crates.io-1949cf8c6b5b557f/tokio-1.52.3/src/runtime/scheduler/current_thread/mod.rs:777:44
[INFO] [stdout]   34:     0x5fa72d22ded4 - <tokio[26cbf225d2f5f6b7]::runtime::scheduler::current_thread::CoreGuard>::enter::<<tokio[26cbf225d2f5f6b7]::runtime::scheduler::current_thread::CoreGuard>::block_on<core[6883ba1bc0fe4ed1]::pin::Pin<&mut core[6883ba1bc0fe4ed1]::pin::Pin<&mut dyn core[6883ba1bc0fe4ed1]::future::future::Future<Output = ()>>>>::{closure#0}, core[6883ba1bc0fe4ed1]::option::Option<()>>::{closure#0}
[INFO] [stdout]                                at /opt/rustwide/cargo-home/registry/src/index.crates.io-1949cf8c6b5b557f/tokio-1.52.3/src/runtime/scheduler/current_thread/mod.rs:865:68
[INFO] [stdout]   35:     0x5fa72d21325b - <tokio[26cbf225d2f5f6b7]::runtime::context::scoped::Scoped<tokio[26cbf225d2f5f6b7]::runtime::scheduler::Context>>::set::<<tokio[26cbf225d2f5f6b7]::runtime::scheduler::current_thread::CoreGuard>::enter<<tokio[26cbf225d2f5f6b7]::runtime::scheduler::current_thread::CoreGuard>::block_on<core[6883ba1bc0fe4ed1]::pin::Pin<&mut core[6883ba1bc0fe4ed1]::pin::Pin<&mut dyn core[6883ba1bc0fe4ed1]::future::future::Future<Output = ()>>>>::{closure#0}, core[6883ba1bc0fe4ed1]::option::Option<()>>::{closure#0}, (alloc[55a36b64bcbf2c0d]::boxed::Box<tokio[26cbf225d2f5f6b7]::runtime::scheduler::current_thread::Core>, core[6883ba1bc0fe4ed1]::option::Option<()>)>
[INFO] [stdout]                                at /opt/rustwide/cargo-home/registry/src/index.crates.io-1949cf8c6b5b557f/tokio-1.52.3/src/runtime/context/scoped.rs:40:9
[INFO] [stdout]   36:     0x5fa72d2211d9 - tokio[26cbf225d2f5f6b7]::runtime::context::set_scheduler::<(alloc[55a36b64bcbf2c0d]::boxed::Box<tokio[26cbf225d2f5f6b7]::runtime::scheduler::current_thread::Core>, core[6883ba1bc0fe4ed1]::option::Option<()>), <tokio[26cbf225d2f5f6b7]::runtime::scheduler::current_thread::CoreGuard>::enter<<tokio[26cbf225d2f5f6b7]::runtime::scheduler::current_thread::CoreGuard>::block_on<core[6883ba1bc0fe4ed1]::pin::Pin<&mut core[6883ba1bc0fe4ed1]::pin::Pin<&mut dyn core[6883ba1bc0fe4ed1]::future::future::Future<Output = ()>>>>::{closure#0}, core[6883ba1bc0fe4ed1]::option::Option<()>>::{closure#0}>::{closure#0}
[INFO] [stdout]                                at /opt/rustwide/cargo-home/registry/src/index.crates.io-1949cf8c6b5b557f/tokio-1.52.3/src/runtime/context.rs:181:38
[INFO] [stdout]   37:     0x5fa72d247242 - <std[73adb7dc35730857]::thread::local::LocalKey<tokio[26cbf225d2f5f6b7]::runtime::context::Context>>::try_with::<tokio[26cbf225d2f5f6b7]::runtime::context::set_scheduler<(alloc[55a36b64bcbf2c0d]::boxed::Box<tokio[26cbf225d2f5f6b7]::runtime::scheduler::current_thread::Core>, core[6883ba1bc0fe4ed1]::option::Option<()>), <tokio[26cbf225d2f5f6b7]::runtime::scheduler::current_thread::CoreGuard>::enter<<tokio[26cbf225d2f5f6b7]::runtime::scheduler::current_thread::CoreGuard>::block_on<core[6883ba1bc0fe4ed1]::pin::Pin<&mut core[6883ba1bc0fe4ed1]::pin::Pin<&mut dyn core[6883ba1bc0fe4ed1]::future::future::Future<Output = ()>>>>::{closure#0}, core[6883ba1bc0fe4ed1]::option::Option<()>>::{closure#0}>::{closure#0}, (alloc[55a36b64bcbf2c0d]::boxed::Box<tokio[26cbf225d2f5f6b7]::runtime::scheduler::current_thread::Core>, core[6883ba1bc0fe4ed1]::option::Option<()>)>
[INFO] [stdout]                                at /rustc/6b3fa26749ab40e159b2dd5cf577acaaf5902772/library/std/src/thread/local.rs:463:12
[INFO] [stdout]   38:     0x5fa72d246dce - <std[73adb7dc35730857]::thread::local::LocalKey<tokio[26cbf225d2f5f6b7]::runtime::context::Context>>::with::<tokio[26cbf225d2f5f6b7]::runtime::context::set_scheduler<(alloc[55a36b64bcbf2c0d]::boxed::Box<tokio[26cbf225d2f5f6b7]::runtime::scheduler::current_thread::Core>, core[6883ba1bc0fe4ed1]::option::Option<()>), <tokio[26cbf225d2f5f6b7]::runtime::scheduler::current_thread::CoreGuard>::enter<<tokio[26cbf225d2f5f6b7]::runtime::scheduler::current_thread::CoreGuard>::block_on<core[6883ba1bc0fe4ed1]::pin::Pin<&mut core[6883ba1bc0fe4ed1]::pin::Pin<&mut dyn core[6883ba1bc0fe4ed1]::future::future::Future<Output = ()>>>>::{closure#0}, core[6883ba1bc0fe4ed1]::option::Option<()>>::{closure#0}>::{closure#0}, (alloc[55a36b64bcbf2c0d]::boxed::Box<tokio[26cbf225d2f5f6b7]::runtime::scheduler::current_thread::Core>, core[6883ba1bc0fe4ed1]::option::Option<()>)>
[INFO] [stdout]                                at /rustc/6b3fa26749ab40e159b2dd5cf577acaaf5902772/library/std/src/thread/local.rs:427:20
[INFO] [stdout]   39:     0x5fa72d220d3d - tokio[26cbf225d2f5f6b7]::runtime::context::set_scheduler::<(alloc[55a36b64bcbf2c0d]::boxed::Box<tokio[26cbf225d2f5f6b7]::runtime::scheduler::current_thread::Core>, core[6883ba1bc0fe4ed1]::option::Option<()>), <tokio[26cbf225d2f5f6b7]::runtime::scheduler::current_thread::CoreGuard>::enter<<tokio[26cbf225d2f5f6b7]::runtime::scheduler::current_thread::CoreGuard>::block_on<core[6883ba1bc0fe4ed1]::pin::Pin<&mut core[6883ba1bc0fe4ed1]::pin::Pin<&mut dyn core[6883ba1bc0fe4ed1]::future::future::Future<Output = ()>>>>::{closure#0}, core[6883ba1bc0fe4ed1]::option::Option<()>>::{closure#0}>
[INFO] [stdout]                                at /opt/rustwide/cargo-home/registry/src/index.crates.io-1949cf8c6b5b557f/tokio-1.52.3/src/runtime/context.rs:181:17
[INFO] [stdout]   40:     0x5fa72d22cc90 - <tokio[26cbf225d2f5f6b7]::runtime::scheduler::current_thread::CoreGuard>::enter::<<tokio[26cbf225d2f5f6b7]::runtime::scheduler::current_thread::CoreGuard>::block_on<core[6883ba1bc0fe4ed1]::pin::Pin<&mut core[6883ba1bc0fe4ed1]::pin::Pin<&mut dyn core[6883ba1bc0fe4ed1]::future::future::Future<Output = ()>>>>::{closure#0}, core[6883ba1bc0fe4ed1]::option::Option<()>>
[INFO] [stdout]                                at /opt/rustwide/cargo-home/registry/src/index.crates.io-1949cf8c6b5b557f/tokio-1.52.3/src/runtime/scheduler/current_thread/mod.rs:865:27
[INFO] [stdout]   41:     0x5fa72d22cf86 - <tokio[26cbf225d2f5f6b7]::runtime::scheduler::current_thread::CoreGuard>::block_on::<core[6883ba1bc0fe4ed1]::pin::Pin<&mut core[6883ba1bc0fe4ed1]::pin::Pin<&mut dyn core[6883ba1bc0fe4ed1]::future::future::Future<Output = ()>>>>
[INFO] [stdout]                                at /opt/rustwide/cargo-home/registry/src/index.crates.io-1949cf8c6b5b557f/tokio-1.52.3/src/runtime/scheduler/current_thread/mod.rs:765:24
[INFO] [stdout]   42:     0x5fa72d22dae0 - <tokio[26cbf225d2f5f6b7]::runtime::scheduler::current_thread::CurrentThread>::block_on::<core[6883ba1bc0fe4ed1]::pin::Pin<&mut dyn core[6883ba1bc0fe4ed1]::future::future::Future<Output = ()>>>::{closure#0}
[INFO] [stdout]                                at /opt/rustwide/cargo-home/registry/src/index.crates.io-1949cf8c6b5b557f/tokio-1.52.3/src/runtime/scheduler/current_thread/mod.rs:205:33
[INFO] [stdout]   43:     0x5fa72d22d4c3 - tokio[26cbf225d2f5f6b7]::runtime::context::runtime::enter_runtime::<<tokio[26cbf225d2f5f6b7]::runtime::scheduler::current_thread::CurrentThread>::block_on<core[6883ba1bc0fe4ed1]::pin::Pin<&mut dyn core[6883ba1bc0fe4ed1]::future::future::Future<Output = ()>>>::{closure#0}, ()>
[INFO] [stdout]                                at /opt/rustwide/cargo-home/registry/src/index.crates.io-1949cf8c6b5b557f/tokio-1.52.3/src/runtime/context/runtime.rs:65:16
[INFO] [stdout]   44:     0x5fa72d229dd1 - <tokio[26cbf225d2f5f6b7]::runtime::scheduler::current_thread::CurrentThread>::block_on::<core[6883ba1bc0fe4ed1]::pin::Pin<&mut dyn core[6883ba1bc0fe4ed1]::future::future::Future<Output = ()>>>
[INFO] [stdout]                                at /opt/rustwide/cargo-home/registry/src/index.crates.io-1949cf8c6b5b557f/tokio-1.52.3/src/runtime/scheduler/current_thread/mod.rs:193:9
[INFO] [stdout]   45:     0x5fa72d20ac44 - <tokio[26cbf225d2f5f6b7]::runtime::runtime::Runtime>::block_on_inner::<core[6883ba1bc0fe4ed1]::pin::Pin<&mut dyn core[6883ba1bc0fe4ed1]::future::future::Future<Output = ()>>>
[INFO] [stdout]                                at /opt/rustwide/cargo-home/registry/src/index.crates.io-1949cf8c6b5b557f/tokio-1.52.3/src/runtime/runtime.rs:371:52
[INFO] [stdout]   46:     0x5fa72d20ae0f - <tokio[26cbf225d2f5f6b7]::runtime::runtime::Runtime>::block_on::<core[6883ba1bc0fe4ed1]::pin::Pin<&mut dyn core[6883ba1bc0fe4ed1]::future::future::Future<Output = ()>>>
[INFO] [stdout]                                at /opt/rustwide/cargo-home/registry/src/index.crates.io-1949cf8c6b5b557f/tokio-1.52.3/src/runtime/runtime.rs:345:18
[INFO] [stdout]   47:     0x5fa72d2394b1 - robit_chatbot[6ca6cf9f5caed3f6]::frontend::tests::no_hint_in_manual_mode
[INFO] [stdout]                                at /opt/rustwide/workdir/src/frontend.rs:483:75
[INFO] [stdout]   48:     0x5fa72d232ec7 - robit_chatbot[6ca6cf9f5caed3f6]::frontend::tests::no_hint_in_manual_mode::{closure#0}
[INFO] [stdout]                                at /opt/rustwide/workdir/src/frontend.rs:474:38
[INFO] [stdout]   49:     0x5fa72d201726 - <robit_chatbot[6ca6cf9f5caed3f6]::frontend::tests::no_hint_in_manual_mode::{closure#0} as core[6883ba1bc0fe4ed1]::ops::function::FnOnce<()>>::call_once
[INFO] [stdout]                                at /rustc/6b3fa26749ab40e159b2dd5cf577acaaf5902772/library/core/src/ops/function.rs:250:5
[INFO] [stdout]   50:     0x5fa72d257efb - <fn() -> core[6883ba1bc0fe4ed1]::result::Result<(), alloc[55a36b64bcbf2c0d]::string::String> as core[6883ba1bc0fe4ed1]::ops::function::FnOnce<()>>::call_once
[INFO] [stdout]                                at /rustc/6b3fa26749ab40e159b2dd5cf577acaaf5902772/library/core/src/ops/function.rs:250:5
[INFO] [stdout]   51:     0x5fa72d257efb - test[980ffaebd391d06d]::__rust_begin_short_backtrace::<core[6883ba1bc0fe4ed1]::result::Result<(), alloc[55a36b64bcbf2c0d]::string::String>, fn() -> core[6883ba1bc0fe4ed1]::result::Result<(), alloc[55a36b64bcbf2c0d]::string::String>>
[INFO] [stdout]                                at /rustc/6b3fa26749ab40e159b2dd5cf577acaaf5902772/library/test/src/lib.rs:724:18
[INFO] [stdout]   52:     0x5fa72d265545 - test[980ffaebd391d06d]::run_test_in_process::{closure#0}
[INFO] [stdout]                                at /rustc/6b3fa26749ab40e159b2dd5cf577acaaf5902772/library/test/src/lib.rs:747:74
[INFO] [stdout]   53:     0x5fa72d265545 - <core[6883ba1bc0fe4ed1]::panic::unwind_safe::AssertUnwindSafe<test[980ffaebd391d06d]::run_test_in_process::{closure#0}> as core[6883ba1bc0fe4ed1]::ops::function::FnOnce<()>>::call_once
[INFO] [stdout]                                at /rustc/6b3fa26749ab40e159b2dd5cf577acaaf5902772/library/core/src/panic/unwind_safe.rs:275:9
[INFO] [stdout]   54:     0x5fa72d265545 - std[73adb7dc35730857]::panicking::catch_unwind::do_call::<core[6883ba1bc0fe4ed1]::panic::unwind_safe::AssertUnwindSafe<test[980ffaebd391d06d]::run_test_in_process::{closure#0}>, core[6883ba1bc0fe4ed1]::result::Result<(), alloc[55a36b64bcbf2c0d]::string::String>>
[INFO] [stdout]                                at /rustc/6b3fa26749ab40e159b2dd5cf577acaaf5902772/library/std/src/panicking.rs:576:43
[INFO] [stdout]   55:     0x5fa72d265545 - std[73adb7dc35730857]::panicking::catch_unwind::<core[6883ba1bc0fe4ed1]::result::Result<(), alloc[55a36b64bcbf2c0d]::string::String>, core[6883ba1bc0fe4ed1]::panic::unwind_safe::AssertUnwindSafe<test[980ffaebd391d06d]::run_test_in_process::{closure#0}>>
[INFO] [stdout]                                at /rustc/6b3fa26749ab40e159b2dd5cf577acaaf5902772/library/std/src/panicking.rs:544:19
[INFO] [stdout]   56:     0x5fa72d265545 - std[73adb7dc35730857]::panic::catch_unwind::<core[6883ba1bc0fe4ed1]::panic::unwind_safe::AssertUnwindSafe<test[980ffaebd391d06d]::run_test_in_process::{closure#0}>, core[6883ba1bc0fe4ed1]::result::Result<(), alloc[55a36b64bcbf2c0d]::string::String>>
[INFO] [stdout]                                at /rustc/6b3fa26749ab40e159b2dd5cf577acaaf5902772/library/std/src/panic.rs:359:14
[INFO] [stdout]   57:     0x5fa72d265545 - test[980ffaebd391d06d]::run_test_in_process
[INFO] [stdout]                                at /rustc/6b3fa26749ab40e159b2dd5cf577acaaf5902772/library/test/src/lib.rs:747:27
[INFO] [stdout]   58:     0x5fa72d265545 - test[980ffaebd391d06d]::run_test::{closure#0}
[INFO] [stdout]                                at /rustc/6b3fa26749ab40e159b2dd5cf577acaaf5902772/library/test/src/lib.rs:668:43
[INFO] [stdout]   59:     0x5fa72d25fff4 - test[980ffaebd391d06d]::run_test::{closure#1}
[INFO] [stdout]                                at /rustc/6b3fa26749ab40e159b2dd5cf577acaaf5902772/library/test/src/lib.rs:698:41
[INFO] [stdout]   60:     0x5fa72d25fff4 - std[73adb7dc35730857]::sys::backtrace::__rust_begin_short_backtrace::<test[980ffaebd391d06d]::run_test::{closure#1}, ()>
[INFO] [stdout]                                at /rustc/6b3fa26749ab40e159b2dd5cf577acaaf5902772/library/std/src/sys/backtrace.rs:166:18
[INFO] [stdout]   61:     0x5fa72d268692 - std[73adb7dc35730857]::thread::lifecycle::spawn_unchecked::<test[980ffaebd391d06d]::run_test::{closure#1}, ()>::{closure#1}::{closure#0}
[INFO] [stdout]                                at /rustc/6b3fa26749ab40e159b2dd5cf577acaaf5902772/library/std/src/thread/lifecycle.rs:70:13
[INFO] [stdout]   62:     0x5fa72d268692 - <core[6883ba1bc0fe4ed1]::panic::unwind_safe::AssertUnwindSafe<std[73adb7dc35730857]::thread::lifecycle::spawn_unchecked<test[980ffaebd391d06d]::run_test::{closure#1}, ()>::{closure#1}::{closure#0}> as core[6883ba1bc0fe4ed1]::ops::function::FnOnce<()>>::call_once
[INFO] [stdout]                                at /rustc/6b3fa26749ab40e159b2dd5cf577acaaf5902772/library/core/src/panic/unwind_safe.rs:275:9
[INFO] [stdout]   63:     0x5fa72d268692 - std[73adb7dc35730857]::panicking::catch_unwind::do_call::<core[6883ba1bc0fe4ed1]::panic::unwind_safe::AssertUnwindSafe<std[73adb7dc35730857]::thread::lifecycle::spawn_unchecked<test[980ffaebd391d06d]::run_test::{closure#1}, ()>::{closure#1}::{closure#0}>, ()>
[INFO] [stdout]                                at /rustc/6b3fa26749ab40e159b2dd5cf577acaaf5902772/library/std/src/panicking.rs:576:43
[INFO] [stdout]   64:     0x5fa72d268692 - std[73adb7dc35730857]::panicking::catch_unwind::<(), core[6883ba1bc0fe4ed1]::panic::unwind_safe::AssertUnwindSafe<std[73adb7dc35730857]::thread::lifecycle::spawn_unchecked<test[980ffaebd391d06d]::run_test::{closure#1}, ()>::{closure#1}::{closure#0}>>
[INFO] [stdout]                                at /rustc/6b3fa26749ab40e159b2dd5cf577acaaf5902772/library/std/src/panicking.rs:544:19
[INFO] [stdout]   65:     0x5fa72d268692 - std[73adb7dc35730857]::panic::catch_unwind::<core[6883ba1bc0fe4ed1]::panic::unwind_safe::AssertUnwindSafe<std[73adb7dc35730857]::thread::lifecycle::spawn_unchecked<test[980ffaebd391d06d]::run_test::{closure#1}, ()>::{closure#1}::{closure#0}>, ()>
[INFO] [stdout]                                at /rustc/6b3fa26749ab40e159b2dd5cf577acaaf5902772/library/std/src/panic.rs:359:14
[INFO] [stdout]   66:     0x5fa72d268692 - std[73adb7dc35730857]::thread::lifecycle::spawn_unchecked::<test[980ffaebd391d06d]::run_test::{closure#1}, ()>::{closure#1}
[INFO] [stdout]                                at /rustc/6b3fa26749ab40e159b2dd5cf577acaaf5902772/library/std/src/thread/lifecycle.rs:68:26
[INFO] [stdout]   67:     0x5fa72d268692 - <std[73adb7dc35730857]::thread::lifecycle::spawn_unchecked<test[980ffaebd391d06d]::run_test::{closure#1}, ()>::{closure#1} as core[6883ba1bc0fe4ed1]::ops::function::FnOnce<()>>::call_once::{shim:vtable#0}
[INFO] [stdout]                                at /rustc/6b3fa26749ab40e159b2dd5cf577acaaf5902772/library/core/src/ops/function.rs:250:5
[INFO] [stdout]   68:     0x5fa72d58ea5f - <alloc[55a36b64bcbf2c0d]::boxed::Box<dyn core[6883ba1bc0fe4ed1]::ops::function::FnOnce<(), Output = ()> + core[6883ba1bc0fe4ed1]::marker::Send> as core[6883ba1bc0fe4ed1]::ops::function::FnOnce<()>>::call_once
[INFO] [stdout]                                at /rustc/6b3fa26749ab40e159b2dd5cf577acaaf5902772/library/alloc/src/boxed.rs:2319:9
[INFO] [stdout]   69:     0x5fa72d58ea5f - <std[73adb7dc35730857]::sys::thread::unix::Thread>::new::thread_start
[INFO] [stdout]                                at /rustc/6b3fa26749ab40e159b2dd5cf577acaaf5902772/library/std/src/sys/thread/unix.rs:123:17
[INFO] [stdout]   70:     0x716cdacfcaa4 - <unknown>
[INFO] [stdout]   71:     0x716cdad89a64 - clone
[INFO] [stdout]   72:                0x0 - <unknown>
[INFO] [stdout] 
[INFO] [stdout] ---- frontend::tests::progress_hint_resets_on_turn_complete stdout ----
[INFO] [stdout] 
[INFO] [stdout] thread 'frontend::tests::progress_hint_resets_on_turn_complete' (3448) panicked at src/frontend.rs:388:25:
[INFO] [stdout] Cannot block the current thread from within a runtime. This happens because a function attempted to block the current thread while the thread is being used to drive asynchronous tasks.
[INFO] [stdout] stack backtrace:
[INFO] [stdout]    0:     0x5fa72d58f211 - std[73adb7dc35730857]::backtrace_rs::backtrace::libunwind::trace
[INFO] [stdout]                                at /rustc/6b3fa26749ab40e159b2dd5cf577acaaf5902772/library/std/src/../../backtrace/src/backtrace/libunwind.rs:117:9
[INFO] [stdout]    1:     0x5fa72d58f211 - std[73adb7dc35730857]::backtrace_rs::backtrace::trace_unsynchronized::<std[73adb7dc35730857]::sys::backtrace::_print_fmt::{closure#1}>
[INFO] [stdout]                                at /rustc/6b3fa26749ab40e159b2dd5cf577acaaf5902772/library/std/src/../../backtrace/src/backtrace/mod.rs:66:14
[INFO] [stdout]    2:     0x5fa72d58f211 - std[73adb7dc35730857]::sys::backtrace::_print_fmt
[INFO] [stdout]                                at /rustc/6b3fa26749ab40e159b2dd5cf577acaaf5902772/library/std/src/sys/backtrace.rs:74:9
[INFO] [stdout]    3:     0x5fa72d58f211 - <<std[73adb7dc35730857]::sys::backtrace::BacktraceLock>::print::DisplayBacktrace as core[6883ba1bc0fe4ed1]::fmt::Display>::fmt
[INFO] [stdout]                                at /rustc/6b3fa26749ab40e159b2dd5cf577acaaf5902772/library/std/src/sys/backtrace.rs:44:26
[INFO] [stdout]    4:     0x5fa72d5a4a3a - <core[6883ba1bc0fe4ed1]::fmt::rt::Argument>::fmt
[INFO] [stdout]                                at /rustc/6b3fa26749ab40e159b2dd5cf577acaaf5902772/library/core/src/fmt/rt.rs:152:76
[INFO] [stdout]    5:     0x5fa72d5a4a3a - core[6883ba1bc0fe4ed1]::fmt::write
[INFO] [stdout]    6:     0x5fa72d59386c - std[73adb7dc35730857]::io::default_write_fmt::<alloc[55a36b64bcbf2c0d]::vec::Vec<u8>>
[INFO] [stdout]                                at /rustc/6b3fa26749ab40e159b2dd5cf577acaaf5902772/library/std/src/io/mod.rs:626:11
[INFO] [stdout]    7:     0x5fa72d59386c - <alloc[55a36b64bcbf2c0d]::vec::Vec<u8> as std[73adb7dc35730857]::io::Write>::write_fmt
[INFO] [stdout]                                at /rustc/6b3fa26749ab40e159b2dd5cf577acaaf5902772/library/std/src/io/mod.rs:1730:13
[INFO] [stdout]    8:     0x5fa72d56d236 - <std[73adb7dc35730857]::sys::backtrace::BacktraceLock>::print
[INFO] [stdout]                                at /rustc/6b3fa26749ab40e159b2dd5cf577acaaf5902772/library/std/src/sys/backtrace.rs:47:9
[INFO] [stdout]    9:     0x5fa72d56d236 - std[73adb7dc35730857]::panicking::default_hook::{closure#0}
[INFO] [stdout]                                at /rustc/6b3fa26749ab40e159b2dd5cf577acaaf5902772/library/std/src/panicking.rs:292:27
[INFO] [stdout]   10:     0x5fa72d587079 - std[73adb7dc35730857]::panicking::default_hook
[INFO] [stdout]                                at /rustc/6b3fa26749ab40e159b2dd5cf577acaaf5902772/library/std/src/panicking.rs:316:9
[INFO] [stdout]   11:     0x5fa72d264bc0 - <alloc[55a36b64bcbf2c0d]::boxed::Box<dyn for<'a, 'b> core[6883ba1bc0fe4ed1]::ops::function::Fn<(&'a std[73adb7dc35730857]::panic::PanicHookInfo<'b>,), Output = ()> + core[6883ba1bc0fe4ed1]::marker::Send + core[6883ba1bc0fe4ed1]::marker::Sync> as core[6883ba1bc0fe4ed1]::ops::function::Fn<(&std[73adb7dc35730857]::panic::PanicHookInfo,)>>::call
[INFO] [stdout]                                at /rustc/6b3fa26749ab40e159b2dd5cf577acaaf5902772/library/alloc/src/boxed.rs:2333:9
[INFO] [stdout]   12:     0x5fa72d264bc0 - test[980ffaebd391d06d]::test_main_inner::<test[980ffaebd391d06d]::test_main_static::{closure#0}>::{closure#0}
[INFO] [stdout]                                at /rustc/6b3fa26749ab40e159b2dd5cf577acaaf5902772/library/test/src/lib.rs:155:21
[INFO] [stdout]   13:     0x5fa72d5873a2 - <alloc[55a36b64bcbf2c0d]::boxed::Box<dyn for<'a, 'b> core[6883ba1bc0fe4ed1]::ops::function::Fn<(&'a std[73adb7dc35730857]::panic::PanicHookInfo<'b>,), Output = ()> + core[6883ba1bc0fe4ed1]::marker::Send + core[6883ba1bc0fe4ed1]::marker::Sync> as core[6883ba1bc0fe4ed1]::ops::function::Fn<(&std[73adb7dc35730857]::panic::PanicHookInfo,)>>::call
[INFO] [stdout]                                at /rustc/6b3fa26749ab40e159b2dd5cf577acaaf5902772/library/alloc/src/boxed.rs:2333:9
[INFO] [stdout]   14:     0x5fa72d5873a2 - std[73adb7dc35730857]::panicking::panic_with_hook
[INFO] [stdout]                                at /rustc/6b3fa26749ab40e159b2dd5cf577acaaf5902772/library/std/src/panicking.rs:823:13
[INFO] [stdout]   15:     0x5fa72d56d2e2 - std[73adb7dc35730857]::panicking::panic_handler::{closure#0}
[INFO] [stdout]                                at /rustc/6b3fa26749ab40e159b2dd5cf577acaaf5902772/library/std/src/panicking.rs:688:13
[INFO] [stdout]   16:     0x5fa72d564c49 - std[73adb7dc35730857]::sys::backtrace::__rust_end_short_backtrace::<std[73adb7dc35730857]::panicking::panic_handler::{closure#0}, !>
[INFO] [stdout]                                at /rustc/6b3fa26749ab40e159b2dd5cf577acaaf5902772/library/std/src/sys/backtrace.rs:182:18
[INFO] [stdout]   17:     0x5fa72d56dedd - __rustc[a7b7b02e776dd976]::rust_begin_unwind
[INFO] [stdout]                                at /rustc/6b3fa26749ab40e159b2dd5cf577acaaf5902772/library/std/src/panicking.rs:679:5
[INFO] [stdout]   18:     0x5fa72d5a523c - core[6883ba1bc0fe4ed1]::panicking::panic_fmt
[INFO] [stdout]                                at /rustc/6b3fa26749ab40e159b2dd5cf577acaaf5902772/library/core/src/panicking.rs:80:14
[INFO] [stdout]   19:     0x5fa72d5a4f34 - core[6883ba1bc0fe4ed1]::panicking::panic_display::<&str>
[INFO] [stdout]                                at /rustc/6b3fa26749ab40e159b2dd5cf577acaaf5902772/library/core/src/panicking.rs:259:5
[INFO] [stdout]   20:     0x5fa72d5a4f34 - core[6883ba1bc0fe4ed1]::option::expect_failed
[INFO] [stdout]                                at /rustc/6b3fa26749ab40e159b2dd5cf577acaaf5902772/library/core/src/option.rs:2260:5
[INFO] [stdout]   21:     0x5fa72d24a4e1 - <core[6883ba1bc0fe4ed1]::option::Option<tokio[26cbf225d2f5f6b7]::runtime::context::blocking::BlockingRegionGuard>>::expect
[INFO] [stdout]                                at /rustc/6b3fa26749ab40e159b2dd5cf577acaaf5902772/library/core/src/option.rs:969:21
[INFO] [stdout]   22:     0x5fa72d23f31d - tokio[26cbf225d2f5f6b7]::future::block_on::block_on::<<tokio[26cbf225d2f5f6b7]::sync::mutex::Mutex<rusqlite[e6ce72722113c0f]::Connection>>::lock::{closure#0}>
[INFO] [stdout]                                at /opt/rustwide/cargo-home/registry/src/index.crates.io-1949cf8c6b5b557f/tokio-1.52.3/src/future/block_on.rs:6:74
[INFO] [stdout]   23:     0x5fa72d228891 - <tokio[26cbf225d2f5f6b7]::sync::mutex::Mutex<rusqlite[e6ce72722113c0f]::Connection>>::blocking_lock
[INFO] [stdout]                                at /opt/rustwide/cargo-home/registry/src/index.crates.io-1949cf8c6b5b557f/tokio-1.52.3/src/sync/mutex.rs:521:9
[INFO] [stdout]   24:     0x5fa72d239090 - robit_chatbot[6ca6cf9f5caed3f6]::frontend::tests::make_frontend
[INFO] [stdout]                                at /opt/rustwide/workdir/src/frontend.rs:388:25
[INFO] [stdout]   25:     0x5fa72d2349ff - robit_chatbot[6ca6cf9f5caed3f6]::frontend::tests::progress_hint_resets_on_turn_complete::{closure#0}
[INFO] [stdout]                                at /opt/rustwide/workdir/src/frontend.rs:452:18
[INFO] [stdout]   26:     0x5fa72d21b9a2 - <core[6883ba1bc0fe4ed1]::pin::Pin<&mut dyn core[6883ba1bc0fe4ed1]::future::future::Future<Output = ()>> as core[6883ba1bc0fe4ed1]::future::future::Future>::poll
[INFO] [stdout]                                at /rustc/6b3fa26749ab40e159b2dd5cf577acaaf5902772/library/core/src/future/future.rs:133:9
[INFO] [stdout]   27:     0x5fa72d21ba1d - <core[6883ba1bc0fe4ed1]::pin::Pin<&mut core[6883ba1bc0fe4ed1]::pin::Pin<&mut dyn core[6883ba1bc0fe4ed1]::future::future::Future<Output = ()>>> as core[6883ba1bc0fe4ed1]::future::future::Future>::poll
[INFO] [stdout]                                at /rustc/6b3fa26749ab40e159b2dd5cf577acaaf5902772/library/core/src/future/future.rs:133:9
[INFO] [stdout]   28:     0x5fa72d2300ad - <tokio[26cbf225d2f5f6b7]::runtime::scheduler::current_thread::CoreGuard>::block_on::<core[6883ba1bc0fe4ed1]::pin::Pin<&mut core[6883ba1bc0fe4ed1]::pin::Pin<&mut dyn core[6883ba1bc0fe4ed1]::future::future::Future<Output = ()>>>>::{closure#0}::{closure#0}::{closure#0}
[INFO] [stdout]                                at /opt/rustwide/cargo-home/registry/src/index.crates.io-1949cf8c6b5b557f/tokio-1.52.3/src/runtime/scheduler/current_thread/mod.rs:778:70
[INFO] [stdout]   29:     0x5fa72d22ffab - tokio[26cbf225d2f5f6b7]::task::coop::with_budget::<core[6883ba1bc0fe4ed1]::task::poll::Poll<()>, <tokio[26cbf225d2f5f6b7]::runtime::scheduler::current_thread::CoreGuard>::block_on<core[6883ba1bc0fe4ed1]::pin::Pin<&mut core[6883ba1bc0fe4ed1]::pin::Pin<&mut dyn core[6883ba1bc0fe4ed1]::future::future::Future<Output = ()>>>>::{closure#0}::{closure#0}::{closure#0}>
[INFO] [stdout]                                at /opt/rustwide/cargo-home/registry/src/index.crates.io-1949cf8c6b5b557f/tokio-1.52.3/src/task/coop/mod.rs:167:5
[INFO] [stdout]   30:     0x5fa72d22ffab - tokio[26cbf225d2f5f6b7]::task::coop::budget::<core[6883ba1bc0fe4ed1]::task::poll::Poll<()>, <tokio[26cbf225d2f5f6b7]::runtime::scheduler::current_thread::CoreGuard>::block_on<core[6883ba1bc0fe4ed1]::pin::Pin<&mut core[6883ba1bc0fe4ed1]::pin::Pin<&mut dyn core[6883ba1bc0fe4ed1]::future::future::Future<Output = ()>>>>::{closure#0}::{closure#0}::{closure#0}>
[INFO] [stdout]                                at /opt/rustwide/cargo-home/registry/src/index.crates.io-1949cf8c6b5b557f/tokio-1.52.3/src/task/coop/mod.rs:133:5
[INFO] [stdout]   31:     0x5fa72d22ffab - <tokio[26cbf225d2f5f6b7]::runtime::scheduler::current_thread::CoreGuard>::block_on::<core[6883ba1bc0fe4ed1]::pin::Pin<&mut core[6883ba1bc0fe4ed1]::pin::Pin<&mut dyn core[6883ba1bc0fe4ed1]::future::future::Future<Output = ()>>>>::{closure#0}::{closure#0}
[INFO] [stdout]                                at /opt/rustwide/cargo-home/registry/src/index.crates.io-1949cf8c6b5b557f/tokio-1.52.3/src/runtime/scheduler/current_thread/mod.rs:778:25
[INFO] [stdout]   32:     0x5fa72d22a2a0 - <tokio[26cbf225d2f5f6b7]::runtime::scheduler::current_thread::Context>::enter::<core[6883ba1bc0fe4ed1]::task::poll::Poll<()>, <tokio[26cbf225d2f5f6b7]::runtime::scheduler::current_thread::CoreGuard>::block_on<core[6883ba1bc0fe4ed1]::pin::Pin<&mut core[6883ba1bc0fe4ed1]::pin::Pin<&mut dyn core[6883ba1bc0fe4ed1]::future::future::Future<Output = ()>>>>::{closure#0}::{closure#0}>
[INFO] [stdout]                                at /opt/rustwide/cargo-home/registry/src/index.crates.io-1949cf8c6b5b557f/tokio-1.52.3/src/runtime/scheduler/current_thread/mod.rs:451:19
[INFO] [stdout]   33:     0x5fa72d22ec2d - <tokio[26cbf225d2f5f6b7]::runtime::scheduler::current_thread::CoreGuard>::block_on::<core[6883ba1bc0fe4ed1]::pin::Pin<&mut core[6883ba1bc0fe4ed1]::pin::Pin<&mut dyn core[6883ba1bc0fe4ed1]::future::future::Future<Output = ()>>>>::{closure#0}
[INFO] [stdout]                                at /opt/rustwide/cargo-home/registry/src/index.crates.io-1949cf8c6b5b557f/tokio-1.52.3/src/runtime/scheduler/current_thread/mod.rs:777:44
[INFO] [stdout]   34:     0x5fa72d22ded4 - <tokio[26cbf225d2f5f6b7]::runtime::scheduler::current_thread::CoreGuard>::enter::<<tokio[26cbf225d2f5f6b7]::runtime::scheduler::current_thread::CoreGuard>::block_on<core[6883ba1bc0fe4ed1]::pin::Pin<&mut core[6883ba1bc0fe4ed1]::pin::Pin<&mut dyn core[6883ba1bc0fe4ed1]::future::future::Future<Output = ()>>>>::{closure#0}, core[6883ba1bc0fe4ed1]::option::Option<()>>::{closure#0}
[INFO] [stdout]                                at /opt/rustwide/cargo-home/registry/src/index.crates.io-1949cf8c6b5b557f/tokio-1.52.3/src/runtime/scheduler/current_thread/mod.rs:865:68
[INFO] [stdout]   35:     0x5fa72d21325b - <tokio[26cbf225d2f5f6b7]::runtime::context::scoped::Scoped<tokio[26cbf225d2f5f6b7]::runtime::scheduler::Context>>::set::<<tokio[26cbf225d2f5f6b7]::runtime::scheduler::current_thread::CoreGuard>::enter<<tokio[26cbf225d2f5f6b7]::runtime::scheduler::current_thread::CoreGuard>::block_on<core[6883ba1bc0fe4ed1]::pin::Pin<&mut core[6883ba1bc0fe4ed1]::pin::Pin<&mut dyn core[6883ba1bc0fe4ed1]::future::future::Future<Output = ()>>>>::{closure#0}, core[6883ba1bc0fe4ed1]::option::Option<()>>::{closure#0}, (alloc[55a36b64bcbf2c0d]::boxed::Box<tokio[26cbf225d2f5f6b7]::runtime::scheduler::current_thread::Core>, core[6883ba1bc0fe4ed1]::option::Option<()>)>
[INFO] [stdout]                                at /opt/rustwide/cargo-home/registry/src/index.crates.io-1949cf8c6b5b557f/tokio-1.52.3/src/runtime/context/scoped.rs:40:9
[INFO] [stdout]   36:     0x5fa72d2211d9 - tokio[26cbf225d2f5f6b7]::runtime::context::set_scheduler::<(alloc[55a36b64bcbf2c0d]::boxed::Box<tokio[26cbf225d2f5f6b7]::runtime::scheduler::current_thread::Core>, core[6883ba1bc0fe4ed1]::option::Option<()>), <tokio[26cbf225d2f5f6b7]::runtime::scheduler::current_thread::CoreGuard>::enter<<tokio[26cbf225d2f5f6b7]::runtime::scheduler::current_thread::CoreGuard>::block_on<core[6883ba1bc0fe4ed1]::pin::Pin<&mut core[6883ba1bc0fe4ed1]::pin::Pin<&mut dyn core[6883ba1bc0fe4ed1]::future::future::Future<Output = ()>>>>::{closure#0}, core[6883ba1bc0fe4ed1]::option::Option<()>>::{closure#0}>::{closure#0}
[INFO] [stdout]                                at /opt/rustwide/cargo-home/registry/src/index.crates.io-1949cf8c6b5b557f/tokio-1.52.3/src/runtime/context.rs:181:38
[INFO] [stdout]   37:     0x5fa72d247242 - <std[73adb7dc35730857]::thread::local::LocalKey<tokio[26cbf225d2f5f6b7]::runtime::context::Context>>::try_with::<tokio[26cbf225d2f5f6b7]::runtime::context::set_scheduler<(alloc[55a36b64bcbf2c0d]::boxed::Box<tokio[26cbf225d2f5f6b7]::runtime::scheduler::current_thread::Core>, core[6883ba1bc0fe4ed1]::option::Option<()>), <tokio[26cbf225d2f5f6b7]::runtime::scheduler::current_thread::CoreGuard>::enter<<tokio[26cbf225d2f5f6b7]::runtime::scheduler::current_thread::CoreGuard>::block_on<core[6883ba1bc0fe4ed1]::pin::Pin<&mut core[6883ba1bc0fe4ed1]::pin::Pin<&mut dyn core[6883ba1bc0fe4ed1]::future::future::Future<Output = ()>>>>::{closure#0}, core[6883ba1bc0fe4ed1]::option::Option<()>>::{closure#0}>::{closure#0}, (alloc[55a36b64bcbf2c0d]::boxed::Box<tokio[26cbf225d2f5f6b7]::runtime::scheduler::current_thread::Core>, core[6883ba1bc0fe4ed1]::option::Option<()>)>
[INFO] [stdout]                                at /rustc/6b3fa26749ab40e159b2dd5cf577acaaf5902772/library/std/src/thread/local.rs:463:12
[INFO] [stdout]   38:     0x5fa72d246dce - <std[73adb7dc35730857]::thread::local::LocalKey<tokio[26cbf225d2f5f6b7]::runtime::context::Context>>::with::<tokio[26cbf225d2f5f6b7]::runtime::context::set_scheduler<(alloc[55a36b64bcbf2c0d]::boxed::Box<tokio[26cbf225d2f5f6b7]::runtime::scheduler::current_thread::Core>, core[6883ba1bc0fe4ed1]::option::Option<()>), <tokio[26cbf225d2f5f6b7]::runtime::scheduler::current_thread::CoreGuard>::enter<<tokio[26cbf225d2f5f6b7]::runtime::scheduler::current_thread::CoreGuard>::block_on<core[6883ba1bc0fe4ed1]::pin::Pin<&mut core[6883ba1bc0fe4ed1]::pin::Pin<&mut dyn core[6883ba1bc0fe4ed1]::future::future::Future<Output = ()>>>>::{closure#0}, core[6883ba1bc0fe4ed1]::option::Option<()>>::{closure#0}>::{closure#0}, (alloc[55a36b64bcbf2c0d]::boxed::Box<tokio[26cbf225d2f5f6b7]::runtime::scheduler::current_thread::Core>, core[6883ba1bc0fe4ed1]::option::Option<()>)>
[INFO] [stdout]                                at /rustc/6b3fa26749ab40e159b2dd5cf577acaaf5902772/library/std/src/thread/local.rs:427:20
[INFO] [stdout]   39:     0x5fa72d220d3d - tokio[26cbf225d2f5f6b7]::runtime::context::set_scheduler::<(alloc[55a36b64bcbf2c0d]::boxed::Box<tokio[26cbf225d2f5f6b7]::runtime::scheduler::current_thread::Core>, core[6883ba1bc0fe4ed1]::option::Option<()>), <tokio[26cbf225d2f5f6b7]::runtime::scheduler::current_thread::CoreGuard>::enter<<tokio[26cbf225d2f5f6b7]::runtime::scheduler::current_thread::CoreGuard>::block_on<core[6883ba1bc0fe4ed1]::pin::Pin<&mut core[6883ba1bc0fe4ed1]::pin::Pin<&mut dyn core[6883ba1bc0fe4ed1]::future::future::Future<Output = ()>>>>::{closure#0}, core[6883ba1bc0fe4ed1]::option::Option<()>>::{closure#0}>
[INFO] [stdout]                                at /opt/rustwide/cargo-home/registry/src/index.crates.io-1949cf8c6b5b557f/tokio-1.52.3/src/runtime/context.rs:181:17
[INFO] [stdout]   40:     0x5fa72d22cc90 - <tokio[26cbf225d2f5f6b7]::runtime::scheduler::current_thread::CoreGuard>::enter::<<tokio[26cbf225d2f5f6b7]::runtime::scheduler::current_thread::CoreGuard>::block_on<core[6883ba1bc0fe4ed1]::pin::Pin<&mut core[6883ba1bc0fe4ed1]::pin::Pin<&mut dyn core[6883ba1bc0fe4ed1]::future::future::Future<Output = ()>>>>::{closure#0}, core[6883ba1bc0fe4ed1]::option::Option<()>>
[INFO] [stdout]                                at /opt/rustwide/cargo-home/registry/src/index.crates.io-1949cf8c6b5b557f/tokio-1.52.3/src/runtime/scheduler/current_thread/mod.rs:865:27
[INFO] [stdout]   41:     0x5fa72d22cf86 - <tokio[26cbf225d2f5f6b7]::runtime::scheduler::current_thread::CoreGuard>::block_on::<core[6883ba1bc0fe4ed1]::pin::Pin<&mut core[6883ba1bc0fe4ed1]::pin::Pin<&mut dyn core[6883ba1bc0fe4ed1]::future::future::Future<Output = ()>>>>
[INFO] [stdout]                                at /opt/rustwide/cargo-home/registry/src/index.crates.io-1949cf8c6b5b557f/tokio-1.52.3/src/runtime/scheduler/current_thread/mod.rs:765:24
[INFO] [stdout]   42:     0x5fa72d22dae0 - <tokio[26cbf225d2f5f6b7]::runtime::scheduler::current_thread::CurrentThread>::block_on::<core[6883ba1bc0fe4ed1]::pin::Pin<&mut dyn core[6883ba1bc0fe4ed1]::future::future::Future<Output = ()>>>::{closure#0}
[INFO] [stdout]                                at /opt/rustwide/cargo-home/registry/src/index.crates.io-1949cf8c6b5b557f/tokio-1.52.3/src/runtime/scheduler/current_thread/mod.rs:205:33
[INFO] [stdout]   43:     0x5fa72d22d4c3 - tokio[26cbf225d2f5f6b7]::runtime::context::runtime::enter_runtime::<<tokio[26cbf225d2f5f6b7]::runtime::scheduler::current_thread::CurrentThread>::block_on<core[6883ba1bc0fe4ed1]::pin::Pin<&mut dyn core[6883ba1bc0fe4ed1]::future::future::Future<Output = ()>>>::{closure#0}, ()>
[INFO] [stdout]                                at /opt/rustwide/cargo-home/registry/src/index.crates.io-1949cf8c6b5b557f/tokio-1.52.3/src/runtime/context/runtime.rs:65:16
[INFO] [stdout]   44:     0x5fa72d229dd1 - <tokio[26cbf225d2f5f6b7]::runtime::scheduler::current_thread::CurrentThread>::block_on::<core[6883ba1bc0fe4ed1]::pin::Pin<&mut dyn core[6883ba1bc0fe4ed1]::future::future::Future<Output = ()>>>
[INFO] [stdout]                                at /opt/rustwide/cargo-home/registry/src/index.crates.io-1949cf8c6b5b557f/tokio-1.52.3/src/runtime/scheduler/current_thread/mod.rs:193:9
[INFO] [stdout]   45:     0x5fa72d20ac44 - <tokio[26cbf225d2f5f6b7]::runtime::runtime::Runtime>::block_on_inner::<core[6883ba1bc0fe4ed1]::pin::Pin<&mut dyn core[6883ba1bc0fe4ed1]::future::future::Future<Output = ()>>>
[INFO] [stdout]                                at /opt/rustwide/cargo-home/registry/src/index.crates.io-1949cf8c6b5b557f/tokio-1.52.3/src/runtime/runtime.rs:371:52
[INFO] [stdout]   46:     0x5fa72d20ae0f - <tokio[26cbf225d2f5f6b7]::runtime::runtime::Runtime>::block_on::<core[6883ba1bc0fe4ed1]::pin::Pin<&mut dyn core[6883ba1bc0fe4ed1]::future::future::Future<Output = ()>>>
[INFO] [stdout]                                at /opt/rustwide/cargo-home/registry/src/index.crates.io-1949cf8c6b5b557f/tokio-1.52.3/src/runtime/runtime.rs:345:18
[INFO] [stdout]   47:     0x5fa72d2399f1 - robit_chatbot[6ca6cf9f5caed3f6]::frontend::tests::progress_hint_resets_on_turn_complete
[INFO] [stdout]                                at /opt/rustwide/workdir/src/frontend.rs:470:35
[INFO] [stdout]   48:     0x5fa72d232f57 - robit_chatbot[6ca6cf9f5caed3f6]::frontend::tests::progress_hint_resets_on_turn_complete::{closure#0}
[INFO] [stdout]                                at /opt/rustwide/workdir/src/frontend.rs:450:53
[INFO] [stdout]   49:     0x5fa72d2017e6 - <robit_chatbot[6ca6cf9f5caed3f6]::frontend::tests::progress_hint_resets_on_turn_complete::{closure#0} as core[6883ba1bc0fe4ed1]::ops::function::FnOnce<()>>::call_once
[INFO] [stdout]                                at /rustc/6b3fa26749ab40e159b2dd5cf577acaaf5902772/library/core/src/ops/function.rs:250:5
[INFO] [stdout]   50:     0x5fa72d257efb - <fn() -> core[6883ba1bc0fe4ed1]::result::Result<(), alloc[55a36b64bcbf2c0d]::string::String> as core[6883ba1bc0fe4ed1]::ops::function::FnOnce<()>>::call_once
[INFO] [stdout]                                at /rustc/6b3fa26749ab40e159b2dd5cf577acaaf5902772/library/core/src/ops/function.rs:250:5
[INFO] [stdout]   51:     0x5fa72d257efb - test[980ffaebd391d06d]::__rust_begin_short_backtrace::<core[6883ba1bc0fe4ed1]::result::Result<(), alloc[55a36b64bcbf2c0d]::string::String>, fn() -> core[6883ba1bc0fe4ed1]::result::Result<(), alloc[55a36b64bcbf2c0d]::string::String>>
[INFO] [stdout]                                at /rustc/6b3fa26749ab40e159b2dd5cf577acaaf5902772/library/test/src/lib.rs:724:18
[INFO] [stdout]   52:     0x5fa72d265545 - test[980ffaebd391d06d]::run_test_in_process::{closure#0}
[INFO] [stdout]                                at /rustc/6b3fa26749ab40e159b2dd5cf577acaaf5902772/library/test/src/lib.rs:747:74
[INFO] [stdout]   53:     0x5fa72d265545 - <core[6883ba1bc0fe4ed1]::panic::unwind_safe::AssertUnwindSafe<test[980ffaebd391d06d]::run_test_in_process::{closure#0}> as core[6883ba1bc0fe4ed1]::ops::function::FnOnce<()>>::call_once
[INFO] [stdout]                                at /rustc/6b3fa26749ab40e159b2dd5cf577acaaf5902772/library/core/src/panic/unwind_safe.rs:275:9
[INFO] [stdout]   54:     0x5fa72d265545 - std[73adb7dc35730857]::panicking::catch_unwind::do_call::<core[6883ba1bc0fe4ed1]::panic::unwind_safe::AssertUnwindSafe<test[980ffaebd391d06d]::run_test_in_process::{closure#0}>, core[6883ba1bc0fe4ed1]::result::Result<(), alloc[55a36b64bcbf2c0d]::string::String>>
[INFO] [stdout]                                at /rustc/6b3fa26749ab40e159b2dd5cf577acaaf5902772/library/std/src/panicking.rs:576:43
[INFO] [stdout]   55:     0x5fa72d265545 - std[73adb7dc35730857]::panicking::catch_unwind::<core[6883ba1bc0fe4ed1]::result::Result<(), alloc[55a36b64bcbf2c0d]::string::String>, core[6883ba1bc0fe4ed1]::panic::unwind_safe::AssertUnwindSafe<test[980ffaebd391d06d]::run_test_in_process::{closure#0}>>
[INFO] [stdout]                                at /rustc/6b3fa26749ab40e159b2dd5cf577acaaf5902772/library/std/src/panicking.rs:544:19
[INFO] [stdout]   56:     0x5fa72d265545 - std[73adb7dc35730857]::panic::catch_unwind::<core[6883ba1bc0fe4ed1]::panic::unwind_safe::AssertUnwindSafe<test[980ffaebd391d06d]::run_test_in_process::{closure#0}>, core[6883ba1bc0fe4ed1]::result::Result<(), alloc[55a36b64bcbf2c0d]::string::String>>
[INFO] [stdout]                                at /rustc/6b3fa26749ab40e159b2dd5cf577acaaf5902772/library/std/src/panic.rs:359:14
[INFO] [stdout]   57:     0x5fa72d265545 - test[980ffaebd391d06d]::run_test_in_process
[INFO] [stdout]                                at /rustc/6b3fa26749ab40e159b2dd5cf577acaaf5902772/library/test/src/lib.rs:747:27
[INFO] [stdout]   58:     0x5fa72d265545 - test[980ffaebd391d06d]::run_test::{closure#0}
[INFO] [stdout]                                at /rustc/6b3fa26749ab40e159b2dd5cf577acaaf5902772/library/test/src/lib.rs:668:43
[INFO] [stdout]   59:     0x5fa72d25fff4 - test[980ffaebd391d06d]::run_test::{closure#1}
[INFO] [stdout]                                at /rustc/6b3fa26749ab40e159b2dd5cf577acaaf5902772/library/test/src/lib.rs:698:41
[INFO] [stdout]   60:     0x5fa72d25fff4 - std[73adb7dc35730857]::sys::backtrace::__rust_begin_short_backtrace::<test[980ffaebd391d06d]::run_test::{closure#1}, ()>
[INFO] [stdout]                                at /rustc/6b3fa26749ab40e159b2dd5cf577acaaf5902772/library/std/src/sys/backtrace.rs:166:18
[INFO] [stdout]   61:     0x5fa72d268692 - std[73adb7dc35730857]::thread::lifecycle::spawn_unchecked::<test[980ffaebd391d06d]::run_test::{closure#1}, ()>::{closure#1}::{closure#0}
[INFO] [stdout]                                at /rustc/6b3fa26749ab40e159b2dd5cf577acaaf5902772/library/std/src/thread/lifecycle.rs:70:13
[INFO] [stdout]   62:     0x5fa72d268692 - <core[6883ba1bc0fe4ed1]::panic::unwind_safe::AssertUnwindSafe<std[73adb7dc35730857]::thread::lifecycle::spawn_unchecked<test[980ffaebd391d06d]::run_test::{closure#1}, ()>::{closure#1}::{closure#0}> as core[6883ba1bc0fe4ed1]::ops::function::FnOnce<()>>::call_once
[INFO] [stdout]                                at /rustc/6b3fa26749ab40e159b2dd5cf577acaaf5902772/library/core/src/panic/unwind_safe.rs:275:9
[INFO] [stdout]   63:     0x5fa72d268692 - std[73adb7dc35730857]::panicking::catch_unwind::do_call::<core[6883ba1bc0fe4ed1]::panic::unwind_safe::AssertUnwindSafe<std[73adb7dc35730857]::thread::lifecycle::spawn_unchecked<test[980ffaebd391d06d]::run_test::{closure#1}, ()>::{closure#1}::{closure#0}>, ()>
[INFO] [stdout]                                at /rustc/6b3fa26749ab40e159b2dd5cf577acaaf5902772/library/std/src/panicking.rs:576:43
[INFO] [stdout]   64:     0x5fa72d268692 - std[73adb7dc35730857]::panicking::catch_unwind::<(), core[6883ba1bc0fe4ed1]::panic::unwind_safe::AssertUnwindSafe<std[73adb7dc35730857]::thread::lifecycle::spawn_unchecked<test[980ffaebd391d06d]::run_test::{closure#1}, ()>::{closure#1}::{closure#0}>>
[INFO] [stdout]                                at /rustc/6b3fa26749ab40e159b2dd5cf577acaaf5902772/library/std/src/panicking.rs:544:19
[INFO] [stdout]   65:     0x5fa72d268692 - std[73adb7dc35730857]::panic::catch_unwind::<core[6883ba1bc0fe4ed1]::panic::unwind_safe::AssertUnwindSafe<std[73adb7dc35730857]::thread::lifecycle::spawn_unchecked<test[980ffaebd391d06d]::run_test::{closure#1}, ()>::{closure#1}::{closure#0}>, ()>
[INFO] [stdout]                                at /rustc/6b3fa26749ab40e159b2dd5cf577acaaf5902772/library/std/src/panic.rs:359:14
[INFO] [stdout]   66:     0x5fa72d268692 - std[73adb7dc35730857]::thread::lifecycle::spawn_unchecked::<test[980ffaebd391d06d]::run_test::{closure#1}, ()>::{closure#1}
[INFO] [stdout]                                at /rustc/6b3fa26749ab40e159b2dd5cf577acaaf5902772/library/std/src/thread/lifecycle.rs:68:26
[INFO] [stdout]   67:     0x5fa72d268692 - <std[73adb7dc35730857]::thread::lifecycle::spawn_unchecked<test[980ffaebd391d06d]::run_test::{closure#1}, ()>::{closure#1} as core[6883ba1bc0fe4ed1]::ops::function::FnOnce<()>>::call_once::{shim:vtable#0}
[INFO] [stdout]                                at /rustc/6b3fa26749ab40e159b2dd5cf577acaaf5902772/library/core/src/ops/function.rs:250:5
[INFO] [stdout]   68:     0x5fa72d58ea5f - <alloc[55a36b64bcbf2c0d]::boxed::Box<dyn core[6883ba1bc0fe4ed1]::ops::function::FnOnce<(), Output = ()> + core[6883ba1bc0fe4ed1]::marker::Send> as core[6883ba1bc0fe4ed1]::ops::function::FnOnce<()>>::call_once
[INFO] [stdout]                                at /rustc/6b3fa26749ab40e159b2dd5cf577acaaf5902772/library/alloc/src/boxed.rs:2319:9
[INFO] [stdout]   69:     0x5fa72d58ea5f - <std[73adb7dc35730857]::sys::thread::unix::Thread>::new::thread_start
[INFO] [stdout]                                at /rustc/6b3fa26749ab40e159b2dd5cf577acaaf5902772/library/std/src/sys/thread/unix.rs:123:17
[INFO] [stdout]   70:     0x716cdacfcaa4 - <unknown>
[INFO] [stdout]   71:     0x716cdad89a64 - clone
[INFO] [stdout]   72:                0x0 - <unknown>
[INFO] [stdout] 
[INFO] [stdout] ---- frontend::tests::progress_hint_rate_limited_per_turn stdout ----
[INFO] [stdout] 
[INFO] [stdout] thread 'frontend::tests::progress_hint_rate_limited_per_turn' (3447) panicked at src/frontend.rs:388:25:
[INFO] [stdout] Cannot block the current thread from within a runtime. This happens because a function attempted to block the current thread while the thread is being used to drive asynchronous tasks.
[INFO] [stdout] stack backtrace:
[INFO] [stdout]    0:     0x5fa72d58f211 - std[73adb7dc35730857]::backtrace_rs::backtrace::libunwind::trace
[INFO] [stdout]                                at /rustc/6b3fa26749ab40e159b2dd5cf577acaaf5902772/library/std/src/../../backtrace/src/backtrace/libunwind.rs:117:9
[INFO] [stdout]    1:     0x5fa72d58f211 - std[73adb7dc35730857]::backtrace_rs::backtrace::trace_unsynchronized::<std[73adb7dc35730857]::sys::backtrace::_print_fmt::{closure#1}>
[INFO] [stdout]                                at /rustc/6b3fa26749ab40e159b2dd5cf577acaaf5902772/library/std/src/../../backtrace/src/backtrace/mod.rs:66:14
[INFO] [stdout]    2:     0x5fa72d58f211 - std[73adb7dc35730857]::sys::backtrace::_print_fmt
[INFO] [stdout]                                at /rustc/6b3fa26749ab40e159b2dd5cf577acaaf5902772/library/std/src/sys/backtrace.rs:74:9
[INFO] [stdout]    3:     0x5fa72d58f211 - <<std[73adb7dc35730857]::sys::backtrace::BacktraceLock>::print::DisplayBacktrace as core[6883ba1bc0fe4ed1]::fmt::Display>::fmt
[INFO] [stdout]                                at /rustc/6b3fa26749ab40e159b2dd5cf577acaaf5902772/library/std/src/sys/backtrace.rs:44:26
[INFO] [stdout]    4:     0x5fa72d5a4a3a - <core[6883ba1bc0fe4ed1]::fmt::rt::Argument>::fmt
[INFO] [stdout]                                at /rustc/6b3fa26749ab40e159b2dd5cf577acaaf5902772/library/core/src/fmt/rt.rs:152:76
[INFO] [stdout]    5:     0x5fa72d5a4a3a - core[6883ba1bc0fe4ed1]::fmt::write
[INFO] [stdout]    6:     0x5fa72d59386c - std[73adb7dc35730857]::io::default_write_fmt::<alloc[55a36b64bcbf2c0d]::vec::Vec<u8>>
[INFO] [stdout]                                at /rustc/6b3fa26749ab40e159b2dd5cf577acaaf5902772/library/std/src/io/mod.rs:626:11
[INFO] [stdout]    7:     0x5fa72d59386c - <alloc[55a36b64bcbf2c0d]::vec::Vec<u8> as std[73adb7dc35730857]::io::Write>::write_fmt
[INFO] [stdout]                                at /rustc/6b3fa26749ab40e159b2dd5cf577acaaf5902772/library/std/src/io/mod.rs:1730:13
[INFO] [stdout]    8:     0x5fa72d56d236 - <std[73adb7dc35730857]::sys::backtrace::BacktraceLock>::print
[INFO] [stdout]                                at /rustc/6b3fa26749ab40e159b2dd5cf577acaaf5902772/library/std/src/sys/backtrace.rs:47:9
[INFO] [stdout]    9:     0x5fa72d56d236 - std[73adb7dc35730857]::panicking::default_hook::{closure#0}
[INFO] [stdout]                                at /rustc/6b3fa26749ab40e159b2dd5cf577acaaf5902772/library/std/src/panicking.rs:292:27
[INFO] [stdout]   10:     0x5fa72d587079 - std[73adb7dc35730857]::panicking::default_hook
[INFO] [stdout]                                at /rustc/6b3fa26749ab40e159b2dd5cf577acaaf5902772/library/std/src/panicking.rs:316:9
[INFO] [stdout]   11:     0x5fa72d264bc0 - <alloc[55a36b64bcbf2c0d]::boxed::Box<dyn for<'a, 'b> core[6883ba1bc0fe4ed1]::ops::function::Fn<(&'a std[73adb7dc35730857]::panic::PanicHookInfo<'b>,), Output = ()> + core[6883ba1bc0fe4ed1]::marker::Send + core[6883ba1bc0fe4ed1]::marker::Sync> as core[6883ba1bc0fe4ed1]::ops::function::Fn<(&std[73adb7dc35730857]::panic::PanicHookInfo,)>>::call
[INFO] [stdout]                                at /rustc/6b3fa26749ab40e159b2dd5cf577acaaf5902772/library/alloc/src/boxed.rs:2333:9
[INFO] [stdout]   12:     0x5fa72d264bc0 - test[980ffaebd391d06d]::test_main_inner::<test[980ffaebd391d06d]::test_main_static::{closure#0}>::{closure#0}
[INFO] [stdout]                                at /rustc/6b3fa26749ab40e159b2dd5cf577acaaf5902772/library/test/src/lib.rs:155:21
[INFO] [stdout]   13:     0x5fa72d5873a2 - <alloc[55a36b64bcbf2c0d]::boxed::Box<dyn for<'a, 'b> core[6883ba1bc0fe4ed1]::ops::function::Fn<(&'a std[73adb7dc35730857]::panic::PanicHookInfo<'b>,), Output = ()> + core[6883ba1bc0fe4ed1]::marker::Send + core[6883ba1bc0fe4ed1]::marker::Sync> as core[6883ba1bc0fe4ed1]::ops::function::Fn<(&std[73adb7dc35730857]::panic::PanicHookInfo,)>>::call
[INFO] [stdout]                                at /rustc/6b3fa26749ab40e159b2dd5cf577acaaf5902772/library/alloc/src/boxed.rs:2333:9
[INFO] [stdout]   14:     0x5fa72d5873a2 - std[73adb7dc35730857]::panicking::panic_with_hook
[INFO] [stdout]                                at /rustc/6b3fa26749ab40e159b2dd5cf577acaaf5902772/library/std/src/panicking.rs:823:13
[INFO] [stdout]   15:     0x5fa72d56d2e2 - std[73adb7dc35730857]::panicking::panic_handler::{closure#0}
[INFO] [stdout]                                at /rustc/6b3fa26749ab40e159b2dd5cf577acaaf5902772/library/std/src/panicking.rs:688:13
[INFO] [stdout]   16:     0x5fa72d564c49 - std[73adb7dc35730857]::sys::backtrace::__rust_end_short_backtrace::<std[73adb7dc35730857]::panicking::panic_handler::{closure#0}, !>
[INFO] [stdout]                                at /rustc/6b3fa26749ab40e159b2dd5cf577acaaf5902772/library/std/src/sys/backtrace.rs:182:18
[INFO] [stdout]   17:     0x5fa72d56dedd - __rustc[a7b7b02e776dd976]::rust_begin_unwind
[INFO] [stdout]                                at /rustc/6b3fa26749ab40e159b2dd5cf577acaaf5902772/library/std/src/panicking.rs:679:5
[INFO] [stdout]   18:     0x5fa72d5a523c - core[6883ba1bc0fe4ed1]::panicking::panic_fmt
[INFO] [stdout]                                at /rustc/6b3fa26749ab40e159b2dd5cf577acaaf5902772/library/core/src/panicking.rs:80:14
[INFO] [stdout]   19:     0x5fa72d5a4f34 - core[6883ba1bc0fe4ed1]::panicking::panic_display::<&str>
[INFO] [stdout]                                at /rustc/6b3fa26749ab40e159b2dd5cf577acaaf5902772/library/core/src/panicking.rs:259:5
[INFO] [stdout]   20:     0x5fa72d5a4f34 - core[6883ba1bc0fe4ed1]::option::expect_failed
[INFO] [stdout]                                at /rustc/6b3fa26749ab40e159b2dd5cf577acaaf5902772/library/core/src/option.rs:2260:5
[INFO] [stdout]   21:     0x5fa72d24a4e1 - <core[6883ba1bc0fe4ed1]::option::Option<tokio[26cbf225d2f5f6b7]::runtime::context::blocking::BlockingRegionGuard>>::expect
[INFO] [stdout]                                at /rustc/6b3fa26749ab40e159b2dd5cf577acaaf5902772/library/core/src/option.rs:969:21
[INFO] [stdout]   22:     0x5fa72d23f31d - tokio[26cbf225d2f5f6b7]::future::block_on::block_on::<<tokio[26cbf225d2f5f6b7]::sync::mutex::Mutex<rusqlite[e6ce72722113c0f]::Connection>>::lock::{closure#0}>
[INFO] [stdout]                                at /opt/rustwide/cargo-home/registry/src/index.crates.io-1949cf8c6b5b557f/tokio-1.52.3/src/future/block_on.rs:6:74
[INFO] [stdout]   23:     0x5fa72d228891 - <tokio[26cbf225d2f5f6b7]::sync::mutex::Mutex<rusqlite[e6ce72722113c0f]::Connection>>::blocking_lock
[INFO] [stdout]                                at /opt/rustwide/cargo-home/registry/src/index.crates.io-1949cf8c6b5b557f/tokio-1.52.3/src/sync/mutex.rs:521:9
[INFO] [stdout]   24:     0x5fa72d239090 - robit_chatbot[6ca6cf9f5caed3f6]::frontend::tests::make_frontend
[INFO] [stdout]                                at /opt/rustwide/workdir/src/frontend.rs:388:25
[INFO] [stdout]   25:     0x5fa72d233e77 - robit_chatbot[6ca6cf9f5caed3f6]::frontend::tests::progress_hint_rate_limited_per_turn::{closure#0}
[INFO] [stdout]                                at /opt/rustwide/workdir/src/frontend.rs:429:18
[INFO] [stdout]   26:     0x5fa72d21b9a2 - <core[6883ba1bc0fe4ed1]::pin::Pin<&mut dyn core[6883ba1bc0fe4ed1]::future::future::Future<Output = ()>> as core[6883ba1bc0fe4ed1]::future::future::Future>::poll
[INFO] [stdout]                                at /rustc/6b3fa26749ab40e159b2dd5cf577acaaf5902772/library/core/src/future/future.rs:133:9
[INFO] [stdout]   27:     0x5fa72d21ba1d - <core[6883ba1bc0fe4ed1]::pin::Pin<&mut core[6883ba1bc0fe4ed1]::pin::Pin<&mut dyn core[6883ba1bc0fe4ed1]::future::future::Future<Output = ()>>> as core[6883ba1bc0fe4ed1]::future::future::Future>::poll
[INFO] [stdout]                                at /rustc/6b3fa26749ab40e159b2dd5cf577acaaf5902772/library/core/src/future/future.rs:133:9
[INFO] [stdout]   28:     0x5fa72d2300ad - <tokio[26cbf225d2f5f6b7]::runtime::scheduler::current_thread::CoreGuard>::block_on::<core[6883ba1bc0fe4ed1]::pin::Pin<&mut core[6883ba1bc0fe4ed1]::pin::Pin<&mut dyn core[6883ba1bc0fe4ed1]::future::future::Future<Output = ()>>>>::{closure#0}::{closure#0}::{closure#0}
[INFO] [stdout]                                at /opt/rustwide/cargo-home/registry/src/index.crates.io-1949cf8c6b5b557f/tokio-1.52.3/src/runtime/scheduler/current_thread/mod.rs:778:70
[INFO] [stdout]   29:     0x5fa72d22ffab - tokio[26cbf225d2f5f6b7]::task::coop::with_budget::<core[6883ba1bc0fe4ed1]::task::poll::Poll<()>, <tokio[26cbf225d2f5f6b7]::runtime::scheduler::current_thread::CoreGuard>::block_on<core[6883ba1bc0fe4ed1]::pin::Pin<&mut core[6883ba1bc0fe4ed1]::pin::Pin<&mut dyn core[6883ba1bc0fe4ed1]::future::future::Future<Output = ()>>>>::{closure#0}::{closure#0}::{closure#0}>
[INFO] [stdout]                                at /opt/rustwide/cargo-home/registry/src/index.crates.io-1949cf8c6b5b557f/tokio-1.52.3/src/task/coop/mod.rs:167:5
[INFO] [stdout]   30:     0x5fa72d22ffab - tokio[26cbf225d2f5f6b7]::task::coop::budget::<core[6883ba1bc0fe4ed1]::task::poll::Poll<()>, <tokio[26cbf225d2f5f6b7]::runtime::scheduler::current_thread::CoreGuard>::block_on<core[6883ba1bc0fe4ed1]::pin::Pin<&mut core[6883ba1bc0fe4ed1]::pin::Pin<&mut dyn core[6883ba1bc0fe4ed1]::future::future::Future<Output = ()>>>>::{closure#0}::{closure#0}::{closure#0}>
[INFO] [stdout]                                at /opt/rustwide/cargo-home/registry/src/index.crates.io-1949cf8c6b5b557f/tokio-1.52.3/src/task/coop/mod.rs:133:5
[INFO] [stdout]   31:     0x5fa72d22ffab - <tokio[26cbf225d2f5f6b7]::runtime::scheduler::current_thread::CoreGuard>::block_on::<core[6883ba1bc0fe4ed1]::pin::Pin<&mut core[6883ba1bc0fe4ed1]::pin::Pin<&mut dyn core[6883ba1bc0fe4ed1]::future::future::Future<Output = ()>>>>::{closure#0}::{closure#0}
[INFO] [stdout]                                at /opt/rustwide/cargo-home/registry/src/index.crates.io-1949cf8c6b5b557f/tokio-1.52.3/src/runtime/scheduler/current_thread/mod.rs:778:25
[INFO] [stdout]   32:     0x5fa72d22a2a0 - <tokio[26cbf225d2f5f6b7]::runtime::scheduler::current_thread::Context>::enter::<core[6883ba1bc0fe4ed1]::task::poll::Poll<()>, <tokio[26cbf225d2f5f6b7]::runtime::scheduler::current_thread::CoreGuard>::block_on<core[6883ba1bc0fe4ed1]::pin::Pin<&mut core[6883ba1bc0fe4ed1]::pin::Pin<&mut dyn core[6883ba1bc0fe4ed1]::future::future::Future<Output = ()>>>>::{closure#0}::{closure#0}>
[INFO] [stdout]                                at /opt/rustwide/cargo-home/registry/src/index.crates.io-1949cf8c6b5b557f/tokio-1.52.3/src/runtime/scheduler/current_thread/mod.rs:451:19
[INFO] [stdout]   33:     0x5fa72d22ec2d - <tokio[26cbf225d2f5f6b7]::runtime::scheduler::current_thread::CoreGuard>::block_on::<core[6883ba1bc0fe4ed1]::pin::Pin<&mut core[6883ba1bc0fe4ed1]::pin::Pin<&mut dyn core[6883ba1bc0fe4ed1]::future::future::Future<Output = ()>>>>::{closure#0}
[INFO] [stdout]                                at /opt/rustwide/cargo-home/registry/src/index.crates.io-1949cf8c6b5b557f/tokio-1.52.3/src/runtime/scheduler/current_thread/mod.rs:777:44
[INFO] [stdout]   34:     0x5fa72d22ded4 - <tokio[26cbf225d2f5f6b7]::runtime::scheduler::current_thread::CoreGuard>::enter::<<tokio[26cbf225d2f5f6b7]::runtime::scheduler::current_thread::CoreGuard>::block_on<core[6883ba1bc0fe4ed1]::pin::Pin<&mut core[6883ba1bc0fe4ed1]::pin::Pin<&mut dyn core[6883ba1bc0fe4ed1]::future::future::Future<Output = ()>>>>::{closure#0}, core[6883ba1bc0fe4ed1]::option::Option<()>>::{closure#0}
[INFO] [stdout]                                at /opt/rustwide/cargo-home/registry/src/index.crates.io-1949cf8c6b5b557f/tokio-1.52.3/src/runtime/scheduler/current_thread/mod.rs:865:68
[INFO] [stdout]   35:     0x5fa72d21325b - <tokio[26cbf225d2f5f6b7]::runtime::context::scoped::Scoped<tokio[26cbf225d2f5f6b7]::runtime::scheduler::Context>>::set::<<tokio[26cbf225d2f5f6b7]::runtime::scheduler::current_thread::CoreGuard>::enter<<tokio[26cbf225d2f5f6b7]::runtime::scheduler::current_thread::CoreGuard>::block_on<core[6883ba1bc0fe4ed1]::pin::Pin<&mut core[6883ba1bc0fe4ed1]::pin::Pin<&mut dyn core[6883ba1bc0fe4ed1]::future::future::Future<Output = ()>>>>::{closure#0}, core[6883ba1bc0fe4ed1]::option::Option<()>>::{closure#0}, (alloc[55a36b64bcbf2c0d]::boxed::Box<tokio[26cbf225d2f5f6b7]::runtime::scheduler::current_thread::Core>, core[6883ba1bc0fe4ed1]::option::Option<()>)>
[INFO] [stdout]                                at /opt/rustwide/cargo-home/registry/src/index.crates.io-1949cf8c6b5b557f/tokio-1.52.3/src/runtime/context/scoped.rs:40:9
[INFO] [stdout]   36:     0x5fa72d2211d9 - tokio[26cbf225d2f5f6b7]::runtime::context::set_scheduler::<(alloc[55a36b64bcbf2c0d]::boxed::Box<tokio[26cbf225d2f5f6b7]::runtime::scheduler::current_thread::Core>, core[6883ba1bc0fe4ed1]::option::Option<()>), <tokio[26cbf225d2f5f6b7]::runtime::scheduler::current_thread::CoreGuard>::enter<<tokio[26cbf225d2f5f6b7]::runtime::scheduler::current_thread::CoreGuard>::block_on<core[6883ba1bc0fe4ed1]::pin::Pin<&mut core[6883ba1bc0fe4ed1]::pin::Pin<&mut dyn core[6883ba1bc0fe4ed1]::future::future::Future<Output = ()>>>>::{closure#0}, core[6883ba1bc0fe4ed1]::option::Option<()>>::{closure#0}>::{closure#0}
[INFO] [stdout]                                at /opt/rustwide/cargo-home/registry/src/index.crates.io-1949cf8c6b5b557f/tokio-1.52.3/src/runtime/context.rs:181:38
[INFO] [stdout]   37:     0x5fa72d247242 - <std[73adb7dc35730857]::thread::local::LocalKey<tokio[26cbf225d2f5f6b7]::runtime::context::Context>>::try_with::<tokio[26cbf225d2f5f6b7]::runtime::context::set_scheduler<(alloc[55a36b64bcbf2c0d]::boxed::Box<tokio[26cbf225d2f5f6b7]::runtime::scheduler::current_thread::Core>, core[6883ba1bc0fe4ed1]::option::Option<()>), <tokio[26cbf225d2f5f6b7]::runtime::scheduler::current_thread::CoreGuard>::enter<<tokio[26cbf225d2f5f6b7]::runtime::scheduler::current_thread::CoreGuard>::block_on<core[6883ba1bc0fe4ed1]::pin::Pin<&mut core[6883ba1bc0fe4ed1]::pin::Pin<&mut dyn core[6883ba1bc0fe4ed1]::future::future::Future<Output = ()>>>>::{closure#0}, core[6883ba1bc0fe4ed1]::option::Option<()>>::{closure#0}>::{closure#0}, (alloc[55a36b64bcbf2c0d]::boxed::Box<tokio[26cbf225d2f5f6b7]::runtime::scheduler::current_thread::Core>, core[6883ba1bc0fe4ed1]::option::Option<()>)>
[INFO] [stdout]                                at /rustc/6b3fa26749ab40e159b2dd5cf577acaaf5902772/library/std/src/thread/local.rs:463:12
[INFO] [stdout]   38:     0x5fa72d246dce - <std[73adb7dc35730857]::thread::local::LocalKey<tokio[26cbf225d2f5f6b7]::runtime::context::Context>>::with::<tokio[26cbf225d2f5f6b7]::runtime::context::set_scheduler<(alloc[55a36b64bcbf2c0d]::boxed::Box<tokio[26cbf225d2f5f6b7]::runtime::scheduler::current_thread::Core>, core[6883ba1bc0fe4ed1]::option::Option<()>), <tokio[26cbf225d2f5f6b7]::runtime::scheduler::current_thread::CoreGuard>::enter<<tokio[26cbf225d2f5f6b7]::runtime::scheduler::current_thread::CoreGuard>::block_on<core[6883ba1bc0fe4ed1]::pin::Pin<&mut core[6883ba1bc0fe4ed1]::pin::Pin<&mut dyn core[6883ba1bc0fe4ed1]::future::future::Future<Output = ()>>>>::{closure#0}, core[6883ba1bc0fe4ed1]::option::Option<()>>::{closure#0}>::{closure#0}, (alloc[55a36b64bcbf2c0d]::boxed::Box<tokio[26cbf225d2f5f6b7]::runtime::scheduler::current_thread::Core>, core[6883ba1bc0fe4ed1]::option::Option<()>)>
[INFO] [stdout]                                at /rustc/6b3fa26749ab40e159b2dd5cf577acaaf5902772/library/std/src/thread/local.rs:427:20
[INFO] [stdout]   39:     0x5fa72d220d3d - tokio[26cbf225d2f5f6b7]::runtime::context::set_scheduler::<(alloc[55a36b64bcbf2c0d]::boxed::Box<tokio[26cbf225d2f5f6b7]::runtime::scheduler::current_thread::Core>, core[6883ba1bc0fe4ed1]::option::Option<()>), <tokio[26cbf225d2f5f6b7]::runtime::scheduler::current_thread::CoreGuard>::enter<<tokio[26cbf225d2f5f6b7]::runtime::scheduler::current_thread::CoreGuard>::block_on<core[6883ba1bc0fe4ed1]::pin::Pin<&mut core[6883ba1bc0fe4ed1]::pin::Pin<&mut dyn core[6883ba1bc0fe4ed1]::future::future::Future<Output = ()>>>>::{closure#0}, core[6883ba1bc0fe4ed1]::option::Option<()>>::{closure#0}>
[INFO] [stdout]                                at /opt/rustwide/cargo-home/registry/src/index.crates.io-1949cf8c6b5b557f/tokio-1.52.3/src/runtime/context.rs:181:17
[INFO] [stdout]   40:     0x5fa72d22cc90 - <tokio[26cbf225d2f5f6b7]::runtime::scheduler::current_thread::CoreGuard>::enter::<<tokio[26cbf225d2f5f6b7]::runtime::scheduler::current_thread::CoreGuard>::block_on<core[6883ba1bc0fe4ed1]::pin::Pin<&mut core[6883ba1bc0fe4ed1]::pin::Pin<&mut dyn core[6883ba1bc0fe4ed1]::future::future::Future<Output = ()>>>>::{closure#0}, core[6883ba1bc0fe4ed1]::option::Option<()>>
[INFO] [stdout]                                at /opt/rustwide/cargo-home/registry/src/index.crates.io-1949cf8c6b5b557f/tokio-1.52.3/src/runtime/scheduler/current_thread/mod.rs:865:27
[INFO] [stdout]   41:     0x5fa72d22cf86 - <tokio[26cbf225d2f5f6b7]::runtime::scheduler::current_thread::CoreGuard>::block_on::<core[6883ba1bc0fe4ed1]::pin::Pin<&mut core[6883ba1bc0fe4ed1]::pin::Pin<&mut dyn core[6883ba1bc0fe4ed1]::future::future::Future<Output = ()>>>>
[INFO] [stdout]                                at /opt/rustwide/cargo-home/registry/src/index.crates.io-1949cf8c6b5b557f/tokio-1.52.3/src/runtime/scheduler/current_thread/mod.rs:765:24
[INFO] [stdout]   42:     0x5fa72d22dae0 - <tokio[26cbf225d2f5f6b7]::runtime::scheduler::current_thread::CurrentThread>::block_on::<core[6883ba1bc0fe4ed1]::pin::Pin<&mut dyn core[6883ba1bc0fe4ed1]::future::future::Future<Output = ()>>>::{closure#0}
[INFO] [stdout]                                at /opt/rustwide/cargo-home/registry/src/index.crates.io-1949cf8c6b5b557f/tokio-1.52.3/src/runtime/scheduler/current_thread/mod.rs:205:33
[INFO] [stdout]   43:     0x5fa72d22d4c3 - tokio[26cbf225d2f5f6b7]::runtime::context::runtime::enter_runtime::<<tokio[26cbf225d2f5f6b7]::runtime::scheduler::current_thread::CurrentThread>::block_on<core[6883ba1bc0fe4ed1]::pin::Pin<&mut dyn core[6883ba1bc0fe4ed1]::future::future::Future<Output = ()>>>::{closure#0}, ()>
[INFO] [stdout]                                at /opt/rustwide/cargo-home/registry/src/index.crates.io-1949cf8c6b5b557f/tokio-1.52.3/src/runtime/context/runtime.rs:65:16
[INFO] [stdout]   44:     0x5fa72d229dd1 - <tokio[26cbf225d2f5f6b7]::runtime::scheduler::current_thread::CurrentThread>::block_on::<core[6883ba1bc0fe4ed1]::pin::Pin<&mut dyn core[6883ba1bc0fe4ed1]::future::future::Future<Output = ()>>>
[INFO] [stdout]                                at /opt/rustwide/cargo-home/registry/src/index.crates.io-1949cf8c6b5b557f/tokio-1.52.3/src/runtime/scheduler/current_thread/mod.rs:193:9
[INFO] [stdout]   45:     0x5fa72d20ac44 - <tokio[26cbf225d2f5f6b7]::runtime::runtime::Runtime>::block_on_inner::<core[6883ba1bc0fe4ed1]::pin::Pin<&mut dyn core[6883ba1bc0fe4ed1]::future::future::Future<Output = ()>>>
[INFO] [stdout]                                at /opt/rustwide/cargo-home/registry/src/index.crates.io-1949cf8c6b5b557f/tokio-1.52.3/src/runtime/runtime.rs:371:52
[INFO] [stdout]   46:     0x5fa72d20ae0f - <tokio[26cbf225d2f5f6b7]::runtime::runtime::Runtime>::block_on::<core[6883ba1bc0fe4ed1]::pin::Pin<&mut dyn core[6883ba1bc0fe4ed1]::future::future::Future<Output = ()>>>
[INFO] [stdout]                                at /opt/rustwide/cargo-home/registry/src/index.crates.io-1949cf8c6b5b557f/tokio-1.52.3/src/runtime/runtime.rs:345:18
[INFO] [stdout]   47:     0x5fa72d239831 - robit_chatbot[6ca6cf9f5caed3f6]::frontend::tests::progress_hint_rate_limited_per_turn
[INFO] [stdout]                                at /opt/rustwide/workdir/src/frontend.rs:446:35
[INFO] [stdout]   48:     0x5fa72d232f27 - robit_chatbot[6ca6cf9f5caed3f6]::frontend::tests::progress_hint_rate_limited_per_turn::{closure#0}
[INFO] [stdout]                                at /opt/rustwide/workdir/src/frontend.rs:427:51
[INFO] [stdout]   49:     0x5fa72d2017a6 - <robit_chatbot[6ca6cf9f5caed3f6]::frontend::tests::progress_hint_rate_limited_per_turn::{closure#0} as core[6883ba1bc0fe4ed1]::ops::function::FnOnce<()>>::call_once
[INFO] [stdout]                                at /rustc/6b3fa26749ab40e159b2dd5cf577acaaf5902772/library/core/src/ops/function.rs:250:5
[INFO] [stdout]   50:     0x5fa72d257efb - <fn() -> core[6883ba1bc0fe4ed1]::result::Result<(), alloc[55a36b64bcbf2c0d]::string::String> as core[6883ba1bc0fe4ed1]::ops::function::FnOnce<()>>::call_once
[INFO] [stdout]                                at /rustc/6b3fa26749ab40e159b2dd5cf577acaaf5902772/library/core/src/ops/function.rs:250:5
[INFO] [stdout]   51:     0x5fa72d257efb - test[980ffaebd391d06d]::__rust_begin_short_backtrace::<core[6883ba1bc0fe4ed1]::result::Result<(), alloc[55a36b64bcbf2c0d]::string::String>, fn() -> core[6883ba1bc0fe4ed1]::result::Result<(), alloc[55a36b64bcbf2c0d]::string::String>>
[INFO] [stdout]                                at /rustc/6b3fa26749ab40e159b2dd5cf577acaaf5902772/library/test/src/lib.rs:724:18
[INFO] [stdout]   52:     0x5fa72d265545 - test[980ffaebd391d06d]::run_test_in_process::{closure#0}
[INFO] [stdout]                                at /rustc/6b3fa26749ab40e159b2dd5cf577acaaf5902772/library/test/src/lib.rs:747:74
[INFO] [stdout]   53:     0x5fa72d265545 - <core[6883ba1bc0fe4ed1]::panic::unwind_safe::AssertUnwindSafe<test[980ffaebd391d06d]::run_test_in_process::{closure#0}> as core[6883ba1bc0fe4ed1]::ops::function::FnOnce<()>>::call_once
[INFO] [stdout]                                at /rustc/6b3fa26749ab40e159b2dd5cf577acaaf5902772/library/core/src/panic/unwind_safe.rs:275:9
[INFO] [stdout]   54:     0x5fa72d265545 - std[73adb7dc35730857]::panicking::catch_unwind::do_call::<core[6883ba1bc0fe4ed1]::panic::unwind_safe::AssertUnwindSafe<test[980ffaebd391d06d]::run_test_in_process::{closure#0}>, core[6883ba1bc0fe4ed1]::result::Result<(), alloc[55a36b64bcbf2c0d]::string::String>>
[INFO] [stdout]                                at /rustc/6b3fa26749ab40e159b2dd5cf577acaaf5902772/library/std/src/panicking.rs:576:43
[INFO] [stdout]   55:     0x5fa72d265545 - std[73adb7dc35730857]::panicking::catch_unwind::<core[6883ba1bc0fe4ed1]::result::Result<(), alloc[55a36b64bcbf2c0d]::string::String>, core[6883ba1bc0fe4ed1]::panic::unwind_safe::AssertUnwindSafe<test[980ffaebd391d06d]::run_test_in_process::{closure#0}>>
[INFO] [stdout]                                at /rustc/6b3fa26749ab40e159b2dd5cf577acaaf5902772/library/std/src/panicking.rs:544:19
[INFO] [stdout]   56:     0x5fa72d265545 - std[73adb7dc35730857]::panic::catch_unwind::<core[6883ba1bc0fe4ed1]::panic::unwind_safe::AssertUnwindSafe<test[980ffaebd391d06d]::run_test_in_process::{closure#0}>, core[6883ba1bc0fe4ed1]::result::Result<(), alloc[55a36b64bcbf2c0d]::string::String>>
[INFO] [stdout]                                at /rustc/6b3fa26749ab40e159b2dd5cf577acaaf5902772/library/std/src/panic.rs:359:14
[INFO] [stdout]   57:     0x5fa72d265545 - test[980ffaebd391d06d]::run_test_in_process
[INFO] [stdout]                                at /rustc/6b3fa26749ab40e159b2dd5cf577acaaf5902772/library/test/src/lib.rs:747:27
[INFO] [stdout]   58:     0x5fa72d265545 - test[980ffaebd391d06d]::run_test::{closure#0}
[INFO] [stdout]                                at /rustc/6b3fa26749ab40e159b2dd5cf577acaaf5902772/library/test/src/lib.rs:668:43
[INFO] [stdout]   59:     0x5fa72d25fff4 - test[980ffaebd391d06d]::run_test::{closure#1}
[INFO] [stdout]                                at /rustc/6b3fa26749ab40e159b2dd5cf577acaaf5902772/library/test/src/lib.rs:698:41
[INFO] [stdout]   60:     0x5fa72d25fff4 - std[73adb7dc35730857]::sys::backtrace::__rust_begin_short_backtrace::<test[980ffaebd391d06d]::run_test::{closure#1}, ()>
[INFO] [stdout]                                at /rustc/6b3fa26749ab40e159b2dd5cf577acaaf5902772/library/std/src/sys/backtrace.rs:166:18
[INFO] [stdout]   61:     0x5fa72d268692 - std[73adb7dc35730857]::thread::lifecycle::spawn_unchecked::<test[980ffaebd391d06d]::run_test::{closure#1}, ()>::{closure#1}::{closure#0}
[INFO] [stdout]                                at /rustc/6b3fa26749ab40e159b2dd5cf577acaaf5902772/library/std/src/thread/lifecycle.rs:70:13
[INFO] [stdout]   62:     0x5fa72d268692 - <core[6883ba1bc0fe4ed1]::panic::unwind_safe::AssertUnwindSafe<std[73adb7dc35730857]::thread::lifecycle::spawn_unchecked<test[980ffaebd391d06d]::run_test::{closure#1}, ()>::{closure#1}::{closure#0}> as core[6883ba1bc0fe4ed1]::ops::function::FnOnce<()>>::call_once
[INFO] [stdout]                                at /rustc/6b3fa26749ab40e159b2dd5cf577acaaf5902772/library/core/src/panic/unwind_safe.rs:275:9
[INFO] [stdout]   63:     0x5fa72d268692 - std[73adb7dc35730857]::panicking::catch_unwind::do_call::<core[6883ba1bc0fe4ed1]::panic::unwind_safe::AssertUnwindSafe<std[73adb7dc35730857]::thread::lifecycle::spawn_unchecked<test[980ffaebd391d06d]::run_test::{closure#1}, ()>::{closure#1}::{closure#0}>, ()>
[INFO] [stdout]                                at /rustc/6b3fa26749ab40e159b2dd5cf577acaaf5902772/library/std/src/panicking.rs:576:43
[INFO] [stdout]   64:     0x5fa72d268692 - std[73adb7dc35730857]::panicking::catch_unwind::<(), core[6883ba1bc0fe4ed1]::panic::unwind_safe::AssertUnwindSafe<std[73adb7dc35730857]::thread::lifecycle::spawn_unchecked<test[980ffaebd391d06d]::run_test::{closure#1}, ()>::{closure#1}::{closure#0}>>
[INFO] [stdout]                                at /rustc/6b3fa26749ab40e159b2dd5cf577acaaf5902772/library/std/src/panicking.rs:544:19
[INFO] [stdout]   65:     0x5fa72d268692 - std[73adb7dc35730857]::panic::catch_unwind::<core[6883ba1bc0fe4ed1]::panic::unwind_safe::AssertUnwindSafe<std[73adb7dc35730857]::thread::lifecycle::spawn_unchecked<test[980ffaebd391d06d]::run_test::{closure#1}, ()>::{closure#1}::{closure#0}>, ()>
[INFO] [stdout]                                at /rustc/6b3fa26749ab40e159b2dd5cf577acaaf5902772/library/std/src/panic.rs:359:14
[INFO] [stdout]   66:     0x5fa72d268692 - std[73adb7dc35730857]::thread::lifecycle::spawn_unchecked::<test[980ffaebd391d06d]::run_test::{closure#1}, ()>::{closure#1}
[INFO] [stdout]                                at /rustc/6b3fa26749ab40e159b2dd5cf577acaaf5902772/library/std/src/thread/lifecycle.rs:68:26
[INFO] [stdout]   67:     0x5fa72d268692 - <std[73adb7dc35730857]::thread::lifecycle::spawn_unchecked<test[980ffaebd391d06d]::run_test::{closure#1}, ()>::{closure#1} as core[6883ba1bc0fe4ed1]::ops::function::FnOnce<()>>::call_once::{shim:vtable#0}
[INFO] [stdout]                                at /rustc/6b3fa26749ab40e159b2dd5cf577acaaf5902772/library/core/src/ops/function.rs:250:5
[INFO] [stdout]   68:     0x5fa72d58ea5f - <alloc[55a36b64bcbf2c0d]::boxed::Box<dyn core[6883ba1bc0fe4ed1]::ops::function::FnOnce<(), Output = ()> + core[6883ba1bc0fe4ed1]::marker::Send> as core[6883ba1bc0fe4ed1]::ops::function::FnOnce<()>>::call_once
[INFO] [stdout]                                at /rustc/6b3fa26749ab40e159b2dd5cf577acaaf5902772/library/alloc/src/boxed.rs:2319:9
[INFO] [stdout]   69:     0x5fa72d58ea5f - <std[73adb7dc35730857]::sys::thread::unix::Thread>::new::thread_start
[INFO] [stdout]                                at /rustc/6b3fa26749ab40e159b2dd5cf577acaaf5902772/library/std/src/sys/thread/unix.rs:123:17
[INFO] [stdout]   70:     0x716cdacfcaa4 - <unknown>
[INFO] [stdout]   71:     0x716cdad89a64 - clone
[INFO] [stdout]   72:                0x0 - <unknown>
[INFO] [stdout] 
[INFO] [stdout] ---- frontend::tests::textdelta_accumulates_until_turn_complete stdout ----
[INFO] [stdout] 
[INFO] [stdout] thread 'frontend::tests::textdelta_accumulates_until_turn_complete' (3449) panicked at src/frontend.rs:388:25:
[INFO] [stdout] Cannot block the current thread from within a runtime. This happens because a function attempted to block the current thread while the thread is being used to drive asynchronous tasks.
[INFO] [stdout] stack backtrace:
[INFO] [stdout]    0:     0x5fa72d58f211 - std[73adb7dc35730857]::backtrace_rs::backtrace::libunwind::trace
[INFO] [stdout]                                at /rustc/6b3fa26749ab40e159b2dd5cf577acaaf5902772/library/std/src/../../backtrace/src/backtrace/libunwind.rs:117:9
[INFO] [stdout]    1:     0x5fa72d58f211 - std[73adb7dc35730857]::backtrace_rs::backtrace::trace_unsynchronized::<std[73adb7dc35730857]::sys::backtrace::_print_fmt::{closure#1}>
[INFO] [stdout]                                at /rustc/6b3fa26749ab40e159b2dd5cf577acaaf5902772/library/std/src/../../backtrace/src/backtrace/mod.rs:66:14
[INFO] [stdout]    2:     0x5fa72d58f211 - std[73adb7dc35730857]::sys::backtrace::_print_fmt
[INFO] [stdout]                                at /rustc/6b3fa26749ab40e159b2dd5cf577acaaf5902772/library/std/src/sys/backtrace.rs:74:9
[INFO] [stdout]    3:     0x5fa72d58f211 - <<std[73adb7dc35730857]::sys::backtrace::BacktraceLock>::print::DisplayBacktrace as core[6883ba1bc0fe4ed1]::fmt::Display>::fmt
[INFO] [stdout]                                at /rustc/6b3fa26749ab40e159b2dd5cf577acaaf5902772/library/std/src/sys/backtrace.rs:44:26
[INFO] [stdout]    4:     0x5fa72d5a4a3a - <core[6883ba1bc0fe4ed1]::fmt::rt::Argument>::fmt
[INFO] [stdout]                                at /rustc/6b3fa26749ab40e159b2dd5cf577acaaf5902772/library/core/src/fmt/rt.rs:152:76
[INFO] [stdout]    5:     0x5fa72d5a4a3a - core[6883ba1bc0fe4ed1]::fmt::write
[INFO] [stdout]    6:     0x5fa72d59386c - std[73adb7dc35730857]::io::default_write_fmt::<alloc[55a36b64bcbf2c0d]::vec::Vec<u8>>
[INFO] [stdout]                                at /rustc/6b3fa26749ab40e159b2dd5cf577acaaf5902772/library/std/src/io/mod.rs:626:11
[INFO] [stdout]    7:     0x5fa72d59386c - <alloc[55a36b64bcbf2c0d]::vec::Vec<u8> as std[73adb7dc35730857]::io::Write>::write_fmt
[INFO] [stdout]                                at /rustc/6b3fa26749ab40e159b2dd5cf577acaaf5902772/library/std/src/io/mod.rs:1730:13
[INFO] [stdout]    8:     0x5fa72d56d236 - <std[73adb7dc35730857]::sys::backtrace::BacktraceLock>::print
[INFO] [stdout]                                at /rustc/6b3fa26749ab40e159b2dd5cf577acaaf5902772/library/std/src/sys/backtrace.rs:47:9
[INFO] [stdout]    9:     0x5fa72d56d236 - std[73adb7dc35730857]::panicking::default_hook::{closure#0}
[INFO] [stdout]                                at /rustc/6b3fa26749ab40e159b2dd5cf577acaaf5902772/library/std/src/panicking.rs:292:27
[INFO] [stdout]   10:     0x5fa72d587079 - std[73adb7dc35730857]::panicking::default_hook
[INFO] [stdout]                                at /rustc/6b3fa26749ab40e159b2dd5cf577acaaf5902772/library/std/src/panicking.rs:316:9
[INFO] [stdout]   11:     0x5fa72d264bc0 - <alloc[55a36b64bcbf2c0d]::boxed::Box<dyn for<'a, 'b> core[6883ba1bc0fe4ed1]::ops::function::Fn<(&'a std[73adb7dc35730857]::panic::PanicHookInfo<'b>,), Output = ()> + core[6883ba1bc0fe4ed1]::marker::Send + core[6883ba1bc0fe4ed1]::marker::Sync> as core[6883ba1bc0fe4ed1]::ops::function::Fn<(&std[73adb7dc35730857]::panic::PanicHookInfo,)>>::call
[INFO] [stdout]                                at /rustc/6b3fa26749ab40e159b2dd5cf577acaaf5902772/library/alloc/src/boxed.rs:2333:9
[INFO] [stdout]   12:     0x5fa72d264bc0 - test[980ffaebd391d06d]::test_main_inner::<test[980ffaebd391d06d]::test_main_static::{closure#0}>::{closure#0}
[INFO] [stdout]                                at /rustc/6b3fa26749ab40e159b2dd5cf577acaaf5902772/library/test/src/lib.rs:155:21
[INFO] [stdout]   13:     0x5fa72d5873a2 - <alloc[55a36b64bcbf2c0d]::boxed::Box<dyn for<'a, 'b> core[6883ba1bc0fe4ed1]::ops::function::Fn<(&'a std[73adb7dc35730857]::panic::PanicHookInfo<'b>,), Output = ()> + core[6883ba1bc0fe4ed1]::marker::Send + core[6883ba1bc0fe4ed1]::marker::Sync> as core[6883ba1bc0fe4ed1]::ops::function::Fn<(&std[73adb7dc35730857]::panic::PanicHookInfo,)>>::call
[INFO] [stdout]                                at /rustc/6b3fa26749ab40e159b2dd5cf577acaaf5902772/library/alloc/src/boxed.rs:2333:9
[INFO] [stdout]   14:     0x5fa72d5873a2 - std[73adb7dc35730857]::panicking::panic_with_hook
[INFO] [stdout]                                at /rustc/6b3fa26749ab40e159b2dd5cf577acaaf5902772/library/std/src/panicking.rs:823:13
[INFO] [stdout]   15:     0x5fa72d56d2e2 - std[73adb7dc35730857]::panicking::panic_handler::{closure#0}
[INFO] [stdout]                                at /rustc/6b3fa26749ab40e159b2dd5cf577acaaf5902772/library/std/src/panicking.rs:688:13
[INFO] [stdout]   16:     0x5fa72d564c49 - std[73adb7dc35730857]::sys::backtrace::__rust_end_short_backtrace::<std[73adb7dc35730857]::panicking::panic_handler::{closure#0}, !>
[INFO] [stdout]                                at /rustc/6b3fa26749ab40e159b2dd5cf577acaaf5902772/library/std/src/sys/backtrace.rs:182:18
[INFO] [stdout]   17:     0x5fa72d56dedd - __rustc[a7b7b02e776dd976]::rust_begin_unwind
[INFO] [stdout]                                at /rustc/6b3fa26749ab40e159b2dd5cf577acaaf5902772/library/std/src/panicking.rs:679:5
[INFO] [stdout]   18:     0x5fa72d5a523c - core[6883ba1bc0fe4ed1]::panicking::panic_fmt
[INFO] [stdout]                                at /rustc/6b3fa26749ab40e159b2dd5cf577acaaf5902772/library/core/src/panicking.rs:80:14
[INFO] [stdout]   19:     0x5fa72d5a4f34 - core[6883ba1bc0fe4ed1]::panicking::panic_display::<&str>
[INFO] [stdout]                                at /rustc/6b3fa26749ab40e159b2dd5cf577acaaf5902772/library/core/src/panicking.rs:259:5
[INFO] [stdout]   20:     0x5fa72d5a4f34 - core[6883ba1bc0fe4ed1]::option::expect_failed
[INFO] [stdout]                                at /rustc/6b3fa26749ab40e159b2dd5cf577acaaf5902772/library/core/src/option.rs:2260:5
[INFO] [stdout]   21:     0x5fa72d24a4e1 - <core[6883ba1bc0fe4ed1]::option::Option<tokio[26cbf225d2f5f6b7]::runtime::context::blocking::BlockingRegionGuard>>::expect
[INFO] [stdout]                                at /rustc/6b3fa26749ab40e159b2dd5cf577acaaf5902772/library/core/src/option.rs:969:21
[INFO] [stdout]   22:     0x5fa72d23f31d - tokio[26cbf225d2f5f6b7]::future::block_on::block_on::<<tokio[26cbf225d2f5f6b7]::sync::mutex::Mutex<rusqlite[e6ce72722113c0f]::Connection>>::lock::{closure#0}>
[INFO] [stdout]                                at /opt/rustwide/cargo-home/registry/src/index.crates.io-1949cf8c6b5b557f/tokio-1.52.3/src/future/block_on.rs:6:74
[INFO] [stdout]   23:     0x5fa72d228891 - <tokio[26cbf225d2f5f6b7]::sync::mutex::Mutex<rusqlite[e6ce72722113c0f]::Connection>>::blocking_lock
[INFO] [stdout]                                at /opt/rustwide/cargo-home/registry/src/index.crates.io-1949cf8c6b5b557f/tokio-1.52.3/src/sync/mutex.rs:521:9
[INFO] [stdout]   24:     0x5fa72d239090 - robit_chatbot[6ca6cf9f5caed3f6]::frontend::tests::make_frontend
[INFO] [stdout]                                at /opt/rustwide/workdir/src/frontend.rs:388:25
[INFO] [stdout]   25:     0x5fa72d23637c - robit_chatbot[6ca6cf9f5caed3f6]::frontend::tests::textdelta_accumulates_until_turn_complete::{closure#0}
[INFO] [stdout]                                at /opt/rustwide/workdir/src/frontend.rs:404:18
[INFO] [stdout]   26:     0x5fa72d21b9a2 - <core[6883ba1bc0fe4ed1]::pin::Pin<&mut dyn core[6883ba1bc0fe4ed1]::future::future::Future<Output = ()>> as core[6883ba1bc0fe4ed1]::future::future::Future>::poll
[INFO] [stdout]                                at /rustc/6b3fa26749ab40e159b2dd5cf577acaaf5902772/library/core/src/future/future.rs:133:9
[INFO] [stdout]   27:     0x5fa72d21ba1d - <core[6883ba1bc0fe4ed1]::pin::Pin<&mut core[6883ba1bc0fe4ed1]::pin::Pin<&mut dyn core[6883ba1bc0fe4ed1]::future::future::Future<Output = ()>>> as core[6883ba1bc0fe4ed1]::future::future::Future>::poll
[INFO] [stdout]                                at /rustc/6b3fa26749ab40e159b2dd5cf577acaaf5902772/library/core/src/future/future.rs:133:9
[INFO] [stdout]   28:     0x5fa72d2300ad - <tokio[26cbf225d2f5f6b7]::runtime::scheduler::current_thread::CoreGuard>::block_on::<core[6883ba1bc0fe4ed1]::pin::Pin<&mut core[6883ba1bc0fe4ed1]::pin::Pin<&mut dyn core[6883ba1bc0fe4ed1]::future::future::Future<Output = ()>>>>::{closure#0}::{closure#0}::{closure#0}
[INFO] [stdout]                                at /opt/rustwide/cargo-home/registry/src/index.crates.io-1949cf8c6b5b557f/tokio-1.52.3/src/runtime/scheduler/current_thread/mod.rs:778:70
[INFO] [stdout]   29:     0x5fa72d22ffab - tokio[26cbf225d2f5f6b7]::task::coop::with_budget::<core[6883ba1bc0fe4ed1]::task::poll::Poll<()>, <tokio[26cbf225d2f5f6b7]::runtime::scheduler::current_thread::CoreGuard>::block_on<core[6883ba1bc0fe4ed1]::pin::Pin<&mut core[6883ba1bc0fe4ed1]::pin::Pin<&mut dyn core[6883ba1bc0fe4ed1]::future::future::Future<Output = ()>>>>::{closure#0}::{closure#0}::{closure#0}>
[INFO] [stdout]                                at /opt/rustwide/cargo-home/registry/src/index.crates.io-1949cf8c6b5b557f/tokio-1.52.3/src/task/coop/mod.rs:167:5
[INFO] [stdout]   30:     0x5fa72d22ffab - tokio[26cbf225d2f5f6b7]::task::coop::budget::<core[6883ba1bc0fe4ed1]::task::poll::Poll<()>, <tokio[26cbf225d2f5f6b7]::runtime::scheduler::current_thread::CoreGuard>::block_on<core[6883ba1bc0fe4ed1]::pin::Pin<&mut core[6883ba1bc0fe4ed1]::pin::Pin<&mut dyn core[6883ba1bc0fe4ed1]::future::future::Future<Output = ()>>>>::{closure#0}::{closure#0}::{closure#0}>
[INFO] [stdout]                                at /opt/rustwide/cargo-home/registry/src/index.crates.io-1949cf8c6b5b557f/tokio-1.52.3/src/task/coop/mod.rs:133:5
[INFO] [stdout]   31:     0x5fa72d22ffab - <tokio[26cbf225d2f5f6b7]::runtime::scheduler::current_thread::CoreGuard>::block_on::<core[6883ba1bc0fe4ed1]::pin::Pin<&mut core[6883ba1bc0fe4ed1]::pin::Pin<&mut dyn core[6883ba1bc0fe4ed1]::future::future::Future<Output = ()>>>>::{closure#0}::{closure#0}
[INFO] [stdout]                                at /opt/rustwide/cargo-home/registry/src/index.crates.io-1949cf8c6b5b557f/tokio-1.52.3/src/runtime/scheduler/current_thread/mod.rs:778:25
[INFO] [stdout]   32:     0x5fa72d22a2a0 - <tokio[26cbf225d2f5f6b7]::runtime::scheduler::current_thread::Context>::enter::<core[6883ba1bc0fe4ed1]::task::poll::Poll<()>, <tokio[26cbf225d2f5f6b7]::runtime::scheduler::current_thread::CoreGuard>::block_on<core[6883ba1bc0fe4ed1]::pin::Pin<&mut core[6883ba1bc0fe4ed1]::pin::Pin<&mut dyn core[6883ba1bc0fe4ed1]::future::future::Future<Output = ()>>>>::{closure#0}::{closure#0}>
[INFO] [stdout]                                at /opt/rustwide/cargo-home/registry/src/index.crates.io-1949cf8c6b5b557f/tokio-1.52.3/src/runtime/scheduler/current_thread/mod.rs:451:19
[INFO] [stdout]   33:     0x5fa72d22ec2d - <tokio[26cbf225d2f5f6b7]::runtime::scheduler::current_thread::CoreGuard>::block_on::<core[6883ba1bc0fe4ed1]::pin::Pin<&mut core[6883ba1bc0fe4ed1]::pin::Pin<&mut dyn core[6883ba1bc0fe4ed1]::future::future::Future<Output = ()>>>>::{closure#0}
[INFO] [stdout]                                at /opt/rustwide/cargo-home/registry/src/index.crates.io-1949cf8c6b5b557f/tokio-1.52.3/src/runtime/scheduler/current_thread/mod.rs:777:44
[INFO] [stdout]   34:     0x5fa72d22ded4 - <tokio[26cbf225d2f5f6b7]::runtime::scheduler::current_thread::CoreGuard>::enter::<<tokio[26cbf225d2f5f6b7]::runtime::scheduler::current_thread::CoreGuard>::block_on<core[6883ba1bc0fe4ed1]::pin::Pin<&mut core[6883ba1bc0fe4ed1]::pin::Pin<&mut dyn core[6883ba1bc0fe4ed1]::future::future::Future<Output = ()>>>>::{closure#0}, core[6883ba1bc0fe4ed1]::option::Option<()>>::{closure#0}
[INFO] [stdout]                                at /opt/rustwide/cargo-home/registry/src/index.crates.io-1949cf8c6b5b557f/tokio-1.52.3/src/runtime/scheduler/current_thread/mod.rs:865:68
[INFO] [stdout]   35:     0x5fa72d21325b - <tokio[26cbf225d2f5f6b7]::runtime::context::scoped::Scoped<tokio[26cbf225d2f5f6b7]::runtime::scheduler::Context>>::set::<<tokio[26cbf225d2f5f6b7]::runtime::scheduler::current_thread::CoreGuard>::enter<<tokio[26cbf225d2f5f6b7]::runtime::scheduler::current_thread::CoreGuard>::block_on<core[6883ba1bc0fe4ed1]::pin::Pin<&mut core[6883ba1bc0fe4ed1]::pin::Pin<&mut dyn core[6883ba1bc0fe4ed1]::future::future::Future<Output = ()>>>>::{closure#0}, core[6883ba1bc0fe4ed1]::option::Option<()>>::{closure#0}, (alloc[55a36b64bcbf2c0d]::boxed::Box<tokio[26cbf225d2f5f6b7]::runtime::scheduler::current_thread::Core>, core[6883ba1bc0fe4ed1]::option::Option<()>)>
[INFO] [stdout]                                at /opt/rustwide/cargo-home/registry/src/index.crates.io-1949cf8c6b5b557f/tokio-1.52.3/src/runtime/context/scoped.rs:40:9
[INFO] [stdout]   36:     0x5fa72d2211d9 - tokio[26cbf225d2f5f6b7]::runtime::context::set_scheduler::<(alloc[55a36b64bcbf2c0d]::boxed::Box<tokio[26cbf225d2f5f6b7]::runtime::scheduler::current_thread::Core>, core[6883ba1bc0fe4ed1]::option::Option<()>), <tokio[26cbf225d2f5f6b7]::runtime::scheduler::current_thread::CoreGuard>::enter<<tokio[26cbf225d2f5f6b7]::runtime::scheduler::current_thread::CoreGuard>::block_on<core[6883ba1bc0fe4ed1]::pin::Pin<&mut core[6883ba1bc0fe4ed1]::pin::Pin<&mut dyn core[6883ba1bc0fe4ed1]::future::future::Future<Output = ()>>>>::{closure#0}, core[6883ba1bc0fe4ed1]::option::Option<()>>::{closure#0}>::{closure#0}
[INFO] [stdout]                                at /opt/rustwide/cargo-home/registry/src/index.crates.io-1949cf8c6b5b557f/tokio-1.52.3/src/runtime/context.rs:181:38
[INFO] [stdout]   37:     0x5fa72d247242 - <std[73adb7dc35730857]::thread::local::LocalKey<tokio[26cbf225d2f5f6b7]::runtime::context::Context>>::try_with::<tokio[26cbf225d2f5f6b7]::runtime::context::set_scheduler<(alloc[55a36b64bcbf2c0d]::boxed::Box<tokio[26cbf225d2f5f6b7]::runtime::scheduler::current_thread::Core>, core[6883ba1bc0fe4ed1]::option::Option<()>), <tokio[26cbf225d2f5f6b7]::runtime::scheduler::current_thread::CoreGuard>::enter<<tokio[26cbf225d2f5f6b7]::runtime::scheduler::current_thread::CoreGuard>::block_on<core[6883ba1bc0fe4ed1]::pin::Pin<&mut core[6883ba1bc0fe4ed1]::pin::Pin<&mut dyn core[6883ba1bc0fe4ed1]::future::future::Future<Output = ()>>>>::{closure#0}, core[6883ba1bc0fe4ed1]::option::Option<()>>::{closure#0}>::{closure#0}, (alloc[55a36b64bcbf2c0d]::boxed::Box<tokio[26cbf225d2f5f6b7]::runtime::scheduler::current_thread::Core>, core[6883ba1bc0fe4ed1]::option::Option<()>)>
[INFO] [stdout]                                at /rustc/6b3fa26749ab40e159b2dd5cf577acaaf5902772/library/std/src/thread/local.rs:463:12
[INFO] [stdout]   38:     0x5fa72d246dce - <std[73adb7dc35730857]::thread::local::LocalKey<tokio[26cbf225d2f5f6b7]::runtime::context::Context>>::with::<tokio[26cbf225d2f5f6b7]::runtime::context::set_scheduler<(alloc[55a36b64bcbf2c0d]::boxed::Box<tokio[26cbf225d2f5f6b7]::runtime::scheduler::current_thread::Core>, core[6883ba1bc0fe4ed1]::option::Option<()>), <tokio[26cbf225d2f5f6b7]::runtime::scheduler::current_thread::CoreGuard>::enter<<tokio[26cbf225d2f5f6b7]::runtime::scheduler::current_thread::CoreGuard>::block_on<core[6883ba1bc0fe4ed1]::pin::Pin<&mut core[6883ba1bc0fe4ed1]::pin::Pin<&mut dyn core[6883ba1bc0fe4ed1]::future::future::Future<Output = ()>>>>::{closure#0}, core[6883ba1bc0fe4ed1]::option::Option<()>>::{closure#0}>::{closure#0}, (alloc[55a36b64bcbf2c0d]::boxed::Box<tokio[26cbf225d2f5f6b7]::runtime::scheduler::current_thread::Core>, core[6883ba1bc0fe4ed1]::option::Option<()>)>
[INFO] [stdout]                                at /rustc/6b3fa26749ab40e159b2dd5cf577acaaf5902772/library/std/src/thread/local.rs:427:20
[INFO] [stdout]   39:     0x5fa72d220d3d - tokio[26cbf225d2f5f6b7]::runtime::context::set_scheduler::<(alloc[55a36b64bcbf2c0d]::boxed::Box<tokio[26cbf225d2f5f6b7]::runtime::scheduler::current_thread::Core>, core[6883ba1bc0fe4ed1]::option::Option<()>), <tokio[26cbf225d2f5f6b7]::runtime::scheduler::current_thread::CoreGuard>::enter<<tokio[26cbf225d2f5f6b7]::runtime::scheduler::current_thread::CoreGuard>::block_on<core[6883ba1bc0fe4ed1]::pin::Pin<&mut core[6883ba1bc0fe4ed1]::pin::Pin<&mut dyn core[6883ba1bc0fe4ed1]::future::future::Future<Output = ()>>>>::{closure#0}, core[6883ba1bc0fe4ed1]::option::Option<()>>::{closure#0}>
[INFO] [stdout]                                at /opt/rustwide/cargo-home/registry/src/index.crates.io-1949cf8c6b5b557f/tokio-1.52.3/src/runtime/context.rs:181:17
[INFO] [stdout]   40:     0x5fa72d22cc90 - <tokio[26cbf225d2f5f6b7]::runtime::scheduler::current_thread::CoreGuard>::enter::<<tokio[26cbf225d2f5f6b7]::runtime::scheduler::current_thread::CoreGuard>::block_on<core[6883ba1bc0fe4ed1]::pin::Pin<&mut core[6883ba1bc0fe4ed1]::pin::Pin<&mut dyn core[6883ba1bc0fe4ed1]::future::future::Future<Output = ()>>>>::{closure#0}, core[6883ba1bc0fe4ed1]::option::Option<()>>
[INFO] [stdout]                                at /opt/rustwide/cargo-home/registry/src/index.crates.io-1949cf8c6b5b557f/tokio-1.52.3/src/runtime/scheduler/current_thread/mod.rs:865:27
[INFO] [stdout]   41:     0x5fa72d22cf86 - <tokio[26cbf225d2f5f6b7]::runtime::scheduler::current_thread::CoreGuard>::block_on::<core[6883ba1bc0fe4ed1]::pin::Pin<&mut core[6883ba1bc0fe4ed1]::pin::Pin<&mut dyn core[6883ba1bc0fe4ed1]::future::future::Future<Output = ()>>>>
[INFO] [stdout]                                at /opt/rustwide/cargo-home/registry/src/index.crates.io-1949cf8c6b5b557f/tokio-1.52.3/src/runtime/scheduler/current_thread/mod.rs:765:24
[INFO] [stdout]   42:     0x5fa72d22dae0 - <tokio[26cbf225d2f5f6b7]::runtime::scheduler::current_thread::CurrentThread>::block_on::<core[6883ba1bc0fe4ed1]::pin::Pin<&mut dyn core[6883ba1bc0fe4ed1]::future::future::Future<Output = ()>>>::{closure#0}
[INFO] [stdout]                                at /opt/rustwide/cargo-home/registry/src/index.crates.io-1949cf8c6b5b557f/tokio-1.52.3/src/runtime/scheduler/current_thread/mod.rs:205:33
[INFO] [stdout]   43:     0x5fa72d22d4c3 - tokio[26cbf225d2f5f6b7]::runtime::context::runtime::enter_runtime::<<tokio[26cbf225d2f5f6b7]::runtime::scheduler::current_thread::CurrentThread>::block_on<core[6883ba1bc0fe4ed1]::pin::Pin<&mut dyn core[6883ba1bc0fe4ed1]::future::future::Future<Output = ()>>>::{closure#0}, ()>
[INFO] [stdout]                                at /opt/rustwide/cargo-home/registry/src/index.crates.io-1949cf8c6b5b557f/tokio-1.52.3/src/runtime/context/runtime.rs:65:16
[INFO] [stdout]   44:     0x5fa72d229dd1 - <tokio[26cbf225d2f5f6b7]::runtime::scheduler::current_thread::CurrentThread>::block_on::<core[6883ba1bc0fe4ed1]::pin::Pin<&mut dyn core[6883ba1bc0fe4ed1]::future::future::Future<Output = ()>>>
[INFO] [stdout]                                at /opt/rustwide/cargo-home/registry/src/index.crates.io-1949cf8c6b5b557f/tokio-1.52.3/src/runtime/scheduler/current_thread/mod.rs:193:9
[INFO] [stdout]   45:     0x5fa72d20ac44 - <tokio[26cbf225d2f5f6b7]::runtime::runtime::Runtime>::block_on_inner::<core[6883ba1bc0fe4ed1]::pin::Pin<&mut dyn core[6883ba1bc0fe4ed1]::future::future::Future<Output = ()>>>
[INFO] [stdout]                                at /opt/rustwide/cargo-home/registry/src/index.crates.io-1949cf8c6b5b557f/tokio-1.52.3/src/runtime/runtime.rs:371:52
[INFO] [stdout]   46:     0x5fa72d20ae0f - <tokio[26cbf225d2f5f6b7]::runtime::runtime::Runtime>::block_on::<core[6883ba1bc0fe4ed1]::pin::Pin<&mut dyn core[6883ba1bc0fe4ed1]::future::future::Future<Output = ()>>>
[INFO] [stdout]                                at /opt/rustwide/cargo-home/registry/src/index.crates.io-1949cf8c6b5b557f/tokio-1.52.3/src/runtime/runtime.rs:345:18
[INFO] [stdout]   47:     0x5fa72d239d71 - robit_chatbot[6ca6cf9f5caed3f6]::frontend::tests::textdelta_accumulates_until_turn_complete
[INFO] [stdout]                                at /opt/rustwide/workdir/src/frontend.rs:412:65
[INFO] [stdout]   48:     0x5fa72d232fb7 - robit_chatbot[6ca6cf9f5caed3f6]::frontend::tests::textdelta_accumulates_until_turn_complete::{closure#0}
[INFO] [stdout]                                at /opt/rustwide/workdir/src/frontend.rs:402:57
[INFO] [stdout]   49:     0x5fa72d201866 - <robit_chatbot[6ca6cf9f5caed3f6]::frontend::tests::textdelta_accumulates_until_turn_complete::{closure#0} as core[6883ba1bc0fe4ed1]::ops::function::FnOnce<()>>::call_once
[INFO] [stdout]                                at /rustc/6b3fa26749ab40e159b2dd5cf577acaaf5902772/library/core/src/ops/function.rs:250:5
[INFO] [stdout]   50:     0x5fa72d257efb - <fn() -> core[6883ba1bc0fe4ed1]::result::Result<(), alloc[55a36b64bcbf2c0d]::string::String> as core[6883ba1bc0fe4ed1]::ops::function::FnOnce<()>>::call_once
[INFO] [stdout]                                at /rustc/6b3fa26749ab40e159b2dd5cf577acaaf5902772/library/core/src/ops/function.rs:250:5
[INFO] [stdout]   51:     0x5fa72d257efb - test[980ffaebd391d06d]::__rust_begin_short_backtrace::<core[6883ba1bc0fe4ed1]::result::Result<(), alloc[55a36b64bcbf2c0d]::string::String>, fn() -> core[6883ba1bc0fe4ed1]::result::Result<(), alloc[55a36b64bcbf2c0d]::string::String>>
[INFO] [stdout]                                at /rustc/6b3fa26749ab40e159b2dd5cf577acaaf5902772/library/test/src/lib.rs:724:18
[INFO] [stdout]   52:     0x5fa72d265545 - test[980ffaebd391d06d]::run_test_in_process::{closure#0}
[INFO] [stdout]                                at /rustc/6b3fa26749ab40e159b2dd5cf577acaaf5902772/library/test/src/lib.rs:747:74
[INFO] [stdout]   53:     0x5fa72d265545 - <core[6883ba1bc0fe4ed1]::panic::unwind_safe::AssertUnwindSafe<test[980ffaebd391d06d]::run_test_in_process::{closure#0}> as core[6883ba1bc0fe4ed1]::ops::function::FnOnce<()>>::call_once
[INFO] [stdout]                                at /rustc/6b3fa26749ab40e159b2dd5cf577acaaf5902772/library/core/src/panic/unwind_safe.rs:275:9
[INFO] [stdout]   54:     0x5fa72d265545 - std[73adb7dc35730857]::panicking::catch_unwind::do_call::<core[6883ba1bc0fe4ed1]::panic::unwind_safe::AssertUnwindSafe<test[980ffaebd391d06d]::run_test_in_process::{closure#0}>, core[6883ba1bc0fe4ed1]::result::Result<(), alloc[55a36b64bcbf2c0d]::string::String>>
[INFO] [stdout]                                at /rustc/6b3fa26749ab40e159b2dd5cf577acaaf5902772/library/std/src/panicking.rs:576:43
[INFO] [stdout]   55:     0x5fa72d265545 - std[73adb7dc35730857]::panicking::catch_unwind::<core[6883ba1bc0fe4ed1]::result::Result<(), alloc[55a36b64bcbf2c0d]::string::String>, core[6883ba1bc0fe4ed1]::panic::unwind_safe::AssertUnwindSafe<test[980ffaebd391d06d]::run_test_in_process::{closure#0}>>
[INFO] [stdout]                                at /rustc/6b3fa26749ab40e159b2dd5cf577acaaf5902772/library/std/src/panicking.rs:544:19
[INFO] [stdout]   56:     0x5fa72d265545 - std[73adb7dc35730857]::panic::catch_unwind::<core[6883ba1bc0fe4ed1]::panic::unwind_safe::AssertUnwindSafe<test[980ffaebd391d06d]::run_test_in_process::{closure#0}>, core[6883ba1bc0fe4ed1]::result::Result<(), alloc[55a36b64bcbf2c0d]::string::String>>
[INFO] [stdout]                                at /rustc/6b3fa26749ab40e159b2dd5cf577acaaf5902772/library/std/src/panic.rs:359:14
[INFO] [stdout]   57:     0x5fa72d265545 - test[980ffaebd391d06d]::run_test_in_process
[INFO] [stdout]                                at /rustc/6b3fa26749ab40e159b2dd5cf577acaaf5902772/library/test/src/lib.rs:747:27
[INFO] [stdout]   58:     0x5fa72d265545 - test[980ffaebd391d06d]::run_test::{closure#0}
[INFO] [stdout]                                at /rustc/6b3fa26749ab40e159b2dd5cf577acaaf5902772/library/test/src/lib.rs:668:43
[INFO] [stdout]   59:     0x5fa72d25fff4 - test[980ffaebd391d06d]::run_test::{closure#1}
[INFO] [stdout]                                at /rustc/6b3fa26749ab40e159b2dd5cf577acaaf5902772/library/test/src/lib.rs:698:41
[INFO] [stdout]   60:     0x5fa72d25fff4 - std[73adb7dc35730857]::sys::backtrace::__rust_begin_short_backtrace::<test[980ffaebd391d06d]::run_test::{closure#1}, ()>
[INFO] [stdout]                                at /rustc/6b3fa26749ab40e159b2dd5cf577acaaf5902772/library/std/src/sys/backtrace.rs:166:18
[INFO] [stdout]   61:     0x5fa72d268692 - std[73adb7dc35730857]::thread::lifecycle::spawn_unchecked::<test[980ffaebd391d06d]::run_test::{closure#1}, ()>::{closure#1}::{closure#0}
[INFO] [stdout]                                at /rustc/6b3fa26749ab40e159b2dd5cf577acaaf5902772/library/std/src/thread/lifecycle.rs:70:13
[INFO] [stdout]   62:     0x5fa72d268692 - <core[6883ba1bc0fe4ed1]::panic::unwind_safe::AssertUnwindSafe<std[73adb7dc35730857]::thread::lifecycle::spawn_unchecked<test[980ffaebd391d06d]::run_test::{closure#1}, ()>::{closure#1}::{closure#0}> as core[6883ba1bc0fe4ed1]::ops::function::FnOnce<()>>::call_once
[INFO] [stdout]                                at /rustc/6b3fa26749ab40e159b2dd5cf577acaaf5902772/library/core/src/panic/unwind_safe.rs:275:9
[INFO] [stdout]   63:     0x5fa72d268692 - std[73adb7dc35730857]::panicking::catch_unwind::do_call::<core[6883ba1bc0fe4ed1]::panic::unwind_safe::AssertUnwindSafe<std[73adb7dc35730857]::thread::lifecycle::spawn_unchecked<test[980ffaebd391d06d]::run_test::{closure#1}, ()>::{closure#1}::{closure#0}>, ()>
[INFO] [stdout]                                at /rustc/6b3fa26749ab40e159b2dd5cf577acaaf5902772/library/std/src/panicking.rs:576:43
[INFO] [stdout]   64:     0x5fa72d268692 - std[73adb7dc35730857]::panicking::catch_unwind::<(), core[6883ba1bc0fe4ed1]::panic::unwind_safe::AssertUnwindSafe<std[73adb7dc35730857]::thread::lifecycle::spawn_unchecked<test[980ffaebd391d06d]::run_test::{closure#1}, ()>::{closure#1}::{closure#0}>>
[INFO] [stdout]                                at /rustc/6b3fa26749ab40e159b2dd5cf577acaaf5902772/library/std/src/panicking.rs:544:19
[INFO] [stdout]   65:     0x5fa72d268692 - std[73adb7dc35730857]::panic::catch_unwind::<core[6883ba1bc0fe4ed1]::panic::unwind_safe::AssertUnwindSafe<std[73adb7dc35730857]::thread::lifecycle::spawn_unchecked<test[980ffaebd391d06d]::run_test::{closure#1}, ()>::{closure#1}::{closure#0}>, ()>
[INFO] [stdout]                                at /rustc/6b3fa26749ab40e159b2dd5cf577acaaf5902772/library/std/src/panic.rs:359:14
[INFO] [stdout]   66:     0x5fa72d268692 - std[73adb7dc35730857]::thread::lifecycle::spawn_unchecked::<test[980ffaebd391d06d]::run_test::{closure#1}, ()>::{closure#1}
[INFO] [stdout]                                at /rustc/6b3fa26749ab40e159b2dd5cf577acaaf5902772/library/std/src/thread/lifecycle.rs:68:26
[INFO] [stdout]   67:     0x5fa72d268692 - <std[73adb7dc35730857]::thread::lifecycle::spawn_unchecked<test[980ffaebd391d06d]::run_test::{closure#1}, ()>::{closure#1} as core[6883ba1bc0fe4ed1]::ops::function::FnOnce<()>>::call_once::{shim:vtable#0}
[INFO] [stdout]                                at /rustc/6b3fa26749ab40e159b2dd5cf577acaaf5902772/library/core/src/ops/function.rs:250:5
[INFO] [stdout]   68:     0x5fa72d58ea5f - <alloc[55a36b64bcbf2c0d]::boxed::Box<dyn core[6883ba1bc0fe4ed1]::ops::function::FnOnce<(), Output = ()> + core[6883ba1bc0fe4ed1]::marker::Send> as core[6883ba1bc0fe4ed1]::ops::function::FnOnce<()>>::call_once
[INFO] [stdout]                                at /rustc/6b3fa26749ab40e159b2dd5cf577acaaf5902772/library/alloc/src/boxed.rs:2319:9
[INFO] [stdout]   69:     0x5fa72d58ea5f - <std[73adb7dc35730857]::sys::thread::unix::Thread>::new::thread_start
[INFO] [stdout]                                at /rustc/6b3fa26749ab40e159b2dd5cf577acaaf5902772/library/std/src/sys/thread/unix.rs:123:17
[INFO] [stdout]   70:     0x716cdacfcaa4 - <unknown>
[INFO] [stdout]   71:     0x716cdad89a64 - clone
[INFO] [stdout]   72:                0x0 - <unknown>
[INFO] [stdout] 
[INFO] [stdout] ---- frontend::tests::turn_complete_flushes_accumulated_text stdout ----
[INFO] [stdout] 
[INFO] [stdout] thread 'frontend::tests::turn_complete_flushes_accumulated_text' (3450) panicked at src/frontend.rs:388:25:
[INFO] [stdout] Cannot block the current thread from within a runtime. This happens because a function attempted to block the current thread while the thread is being used to drive asynchronous tasks.
[INFO] [stdout] stack backtrace:
[INFO] [stdout]    0:     0x5fa72d58f211 - std[73adb7dc35730857]::backtrace_rs::backtrace::libunwind::trace
[INFO] [stdout]                                at /rustc/6b3fa26749ab40e159b2dd5cf577acaaf5902772/library/std/src/../../backtrace/src/backtrace/libunwind.rs:117:9
[INFO] [stdout]    1:     0x5fa72d58f211 - std[73adb7dc35730857]::backtrace_rs::backtrace::trace_unsynchronized::<std[73adb7dc35730857]::sys::backtrace::_print_fmt::{closure#1}>
[INFO] [stdout]                                at /rustc/6b3fa26749ab40e159b2dd5cf577acaaf5902772/library/std/src/../../backtrace/src/backtrace/mod.rs:66:14
[INFO] [stdout]    2:     0x5fa72d58f211 - std[73adb7dc35730857]::sys::backtrace::_print_fmt
[INFO] [stdout]                                at /rustc/6b3fa26749ab40e159b2dd5cf577acaaf5902772/library/std/src/sys/backtrace.rs:74:9
[INFO] [stdout]    3:     0x5fa72d58f211 - <<std[73adb7dc35730857]::sys::backtrace::BacktraceLock>::print::DisplayBacktrace as core[6883ba1bc0fe4ed1]::fmt::Display>::fmt
[INFO] [stdout]                                at /rustc/6b3fa26749ab40e159b2dd5cf577acaaf5902772/library/std/src/sys/backtrace.rs:44:26
[INFO] [stdout]    4:     0x5fa72d5a4a3a - <core[6883ba1bc0fe4ed1]::fmt::rt::Argument>::fmt
[INFO] [stdout]                                at /rustc/6b3fa26749ab40e159b2dd5cf577acaaf5902772/library/core/src/fmt/rt.rs:152:76
[INFO] [stdout]    5:     0x5fa72d5a4a3a - core[6883ba1bc0fe4ed1]::fmt::write
[INFO] [stdout]    6:     0x5fa72d59386c - std[73adb7dc35730857]::io::default_write_fmt::<alloc[55a36b64bcbf2c0d]::vec::Vec<u8>>
[INFO] [stdout]                                at /rustc/6b3fa26749ab40e159b2dd5cf577acaaf5902772/library/std/src/io/mod.rs:626:11
[INFO] [stdout]    7:     0x5fa72d59386c - <alloc[55a36b64bcbf2c0d]::vec::Vec<u8> as std[73adb7dc35730857]::io::Write>::write_fmt
[INFO] [stdout]                                at /rustc/6b3fa26749ab40e159b2dd5cf577acaaf5902772/library/std/src/io/mod.rs:1730:13
[INFO] [stdout]    8:     0x5fa72d56d236 - <std[73adb7dc35730857]::sys::backtrace::BacktraceLock>::print
[INFO] [stdout]                                at /rustc/6b3fa26749ab40e159b2dd5cf577acaaf5902772/library/std/src/sys/backtrace.rs:47:9
[INFO] [stdout]    9:     0x5fa72d56d236 - std[73adb7dc35730857]::panicking::default_hook::{closure#0}
[INFO] [stdout]                                at /rustc/6b3fa26749ab40e159b2dd5cf577acaaf5902772/library/std/src/panicking.rs:292:27
[INFO] [stdout]   10:     0x5fa72d587079 - std[73adb7dc35730857]::panicking::default_hook
[INFO] [stdout]                                at /rustc/6b3fa26749ab40e159b2dd5cf577acaaf5902772/library/std/src/panicking.rs:316:9
[INFO] [stdout]   11:     0x5fa72d264bc0 - <alloc[55a36b64bcbf2c0d]::boxed::Box<dyn for<'a, 'b> core[6883ba1bc0fe4ed1]::ops::function::Fn<(&'a std[73adb7dc35730857]::panic::PanicHookInfo<'b>,), Output = ()> + core[6883ba1bc0fe4ed1]::marker::Send + core[6883ba1bc0fe4ed1]::marker::Sync> as core[6883ba1bc0fe4ed1]::ops::function::Fn<(&std[73adb7dc35730857]::panic::PanicHookInfo,)>>::call
[INFO] [stdout]                                at /rustc/6b3fa26749ab40e159b2dd5cf577acaaf5902772/library/alloc/src/boxed.rs:2333:9
[INFO] [stdout]   12:     0x5fa72d264bc0 - test[980ffaebd391d06d]::test_main_inner::<test[980ffaebd391d06d]::test_main_static::{closure#0}>::{closure#0}
[INFO] [stdout]                                at /rustc/6b3fa26749ab40e159b2dd5cf577acaaf5902772/library/test/src/lib.rs:155:21
[INFO] [stdout]   13:     0x5fa72d5873a2 - <alloc[55a36b64bcbf2c0d]::boxed::Box<dyn for<'a, 'b> core[6883ba1bc0fe4ed1]::ops::function::Fn<(&'a std[73adb7dc35730857]::panic::PanicHookInfo<'b>,), Output = ()> + core[6883ba1bc0fe4ed1]::marker::Send + core[6883ba1bc0fe4ed1]::marker::Sync> as core[6883ba1bc0fe4ed1]::ops::function::Fn<(&std[73adb7dc35730857]::panic::PanicHookInfo,)>>::call
[INFO] [stdout]                                at /rustc/6b3fa26749ab40e159b2dd5cf577acaaf5902772/library/alloc/src/boxed.rs:2333:9
[INFO] [stdout]   14:     0x5fa72d5873a2 - std[73adb7dc35730857]::panicking::panic_with_hook
[INFO] [stdout]                                at /rustc/6b3fa26749ab40e159b2dd5cf577acaaf5902772/library/std/src/panicking.rs:823:13
[INFO] [stdout]   15:     0x5fa72d56d2e2 - std[73adb7dc35730857]::panicking::panic_handler::{closure#0}
[INFO] [stdout]                                at /rustc/6b3fa26749ab40e159b2dd5cf577acaaf5902772/library/std/src/panicking.rs:688:13
[INFO] [stdout]   16:     0x5fa72d564c49 - std[73adb7dc35730857]::sys::backtrace::__rust_end_short_backtrace::<std[73adb7dc35730857]::panicking::panic_handler::{closure#0}, !>
[INFO] [stdout]                                at /rustc/6b3fa26749ab40e159b2dd5cf577acaaf5902772/library/std/src/sys/backtrace.rs:182:18
[INFO] [stdout]   17:     0x5fa72d56dedd - __rustc[a7b7b02e776dd976]::rust_begin_unwind
[INFO] [stdout]                                at /rustc/6b3fa26749ab40e159b2dd5cf577acaaf5902772/library/std/src/panicking.rs:679:5
[INFO] [stdout]   18:     0x5fa72d5a523c - core[6883ba1bc0fe4ed1]::panicking::panic_fmt
[INFO] [stdout]                                at /rustc/6b3fa26749ab40e159b2dd5cf577acaaf5902772/library/core/src/panicking.rs:80:14
[INFO] [stdout]   19:     0x5fa72d5a4f34 - core[6883ba1bc0fe4ed1]::panicking::panic_display::<&str>
[INFO] [stdout]                                at /rustc/6b3fa26749ab40e159b2dd5cf577acaaf5902772/library/core/src/panicking.rs:259:5
[INFO] [stdout]   20:     0x5fa72d5a4f34 - core[6883ba1bc0fe4ed1]::option::expect_failed
[INFO] [stdout]                                at /rustc/6b3fa26749ab40e159b2dd5cf577acaaf5902772/library/core/src/option.rs:2260:5
[INFO] [stdout]   21:     0x5fa72d24a4e1 - <core[6883ba1bc0fe4ed1]::option::Option<tokio[26cbf225d2f5f6b7]::runtime::context::blocking::BlockingRegionGuard>>::expect
[INFO] [stdout]                                at /rustc/6b3fa26749ab40e159b2dd5cf577acaaf5902772/library/core/src/option.rs:969:21
[INFO] [stdout]   22:     0x5fa72d23f31d - tokio[26cbf225d2f5f6b7]::future::block_on::block_on::<<tokio[26cbf225d2f5f6b7]::sync::mutex::Mutex<rusqlite[e6ce72722113c0f]::Connection>>::lock::{closure#0}>
[INFO] [stdout]                                at /opt/rustwide/cargo-home/registry/src/index.crates.io-1949cf8c6b5b557f/tokio-1.52.3/src/future/block_on.rs:6:74
[INFO] [stdout]   23:     0x5fa72d228891 - <tokio[26cbf225d2f5f6b7]::sync::mutex::Mutex<rusqlite[e6ce72722113c0f]::Connection>>::blocking_lock
[INFO] [stdout]                                at /opt/rustwide/cargo-home/registry/src/index.crates.io-1949cf8c6b5b557f/tokio-1.52.3/src/sync/mutex.rs:521:9
[INFO] [stdout]   24:     0x5fa72d239090 - robit_chatbot[6ca6cf9f5caed3f6]::frontend::tests::make_frontend
[INFO] [stdout]                                at /opt/rustwide/workdir/src/frontend.rs:388:25
[INFO] [stdout]   25:     0x5fa72d235894 - robit_chatbot[6ca6cf9f5caed3f6]::frontend::tests::turn_complete_flushes_accumulated_text::{closure#0}
[INFO] [stdout]                                at /opt/rustwide/workdir/src/frontend.rs:418:18
[INFO] [stdout]   26:     0x5fa72d21b9a2 - <core[6883ba1bc0fe4ed1]::pin::Pin<&mut dyn core[6883ba1bc0fe4ed1]::future::future::Future<Output = ()>> as core[6883ba1bc0fe4ed1]::future::future::Future>::poll
[INFO] [stdout]                                at /rustc/6b3fa26749ab40e159b2dd5cf577acaaf5902772/library/core/src/future/future.rs:133:9
[INFO] [stdout]   27:     0x5fa72d21ba1d - <core[6883ba1bc0fe4ed1]::pin::Pin<&mut core[6883ba1bc0fe4ed1]::pin::Pin<&mut dyn core[6883ba1bc0fe4ed1]::future::future::Future<Output = ()>>> as core[6883ba1bc0fe4ed1]::future::future::Future>::poll
[INFO] [stdout]                                at /rustc/6b3fa26749ab40e159b2dd5cf577acaaf5902772/library/core/src/future/future.rs:133:9
[INFO] [stdout]   28:     0x5fa72d2300ad - <tokio[26cbf225d2f5f6b7]::runtime::scheduler::current_thread::CoreGuard>::block_on::<core[6883ba1bc0fe4ed1]::pin::Pin<&mut core[6883ba1bc0fe4ed1]::pin::Pin<&mut dyn core[6883ba1bc0fe4ed1]::future::future::Future<Output = ()>>>>::{closure#0}::{closure#0}::{closure#0}
[INFO] [stdout]                                at /opt/rustwide/cargo-home/registry/src/index.crates.io-1949cf8c6b5b557f/tokio-1.52.3/src/runtime/scheduler/current_thread/mod.rs:778:70
[INFO] [stdout]   29:     0x5fa72d22ffab - tokio[26cbf225d2f5f6b7]::task::coop::with_budget::<core[6883ba1bc0fe4ed1]::task::poll::Poll<()>, <tokio[26cbf225d2f5f6b7]::runtime::scheduler::current_thread::CoreGuard>::block_on<core[6883ba1bc0fe4ed1]::pin::Pin<&mut core[6883ba1bc0fe4ed1]::pin::Pin<&mut dyn core[6883ba1bc0fe4ed1]::future::future::Future<Output = ()>>>>::{closure#0}::{closure#0}::{closure#0}>
[INFO] [stdout]                                at /opt/rustwide/cargo-home/registry/src/index.crates.io-1949cf8c6b5b557f/tokio-1.52.3/src/task/coop/mod.rs:167:5
[INFO] [stdout]   30:     0x5fa72d22ffab - tokio[26cbf225d2f5f6b7]::task::coop::budget::<core[6883ba1bc0fe4ed1]::task::poll::Poll<()>, <tokio[26cbf225d2f5f6b7]::runtime::scheduler::current_thread::CoreGuard>::block_on<core[6883ba1bc0fe4ed1]::pin::Pin<&mut core[6883ba1bc0fe4ed1]::pin::Pin<&mut dyn core[6883ba1bc0fe4ed1]::future::future::Future<Output = ()>>>>::{closure#0}::{closure#0}::{closure#0}>
[INFO] [stdout]                                at /opt/rustwide/cargo-home/registry/src/index.crates.io-1949cf8c6b5b557f/tokio-1.52.3/src/task/coop/mod.rs:133:5
[INFO] [stdout]   31:     0x5fa72d22ffab - <tokio[26cbf225d2f5f6b7]::runtime::scheduler::current_thread::CoreGuard>::block_on::<core[6883ba1bc0fe4ed1]::pin::Pin<&mut core[6883ba1bc0fe4ed1]::pin::Pin<&mut dyn core[6883ba1bc0fe4ed1]::future::future::Future<Output = ()>>>>::{closure#0}::{closure#0}
[INFO] [stdout]                                at /opt/rustwide/cargo-home/registry/src/index.crates.io-1949cf8c6b5b557f/tokio-1.52.3/src/runtime/scheduler/current_thread/mod.rs:778:25
[INFO] [stdout]   32:     0x5fa72d22a2a0 - <tokio[26cbf225d2f5f6b7]::runtime::scheduler::current_thread::Context>::enter::<core[6883ba1bc0fe4ed1]::task::poll::Poll<()>, <tokio[26cbf225d2f5f6b7]::runtime::scheduler::current_thread::CoreGuard>::block_on<core[6883ba1bc0fe4ed1]::pin::Pin<&mut core[6883ba1bc0fe4ed1]::pin::Pin<&mut dyn core[6883ba1bc0fe4ed1]::future::future::Future<Output = ()>>>>::{closure#0}::{closure#0}>
[INFO] [stdout]                                at /opt/rustwide/cargo-home/registry/src/index.crates.io-1949cf8c6b5b557f/tokio-1.52.3/src/runtime/scheduler/current_thread/mod.rs:451:19
[INFO] [stdout]   33:     0x5fa72d22ec2d - <tokio[26cbf225d2f5f6b7]::runtime::scheduler::current_thread::CoreGuard>::block_on::<core[6883ba1bc0fe4ed1]::pin::Pin<&mut core[6883ba1bc0fe4ed1]::pin::Pin<&mut dyn core[6883ba1bc0fe4ed1]::future::future::Future<Output = ()>>>>::{closure#0}
[INFO] [stdout]                                at /opt/rustwide/cargo-home/registry/src/index.crates.io-1949cf8c6b5b557f/tokio-1.52.3/src/runtime/scheduler/current_thread/mod.rs:777:44
[INFO] [stdout]   34:     0x5fa72d22ded4 - <tokio[26cbf225d2f5f6b7]::runtime::scheduler::current_thread::CoreGuard>::enter::<<tokio[26cbf225d2f5f6b7]::runtime::scheduler::current_thread::CoreGuard>::block_on<core[6883ba1bc0fe4ed1]::pin::Pin<&mut core[6883ba1bc0fe4ed1]::pin::Pin<&mut dyn core[6883ba1bc0fe4ed1]::future::future::Future<Output = ()>>>>::{closure#0}, core[6883ba1bc0fe4ed1]::option::Option<()>>::{closure#0}
[INFO] [stdout]                                at /opt/rustwide/cargo-home/registry/src/index.crates.io-1949cf8c6b5b557f/tokio-1.52.3/src/runtime/scheduler/current_thread/mod.rs:865:68
[INFO] [stdout]   35:     0x5fa72d21325b - <tokio[26cbf225d2f5f6b7]::runtime::context::scoped::Scoped<tokio[26cbf225d2f5f6b7]::runtime::scheduler::Context>>::set::<<tokio[26cbf225d2f5f6b7]::runtime::scheduler::current_thread::CoreGuard>::enter<<tokio[26cbf225d2f5f6b7]::runtime::scheduler::current_thread::CoreGuard>::block_on<core[6883ba1bc0fe4ed1]::pin::Pin<&mut core[6883ba1bc0fe4ed1]::pin::Pin<&mut dyn core[6883ba1bc0fe4ed1]::future::future::Future<Output = ()>>>>::{closure#0}, core[6883ba1bc0fe4ed1]::option::Option<()>>::{closure#0}, (alloc[55a36b64bcbf2c0d]::boxed::Box<tokio[26cbf225d2f5f6b7]::runtime::scheduler::current_thread::Core>, core[6883ba1bc0fe4ed1]::option::Option<()>)>
[INFO] [stdout]                                at /opt/rustwide/cargo-home/registry/src/index.crates.io-1949cf8c6b5b557f/tokio-1.52.3/src/runtime/context/scoped.rs:40:9
[INFO] [stdout]   36:     0x5fa72d2211d9 - tokio[26cbf225d2f5f6b7]::runtime::context::set_scheduler::<(alloc[55a36b64bcbf2c0d]::boxed::Box<tokio[26cbf225d2f5f6b7]::runtime::scheduler::current_thread::Core>, core[6883ba1bc0fe4ed1]::option::Option<()>), <tokio[26cbf225d2f5f6b7]::runtime::scheduler::current_thread::CoreGuard>::enter<<tokio[26cbf225d2f5f6b7]::runtime::scheduler::current_thread::CoreGuard>::block_on<core[6883ba1bc0fe4ed1]::pin::Pin<&mut core[6883ba1bc0fe4ed1]::pin::Pin<&mut dyn core[6883ba1bc0fe4ed1]::future::future::Future<Output = ()>>>>::{closure#0}, core[6883ba1bc0fe4ed1]::option::Option<()>>::{closure#0}>::{closure#0}
[INFO] [stdout]                                at /opt/rustwide/cargo-home/registry/src/index.crates.io-1949cf8c6b5b557f/tokio-1.52.3/src/runtime/context.rs:181:38
[INFO] [stdout]   37:     0x5fa72d247242 - <std[73adb7dc35730857]::thread::local::LocalKey<tokio[26cbf225d2f5f6b7]::runtime::context::Context>>::try_with::<tokio[26cbf225d2f5f6b7]::runtime::context::set_scheduler<(alloc[55a36b64bcbf2c0d]::boxed::Box<tokio[26cbf225d2f5f6b7]::runtime::scheduler::current_thread::Core>, core[6883ba1bc0fe4ed1]::option::Option<()>), <tokio[26cbf225d2f5f6b7]::runtime::scheduler::current_thread::CoreGuard>::enter<<tokio[26cbf225d2f5f6b7]::runtime::scheduler::current_thread::CoreGuard>::block_on<core[6883ba1bc0fe4ed1]::pin::Pin<&mut core[6883ba1bc0fe4ed1]::pin::Pin<&mut dyn core[6883ba1bc0fe4ed1]::future::future::Future<Output = ()>>>>::{closure#0}, core[6883ba1bc0fe4ed1]::option::Option<()>>::{closure#0}>::{closure#0}, (alloc[55a36b64bcbf2c0d]::boxed::Box<tokio[26cbf225d2f5f6b7]::runtime::scheduler::current_thread::Core>, core[6883ba1bc0fe4ed1]::option::Option<()>)>
[INFO] [stdout]                                at /rustc/6b3fa26749ab40e159b2dd5cf577acaaf5902772/library/std/src/thread/local.rs:463:12
[INFO] [stdout]   38:     0x5fa72d246dce - <std[73adb7dc35730857]::thread::local::LocalKey<tokio[26cbf225d2f5f6b7]::runtime::context::Context>>::with::<tokio[26cbf225d2f5f6b7]::runtime::context::set_scheduler<(alloc[55a36b64bcbf2c0d]::boxed::Box<tokio[26cbf225d2f5f6b7]::runtime::scheduler::current_thread::Core>, core[6883ba1bc0fe4ed1]::option::Option<()>), <tokio[26cbf225d2f5f6b7]::runtime::scheduler::current_thread::CoreGuard>::enter<<tokio[26cbf225d2f5f6b7]::runtime::scheduler::current_thread::CoreGuard>::block_on<core[6883ba1bc0fe4ed1]::pin::Pin<&mut core[6883ba1bc0fe4ed1]::pin::Pin<&mut dyn core[6883ba1bc0fe4ed1]::future::future::Future<Output = ()>>>>::{closure#0}, core[6883ba1bc0fe4ed1]::option::Option<()>>::{closure#0}>::{closure#0}, (alloc[55a36b64bcbf2c0d]::boxed::Box<tokio[26cbf225d2f5f6b7]::runtime::scheduler::current_thread::Core>, core[6883ba1bc0fe4ed1]::option::Option<()>)>
[INFO] [stdout]                                at /rustc/6b3fa26749ab40e159b2dd5cf577acaaf5902772/library/std/src/thread/local.rs:427:20
[INFO] [stdout]   39:     0x5fa72d220d3d - tokio[26cbf225d2f5f6b7]::runtime::context::set_scheduler::<(alloc[55a36b64bcbf2c0d]::boxed::Box<tokio[26cbf225d2f5f6b7]::runtime::scheduler::current_thread::Core>, core[6883ba1bc0fe4ed1]::option::Option<()>), <tokio[26cbf225d2f5f6b7]::runtime::scheduler::current_thread::CoreGuard>::enter<<tokio[26cbf225d2f5f6b7]::runtime::scheduler::current_thread::CoreGuard>::block_on<core[6883ba1bc0fe4ed1]::pin::Pin<&mut core[6883ba1bc0fe4ed1]::pin::Pin<&mut dyn core[6883ba1bc0fe4ed1]::future::future::Future<Output = ()>>>>::{closure#0}, core[6883ba1bc0fe4ed1]::option::Option<()>>::{closure#0}>
[INFO] [stdout]                                at /opt/rustwide/cargo-home/registry/src/index.crates.io-1949cf8c6b5b557f/tokio-1.52.3/src/runtime/context.rs:181:17
[INFO] [stdout]   40:     0x5fa72d22cc90 - <tokio[26cbf225d2f5f6b7]::runtime::scheduler::current_thread::CoreGuard>::enter::<<tokio[26cbf225d2f5f6b7]::runtime::scheduler::current_thread::CoreGuard>::block_on<core[6883ba1bc0fe4ed1]::pin::Pin<&mut core[6883ba1bc0fe4ed1]::pin::Pin<&mut dyn core[6883ba1bc0fe4ed1]::future::future::Future<Output = ()>>>>::{closure#0}, core[6883ba1bc0fe4ed1]::option::Option<()>>
[INFO] [stdout]                                at /opt/rustwide/cargo-home/registry/src/index.crates.io-1949cf8c6b5b557f/tokio-1.52.3/src/runtime/scheduler/current_thread/mod.rs:865:27
[INFO] [stdout]   41:     0x5fa72d22cf86 - <tokio[26cbf225d2f5f6b7]::runtime::scheduler::current_thread::CoreGuard>::block_on::<core[6883ba1bc0fe4ed1]::pin::Pin<&mut core[6883ba1bc0fe4ed1]::pin::Pin<&mut dyn core[6883ba1bc0fe4ed1]::future::future::Future<Output = ()>>>>
[INFO] [stdout]                                at /opt/rustwide/cargo-home/registry/src/index.crates.io-1949cf8c6b5b557f/tokio-1.52.3/src/runtime/scheduler/current_thread/mod.rs:765:24
[INFO] [stdout]   42:     0x5fa72d22dae0 - <tokio[26cbf225d2f5f6b7]::runtime::scheduler::current_thread::CurrentThread>::block_on::<core[6883ba1bc0fe4ed1]::pin::Pin<&mut dyn core[6883ba1bc0fe4ed1]::future::future::Future<Output = ()>>>::{closure#0}
[INFO] [stdout]                                at /opt/rustwide/cargo-home/registry/src/index.crates.io-1949cf8c6b5b557f/tokio-1.52.3/src/runtime/scheduler/current_thread/mod.rs:205:33
[INFO] [stdout]   43:     0x5fa72d22d4c3 - tokio[26cbf225d2f5f6b7]::runtime::context::runtime::enter_runtime::<<tokio[26cbf225d2f5f6b7]::runtime::scheduler::current_thread::CurrentThread>::block_on<core[6883ba1bc0fe4ed1]::pin::Pin<&mut dyn core[6883ba1bc0fe4ed1]::future::future::Future<Output = ()>>>::{closure#0}, ()>
[INFO] [stdout]                                at /opt/rustwide/cargo-home/registry/src/index.crates.io-1949cf8c6b5b557f/tokio-1.52.3/src/runtime/context/runtime.rs:65:16
[INFO] [stdout]   44:     0x5fa72d229dd1 - <tokio[26cbf225d2f5f6b7]::runtime::scheduler::current_thread::CurrentThread>::block_on::<core[6883ba1bc0fe4ed1]::pin::Pin<&mut dyn core[6883ba1bc0fe4ed1]::future::future::Future<Output = ()>>>
[INFO] [stdout]                                at /opt/rustwide/cargo-home/registry/src/index.crates.io-1949cf8c6b5b557f/tokio-1.52.3/src/runtime/scheduler/current_thread/mod.rs:193:9
[INFO] [stdout]   45:     0x5fa72d20ac44 - <tokio[26cbf225d2f5f6b7]::runtime::runtime::Runtime>::block_on_inner::<core[6883ba1bc0fe4ed1]::pin::Pin<&mut dyn core[6883ba1bc0fe4ed1]::future::future::Future<Output = ()>>>
[INFO] [stdout]                                at /opt/rustwide/cargo-home/registry/src/index.crates.io-1949cf8c6b5b557f/tokio-1.52.3/src/runtime/runtime.rs:371:52
[INFO] [stdout]   46:     0x5fa72d20ae0f - <tokio[26cbf225d2f5f6b7]::runtime::runtime::Runtime>::block_on::<core[6883ba1bc0fe4ed1]::pin::Pin<&mut dyn core[6883ba1bc0fe4ed1]::future::future::Future<Output = ()>>>
[INFO] [stdout]                                at /opt/rustwide/cargo-home/registry/src/index.crates.io-1949cf8c6b5b557f/tokio-1.52.3/src/runtime/runtime.rs:345:18
[INFO] [stdout]   47:     0x5fa72d239bb1 - robit_chatbot[6ca6cf9f5caed3f6]::frontend::tests::turn_complete_flushes_accumulated_text
[INFO] [stdout]                                at /opt/rustwide/workdir/src/frontend.rs:423:80
[INFO] [stdout]   48:     0x5fa72d232f87 - robit_chatbot[6ca6cf9f5caed3f6]::frontend::tests::turn_complete_flushes_accumulated_text::{closure#0}
[INFO] [stdout]                                at /opt/rustwide/workdir/src/frontend.rs:416:54
[INFO] [stdout]   49:     0x5fa72d201826 - <robit_chatbot[6ca6cf9f5caed3f6]::frontend::tests::turn_complete_flushes_accumulated_text::{closure#0} as core[6883ba1bc0fe4ed1]::ops::function::FnOnce<()>>::call_once
[INFO] [stdout]                                at /rustc/6b3fa26749ab40e159b2dd5cf577acaaf5902772/library/core/src/ops/function.rs:250:5
[INFO] [stdout]   50:     0x5fa72d257efb - <fn() -> core[6883ba1bc0fe4ed1]::result::Result<(), alloc[55a36b64bcbf2c0d]::string::String> as core[6883ba1bc0fe4ed1]::ops::function::FnOnce<()>>::call_once
[INFO] [stdout]                                at /rustc/6b3fa26749ab40e159b2dd5cf577acaaf5902772/library/core/src/ops/function.rs:250:5
[INFO] [stdout]   51:     0x5fa72d257efb - test[980ffaebd391d06d]::__rust_begin_short_backtrace::<core[6883ba1bc0fe4ed1]::result::Result<(), alloc[55a36b64bcbf2c0d]::string::String>, fn() -> core[6883ba1bc0fe4ed1]::result::Result<(), alloc[55a36b64bcbf2c0d]::string::String>>
[INFO] [stdout]                                at /rustc/6b3fa26749ab40e159b2dd5cf577acaaf5902772/library/test/src/lib.rs:724:18
[INFO] [stdout]   52:     0x5fa72d265545 - test[980ffaebd391d06d]::run_test_in_process::{closure#0}
[INFO] [stdout]                                at /rustc/6b3fa26749ab40e159b2dd5cf577acaaf5902772/library/test/src/lib.rs:747:74
[INFO] [stdout]   53:     0x5fa72d265545 - <core[6883ba1bc0fe4ed1]::panic::unwind_safe::AssertUnwindSafe<test[980ffaebd391d06d]::run_test_in_process::{closure#0}> as core[6883ba1bc0fe4ed1]::ops::function::FnOnce<()>>::call_once
[INFO] [stdout]                                at /rustc/6b3fa26749ab40e159b2dd5cf577acaaf5902772/library/core/src/panic/unwind_safe.rs:275:9
[INFO] [stdout]   54:     0x5fa72d265545 - std[73adb7dc35730857]::panicking::catch_unwind::do_call::<core[6883ba1bc0fe4ed1]::panic::unwind_safe::AssertUnwindSafe<test[980ffaebd391d06d]::run_test_in_process::{closure#0}>, core[6883ba1bc0fe4ed1]::result::Result<(), alloc[55a36b64bcbf2c0d]::string::String>>
[INFO] [stdout]                                at /rustc/6b3fa26749ab40e159b2dd5cf577acaaf5902772/library/std/src/panicking.rs:576:43
[INFO] [stdout]   55:     0x5fa72d265545 - std[73adb7dc35730857]::panicking::catch_unwind::<core[6883ba1bc0fe4ed1]::result::Result<(), alloc[55a36b64bcbf2c0d]::string::String>, core[6883ba1bc0fe4ed1]::panic::unwind_safe::AssertUnwindSafe<test[980ffaebd391d06d]::run_test_in_process::{closure#0}>>
[INFO] [stdout]                                at /rustc/6b3fa26749ab40e159b2dd5cf577acaaf5902772/library/std/src/panicking.rs:544:19
[INFO] [stdout]   56:     0x5fa72d265545 - std[73adb7dc35730857]::panic::catch_unwind::<core[6883ba1bc0fe4ed1]::panic::unwind_safe::AssertUnwindSafe<test[980ffaebd391d06d]::run_test_in_process::{closure#0}>, core[6883ba1bc0fe4ed1]::result::Result<(), alloc[55a36b64bcbf2c0d]::string::String>>
[INFO] [stdout]                                at /rustc/6b3fa26749ab40e159b2dd5cf577acaaf5902772/library/std/src/panic.rs:359:14
[INFO] [stdout]   57:     0x5fa72d265545 - test[980ffaebd391d06d]::run_test_in_process
[INFO] [stdout]                                at /rustc/6b3fa26749ab40e159b2dd5cf577acaaf5902772/library/test/src/lib.rs:747:27
[INFO] [stdout]   58:     0x5fa72d265545 - test[980ffaebd391d06d]::run_test::{closure#0}
[INFO] [stdout]                                at /rustc/6b3fa26749ab40e159b2dd5cf577acaaf5902772/library/test/src/lib.rs:668:43
[INFO] [stdout]   59:     0x5fa72d25fff4 - test[980ffaebd391d06d]::run_test::{closure#1}
[INFO] [stdout]                                at /rustc/6b3fa26749ab40e159b2dd5cf577acaaf5902772/library/test/src/lib.rs:698:41
[INFO] [stdout]   60:     0x5fa72d25fff4 - std[73adb7dc35730857]::sys::backtrace::__rust_begin_short_backtrace::<test[980ffaebd391d06d]::run_test::{closure#1}, ()>
[INFO] [stdout]                                at /rustc/6b3fa26749ab40e159b2dd5cf577acaaf5902772/library/std/src/sys/backtrace.rs:166:18
[INFO] [stdout]   61:     0x5fa72d268692 - std[73adb7dc35730857]::thread::lifecycle::spawn_unchecked::<test[980ffaebd391d06d]::run_test::{closure#1}, ()>::{closure#1}::{closure#0}
[INFO] [stdout]                                at /rustc/6b3fa26749ab40e159b2dd5cf577acaaf5902772/library/std/src/thread/lifecycle.rs:70:13
[INFO] [stdout]   62:     0x5fa72d268692 - <core[6883ba1bc0fe4ed1]::panic::unwind_safe::AssertUnwindSafe<std[73adb7dc35730857]::thread::lifecycle::spawn_unchecked<test[980ffaebd391d06d]::run_test::{closure#1}, ()>::{closure#1}::{closure#0}> as core[6883ba1bc0fe4ed1]::ops::function::FnOnce<()>>::call_once
[INFO] [stdout]                                at /rustc/6b3fa26749ab40e159b2dd5cf577acaaf5902772/library/core/src/panic/unwind_safe.rs:275:9
[INFO] [stdout]   63:     0x5fa72d268692 - std[73adb7dc35730857]::panicking::catch_unwind::do_call::<core[6883ba1bc0fe4ed1]::panic::unwind_safe::AssertUnwindSafe<std[73adb7dc35730857]::thread::lifecycle::spawn_unchecked<test[980ffaebd391d06d]::run_test::{closure#1}, ()>::{closure#1}::{closure#0}>, ()>
[INFO] [stdout]                                at /rustc/6b3fa26749ab40e159b2dd5cf577acaaf5902772/library/std/src/panicking.rs:576:43
[INFO] [stdout]   64:     0x5fa72d268692 - std[73adb7dc35730857]::panicking::catch_unwind::<(), core[6883ba1bc0fe4ed1]::panic::unwind_safe::AssertUnwindSafe<std[73adb7dc35730857]::thread::lifecycle::spawn_unchecked<test[980ffaebd391d06d]::run_test::{closure#1}, ()>::{closure#1}::{closure#0}>>
[INFO] [stdout]                                at /rustc/6b3fa26749ab40e159b2dd5cf577acaaf5902772/library/std/src/panicking.rs:544:19
[INFO] [stdout]   65:     0x5fa72d268692 - std[73adb7dc35730857]::panic::catch_unwind::<core[6883ba1bc0fe4ed1]::panic::unwind_safe::AssertUnwindSafe<std[73adb7dc35730857]::thread::lifecycle::spawn_unchecked<test[980ffaebd391d06d]::run_test::{closure#1}, ()>::{closure#1}::{closure#0}>, ()>
[INFO] [stdout]                                at /rustc/6b3fa26749ab40e159b2dd5cf577acaaf5902772/library/std/src/panic.rs:359:14
[INFO] [stdout]   66:     0x5fa72d268692 - std[73adb7dc35730857]::thread::lifecycle::spawn_unchecked::<test[980ffaebd391d06d]::run_test::{closure#1}, ()>::{closure#1}
[INFO] [stdout]                                at /rustc/6b3fa26749ab40e159b2dd5cf577acaaf5902772/library/std/src/thread/lifecycle.rs:68:26
[INFO] [stdout]   67:     0x5fa72d268692 - <std[73adb7dc35730857]::thread::lifecycle::spawn_unchecked<test[980ffaebd391d06d]::run_test::{closure#1}, ()>::{closure#1} as core[6883ba1bc0fe4ed1]::ops::function::FnOnce<()>>::call_once::{shim:vtable#0}
[INFO] [stdout]                                at /rustc/6b3fa26749ab40e159b2dd5cf577acaaf5902772/library/core/src/ops/function.rs:250:5
[INFO] [stdout]   68:     0x5fa72d58ea5f - <alloc[55a36b64bcbf2c0d]::boxed::Box<dyn core[6883ba1bc0fe4ed1]::ops::function::FnOnce<(), Output = ()> + core[6883ba1bc0fe4ed1]::marker::Send> as core[6883ba1bc0fe4ed1]::ops::function::FnOnce<()>>::call_once
[INFO] [stdout]                                at /rustc/6b3fa26749ab40e159b2dd5cf577acaaf5902772/library/alloc/src/boxed.rs:2319:9
[INFO] [stdout]   69:     0x5fa72d58ea5f - <std[73adb7dc35730857]::sys::thread::unix::Thread>::new::thread_start
[INFO] [stdout]                                at /rustc/6b3fa26749ab40e159b2dd5cf577acaaf5902772/library/std/src/sys/thread/unix.rs:123:17
[INFO] [stdout]   70:     0x716cdacfcaa4 - <unknown>
[INFO] [stdout]   71:     0x716cdad89a64 - clone
[INFO] [stdout]   72:                0x0 - <unknown>
[INFO] [stdout] 
[INFO] [stdout] 
[INFO] [stdout] failures:
[INFO] [stdout]     frontend::tests::error_sends_error_message
[INFO] [stdout]     frontend::tests::no_hint_in_manual_mode
[INFO] [stdout]     frontend::tests::progress_hint_rate_limited_per_turn
[INFO] [stdout]     frontend::tests::progress_hint_resets_on_turn_complete
[INFO] [stdout]     frontend::tests::textdelta_accumulates_until_turn_complete
[INFO] [stdout]     frontend::tests::turn_complete_flushes_accumulated_text
[INFO] [stdout] 
[INFO] [stdout] test result: FAILED. 25 passed; 6 failed; 0 ignored; 0 measured; 0 filtered out; finished in 0.21s
[INFO] [stdout] 
[INFO] [stderr] error: test failed, to rerun pass `--lib`
[INFO] running `Command { std: "docker" "inspect" "3e14de50af0e72b1a6285a9a6a75a80d8fdefd073c4b8d39fa14c293a9071676", kill_on_drop: false }`
[INFO] running `Command { std: "docker" "rm" "-f" "3e14de50af0e72b1a6285a9a6a75a80d8fdefd073c4b8d39fa14c293a9071676", kill_on_drop: false }`
[INFO] [stdout] 3e14de50af0e72b1a6285a9a6a75a80d8fdefd073c4b8d39fa14c293a9071676
