[INFO] fetching crate prlens 0.1.1...
[INFO] testing prlens-0.1.1 against 1.98.0-beta.1 for beta-1.98-2
[INFO] extracting crate prlens 0.1.1 into /workspace/builds/worker-4-tc2/source
[INFO] started tweaking crates.io crate prlens 0.1.1
[INFO] removed 0 missing tests
[INFO] finished tweaking crates.io crate prlens 0.1.1
[INFO] tweaked toml for crates.io crate prlens 0.1.1 written to /workspace/builds/worker-4-tc2/source/Cargo.toml
[INFO] validating manifest of crates.io crate prlens 0.1.1 on toolchain 1.98.0-beta.1
[INFO] running `Command { std: CARGO_HOME="/workspace/cargo-home" RUSTUP_HOME="/workspace/rustup-home" "/workspace/cargo-home/bin/cargo" "+1.98.0-beta.1" "metadata" "--manifest-path" "Cargo.toml" "--no-deps", kill_on_drop: false }`
[INFO] crate crates.io crate prlens 0.1.1 already has a lockfile, it will not be regenerated
[INFO] running `Command { std: CARGO_HOME="/workspace/cargo-home" RUSTUP_HOME="/workspace/rustup-home" "/workspace/cargo-home/bin/cargo" "+1.98.0-beta.1" "fetch" "--manifest-path" "Cargo.toml", kill_on_drop: false }`
[INFO] running `Command { std: "docker" "create" "-v" "/var/lib/crater-agent-workspace/builds/worker-4-tc2/source:/opt/rustwide/workdir:ro,Z" "-v" "/var/lib/crater-agent-workspace/builds/worker-4-tc2/target:/opt/rustwide/target:rw,Z" "-v" "/var/lib/crater-agent-workspace/cargo-home:/opt/rustwide/cargo-home:ro,Z" "-v" "/var/lib/crater-agent-workspace/rustup-home:/opt/rustwide/rustup-home:ro,Z" "-m" "1610612736" "--network" "none" "ghcr.io/rust-lang/crates-build-env/linux@sha256:3d5ced03c013a94a2f102a4510f48a6e9184255caf5fd8244f58017bde7f5210" "sleep" "infinity", kill_on_drop: false }`
[INFO] [stdout] bafa9eab1a944fe818d65ee29288d899e6e96aede914620106c46b8e40211566
[INFO] running `Command { std: "docker" "start" "bafa9eab1a944fe818d65ee29288d899e6e96aede914620106c46b8e40211566", kill_on_drop: false }`
[INFO] running `Command { std: "docker" "inspect" "bafa9eab1a944fe818d65ee29288d899e6e96aede914620106c46b8e40211566", kill_on_drop: false }`
[INFO] running `Command { std: "docker" "exec" "-e" "SOURCE_DIR=/opt/rustwide/workdir" "-e" "CARGO_HOME=/opt/rustwide/cargo-home" "-e" "RUSTUP_HOME=/opt/rustwide/rustup-home" "-e" "CARGO_TARGET_DIR=/opt/rustwide/target" "-w" "/opt/rustwide/workdir" "--user" "0:0" "bafa9eab1a944fe818d65ee29288d899e6e96aede914620106c46b8e40211566" "/opt/rustwide/cargo-home/bin/cargo" "+1.98.0-beta.1" "metadata" "--no-deps" "--format-version=1", kill_on_drop: false }`
[INFO] running `Command { std: "docker" "inspect" "bafa9eab1a944fe818d65ee29288d899e6e96aede914620106c46b8e40211566", kill_on_drop: false }`
[INFO] running `Command { std: "docker" "exec" "-e" "SOURCE_DIR=/opt/rustwide/workdir" "-e" "CARGO_HOME=/opt/rustwide/cargo-home" "-e" "RUSTUP_HOME=/opt/rustwide/rustup-home" "-e" "CARGO_TARGET_DIR=/opt/rustwide/target" "-e" "CARGO_INCREMENTAL=0" "-e" "RUST_BACKTRACE=full" "-e" "RUSTFLAGS=--cap-lints=warn" "-e" "RUSTDOCFLAGS=--cap-lints=warn" "-w" "/opt/rustwide/workdir" "--user" "0:0" "bafa9eab1a944fe818d65ee29288d899e6e96aede914620106c46b8e40211566" "/opt/rustwide/cargo-home/bin/cargo" "+1.98.0-beta.1" "build" "--frozen" "--message-format=json", kill_on_drop: false }`
[INFO] [stderr]    Compiling log v0.4.30
[INFO] [stderr]    Compiling serde_core v1.0.228
[INFO] [stderr]    Compiling num-traits v0.2.19
[INFO] [stderr]    Compiling cmake v0.1.58
[INFO] [stderr]    Compiling ring v0.17.14
[INFO] [stderr]    Compiling futures-util v0.3.32
[INFO] [stderr]    Compiling generic-array v0.14.9
[INFO] [stderr]    Compiling ff v0.13.1
[INFO] [stderr]    Compiling serde v1.0.228
[INFO] [stderr]    Compiling camino v1.2.2
[INFO] [stderr]    Compiling serde_json v1.0.150
[INFO] [stderr]    Compiling rustix v1.1.4
[INFO] [stderr]    Compiling time-macros v0.2.27
[INFO] [stderr]    Compiling rustls-native-certs v0.8.3
[INFO] [stderr]    Compiling rand v0.8.6
[INFO] [stderr]    Compiling snafu-derive v0.8.9
[INFO] [stderr]    Compiling group v0.13.0
[INFO] [stderr]    Compiling mio v1.2.0
[INFO] [stderr]    Compiling tracing v0.1.44
[INFO] [stderr]    Compiling aws-lc-sys v0.41.0
[INFO] [stderr]    Compiling is-docker v0.2.0
[INFO] [stderr]    Compiling winnow v1.0.3
[INFO] [stderr]    Compiling dirs-sys v0.5.0
[INFO] [stderr]    Compiling is-wsl v0.4.0
[INFO] [stderr]    Compiling tokio v1.52.3
[INFO] [stderr]    Compiling crypto-common v0.1.6
[INFO] [stderr]    Compiling block-buffer v0.10.4
[INFO] [stderr]    Compiling num-integer v0.1.46
[INFO] [stderr]    Compiling sec1 v0.7.3
[INFO] [stderr]    Compiling crypto-bigint v0.5.5
[INFO] [stderr]    Compiling digest v0.10.7
[INFO] [stderr]    Compiling url v2.5.8
[INFO] [stderr]    Compiling num-iter v0.1.45
[INFO] [stderr]    Compiling hmac v0.12.1
[INFO] [stderr]    Compiling signature v2.2.0
[INFO] [stderr]    Compiling sha2 v0.10.9
[INFO] [stderr]    Compiling num-bigint-dig v0.8.6
[INFO] [stderr]    Compiling hkdf v0.12.4
[INFO] [stderr]    Compiling rfc6979 v0.4.0
[INFO] [stderr]    Compiling ed25519 v2.2.3
[INFO] [stderr]    Compiling time v0.3.47
[INFO] [stderr]    Compiling num-bigint v0.4.6
[INFO] [stderr]    Compiling serde_urlencoded v0.7.1
[INFO] [stderr]    Compiling signal-hook-mio v0.2.5
[INFO] [stderr]    Compiling chrono v0.4.44
[INFO] [stderr]    Compiling crossterm v0.28.1
[INFO] [stderr]    Compiling toml_parser v1.1.2+spec-1.1.0
[INFO] [stderr]    Compiling tracing-log v0.2.0
[INFO] [stderr]    Compiling sharded-slab v0.1.7
[INFO] [stderr]    Compiling rsa v0.9.10
[INFO] [stderr]    Compiling snafu v0.8.9
[INFO] [stderr]    Compiling arc-swap v1.9.1
[INFO] [stderr]    Compiling secrecy v0.10.3
[INFO] [stderr]    Compiling elliptic-curve v0.13.8
[INFO] [stderr]    Compiling toml_datetime v1.1.1+spec-1.1.0
[INFO] [stderr]    Compiling serde_path_to_error v0.1.20
[INFO] [stderr]    Compiling serde_spanned v1.1.1
[INFO] [stderr]    Compiling simple_asn1 v0.6.4
[INFO] [stderr]    Compiling toml_writer v1.1.1+spec-1.1.0
[INFO] [stderr]    Compiling ecdsa v0.16.9
[INFO] [stderr]    Compiling primeorder v0.13.6
[INFO] [stderr]    Compiling crossterm v0.29.0
[INFO] [stderr]    Compiling web-time v1.1.0
[INFO] [stderr]    Compiling semver v1.0.28
[INFO] [stderr]    Compiling cargo-platform v0.3.3
[INFO] [stderr]    Compiling pathdiff v0.2.3
[INFO] [stderr]    Compiling futures-executor v0.3.32
[INFO] [stderr]    Compiling open v5.3.5
[INFO] [stderr]    Compiling rustc_version v0.4.1
[INFO] [stderr]    Compiling comfy-table v7.2.2
[INFO] [stderr]    Compiling p384 v0.13.1
[INFO] [stderr]    Compiling p256 v0.13.2
[INFO] [stderr]    Compiling toml v1.1.2+spec-1.1.0
[INFO] [stderr]    Compiling curve25519-dalek v4.1.3
[INFO] [stderr]    Compiling futures v0.3.32
[INFO] [stderr]    Compiling tempfile v3.27.0
[INFO] [stderr]    Compiling ratatui v0.29.0
[INFO] [stderr]    Compiling tracing-subscriber v0.3.23
[INFO] [stderr]    Compiling clap v4.6.1
[INFO] [stderr]    Compiling dirs v6.0.0
[INFO] [stderr]    Compiling cargo_metadata v0.23.1
[INFO] [stderr]    Compiling ed25519-dalek v2.2.0
[INFO] [stderr]    Compiling jsonwebtoken v10.4.0
[INFO] [stderr]    Compiling octocrab v0.51.0
[INFO] [stderr]    Compiling hyper v1.9.0
[INFO] [stderr]    Compiling tokio-util v0.7.18
[INFO] [stderr]    Compiling tower v0.5.3
[INFO] [stderr]    Compiling tower-http v0.6.11
[INFO] [stderr]    Compiling hyper-util v0.1.20
[INFO] [stderr]    Compiling hyper-timeout v0.5.2
[INFO] [stderr]    Compiling aws-lc-rs v1.17.0
[INFO] [stderr]    Compiling rustls v0.23.40
[INFO] [stderr]    Compiling rustls-webpki v0.103.13
[INFO] [stderr]    Compiling tokio-rustls v0.26.4
[INFO] [stderr]    Compiling rustls-platform-verifier v0.7.0
[INFO] [stderr]    Compiling hyper-rustls v0.27.9
[INFO] [stderr]    Compiling reqwest v0.13.4
[INFO] [stderr]    Compiling prlens v0.1.1 (/opt/rustwide/workdir)
[INFO] [stdout] warning: unused variable: `pr_count`
[INFO] [stdout]    --> src/tui.rs:791:21
[INFO] [stdout]     |
[INFO] [stdout] 791 |                 let pr_count = prs.as_ref().map_or(0, |v| v.len());
[INFO] [stdout]     |                     ^^^^^^^^ help: if this is intentional, prefix it with an underscore: `_pr_count`
[INFO] [stdout]     |
[INFO] [stdout]     = note: `#[warn(unused_variables)]` (part of `#[warn(unused)]`) on by default
[INFO] [stdout] 
[INFO] [stdout] 
[INFO] [stdout] warning: fields `display_name` and `nickname` are never read
[INFO] [stdout]    --> src/provider/bitbucket.rs:203:5
[INFO] [stdout]     |
[INFO] [stdout] 201 | struct CloudParticipantUser {
[INFO] [stdout]     |        -------------------- fields in this struct
[INFO] [stdout] 202 |     account_id: Option<String>,
[INFO] [stdout] 203 |     display_name: String,
[INFO] [stdout]     |     ^^^^^^^^^^^^
[INFO] [stdout] 204 |     nickname: Option<String>,
[INFO] [stdout]     |     ^^^^^^^^
[INFO] [stdout]     |
[INFO] [stdout]     = note: `#[warn(dead_code)]` (part of `#[warn(unused)]`) on by default
[INFO] [stdout] 
[INFO] [stdout] 
[INFO] [stdout] warning: unused variable: `pr_count`
[INFO] [stdout]    --> src/tui.rs:791:21
[INFO] [stdout]     |
[INFO] [stdout] 791 |                 let pr_count = prs.as_ref().map_or(0, |v| v.len());
[INFO] [stdout]     |                     ^^^^^^^^ help: if this is intentional, prefix it with an underscore: `_pr_count`
[INFO] [stdout]     |
[INFO] [stdout]     = note: `#[warn(unused_variables)]` (part of `#[warn(unused)]`) on by default
[INFO] [stdout] 
[INFO] [stdout] 
[INFO] [stdout] warning: function `print_pr_table_unified` is never used
[INFO] [stdout]  --> src/display.rs:8:8
[INFO] [stdout]   |
[INFO] [stdout] 8 | pub fn print_pr_table_unified(prs: &[PullRequest]) {
[INFO] [stdout]   |        ^^^^^^^^^^^^^^^^^^^^^^
[INFO] [stdout]   |
[INFO] [stdout]   = note: `#[warn(dead_code)]` (part of `#[warn(unused)]`) on by default
[INFO] [stdout] 
[INFO] [stdout] 
[INFO] [stdout] warning: function `print_pr_table` is never used
[INFO] [stdout]   --> src/display.rs:58:8
[INFO] [stdout]    |
[INFO] [stdout] 58 | pub fn print_pr_table(provider_name: &str, prs: &[PullRequest]) {
[INFO] [stdout]    |        ^^^^^^^^^^^^^^
[INFO] [stdout] 
[INFO] [stdout] 
[INFO] [stdout] warning: function `format_age` is never used
[INFO] [stdout]   --> src/display.rs:93:4
[INFO] [stdout]    |
[INFO] [stdout] 93 | fn format_age(dt: &DateTime<Utc>) -> String {
[INFO] [stdout]    |    ^^^^^^^^^^
[INFO] [stdout] 
[INFO] [stdout] 
[INFO] [stdout] warning: function `format_review_status` is never used
[INFO] [stdout]    --> src/display.rs:126:4
[INFO] [stdout]     |
[INFO] [stdout] 126 | fn format_review_status(status: &ReviewStatus) -> &'static str {
[INFO] [stdout]     |    ^^^^^^^^^^^^^^^^^^^^
[INFO] [stdout] 
[INFO] [stdout] 
[INFO] [stdout] warning: function `format_ci_status` is never used
[INFO] [stdout]    --> src/display.rs:137:4
[INFO] [stdout]     |
[INFO] [stdout] 137 | fn format_ci_status(ci: &Option<CiStatus>) -> &'static str {
[INFO] [stdout]     |    ^^^^^^^^^^^^^^^^
[INFO] [stdout] 
[INFO] [stdout] 
[INFO] [stdout] warning: enum `AuthStatus` is never used
[INFO] [stdout]   --> src/provider/mod.rs:10:10
[INFO] [stdout]    |
[INFO] [stdout] 10 | pub enum AuthStatus {
[INFO] [stdout]    |          ^^^^^^^^^^
[INFO] [stdout] 
[INFO] [stdout] 
[INFO] [stdout] warning: variants `RateLimited` and `NotImplemented` are never constructed
[INFO] [stdout]   --> src/provider/mod.rs:24:5
[INFO] [stdout]    |
[INFO] [stdout] 16 | pub enum ProviderError {
[INFO] [stdout]    |          ------------- variants in this enum
[INFO] [stdout] ...
[INFO] [stdout] 24 |     RateLimited { provider: String, reset_at: chrono::DateTime<chrono::Utc> },
[INFO] [stdout]    |     ^^^^^^^^^^^
[INFO] [stdout] ...
[INFO] [stdout] 30 |     NotImplemented { provider: String },
[INFO] [stdout]    |     ^^^^^^^^^^^^^^
[INFO] [stdout]    |
[INFO] [stdout]    = note: `ProviderError` has a derived impl for the trait `Debug`, but this is intentionally ignored during dead code analysis
[INFO] [stdout] 
[INFO] [stdout] 
[INFO] [stdout] warning: methods `display_name`, `check_auth`, `get_pr_details`, and `get_pr_diff` are never used
[INFO] [stdout]   --> src/provider/mod.rs:42:8
[INFO] [stdout]    |
[INFO] [stdout] 37 | pub trait Provider: Send + Sync {
[INFO] [stdout]    |           -------- methods in this trait
[INFO] [stdout] ...
[INFO] [stdout] 42 |     fn display_name(&self) -> &'static str;
[INFO] [stdout]    |        ^^^^^^^^^^^^
[INFO] [stdout] ...
[INFO] [stdout] 45 |     async fn check_auth(&self) -> AuthStatus;
[INFO] [stdout]    |              ^^^^^^^^^^
[INFO] [stdout] ...
[INFO] [stdout] 51 |     async fn get_pr_details(&self, pr_id: &PrIdentifier) -> Result<PullRequest, ProviderError>;
[INFO] [stdout]    |              ^^^^^^^^^^^^^^
[INFO] [stdout] ...
[INFO] [stdout] 54 |     async fn get_pr_diff(&self, pr_id: &PrIdentifier) -> Result<String, ProviderError>;
[INFO] [stdout]    |              ^^^^^^^^^^^
[INFO] [stdout] 
[INFO] [stdout] 
[INFO] [stdout] warning: struct `MockProvider` is never constructed
[INFO] [stdout]  --> src/provider/mock.rs:6:12
[INFO] [stdout]   |
[INFO] [stdout] 6 | pub struct MockProvider;
[INFO] [stdout]   |            ^^^^^^^^^^^^
[INFO] [stdout] 
[INFO] [stdout] 
[INFO] [stdout] warning: associated function `new_with_base_url` is never used
[INFO] [stdout]   --> src/provider/github.rs:54:12
[INFO] [stdout]    |
[INFO] [stdout] 38 | impl GitHubProvider {
[INFO] [stdout]    | ------------------- associated function in this implementation
[INFO] [stdout] ...
[INFO] [stdout] 54 |     pub fn new_with_base_url(config: GithubConfig, base_url: String, cache_path: PathBuf) -> Self {
[INFO] [stdout]    |            ^^^^^^^^^^^^^^^^^
[INFO] [stdout] 
[INFO] [stdout] 
[INFO] [stdout] warning: fields `display_name` and `nickname` are never read
[INFO] [stdout]    --> src/provider/bitbucket.rs:203:5
[INFO] [stdout]     |
[INFO] [stdout] 201 | struct CloudParticipantUser {
[INFO] [stdout]     |        -------------------- fields in this struct
[INFO] [stdout] 202 |     account_id: Option<String>,
[INFO] [stdout] 203 |     display_name: String,
[INFO] [stdout]     |     ^^^^^^^^^^^^
[INFO] [stdout] 204 |     nickname: Option<String>,
[INFO] [stdout]     |     ^^^^^^^^
[INFO] [stdout] 
[INFO] [stdout] 
[INFO] [stdout] warning: associated functions `new_with_base_url` and `new_with_mode` are never used
[INFO] [stdout]    --> src/provider/bitbucket.rs:292:12
[INFO] [stdout]     |
[INFO] [stdout] 272 | impl BitbucketProvider {
[INFO] [stdout]     | ---------------------- associated functions in this implementation
[INFO] [stdout] ...
[INFO] [stdout] 292 |     pub fn new_with_base_url(
[INFO] [stdout]     |            ^^^^^^^^^^^^^^^^^
[INFO] [stdout] ...
[INFO] [stdout] 309 |     pub fn new_with_mode(
[INFO] [stdout]     |            ^^^^^^^^^^^^^
[INFO] [stdout] 
[INFO] [stdout] 
[INFO] [stderr]     Finished `dev` profile [unoptimized + debuginfo] target(s) in 2m 04s
[INFO] running `Command { std: "docker" "inspect" "bafa9eab1a944fe818d65ee29288d899e6e96aede914620106c46b8e40211566", kill_on_drop: false }`
[INFO] running `Command { std: "docker" "exec" "-e" "SOURCE_DIR=/opt/rustwide/workdir" "-e" "CARGO_HOME=/opt/rustwide/cargo-home" "-e" "RUSTUP_HOME=/opt/rustwide/rustup-home" "-e" "CARGO_TARGET_DIR=/opt/rustwide/target" "-e" "CARGO_INCREMENTAL=0" "-e" "RUST_BACKTRACE=full" "-e" "RUSTFLAGS=--cap-lints=warn" "-e" "RUSTDOCFLAGS=--cap-lints=warn" "-w" "/opt/rustwide/workdir" "--user" "0:0" "bafa9eab1a944fe818d65ee29288d899e6e96aede914620106c46b8e40211566" "/opt/rustwide/cargo-home/bin/cargo" "+1.98.0-beta.1" "test" "--frozen" "--no-run" "--message-format=json", kill_on_drop: false }`
[INFO] [stderr]    Compiling tokio-util v0.7.18
[INFO] [stderr]    Compiling regex-automata v0.4.14
[INFO] [stderr]    Compiling futures-executor v0.3.32
[INFO] [stderr]    Compiling predicates-core v1.0.10
[INFO] [stderr]    Compiling mockall_derive v0.14.0
[INFO] [stderr]    Compiling num_cpus v1.17.0
[INFO] [stderr]    Compiling deadpool-runtime v0.1.4
[INFO] [stderr]    Compiling mockall v0.14.0
[INFO] [stderr]    Compiling assert-json-diff v2.0.2
[INFO] [stderr]    Compiling fragile v2.1.0
[INFO] [stderr]    Compiling predicates-tree v1.0.13
[INFO] [stderr]    Compiling predicates v3.1.4
[INFO] [stderr]    Compiling futures v0.3.32
[INFO] [stderr]    Compiling deadpool v0.12.3
[INFO] [stderr]    Compiling h2 v0.4.14
[INFO] [stderr]    Compiling tower v0.5.3
[INFO] [stderr]    Compiling tower-http v0.6.11
[INFO] [stderr]    Compiling matchers v0.2.0
[INFO] [stderr]    Compiling regex v1.12.3
[INFO] [stderr]    Compiling tracing-subscriber v0.3.23
[INFO] [stderr]    Compiling hyper v1.9.0
[INFO] [stderr]    Compiling hyper-util v0.1.20
[INFO] [stderr]    Compiling hyper-rustls v0.27.9
[INFO] [stderr]    Compiling hyper-timeout v0.5.2
[INFO] [stderr]    Compiling wiremock v0.6.5
[INFO] [stderr]    Compiling reqwest v0.13.4
[INFO] [stderr]    Compiling octocrab v0.51.0
[INFO] [stderr]    Compiling prlens v0.1.1 (/opt/rustwide/workdir)
[INFO] [stdout] warning: unused variable: `pr_count`
[INFO] [stdout]    --> src/tui.rs:791:21
[INFO] [stdout]     |
[INFO] [stdout] 791 |                 let pr_count = prs.as_ref().map_or(0, |v| v.len());
[INFO] [stdout]     |                     ^^^^^^^^ help: if this is intentional, prefix it with an underscore: `_pr_count`
[INFO] [stdout]     |
[INFO] [stdout]     = note: `#[warn(unused_variables)]` (part of `#[warn(unused)]`) on by default
[INFO] [stdout] 
[INFO] [stdout] 
[INFO] [stdout] warning: fields `display_name` and `nickname` are never read
[INFO] [stdout]    --> src/provider/bitbucket.rs:203:5
[INFO] [stdout]     |
[INFO] [stdout] 201 | struct CloudParticipantUser {
[INFO] [stdout]     |        -------------------- fields in this struct
[INFO] [stdout] 202 |     account_id: Option<String>,
[INFO] [stdout] 203 |     display_name: String,
[INFO] [stdout]     |     ^^^^^^^^^^^^
[INFO] [stdout] 204 |     nickname: Option<String>,
[INFO] [stdout]     |     ^^^^^^^^
[INFO] [stdout]     |
[INFO] [stdout]     = note: `#[warn(dead_code)]` (part of `#[warn(unused)]`) on by default
[INFO] [stdout] 
[INFO] [stdout] 
[INFO] [stdout] warning: unused variable: `pr_count`
[INFO] [stdout]    --> src/tui.rs:791:21
[INFO] [stdout]     |
[INFO] [stdout] 791 |                 let pr_count = prs.as_ref().map_or(0, |v| v.len());
[INFO] [stdout]     |                     ^^^^^^^^ help: if this is intentional, prefix it with an underscore: `_pr_count`
[INFO] [stdout]     |
[INFO] [stdout]     = note: `#[warn(unused_variables)]` (part of `#[warn(unused)]`) on by default
[INFO] [stdout] 
[INFO] [stdout] 
[INFO] [stdout] warning: fields `display_name` and `nickname` are never read
[INFO] [stdout]    --> src/provider/bitbucket.rs:203:5
[INFO] [stdout]     |
[INFO] [stdout] 201 | struct CloudParticipantUser {
[INFO] [stdout]     |        -------------------- fields in this struct
[INFO] [stdout] 202 |     account_id: Option<String>,
[INFO] [stdout] 203 |     display_name: String,
[INFO] [stdout]     |     ^^^^^^^^^^^^
[INFO] [stdout] 204 |     nickname: Option<String>,
[INFO] [stdout]     |     ^^^^^^^^
[INFO] [stdout]     |
[INFO] [stdout]     = note: `#[warn(dead_code)]` (part of `#[warn(unused)]`) on by default
[INFO] [stdout] 
[INFO] [stdout] 
[INFO] [stdout] warning: comparison is useless due to type limits
[INFO] [stdout]     --> src/tui.rs:1055:17
[INFO] [stdout]      |
[INFO] [stdout] 1055 |         assert!(result.x >= 0, "x should be >= 0");
[INFO] [stdout]      |                 ^^^^^^^^^^^^^
[INFO] [stdout]      |
[INFO] [stdout]      = note: `#[warn(unused_comparisons)]` on by default
[INFO] [stdout] 
[INFO] [stdout] 
[INFO] [stdout] warning: comparison is useless due to type limits
[INFO] [stdout]     --> src/tui.rs:1057:17
[INFO] [stdout]      |
[INFO] [stdout] 1057 |         assert!(result.y >= 0, "y should be >= 0");
[INFO] [stdout]      |                 ^^^^^^^^^^^^^
[INFO] [stdout] 
[INFO] [stdout] 
[INFO] [stdout] warning: unused variable: `pr_count`
[INFO] [stdout]    --> src/tui.rs:791:21
[INFO] [stdout]     |
[INFO] [stdout] 791 |                 let pr_count = prs.as_ref().map_or(0, |v| v.len());
[INFO] [stdout]     |                     ^^^^^^^^ help: if this is intentional, prefix it with an underscore: `_pr_count`
[INFO] [stdout]     |
[INFO] [stdout]     = note: `#[warn(unused_variables)]` (part of `#[warn(unused)]`) on by default
[INFO] [stdout] 
[INFO] [stdout] 
[INFO] [stdout] warning: function `print_pr_table_unified` is never used
[INFO] [stdout]  --> src/display.rs:8:8
[INFO] [stdout]   |
[INFO] [stdout] 8 | pub fn print_pr_table_unified(prs: &[PullRequest]) {
[INFO] [stdout]   |        ^^^^^^^^^^^^^^^^^^^^^^
[INFO] [stdout]   |
[INFO] [stdout]   = note: `#[warn(dead_code)]` (part of `#[warn(unused)]`) on by default
[INFO] [stdout] 
[INFO] [stdout] 
[INFO] [stdout] warning: function `print_pr_table` is never used
[INFO] [stdout]   --> src/display.rs:58:8
[INFO] [stdout]    |
[INFO] [stdout] 58 | pub fn print_pr_table(provider_name: &str, prs: &[PullRequest]) {
[INFO] [stdout]    |        ^^^^^^^^^^^^^^
[INFO] [stdout] 
[INFO] [stdout] 
[INFO] [stdout] warning: function `format_age` is never used
[INFO] [stdout]   --> src/display.rs:93:4
[INFO] [stdout]    |
[INFO] [stdout] 93 | fn format_age(dt: &DateTime<Utc>) -> String {
[INFO] [stdout]    |    ^^^^^^^^^^
[INFO] [stdout] 
[INFO] [stdout] 
[INFO] [stdout] warning: function `format_review_status` is never used
[INFO] [stdout]    --> src/display.rs:126:4
[INFO] [stdout]     |
[INFO] [stdout] 126 | fn format_review_status(status: &ReviewStatus) -> &'static str {
[INFO] [stdout]     |    ^^^^^^^^^^^^^^^^^^^^
[INFO] [stdout] 
[INFO] [stdout] 
[INFO] [stdout] warning: function `format_ci_status` is never used
[INFO] [stdout]    --> src/display.rs:137:4
[INFO] [stdout]     |
[INFO] [stdout] 137 | fn format_ci_status(ci: &Option<CiStatus>) -> &'static str {
[INFO] [stdout]     |    ^^^^^^^^^^^^^^^^
[INFO] [stdout] 
[INFO] [stdout] 
[INFO] [stdout] warning: enum `AuthStatus` is never used
[INFO] [stdout]   --> src/provider/mod.rs:10:10
[INFO] [stdout]    |
[INFO] [stdout] 10 | pub enum AuthStatus {
[INFO] [stdout]    |          ^^^^^^^^^^
[INFO] [stdout] 
[INFO] [stdout] 
[INFO] [stdout] warning: variants `RateLimited` and `NotImplemented` are never constructed
[INFO] [stdout]   --> src/provider/mod.rs:24:5
[INFO] [stdout]    |
[INFO] [stdout] 16 | pub enum ProviderError {
[INFO] [stdout]    |          ------------- variants in this enum
[INFO] [stdout] ...
[INFO] [stdout] 24 |     RateLimited { provider: String, reset_at: chrono::DateTime<chrono::Utc> },
[INFO] [stdout]    |     ^^^^^^^^^^^
[INFO] [stdout] ...
[INFO] [stdout] 30 |     NotImplemented { provider: String },
[INFO] [stdout]    |     ^^^^^^^^^^^^^^
[INFO] [stdout]    |
[INFO] [stdout]    = note: `ProviderError` has a derived impl for the trait `Debug`, but this is intentionally ignored during dead code analysis
[INFO] [stdout] 
[INFO] [stdout] 
[INFO] [stdout] warning: methods `display_name`, `check_auth`, `get_pr_details`, and `get_pr_diff` are never used
[INFO] [stdout]   --> src/provider/mod.rs:42:8
[INFO] [stdout]    |
[INFO] [stdout] 37 | pub trait Provider: Send + Sync {
[INFO] [stdout]    |           -------- methods in this trait
[INFO] [stdout] ...
[INFO] [stdout] 42 |     fn display_name(&self) -> &'static str;
[INFO] [stdout]    |        ^^^^^^^^^^^^
[INFO] [stdout] ...
[INFO] [stdout] 45 |     async fn check_auth(&self) -> AuthStatus;
[INFO] [stdout]    |              ^^^^^^^^^^
[INFO] [stdout] ...
[INFO] [stdout] 51 |     async fn get_pr_details(&self, pr_id: &PrIdentifier) -> Result<PullRequest, ProviderError>;
[INFO] [stdout]    |              ^^^^^^^^^^^^^^
[INFO] [stdout] ...
[INFO] [stdout] 54 |     async fn get_pr_diff(&self, pr_id: &PrIdentifier) -> Result<String, ProviderError>;
[INFO] [stdout]    |              ^^^^^^^^^^^
[INFO] [stdout] 
[INFO] [stdout] 
[INFO] [stdout] warning: struct `MockProvider` is never constructed
[INFO] [stdout]  --> src/provider/mock.rs:6:12
[INFO] [stdout]   |
[INFO] [stdout] 6 | pub struct MockProvider;
[INFO] [stdout]   |            ^^^^^^^^^^^^
[INFO] [stdout] 
[INFO] [stdout] 
[INFO] [stdout] warning: associated function `new_with_base_url` is never used
[INFO] [stdout]   --> src/provider/github.rs:54:12
[INFO] [stdout]    |
[INFO] [stdout] 38 | impl GitHubProvider {
[INFO] [stdout]    | ------------------- associated function in this implementation
[INFO] [stdout] ...
[INFO] [stdout] 54 |     pub fn new_with_base_url(config: GithubConfig, base_url: String, cache_path: PathBuf) -> Self {
[INFO] [stdout]    |            ^^^^^^^^^^^^^^^^^
[INFO] [stdout] 
[INFO] [stdout] 
[INFO] [stdout] warning: fields `display_name` and `nickname` are never read
[INFO] [stdout]    --> src/provider/bitbucket.rs:203:5
[INFO] [stdout]     |
[INFO] [stdout] 201 | struct CloudParticipantUser {
[INFO] [stdout]     |        -------------------- fields in this struct
[INFO] [stdout] 202 |     account_id: Option<String>,
[INFO] [stdout] 203 |     display_name: String,
[INFO] [stdout]     |     ^^^^^^^^^^^^
[INFO] [stdout] 204 |     nickname: Option<String>,
[INFO] [stdout]     |     ^^^^^^^^
[INFO] [stdout] 
[INFO] [stdout] 
[INFO] [stdout] warning: associated functions `new_with_base_url` and `new_with_mode` are never used
[INFO] [stdout]    --> src/provider/bitbucket.rs:292:12
[INFO] [stdout]     |
[INFO] [stdout] 272 | impl BitbucketProvider {
[INFO] [stdout]     | ---------------------- associated functions in this implementation
[INFO] [stdout] ...
[INFO] [stdout] 292 |     pub fn new_with_base_url(
[INFO] [stdout]     |            ^^^^^^^^^^^^^^^^^
[INFO] [stdout] ...
[INFO] [stdout] 309 |     pub fn new_with_mode(
[INFO] [stdout]     |            ^^^^^^^^^^^^^
[INFO] [stdout] 
[INFO] [stdout] 
[INFO] [stdout] warning: unused variable: `pr_count`
[INFO] [stdout]    --> src/tui.rs:791:21
[INFO] [stdout]     |
[INFO] [stdout] 791 |                 let pr_count = prs.as_ref().map_or(0, |v| v.len());
[INFO] [stdout]     |                     ^^^^^^^^ help: if this is intentional, prefix it with an underscore: `_pr_count`
[INFO] [stdout]     |
[INFO] [stdout]     = note: `#[warn(unused_variables)]` (part of `#[warn(unused)]`) on by default
[INFO] [stdout] 
[INFO] [stdout] 
[INFO] [stdout] warning: function `print_pr_table` is never used
[INFO] [stdout]   --> src/display.rs:58:8
[INFO] [stdout]    |
[INFO] [stdout] 58 | pub fn print_pr_table(provider_name: &str, prs: &[PullRequest]) {
[INFO] [stdout]    |        ^^^^^^^^^^^^^^
[INFO] [stdout]    |
[INFO] [stdout]    = note: `#[warn(dead_code)]` (part of `#[warn(unused)]`) on by default
[INFO] [stdout] 
[INFO] [stdout] 
[INFO] [stdout] warning: variant `RateLimited` is never constructed
[INFO] [stdout]   --> src/provider/mod.rs:24:5
[INFO] [stdout]    |
[INFO] [stdout] 16 | pub enum ProviderError {
[INFO] [stdout]    |          ------------- variant in this enum
[INFO] [stdout] ...
[INFO] [stdout] 24 |     RateLimited { provider: String, reset_at: chrono::DateTime<chrono::Utc> },
[INFO] [stdout]    |     ^^^^^^^^^^^
[INFO] [stdout]    |
[INFO] [stdout]    = note: `ProviderError` has a derived impl for the trait `Debug`, but this is intentionally ignored during dead code analysis
[INFO] [stdout] 
[INFO] [stdout] 
[INFO] [stdout] warning: methods `get_pr_details` and `get_pr_diff` are never used
[INFO] [stdout]   --> src/provider/mod.rs:51:14
[INFO] [stdout]    |
[INFO] [stdout] 37 | pub trait Provider: Send + Sync {
[INFO] [stdout]    |           -------- methods in this trait
[INFO] [stdout] ...
[INFO] [stdout] 51 |     async fn get_pr_details(&self, pr_id: &PrIdentifier) -> Result<PullRequest, ProviderError>;
[INFO] [stdout]    |              ^^^^^^^^^^^^^^
[INFO] [stdout] ...
[INFO] [stdout] 54 |     async fn get_pr_diff(&self, pr_id: &PrIdentifier) -> Result<String, ProviderError>;
[INFO] [stdout]    |              ^^^^^^^^^^^
[INFO] [stdout] 
[INFO] [stdout] 
[INFO] [stdout] warning: fields `display_name` and `nickname` are never read
[INFO] [stdout]    --> src/provider/bitbucket.rs:203:5
[INFO] [stdout]     |
[INFO] [stdout] 201 | struct CloudParticipantUser {
[INFO] [stdout]     |        -------------------- fields in this struct
[INFO] [stdout] 202 |     account_id: Option<String>,
[INFO] [stdout] 203 |     display_name: String,
[INFO] [stdout]     |     ^^^^^^^^^^^^
[INFO] [stdout] 204 |     nickname: Option<String>,
[INFO] [stdout]     |     ^^^^^^^^
[INFO] [stdout] 
[INFO] [stdout] 
[INFO] [stdout] warning: associated function `new_with_mode` is never used
[INFO] [stdout]    --> src/provider/bitbucket.rs:309:12
[INFO] [stdout]     |
[INFO] [stdout] 272 | impl BitbucketProvider {
[INFO] [stdout]     | ---------------------- associated function in this implementation
[INFO] [stdout] ...
[INFO] [stdout] 309 |     pub fn new_with_mode(
[INFO] [stdout]     |            ^^^^^^^^^^^^^
[INFO] [stdout] 
[INFO] [stdout] 
[INFO] [stdout] warning: comparison is useless due to type limits
[INFO] [stdout]     --> src/tui.rs:1055:17
[INFO] [stdout]      |
[INFO] [stdout] 1055 |         assert!(result.x >= 0, "x should be >= 0");
[INFO] [stdout]      |                 ^^^^^^^^^^^^^
[INFO] [stdout]      |
[INFO] [stdout]      = note: `#[warn(unused_comparisons)]` on by default
[INFO] [stdout] 
[INFO] [stdout] 
[INFO] [stdout] warning: comparison is useless due to type limits
[INFO] [stdout]     --> src/tui.rs:1057:17
[INFO] [stdout]      |
[INFO] [stdout] 1057 |         assert!(result.y >= 0, "y should be >= 0");
[INFO] [stdout]      |                 ^^^^^^^^^^^^^
[INFO] [stdout] 
[INFO] [stdout] 
[INFO] [stderr]     Finished `test` profile [unoptimized + debuginfo] target(s) in 1m 31s
[INFO] running `Command { std: "docker" "inspect" "bafa9eab1a944fe818d65ee29288d899e6e96aede914620106c46b8e40211566", kill_on_drop: false }`
[INFO] running `Command { std: "docker" "exec" "-e" "SOURCE_DIR=/opt/rustwide/workdir" "-e" "CARGO_HOME=/opt/rustwide/cargo-home" "-e" "RUSTUP_HOME=/opt/rustwide/rustup-home" "-e" "CARGO_TARGET_DIR=/opt/rustwide/target" "-e" "CARGO_INCREMENTAL=0" "-e" "RUST_BACKTRACE=full" "-e" "RUSTFLAGS=--cap-lints=warn" "-e" "RUSTDOCFLAGS=--cap-lints=warn" "-w" "/opt/rustwide/workdir" "--user" "0:0" "bafa9eab1a944fe818d65ee29288d899e6e96aede914620106c46b8e40211566" "/opt/rustwide/cargo-home/bin/cargo" "+1.98.0-beta.1" "test" "--frozen", kill_on_drop: false }`
[INFO] [stderr] warning: unused variable: `pr_count`
[INFO] [stderr]    --> src/tui.rs:791:21
[INFO] [stderr]     |
[INFO] [stderr] 791 |                 let pr_count = prs.as_ref().map_or(0, |v| v.len());
[INFO] [stderr]     |                     ^^^^^^^^ help: if this is intentional, prefix it with an underscore: `_pr_count`
[INFO] [stderr]     |
[INFO] [stderr]     = note: `#[warn(unused_variables)]` (part of `#[warn(unused)]`) on by default
[INFO] [stderr] 
[INFO] [stderr] warning: fields `display_name` and `nickname` are never read
[INFO] [stderr]    --> src/provider/bitbucket.rs:203:5
[INFO] [stderr]     |
[INFO] [stderr] 201 | struct CloudParticipantUser {
[INFO] [stderr]     |        -------------------- fields in this struct
[INFO] [stderr] 202 |     account_id: Option<String>,
[INFO] [stderr] 203 |     display_name: String,
[INFO] [stderr]     |     ^^^^^^^^^^^^
[INFO] [stderr] 204 |     nickname: Option<String>,
[INFO] [stderr]     |     ^^^^^^^^
[INFO] [stderr]     |
[INFO] [stderr]     = note: `#[warn(dead_code)]` (part of `#[warn(unused)]`) on by default
[INFO] [stderr] 
[INFO] [stderr] warning: `prlens` (lib) generated 2 warnings (run `cargo fix --lib -p prlens` to apply 1 suggestion)
[INFO] [stderr] warning: function `print_pr_table_unified` is never used
[INFO] [stderr]  --> src/display.rs:8:8
[INFO] [stderr]   |
[INFO] [stderr] 8 | pub fn print_pr_table_unified(prs: &[PullRequest]) {
[INFO] [stderr]   |        ^^^^^^^^^^^^^^^^^^^^^^
[INFO] [stderr]   |
[INFO] [stderr]   = note: `#[warn(dead_code)]` (part of `#[warn(unused)]`) on by default
[INFO] [stderr] 
[INFO] [stderr] warning: function `print_pr_table` is never used
[INFO] [stderr]   --> src/display.rs:58:8
[INFO] [stderr]    |
[INFO] [stderr] 58 | pub fn print_pr_table(provider_name: &str, prs: &[PullRequest]) {
[INFO] [stderr]    |        ^^^^^^^^^^^^^^
[INFO] [stderr] 
[INFO] [stderr] warning: function `format_age` is never used
[INFO] [stderr]   --> src/display.rs:93:4
[INFO] [stderr]    |
[INFO] [stderr] 93 | fn format_age(dt: &DateTime<Utc>) -> String {
[INFO] [stderr]    |    ^^^^^^^^^^
[INFO] [stderr] 
[INFO] [stderr] warning: function `format_review_status` is never used
[INFO] [stderr]    --> src/display.rs:126:4
[INFO] [stderr]     |
[INFO] [stderr] 126 | fn format_review_status(status: &ReviewStatus) -> &'static str {
[INFO] [stderr]     |    ^^^^^^^^^^^^^^^^^^^^
[INFO] [stderr] 
[INFO] [stderr] warning: function `format_ci_status` is never used
[INFO] [stderr]    --> src/display.rs:137:4
[INFO] [stderr]     |
[INFO] [stderr] 137 | fn format_ci_status(ci: &Option<CiStatus>) -> &'static str {
[INFO] [stderr]     |    ^^^^^^^^^^^^^^^^
[INFO] [stderr] 
[INFO] [stderr] warning: enum `AuthStatus` is never used
[INFO] [stderr]   --> src/provider/mod.rs:10:10
[INFO] [stderr]    |
[INFO] [stderr] 10 | pub enum AuthStatus {
[INFO] [stderr]    |          ^^^^^^^^^^
[INFO] [stderr] 
[INFO] [stderr] warning: variants `RateLimited` and `NotImplemented` are never constructed
[INFO] [stderr]   --> src/provider/mod.rs:24:5
[INFO] [stderr]    |
[INFO] [stderr] 16 | pub enum ProviderError {
[INFO] [stderr]    |          ------------- variants in this enum
[INFO] [stderr] ...
[INFO] [stderr] 24 |     RateLimited { provider: String, reset_at: chrono::DateTime<chrono::Utc> },
[INFO] [stderr]    |     ^^^^^^^^^^^
[INFO] [stderr] ...
[INFO] [stderr] 30 |     NotImplemented { provider: String },
[INFO] [stderr]    |     ^^^^^^^^^^^^^^
[INFO] [stderr]    |
[INFO] [stderr]    = note: `ProviderError` has a derived impl for the trait `Debug`, but this is intentionally ignored during dead code analysis
[INFO] [stderr] 
[INFO] [stderr] warning: methods `display_name`, `check_auth`, `get_pr_details`, and `get_pr_diff` are never used
[INFO] [stderr]   --> src/provider/mod.rs:42:8
[INFO] [stderr]    |
[INFO] [stderr] 37 | pub trait Provider: Send + Sync {
[INFO] [stderr]    |           -------- methods in this trait
[INFO] [stderr] ...
[INFO] [stderr] 42 |     fn display_name(&self) -> &'static str;
[INFO] [stderr]    |        ^^^^^^^^^^^^
[INFO] [stderr] ...
[INFO] [stderr] 45 |     async fn check_auth(&self) -> AuthStatus;
[INFO] [stderr]    |              ^^^^^^^^^^
[INFO] [stderr] ...
[INFO] [stderr] 51 |     async fn get_pr_details(&self, pr_id: &PrIdentifier) -> Result<PullRequest, ProviderError>;
[INFO] [stderr]    |              ^^^^^^^^^^^^^^
[INFO] [stderr] ...
[INFO] [stderr] 54 |     async fn get_pr_diff(&self, pr_id: &PrIdentifier) -> Result<String, ProviderError>;
[INFO] [stderr]    |              ^^^^^^^^^^^
[INFO] [stderr] 
[INFO] [stderr] warning: struct `MockProvider` is never constructed
[INFO] [stderr]  --> src/provider/mock.rs:6:12
[INFO] [stderr]   |
[INFO] [stderr] 6 | pub struct MockProvider;
[INFO] [stderr]   |            ^^^^^^^^^^^^
[INFO] [stderr] 
[INFO] [stderr] warning: associated function `new_with_base_url` is never used
[INFO] [stderr]   --> src/provider/github.rs:54:12
[INFO] [stderr]    |
[INFO] [stderr] 38 | impl GitHubProvider {
[INFO] [stderr]    | ------------------- associated function in this implementation
[INFO] [stderr] ...
[INFO] [stderr] 54 |     pub fn new_with_base_url(config: GithubConfig, base_url: String, cache_path: PathBuf) -> Self {
[INFO] [stderr]    |            ^^^^^^^^^^^^^^^^^
[INFO] [stderr] 
[INFO] [stderr] warning: fields `display_name` and `nickname` are never read
[INFO] [stderr]    --> src/provider/bitbucket.rs:203:5
[INFO] [stderr]     |
[INFO] [stderr] 201 | struct CloudParticipantUser {
[INFO] [stderr]     |        -------------------- fields in this struct
[INFO] [stderr] 202 |     account_id: Option<String>,
[INFO] [stderr] 203 |     display_name: String,
[INFO] [stderr]     |     ^^^^^^^^^^^^
[INFO] [stderr] 204 |     nickname: Option<String>,
[INFO] [stderr]     |     ^^^^^^^^
[INFO] [stderr] 
[INFO] [stderr] warning: associated functions `new_with_base_url` and `new_with_mode` are never used
[INFO] [stderr]    --> src/provider/bitbucket.rs:292:12
[INFO] [stderr]     |
[INFO] [stderr] 272 | impl BitbucketProvider {
[INFO] [stderr]     | ---------------------- associated functions in this implementation
[INFO] [stderr] ...
[INFO] [stderr] 292 |     pub fn new_with_base_url(
[INFO] [stderr]     |            ^^^^^^^^^^^^^^^^^
[INFO] [stderr] ...
[INFO] [stderr] 309 |     pub fn new_with_mode(
[INFO] [stderr]     |            ^^^^^^^^^^^^^
[INFO] [stderr] 
[INFO] [stderr] warning: `prlens` (bin "prlens") generated 13 warnings (1 duplicate)
[INFO] [stderr] warning: function `print_pr_table` is never used
[INFO] [stderr]   --> src/display.rs:58:8
[INFO] [stderr]    |
[INFO] [stderr] 58 | pub fn print_pr_table(provider_name: &str, prs: &[PullRequest]) {
[INFO] [stderr]    |        ^^^^^^^^^^^^^^
[INFO] [stderr]    |
[INFO] [stderr]    = note: `#[warn(dead_code)]` (part of `#[warn(unused)]`) on by default
[INFO] [stderr] 
[INFO] [stderr] warning: variant `RateLimited` is never constructed
[INFO] [stderr]   --> src/provider/mod.rs:24:5
[INFO] [stderr]    |
[INFO] [stderr] 16 | pub enum ProviderError {
[INFO] [stderr]    |          ------------- variant in this enum
[INFO] [stderr] ...
[INFO] [stderr] 24 |     RateLimited { provider: String, reset_at: chrono::DateTime<chrono::Utc> },
[INFO] [stderr]    |     ^^^^^^^^^^^
[INFO] [stderr]    |
[INFO] [stderr]    = note: `ProviderError` has a derived impl for the trait `Debug`, but this is intentionally ignored during dead code analysis
[INFO] [stderr] 
[INFO] [stderr] warning: methods `get_pr_details` and `get_pr_diff` are never used
[INFO] [stderr]   --> src/provider/mod.rs:51:14
[INFO] [stderr]    |
[INFO] [stderr] 37 | pub trait Provider: Send + Sync {
[INFO] [stderr]    |           -------- methods in this trait
[INFO] [stderr] ...
[INFO] [stderr] 51 |     async fn get_pr_details(&self, pr_id: &PrIdentifier) -> Result<PullRequest, ProviderError>;
[INFO] [stderr]    |              ^^^^^^^^^^^^^^
[INFO] [stderr] ...
[INFO] [stderr] 54 |     async fn get_pr_diff(&self, pr_id: &PrIdentifier) -> Result<String, ProviderError>;
[INFO] [stderr]    |              ^^^^^^^^^^^
[INFO] [stderr] 
[INFO] [stderr] warning: associated function `new_with_mode` is never used
[INFO] [stderr]    --> src/provider/bitbucket.rs:309:12
[INFO] [stderr]     |
[INFO] [stderr] 272 | impl BitbucketProvider {
[INFO] [stderr]     | ---------------------- associated function in this implementation
[INFO] [stderr] ...
[INFO] [stderr] 309 |     pub fn new_with_mode(
[INFO] [stderr]     |            ^^^^^^^^^^^^^
[INFO] [stderr] 
[INFO] [stderr] warning: comparison is useless due to type limits
[INFO] [stderr]     --> src/tui.rs:1055:17
[INFO] [stderr]      |
[INFO] [stderr] 1055 |         assert!(result.x >= 0, "x should be >= 0");
[INFO] [stderr]      |                 ^^^^^^^^^^^^^
[INFO] [stderr]      |
[INFO] [stderr]      = note: `#[warn(unused_comparisons)]` on by default
[INFO] [stderr] 
[INFO] [stderr] warning: comparison is useless due to type limits
[INFO] [stderr]     --> src/tui.rs:1057:17
[INFO] [stderr]      |
[INFO] [stderr] 1057 |         assert!(result.y >= 0, "y should be >= 0");
[INFO] [stderr]      |                 ^^^^^^^^^^^^^
[INFO] [stderr] 
[INFO] [stderr] warning: `prlens` (bin "prlens" test) generated 8 warnings (2 duplicates)
[INFO] [stderr] warning: `prlens` (lib test) generated 4 warnings (4 duplicates)
[INFO] [stderr]     Finished `test` profile [unoptimized + debuginfo] target(s) in 0.69s
[INFO] [stderr]      Running unittests src/lib.rs (/opt/rustwide/target/debug/deps/prlens-a145efbb0d4f217a)
[INFO] [stdout] 
[INFO] [stdout] running 90 tests
[INFO] [stdout] test cache::tests::cache_schema_roundtrip ... ok
[INFO] [stdout] test config::tests::config_default_when_missing ... ok
[INFO] [stdout] test cli::tests::parse_open_with_number_succeeds ... ok
[INFO] [stdout] test cache::tests::cache_corrupt_discarded ... ok
[INFO] [stdout] test cli::tests::parse_open_without_number_returns_err ... ok
[INFO] [stdout] test cli::tests::parse_default_sort_is_age ... ok
[INFO] [stdout] test cli::tests::parse_profile_short_flag ... ok
[INFO] [stdout] test cli::tests::parse_status_pending ... ok
[INFO] [stdout] test cli::tests::parse_profile_default_is_none ... ok
[INFO] [stdout] test cache::tests::cache_write_and_read_roundtrip ... ok
[INFO] [stdout] test cli::tests::parse_sort_author ... ok
[INFO] [stdout] test config::tests::bitbucket_config_default_new_fields_are_none ... ok
[INFO] [stdout] test cli::tests::parse_status_changes_requested ... ok
[INFO] [stdout] test cache::tests::cache_expired ... ok
[INFO] [stdout] test config::tests::bitbucket_config_clone ... ok
[INFO] [stdout] test display::tests::format_age_days ... ok
[INFO] [stdout] test display::tests::format_age_hours ... ok
[INFO] [stdout] test display::tests::format_age_minutes ... ok
[INFO] [stdout] test config::tests::jira_config_parse ... ok
[INFO] [stdout] test display::tests::draft_pr_has_d_prefix_in_title ... ok
[INFO] [stdout] test config::tests::profile_config_parse ... ok
[INFO] [stdout] test config::tests::config_unknown_keys_ignored ... ok
[INFO] [stdout] test config::tests::config_parse_partial ... ok
[INFO] [stdout] test cli::tests::parse_profile_long_flag ... ok
[INFO] [stdout] test config::tests::config_parse_bitbucket_new_fields ... ok
[INFO] [stdout] test cache::tests::cache_hit_within_ttl ... ok
[INFO] [stdout] test display::tests::format_age_future_clock_skew ... ok
[INFO] [stdout] test config::tests::jira_config_default ... ok
[INFO] [stdout] test display::tests::format_age_months ... ok
[INFO] [stdout] test display::tests::format_ci_status_cancelled ... ok
[INFO] [stdout] test display::tests::format_ci_status_failed ... ok
[INFO] [stdout] test display::tests::format_age_weeks ... ok
[INFO] [stdout] test display::tests::format_ci_status_running ... ok
[INFO] [stdout] test display::tests::format_ci_status_success ... ok
[INFO] [stdout] test display::tests::format_ci_status_pending ... ok
[INFO] [stdout] test display::tests::non_draft_pr_has_no_d_prefix ... ok
[INFO] [stdout] test display::tests::print_pr_table_unified_empty_prints_no_prs_message ... ok
[INFO] [stdout] test provider::bitbucket::tests::map_reviewer_state_approved ... ok
[INFO] [stdout] test models::tests::models_round_trip ... ok
[INFO] [stdout] test display::tests::format_age_now ... ok
[INFO] [stdout] test provider::bitbucket::tests::map_reviewer_state_needs_work ... ok
[INFO] [stdout] test provider::bitbucket::tests::mode_detection_cloud ... ok
[INFO] [stdout] test display::tests::format_ci_status_none_returns_dash ... ok
[INFO] [stdout] test provider::bitbucket::tests::mode_detection_custom_url_is_data_center ... ok
[INFO] [stdout] test provider::bitbucket::tests::mode_detection_data_center ... ok
[INFO] [stdout] test provider::bitbucket::tests::mode_detection_default_is_cloud ... ok
[INFO] [stdout] test provider::bitbucket::tests::normalize_dc_pr_epoch_ms_timestamp ... ok
[INFO] [stdout] test provider::bitbucket::tests::provider_name ... ok
[INFO] [stdout] test provider::bitbucket::tests::provider_name_test_constructor ... ok
[INFO] [stdout] test provider::bitbucket::tests::map_reviewer_state_pending ... ok
[INFO] [stdout] test display::tests::print_pr_table_unified_single_pr_does_not_panic ... ok
[INFO] [stdout] test provider::bitbucket::tests::check_auth_available_when_bb_token_set ... ok
[INFO] [stdout] test provider::bitbucket::tests::check_auth_missing_when_no_token ... ok
[INFO] [stdout] test provider::bitbucket::tests::check_auth_available_when_config_token_set ... ok
[INFO] [stdout] test provider::bitbucket::tests::resolve_token_empty_env_var_falls_back_to_config ... ok
[INFO] [stdout] test provider::bitbucket::tests::resolve_token_env_var_takes_priority_over_config ... ok
[INFO] [stdout] test provider::bitbucket::tests::validate_base_url_allows_https ... ok
[INFO] [stdout] test provider::bitbucket::tests::validate_base_url_allows_http_localhost ... ok
[INFO] [stdout] test provider::github::tests::ci_status_mapping ... ok
[INFO] [stdout] test provider::github::tests::draft_field_unwrap_or_false_when_some_true ... ok
[INFO] [stdout] test provider::github::tests::provider_name ... ok
[INFO] [stdout] test provider::github::tests::check_auth_missing_constructor_smoke ... ok
[INFO] [stdout] test provider::tests::provider_error_display ... ok
[INFO] [stdout] test tui::tests::delete_char_removes_last ... ok
[INFO] [stdout] test provider::mock::tests::mock_provider_list_prs ... ok
[INFO] [stdout] test tui::tests::enter_char_unicode ... ok
[INFO] [stdout] test tui::tests::format_age_minutes ... ok
[INFO] [stdout] test tui::tests::format_age_hours ... ok
[INFO] [stdout] test tui::tests::format_ci_status_icons ... ok
[INFO] [stdout] test tui::tests::draft_filter_shows_drafts ... ok
[INFO] [stdout] test tui::tests::draft_filter_hides_drafts ... ok
[INFO] [stdout] test provider::bitbucket::tests::resolve_token_bb_token_env_var ... ok
[INFO] [stdout] test provider::registry::tests::registry_with_mock ... ok
[INFO] [stdout] test provider::registry::tests::registry_partial_failure_github ... ok
[INFO] [stdout] test provider::bitbucket::tests::resolve_token_config_fallback_when_env_absent ... ok
[INFO] [stdout] test provider::bitbucket::tests::resolve_token_none_when_both_absent ... ok
[INFO] [stdout] test provider::bitbucket::tests::validate_base_url_rejects_http_non_localhost ... ok
[INFO] [stdout] test tui::tests::jira_key_extraction ... ok
[INFO] [stdout] test tui::tests::jira_key_extraction_first ... ok
[INFO] [stdout] test tui::tests::jira_key_extraction_none ... ok
[INFO] [stdout] test tui::tests::format_review_status_all_variants ... ok
[INFO] [stdout] test tui::tests::profile_filter_by_org ... ok
[INFO] [stdout] test tui::tests::profile_filter_none_passes_all ... ok
[INFO] [stdout] test tui::tests::profile_filter_org_ignores_repo_name ... ok
[INFO] [stdout] test tui::tests::profile_filter_by_repo ... ok
[INFO] [stdout] test tui::tests::provider_badge_bitbucket ... ok
[INFO] [stdout] test tui::tests::provider_badge_github ... ok
[INFO] [stdout] test tui::tests::run_interactive_empty_does_not_panic ... ok
[INFO] [stdout] test tui::tests::search_filter ... ok
[INFO] [stdout] test tui::tests::popup_area_contained ... ok
[INFO] [stdout] 
[INFO] [stdout] test result: ok. 90 passed; 0 failed; 0 ignored; 0 measured; 0 filtered out; finished in 0.07s
[INFO] [stdout] 
[INFO] [stderr]      Running unittests src/main.rs (/opt/rustwide/target/debug/deps/prlens-baeec7b9c3dcc134)
[INFO] [stdout] 
[INFO] [stdout] running 98 tests
[INFO] [stdout] test cache::tests::cache_expired ... ok
[INFO] [stdout] test cache::tests::cache_hit_within_ttl ... ok
[INFO] [stdout] test cache::tests::cache_corrupt_discarded ... ok
[INFO] [stdout] test cache::tests::cache_schema_roundtrip ... ok
[INFO] [stdout] test cache::tests::cache_write_and_read_roundtrip ... ok
[INFO] [stdout] test cli::tests::parse_open_with_number_succeeds ... ok
[INFO] [stdout] test cli::tests::parse_default_sort_is_age ... ok
[INFO] [stdout] test cli::tests::parse_open_without_number_returns_err ... ok
[INFO] [stdout] test cli::tests::parse_profile_default_is_none ... ok
[INFO] [stdout] test cli::tests::parse_profile_short_flag ... ok
[INFO] [stdout] test cli::tests::parse_profile_long_flag ... ok
[INFO] [stdout] test cli::tests::parse_sort_author ... ok
[INFO] [stdout] test cli::tests::parse_status_changes_requested ... ok
[INFO] [stdout] test config::tests::bitbucket_config_clone ... ok
[INFO] [stdout] test config::tests::bitbucket_config_default_new_fields_are_none ... ok
[INFO] [stdout] test config::tests::config_default_when_missing ... ok
[INFO] [stdout] test cli::tests::parse_status_pending ... ok
[INFO] [stdout] test config::tests::jira_config_default ... ok
[INFO] [stdout] test config::tests::config_parse_partial ... ok
[INFO] [stdout] test config::tests::config_parse_bitbucket_new_fields ... ok
[INFO] [stdout] test display::tests::draft_pr_has_d_prefix_in_title ... ok
[INFO] [stdout] test display::tests::format_age_days ... ok
[INFO] [stdout] test config::tests::config_unknown_keys_ignored ... ok
[INFO] [stdout] test display::tests::format_age_future_clock_skew ... ok
[INFO] [stdout] test display::tests::format_age_hours ... ok
[INFO] [stdout] test config::tests::profile_config_parse ... ok
[INFO] [stdout] test display::tests::format_age_minutes ... ok
[INFO] [stdout] test display::tests::format_age_months ... ok
[INFO] [stdout] test display::tests::format_ci_status_failed ... ok
[INFO] [stdout] test display::tests::format_age_now ... ok
[INFO] [stdout] test display::tests::format_ci_status_none_returns_dash ... ok
[INFO] [stdout] test display::tests::non_draft_pr_has_no_d_prefix ... ok
[INFO] [stdout] test display::tests::format_ci_status_success ... ok
[INFO] [stdout] test config::tests::jira_config_parse ... ok
[INFO] [stdout] test display::tests::format_ci_status_cancelled ... ok
[INFO] [stdout] test display::tests::print_pr_table_unified_single_pr_does_not_panic ... ok
[INFO] [stdout] test models::tests::models_round_trip ... ok
[INFO] [stdout] test provider::bitbucket::tests::check_auth_available_when_config_token_set ... ok
[INFO] [stdout] test provider::bitbucket::tests::check_auth_available_when_bb_token_set ... ok
[INFO] [stdout] test provider::bitbucket::tests::check_auth_missing_when_no_token ... ok
[INFO] [stdout] test display::tests::format_age_weeks ... ok
[INFO] [stdout] test display::tests::print_pr_table_unified_empty_prints_no_prs_message ... ok
[INFO] [stdout] test display::tests::format_ci_status_pending ... ok
[INFO] [stdout] test provider::bitbucket::tests::map_reviewer_state_approved ... ok
[INFO] [stdout] test provider::bitbucket::tests::map_reviewer_state_needs_work ... ok
[INFO] [stdout] test provider::bitbucket::tests::map_reviewer_state_pending ... ok
[INFO] [stdout] test provider::bitbucket::tests::mode_detection_cloud ... ok
[INFO] [stdout] test provider::bitbucket::tests::mode_detection_data_center ... ok
[INFO] [stdout] test provider::bitbucket::tests::mode_detection_custom_url_is_data_center ... ok
[INFO] [stdout] test provider::bitbucket::tests::mode_detection_default_is_cloud ... ok
[INFO] [stdout] test provider::bitbucket::tests::provider_name_test_constructor ... ok
[INFO] [stdout] test provider::bitbucket::tests::normalize_dc_pr_epoch_ms_timestamp ... ok
[INFO] [stdout] test provider::bitbucket::tests::resolve_token_bb_token_env_var ... ok
[INFO] [stdout] test provider::bitbucket::tests::resolve_token_config_fallback_when_env_absent ... ok
[INFO] [stdout] test provider::bitbucket::tests::resolve_token_empty_env_var_falls_back_to_config ... ok
[INFO] [stdout] test provider::bitbucket::tests::validate_base_url_allows_http_localhost ... ok
[INFO] [stdout] test provider::bitbucket::tests::validate_base_url_allows_https ... ok
[INFO] [stdout] test provider::bitbucket::tests::validate_base_url_rejects_http_non_localhost ... ok
[INFO] [stdout] test provider::github::tests::ci_status_mapping ... ok
[INFO] [stdout] test provider::github::tests::draft_field_unwrap_or_false_when_some_true ... ok
[INFO] [stdout] test provider::github::tests::provider_name ... ok
[INFO] [stdout] test provider::bitbucket::tests::resolve_token_env_var_takes_priority_over_config ... ok
[INFO] [stdout] test provider::bitbucket::tests::resolve_token_none_when_both_absent ... ok
[INFO] [stdout] test provider::bitbucket::tests::provider_name ... ok
[INFO] [stdout] test provider::registry::tests::registry_partial_failure_github ... ok
[INFO] [stdout] test tests::repo_filter_by_short_name_matches ... ok
[INFO] [stdout] test provider::registry::tests::registry_with_mock ... ok
[INFO] [stdout] test tests::sort_age_orders_oldest_first ... ok
[INFO] [stdout] test provider::github::tests::check_auth_missing_constructor_smoke ... ok
[INFO] [stdout] test tui::tests::delete_char_removes_last ... ok
[INFO] [stdout] test provider::mock::tests::mock_provider_list_prs ... ok
[INFO] [stdout] test provider::tests::provider_error_display ... ok
[INFO] [stdout] test tests::open_find_returns_none_when_prs_empty ... ok
[INFO] [stdout] test tests::open_find_returns_pr_when_number_matches ... ok
[INFO] [stdout] test tests::repo_filter_by_full_name_matches ... ok
[INFO] [stdout] test tui::tests::draft_filter_hides_drafts ... ok
[INFO] [stdout] test tui::tests::draft_filter_shows_drafts ... ok
[INFO] [stdout] test tests::status_sort_key_ordering ... ok
[INFO] [stdout] test tui::tests::enter_char_unicode ... ok
[INFO] [stdout] test tests::and_semantics_repo_and_status_filter ... ok
[INFO] [stdout] test tui::tests::profile_filter_none_passes_all ... ok
[INFO] [stdout] test tests::status_filter_pending_matches_needs_review_and_in_review ... ok
[INFO] [stdout] test tui::tests::format_age_hours ... ok
[INFO] [stdout] test tui::tests::format_age_minutes ... ok
[INFO] [stdout] test tui::tests::format_ci_status_icons ... ok
[INFO] [stdout] test tui::tests::format_review_status_all_variants ... ok
[INFO] [stdout] test tui::tests::jira_key_extraction_first ... ok
[INFO] [stdout] test tui::tests::jira_key_extraction ... ok
[INFO] [stdout] test tui::tests::jira_key_extraction_none ... ok
[INFO] [stdout] test tui::tests::popup_area_contained ... ok
[INFO] [stdout] test tui::tests::profile_filter_by_org ... ok
[INFO] [stdout] test tui::tests::provider_badge_bitbucket ... ok
[INFO] [stdout] test tui::tests::provider_badge_github ... ok
[INFO] [stdout] test tui::tests::run_interactive_empty_does_not_panic ... ok
[INFO] [stdout] test tui::tests::profile_filter_org_ignores_repo_name ... ok
[INFO] [stdout] test tui::tests::search_filter ... ok
[INFO] [stdout] test tui::tests::profile_filter_by_repo ... ok
[INFO] [stderr]      Running tests/bitbucket_provider_integration.rs (/opt/rustwide/target/debug/deps/bitbucket_provider_integration-41a15862610eff4d)
[INFO] [stdout] test display::tests::format_ci_status_running ... ok
[INFO] [stdout] 
[INFO] [stdout] test result: ok. 98 passed; 0 failed; 0 ignored; 0 measured; 0 filtered out; finished in 0.02s
[INFO] [stdout] 
[INFO] [stdout] 
[INFO] [stdout] running 8 tests
[INFO] [stdout] test check_auth_available_when_bb_token_set ... ok
[INFO] [stdout] test check_auth_available_when_config_token_set ... ok
[INFO] [stdout] test check_auth_missing_when_no_token ... ok
[INFO] [stdout] test cache_hit_skips_api_call ... ok
[INFO] [stdout] test list_prs_cloud_draft_true ... ok
[INFO] [stdout] test list_prs_cloud_returns_results ... ok
[INFO] [stdout] test list_prs_data_center_pagination ... ok
[INFO] [stdout] test list_prs_data_center_returns_results ... ok
[INFO] [stdout] 
[INFO] [stdout] test result: ok. 8 passed; 0 failed; 0 ignored; 0 measured; 0 filtered out; finished in 0.31s
[INFO] [stdout] 
[INFO] [stderr]      Running tests/github_provider_integration.rs (/opt/rustwide/target/debug/deps/github_provider_integration-ab6978625b68097a)
[INFO] [stdout] 
[INFO] [stdout] running 4 tests
[INFO] [stdout] test cache_hit_skips_api_call ... ok
[INFO] [stdout] test list_prs_returns_search_results ... FAILED
[INFO] [stdout] test re_review_detected ... FAILED
[INFO] [stdout] test list_prs_empty_when_no_prs ... FAILED
[INFO] [stdout] 
[INFO] [stdout] failures:
[INFO] [stdout] 
[INFO] [stdout] ---- list_prs_returns_search_results stdout ----
[INFO] [stdout] 
[INFO] [stdout] thread 'list_prs_returns_search_results' (3646) panicked at tests/github_provider_integration.rs:158:44:
[INFO] [stdout] called `Result::unwrap()` on an `Err` value: AuthMissing { provider: "github", reason: "gh CLI not found: No such file or directory (os error 2)" }
[INFO] [stdout] stack backtrace:
[INFO] [stdout]    0:     0x63328df37a91 - std[73adb7dc35730857]::backtrace_rs::backtrace::libunwind::trace
[INFO] [stdout]                                at /rustc/6b3fa26749ab40e159b2dd5cf577acaaf5902772/library/std/src/../../backtrace/src/backtrace/libunwind.rs:117:9
[INFO] [stdout]    1:     0x63328df37a91 - std[73adb7dc35730857]::backtrace_rs::backtrace::trace_unsynchronized::<std[73adb7dc35730857]::sys::backtrace::_print_fmt::{closure#1}>
[INFO] [stdout]                                at /rustc/6b3fa26749ab40e159b2dd5cf577acaaf5902772/library/std/src/../../backtrace/src/backtrace/mod.rs:66:14
[INFO] [stdout]    2:     0x63328df37a91 - std[73adb7dc35730857]::sys::backtrace::_print_fmt
[INFO] [stdout]                                at /rustc/6b3fa26749ab40e159b2dd5cf577acaaf5902772/library/std/src/sys/backtrace.rs:74:9
[INFO] [stdout]    3:     0x63328df37a91 - <<std[73adb7dc35730857]::sys::backtrace::BacktraceLock>::print::DisplayBacktrace as core[6883ba1bc0fe4ed1]::fmt::Display>::fmt
[INFO] [stdout]                                at /rustc/6b3fa26749ab40e159b2dd5cf577acaaf5902772/library/std/src/sys/backtrace.rs:44:26
[INFO] [stdout]    4:     0x63328df4f5aa - <core[6883ba1bc0fe4ed1]::fmt::rt::Argument>::fmt
[INFO] [stdout]                                at /rustc/6b3fa26749ab40e159b2dd5cf577acaaf5902772/library/core/src/fmt/rt.rs:152:76
[INFO] [stdout]    5:     0x63328df4f5aa - core[6883ba1bc0fe4ed1]::fmt::write
[INFO] [stdout]    6:     0x63328df3d4bc - std[73adb7dc35730857]::io::default_write_fmt::<alloc[55a36b64bcbf2c0d]::vec::Vec<u8>>
[INFO] [stdout]                                at /rustc/6b3fa26749ab40e159b2dd5cf577acaaf5902772/library/std/src/io/mod.rs:626:11
[INFO] [stdout]    7:     0x63328df3d4bc - <alloc[55a36b64bcbf2c0d]::vec::Vec<u8> as std[73adb7dc35730857]::io::Write>::write_fmt
[INFO] [stdout]                                at /rustc/6b3fa26749ab40e159b2dd5cf577acaaf5902772/library/std/src/io/mod.rs:1730:13
[INFO] [stdout]    8:     0x63328df11e86 - <std[73adb7dc35730857]::sys::backtrace::BacktraceLock>::print
[INFO] [stdout]                                at /rustc/6b3fa26749ab40e159b2dd5cf577acaaf5902772/library/std/src/sys/backtrace.rs:47:9
[INFO] [stdout]    9:     0x63328df11e86 - std[73adb7dc35730857]::panicking::default_hook::{closure#0}
[INFO] [stdout]                                at /rustc/6b3fa26749ab40e159b2dd5cf577acaaf5902772/library/std/src/panicking.rs:292:27
[INFO] [stdout]   10:     0x63328df2e0b9 - std[73adb7dc35730857]::panicking::default_hook
[INFO] [stdout]                                at /rustc/6b3fa26749ab40e159b2dd5cf577acaaf5902772/library/std/src/panicking.rs:316:9
[INFO] [stdout]   11:     0x63328d446550 - <alloc[55a36b64bcbf2c0d]::boxed::Box<dyn for<'a, 'b> core[6883ba1bc0fe4ed1]::ops::function::Fn<(&'a std[73adb7dc35730857]::panic::PanicHookInfo<'b>,), Output = ()> + core[6883ba1bc0fe4ed1]::marker::Send + core[6883ba1bc0fe4ed1]::marker::Sync> as core[6883ba1bc0fe4ed1]::ops::function::Fn<(&std[73adb7dc35730857]::panic::PanicHookInfo,)>>::call
[INFO] [stdout]                                at /rustc/6b3fa26749ab40e159b2dd5cf577acaaf5902772/library/alloc/src/boxed.rs:2333:9
[INFO] [stdout]   12:     0x63328d446550 - test[980ffaebd391d06d]::test_main_inner::<test[980ffaebd391d06d]::test_main_static::{closure#0}>::{closure#0}
[INFO] [stdout]                                at /rustc/6b3fa26749ab40e159b2dd5cf577acaaf5902772/library/test/src/lib.rs:155:21
[INFO] [stdout]   13:     0x63328df2e3e2 - <alloc[55a36b64bcbf2c0d]::boxed::Box<dyn for<'a, 'b> core[6883ba1bc0fe4ed1]::ops::function::Fn<(&'a std[73adb7dc35730857]::panic::PanicHookInfo<'b>,), Output = ()> + core[6883ba1bc0fe4ed1]::marker::Send + core[6883ba1bc0fe4ed1]::marker::Sync> as core[6883ba1bc0fe4ed1]::ops::function::Fn<(&std[73adb7dc35730857]::panic::PanicHookInfo,)>>::call
[INFO] [stdout]                                at /rustc/6b3fa26749ab40e159b2dd5cf577acaaf5902772/library/alloc/src/boxed.rs:2333:9
[INFO] [stdout]   14:     0x63328df2e3e2 - std[73adb7dc35730857]::panicking::panic_with_hook
[INFO] [stdout]                                at /rustc/6b3fa26749ab40e159b2dd5cf577acaaf5902772/library/std/src/panicking.rs:823:13
[INFO] [stdout]   15:     0x63328df11f32 - std[73adb7dc35730857]::panicking::panic_handler::{closure#0}
[INFO] [stdout]                                at /rustc/6b3fa26749ab40e159b2dd5cf577acaaf5902772/library/std/src/panicking.rs:688:13
[INFO] [stdout]   16:     0x63328df08e59 - std[73adb7dc35730857]::sys::backtrace::__rust_end_short_backtrace::<std[73adb7dc35730857]::panicking::panic_handler::{closure#0}, !>
[INFO] [stdout]                                at /rustc/6b3fa26749ab40e159b2dd5cf577acaaf5902772/library/std/src/sys/backtrace.rs:182:18
[INFO] [stdout]   17:     0x63328df12f1d - __rustc[a7b7b02e776dd976]::rust_begin_unwind
[INFO] [stdout]                                at /rustc/6b3fa26749ab40e159b2dd5cf577acaaf5902772/library/std/src/panicking.rs:679:5
[INFO] [stdout]   18:     0x63328df4fddc - core[6883ba1bc0fe4ed1]::panicking::panic_fmt
[INFO] [stdout]                                at /rustc/6b3fa26749ab40e159b2dd5cf577acaaf5902772/library/core/src/panicking.rs:80:14
[INFO] [stdout]   19:     0x63328df4fb22 - core[6883ba1bc0fe4ed1]::result::unwrap_failed
[INFO] [stdout]                                at /rustc/6b3fa26749ab40e159b2dd5cf577acaaf5902772/library/core/src/result.rs:1870:5
[INFO] [stdout]   20:     0x63328d3a2d72 - <core[6883ba1bc0fe4ed1]::result::Result<alloc[55a36b64bcbf2c0d]::vec::Vec<prlens[c9fb389fad597bd5]::models::PullRequest>, prlens[c9fb389fad597bd5]::provider::ProviderError>>::unwrap
[INFO] [stdout]                                at /rustc/6b3fa26749ab40e159b2dd5cf577acaaf5902772/library/core/src/result.rs:1231:23
[INFO] [stdout]   21:     0x63328d3a2d72 - github_provider_integration[b312eeb85871eae2]::list_prs_returns_search_results::{closure#0}
[INFO] [stdout]                                at /opt/rustwide/workdir/tests/github_provider_integration.rs:158:44
[INFO] [stdout]   22:     0x63328d3e1bf2 - <core[6883ba1bc0fe4ed1]::pin::Pin<&mut dyn core[6883ba1bc0fe4ed1]::future::future::Future<Output = ()>> as core[6883ba1bc0fe4ed1]::future::future::Future>::poll
[INFO] [stdout]                                at /rustc/6b3fa26749ab40e159b2dd5cf577acaaf5902772/library/core/src/future/future.rs:133:9
[INFO] [stdout]   23:     0x63328d3e1cad - <core[6883ba1bc0fe4ed1]::pin::Pin<&mut core[6883ba1bc0fe4ed1]::pin::Pin<&mut dyn core[6883ba1bc0fe4ed1]::future::future::Future<Output = ()>>> as core[6883ba1bc0fe4ed1]::future::future::Future>::poll
[INFO] [stdout]                                at /rustc/6b3fa26749ab40e159b2dd5cf577acaaf5902772/library/core/src/future/future.rs:133:9
[INFO] [stdout]   24:     0x63328d3d847d - <tokio[b2311390d60af2fe]::runtime::scheduler::current_thread::CoreGuard>::block_on::<core[6883ba1bc0fe4ed1]::pin::Pin<&mut core[6883ba1bc0fe4ed1]::pin::Pin<&mut dyn core[6883ba1bc0fe4ed1]::future::future::Future<Output = ()>>>>::{closure#0}::{closure#0}::{closure#0}
[INFO] [stdout]                                at /opt/rustwide/cargo-home/registry/src/index.crates.io-1949cf8c6b5b557f/tokio-1.52.3/src/runtime/scheduler/current_thread/mod.rs:778:70
[INFO] [stdout]   25:     0x63328d3d819b - tokio[b2311390d60af2fe]::task::coop::with_budget::<core[6883ba1bc0fe4ed1]::task::poll::Poll<()>, <tokio[b2311390d60af2fe]::runtime::scheduler::current_thread::CoreGuard>::block_on<core[6883ba1bc0fe4ed1]::pin::Pin<&mut core[6883ba1bc0fe4ed1]::pin::Pin<&mut dyn core[6883ba1bc0fe4ed1]::future::future::Future<Output = ()>>>>::{closure#0}::{closure#0}::{closure#0}>
[INFO] [stdout]                                at /opt/rustwide/cargo-home/registry/src/index.crates.io-1949cf8c6b5b557f/tokio-1.52.3/src/task/coop/mod.rs:167:5
[INFO] [stdout]   26:     0x63328d3d819b - tokio[b2311390d60af2fe]::task::coop::budget::<core[6883ba1bc0fe4ed1]::task::poll::Poll<()>, <tokio[b2311390d60af2fe]::runtime::scheduler::current_thread::CoreGuard>::block_on<core[6883ba1bc0fe4ed1]::pin::Pin<&mut core[6883ba1bc0fe4ed1]::pin::Pin<&mut dyn core[6883ba1bc0fe4ed1]::future::future::Future<Output = ()>>>>::{closure#0}::{closure#0}::{closure#0}>
[INFO] [stdout]                                at /opt/rustwide/cargo-home/registry/src/index.crates.io-1949cf8c6b5b557f/tokio-1.52.3/src/task/coop/mod.rs:133:5
[INFO] [stdout]   27:     0x63328d3d819b - <tokio[b2311390d60af2fe]::runtime::scheduler::current_thread::CoreGuard>::block_on::<core[6883ba1bc0fe4ed1]::pin::Pin<&mut core[6883ba1bc0fe4ed1]::pin::Pin<&mut dyn core[6883ba1bc0fe4ed1]::future::future::Future<Output = ()>>>>::{closure#0}::{closure#0}
[INFO] [stdout]                                at /opt/rustwide/cargo-home/registry/src/index.crates.io-1949cf8c6b5b557f/tokio-1.52.3/src/runtime/scheduler/current_thread/mod.rs:778:25
[INFO] [stdout]   28:     0x63328d3d0190 - <tokio[b2311390d60af2fe]::runtime::scheduler::current_thread::Context>::enter::<core[6883ba1bc0fe4ed1]::task::poll::Poll<()>, <tokio[b2311390d60af2fe]::runtime::scheduler::current_thread::CoreGuard>::block_on<core[6883ba1bc0fe4ed1]::pin::Pin<&mut core[6883ba1bc0fe4ed1]::pin::Pin<&mut dyn core[6883ba1bc0fe4ed1]::future::future::Future<Output = ()>>>>::{closure#0}::{closure#0}>
[INFO] [stdout]                                at /opt/rustwide/cargo-home/registry/src/index.crates.io-1949cf8c6b5b557f/tokio-1.52.3/src/runtime/scheduler/current_thread/mod.rs:451:19
[INFO] [stdout]   29:     0x63328d3d673d - <tokio[b2311390d60af2fe]::runtime::scheduler::current_thread::CoreGuard>::block_on::<core[6883ba1bc0fe4ed1]::pin::Pin<&mut core[6883ba1bc0fe4ed1]::pin::Pin<&mut dyn core[6883ba1bc0fe4ed1]::future::future::Future<Output = ()>>>>::{closure#0}
[INFO] [stdout]                                at /opt/rustwide/cargo-home/registry/src/index.crates.io-1949cf8c6b5b557f/tokio-1.52.3/src/runtime/scheduler/current_thread/mod.rs:777:44
[INFO] [stdout]   30:     0x63328d3d4ee4 - <tokio[b2311390d60af2fe]::runtime::scheduler::current_thread::CoreGuard>::enter::<<tokio[b2311390d60af2fe]::runtime::scheduler::current_thread::CoreGuard>::block_on<core[6883ba1bc0fe4ed1]::pin::Pin<&mut core[6883ba1bc0fe4ed1]::pin::Pin<&mut dyn core[6883ba1bc0fe4ed1]::future::future::Future<Output = ()>>>>::{closure#0}, core[6883ba1bc0fe4ed1]::option::Option<()>>::{closure#0}
[INFO] [stdout]                                at /opt/rustwide/cargo-home/registry/src/index.crates.io-1949cf8c6b5b557f/tokio-1.52.3/src/runtime/scheduler/current_thread/mod.rs:865:68
[INFO] [stdout]   31:     0x63328d40086b - <tokio[b2311390d60af2fe]::runtime::context::scoped::Scoped<tokio[b2311390d60af2fe]::runtime::scheduler::Context>>::set::<<tokio[b2311390d60af2fe]::runtime::scheduler::current_thread::CoreGuard>::enter<<tokio[b2311390d60af2fe]::runtime::scheduler::current_thread::CoreGuard>::block_on<core[6883ba1bc0fe4ed1]::pin::Pin<&mut core[6883ba1bc0fe4ed1]::pin::Pin<&mut dyn core[6883ba1bc0fe4ed1]::future::future::Future<Output = ()>>>>::{closure#0}, core[6883ba1bc0fe4ed1]::option::Option<()>>::{closure#0}, (alloc[55a36b64bcbf2c0d]::boxed::Box<tokio[b2311390d60af2fe]::runtime::scheduler::current_thread::Core>, core[6883ba1bc0fe4ed1]::option::Option<()>)>
[INFO] [stdout]                                at /opt/rustwide/cargo-home/registry/src/index.crates.io-1949cf8c6b5b557f/tokio-1.52.3/src/runtime/context/scoped.rs:40:9
[INFO] [stdout]   32:     0x63328d434d49 - tokio[b2311390d60af2fe]::runtime::context::set_scheduler::<(alloc[55a36b64bcbf2c0d]::boxed::Box<tokio[b2311390d60af2fe]::runtime::scheduler::current_thread::Core>, core[6883ba1bc0fe4ed1]::option::Option<()>), <tokio[b2311390d60af2fe]::runtime::scheduler::current_thread::CoreGuard>::enter<<tokio[b2311390d60af2fe]::runtime::scheduler::current_thread::CoreGuard>::block_on<core[6883ba1bc0fe4ed1]::pin::Pin<&mut core[6883ba1bc0fe4ed1]::pin::Pin<&mut dyn core[6883ba1bc0fe4ed1]::future::future::Future<Output = ()>>>>::{closure#0}, core[6883ba1bc0fe4ed1]::option::Option<()>>::{closure#0}>::{closure#0}
[INFO] [stdout]                                at /opt/rustwide/cargo-home/registry/src/index.crates.io-1949cf8c6b5b557f/tokio-1.52.3/src/runtime/context.rs:181:38
[INFO] [stdout]   33:     0x63328d3bee12 - <std[73adb7dc35730857]::thread::local::LocalKey<tokio[b2311390d60af2fe]::runtime::context::Context>>::try_with::<tokio[b2311390d60af2fe]::runtime::context::set_scheduler<(alloc[55a36b64bcbf2c0d]::boxed::Box<tokio[b2311390d60af2fe]::runtime::scheduler::current_thread::Core>, core[6883ba1bc0fe4ed1]::option::Option<()>), <tokio[b2311390d60af2fe]::runtime::scheduler::current_thread::CoreGuard>::enter<<tokio[b2311390d60af2fe]::runtime::scheduler::current_thread::CoreGuard>::block_on<core[6883ba1bc0fe4ed1]::pin::Pin<&mut core[6883ba1bc0fe4ed1]::pin::Pin<&mut dyn core[6883ba1bc0fe4ed1]::future::future::Future<Output = ()>>>>::{closure#0}, core[6883ba1bc0fe4ed1]::option::Option<()>>::{closure#0}>::{closure#0}, (alloc[55a36b64bcbf2c0d]::boxed::Box<tokio[b2311390d60af2fe]::runtime::scheduler::current_thread::Core>, core[6883ba1bc0fe4ed1]::option::Option<()>)>
[INFO] [stdout]                                at /rustc/6b3fa26749ab40e159b2dd5cf577acaaf5902772/library/std/src/thread/local.rs:463:12
[INFO] [stdout]   34:     0x63328d3be5fe - <std[73adb7dc35730857]::thread::local::LocalKey<tokio[b2311390d60af2fe]::runtime::context::Context>>::with::<tokio[b2311390d60af2fe]::runtime::context::set_scheduler<(alloc[55a36b64bcbf2c0d]::boxed::Box<tokio[b2311390d60af2fe]::runtime::scheduler::current_thread::Core>, core[6883ba1bc0fe4ed1]::option::Option<()>), <tokio[b2311390d60af2fe]::runtime::scheduler::current_thread::CoreGuard>::enter<<tokio[b2311390d60af2fe]::runtime::scheduler::current_thread::CoreGuard>::block_on<core[6883ba1bc0fe4ed1]::pin::Pin<&mut core[6883ba1bc0fe4ed1]::pin::Pin<&mut dyn core[6883ba1bc0fe4ed1]::future::future::Future<Output = ()>>>>::{closure#0}, core[6883ba1bc0fe4ed1]::option::Option<()>>::{closure#0}>::{closure#0}, (alloc[55a36b64bcbf2c0d]::boxed::Box<tokio[b2311390d60af2fe]::runtime::scheduler::current_thread::Core>, core[6883ba1bc0fe4ed1]::option::Option<()>)>
[INFO] [stdout]                                at /rustc/6b3fa26749ab40e159b2dd5cf577acaaf5902772/library/std/src/thread/local.rs:427:20
[INFO] [stdout]   35:     0x63328d43473d - tokio[b2311390d60af2fe]::runtime::context::set_scheduler::<(alloc[55a36b64bcbf2c0d]::boxed::Box<tokio[b2311390d60af2fe]::runtime::scheduler::current_thread::Core>, core[6883ba1bc0fe4ed1]::option::Option<()>), <tokio[b2311390d60af2fe]::runtime::scheduler::current_thread::CoreGuard>::enter<<tokio[b2311390d60af2fe]::runtime::scheduler::current_thread::CoreGuard>::block_on<core[6883ba1bc0fe4ed1]::pin::Pin<&mut core[6883ba1bc0fe4ed1]::pin::Pin<&mut dyn core[6883ba1bc0fe4ed1]::future::future::Future<Output = ()>>>>::{closure#0}, core[6883ba1bc0fe4ed1]::option::Option<()>>::{closure#0}>
[INFO] [stdout]                                at /opt/rustwide/cargo-home/registry/src/index.crates.io-1949cf8c6b5b557f/tokio-1.52.3/src/runtime/context.rs:181:17
[INFO] [stdout]   36:     0x63328d3d3230 - <tokio[b2311390d60af2fe]::runtime::scheduler::current_thread::CoreGuard>::enter::<<tokio[b2311390d60af2fe]::runtime::scheduler::current_thread::CoreGuard>::block_on<core[6883ba1bc0fe4ed1]::pin::Pin<&mut core[6883ba1bc0fe4ed1]::pin::Pin<&mut dyn core[6883ba1bc0fe4ed1]::future::future::Future<Output = ()>>>>::{closure#0}, core[6883ba1bc0fe4ed1]::option::Option<()>>
[INFO] [stdout]                                at /opt/rustwide/cargo-home/registry/src/index.crates.io-1949cf8c6b5b557f/tokio-1.52.3/src/runtime/scheduler/current_thread/mod.rs:865:27
[INFO] [stdout]   37:     0x63328d3d39c6 - <tokio[b2311390d60af2fe]::runtime::scheduler::current_thread::CoreGuard>::block_on::<core[6883ba1bc0fe4ed1]::pin::Pin<&mut core[6883ba1bc0fe4ed1]::pin::Pin<&mut dyn core[6883ba1bc0fe4ed1]::future::future::Future<Output = ()>>>>
[INFO] [stdout]                                at /opt/rustwide/cargo-home/registry/src/index.crates.io-1949cf8c6b5b557f/tokio-1.52.3/src/runtime/scheduler/current_thread/mod.rs:765:24
[INFO] [stdout]   38:     0x63328d3d44e0 - <tokio[b2311390d60af2fe]::runtime::scheduler::current_thread::CurrentThread>::block_on::<core[6883ba1bc0fe4ed1]::pin::Pin<&mut dyn core[6883ba1bc0fe4ed1]::future::future::Future<Output = ()>>>::{closure#0}
[INFO] [stdout]                                at /opt/rustwide/cargo-home/registry/src/index.crates.io-1949cf8c6b5b557f/tokio-1.52.3/src/runtime/scheduler/current_thread/mod.rs:205:33
[INFO] [stdout]   39:     0x63328d3e2c13 - tokio[b2311390d60af2fe]::runtime::context::runtime::enter_runtime::<<tokio[b2311390d60af2fe]::runtime::scheduler::current_thread::CurrentThread>::block_on<core[6883ba1bc0fe4ed1]::pin::Pin<&mut dyn core[6883ba1bc0fe4ed1]::future::future::Future<Output = ()>>>::{closure#0}, ()>
[INFO] [stdout]                                at /opt/rustwide/cargo-home/registry/src/index.crates.io-1949cf8c6b5b557f/tokio-1.52.3/src/runtime/context/runtime.rs:65:16
[INFO] [stdout]   40:     0x63328d3cf8c1 - <tokio[b2311390d60af2fe]::runtime::scheduler::current_thread::CurrentThread>::block_on::<core[6883ba1bc0fe4ed1]::pin::Pin<&mut dyn core[6883ba1bc0fe4ed1]::future::future::Future<Output = ()>>>
[INFO] [stdout]                                at /opt/rustwide/cargo-home/registry/src/index.crates.io-1949cf8c6b5b557f/tokio-1.52.3/src/runtime/scheduler/current_thread/mod.rs:193:9
[INFO] [stdout]   41:     0x63328d40be14 - <tokio[b2311390d60af2fe]::runtime::runtime::Runtime>::block_on_inner::<core[6883ba1bc0fe4ed1]::pin::Pin<&mut dyn core[6883ba1bc0fe4ed1]::future::future::Future<Output = ()>>>
[INFO] [stdout]                                at /opt/rustwide/cargo-home/registry/src/index.crates.io-1949cf8c6b5b557f/tokio-1.52.3/src/runtime/runtime.rs:371:52
[INFO] [stdout]   42:     0x63328d40c18f - <tokio[b2311390d60af2fe]::runtime::runtime::Runtime>::block_on::<core[6883ba1bc0fe4ed1]::pin::Pin<&mut dyn core[6883ba1bc0fe4ed1]::future::future::Future<Output = ()>>>
[INFO] [stdout]                                at /opt/rustwide/cargo-home/registry/src/index.crates.io-1949cf8c6b5b557f/tokio-1.52.3/src/runtime/runtime.rs:345:18
[INFO] [stdout]   43:     0x63328d3aa0d1 - github_provider_integration[b312eeb85871eae2]::list_prs_returns_search_results
[INFO] [stdout]                                at /opt/rustwide/workdir/tests/github_provider_integration.rs:165:55
[INFO] [stdout]   44:     0x63328d392247 - github_provider_integration[b312eeb85871eae2]::list_prs_returns_search_results::{closure#0}
[INFO] [stdout]                                at /opt/rustwide/workdir/tests/github_provider_integration.rs:126:43
[INFO] [stdout]   45:     0x63328d430da6 - <github_provider_integration[b312eeb85871eae2]::list_prs_returns_search_results::{closure#0} as core[6883ba1bc0fe4ed1]::ops::function::FnOnce<()>>::call_once
[INFO] [stdout]                                at /rustc/6b3fa26749ab40e159b2dd5cf577acaaf5902772/library/core/src/ops/function.rs:250:5
[INFO] [stdout]   46:     0x63328d43988b - <fn() -> core[6883ba1bc0fe4ed1]::result::Result<(), alloc[55a36b64bcbf2c0d]::string::String> as core[6883ba1bc0fe4ed1]::ops::function::FnOnce<()>>::call_once
[INFO] [stdout]                                at /rustc/6b3fa26749ab40e159b2dd5cf577acaaf5902772/library/core/src/ops/function.rs:250:5
[INFO] [stdout]   47:     0x63328d43988b - test[980ffaebd391d06d]::__rust_begin_short_backtrace::<core[6883ba1bc0fe4ed1]::result::Result<(), alloc[55a36b64bcbf2c0d]::string::String>, fn() -> core[6883ba1bc0fe4ed1]::result::Result<(), alloc[55a36b64bcbf2c0d]::string::String>>
[INFO] [stdout]                                at /rustc/6b3fa26749ab40e159b2dd5cf577acaaf5902772/library/test/src/lib.rs:724:18
[INFO] [stdout]   48:     0x63328d446ed5 - test[980ffaebd391d06d]::run_test_in_process::{closure#0}
[INFO] [stdout]                                at /rustc/6b3fa26749ab40e159b2dd5cf577acaaf5902772/library/test/src/lib.rs:747:74
[INFO] [stdout]   49:     0x63328d446ed5 - <core[6883ba1bc0fe4ed1]::panic::unwind_safe::AssertUnwindSafe<test[980ffaebd391d06d]::run_test_in_process::{closure#0}> as core[6883ba1bc0fe4ed1]::ops::function::FnOnce<()>>::call_once
[INFO] [stdout]                                at /rustc/6b3fa26749ab40e159b2dd5cf577acaaf5902772/library/core/src/panic/unwind_safe.rs:275:9
[INFO] [stdout]   50:     0x63328d446ed5 - std[73adb7dc35730857]::panicking::catch_unwind::do_call::<core[6883ba1bc0fe4ed1]::panic::unwind_safe::AssertUnwindSafe<test[980ffaebd391d06d]::run_test_in_process::{closure#0}>, core[6883ba1bc0fe4ed1]::result::Result<(), alloc[55a36b64bcbf2c0d]::string::String>>
[INFO] [stdout]                                at /rustc/6b3fa26749ab40e159b2dd5cf577acaaf5902772/library/std/src/panicking.rs:576:43
[INFO] [stdout]   51:     0x63328d446ed5 - std[73adb7dc35730857]::panicking::catch_unwind::<core[6883ba1bc0fe4ed1]::result::Result<(), alloc[55a36b64bcbf2c0d]::string::String>, core[6883ba1bc0fe4ed1]::panic::unwind_safe::AssertUnwindSafe<test[980ffaebd391d06d]::run_test_in_process::{closure#0}>>
[INFO] [stdout]                                at /rustc/6b3fa26749ab40e159b2dd5cf577acaaf5902772/library/std/src/panicking.rs:544:19
[INFO] [stdout]   52:     0x63328d446ed5 - std[73adb7dc35730857]::panic::catch_unwind::<core[6883ba1bc0fe4ed1]::panic::unwind_safe::AssertUnwindSafe<test[980ffaebd391d06d]::run_test_in_process::{closure#0}>, core[6883ba1bc0fe4ed1]::result::Result<(), alloc[55a36b64bcbf2c0d]::string::String>>
[INFO] [stdout]                                at /rustc/6b3fa26749ab40e159b2dd5cf577acaaf5902772/library/std/src/panic.rs:359:14
[INFO] [stdout]   53:     0x63328d446ed5 - test[980ffaebd391d06d]::run_test_in_process
[INFO] [stdout]                                at /rustc/6b3fa26749ab40e159b2dd5cf577acaaf5902772/library/test/src/lib.rs:747:27
[INFO] [stdout]   54:     0x63328d446ed5 - test[980ffaebd391d06d]::run_test::{closure#0}
[INFO] [stdout]                                at /rustc/6b3fa26749ab40e159b2dd5cf577acaaf5902772/library/test/src/lib.rs:668:43
[INFO] [stdout]   55:     0x63328d441984 - test[980ffaebd391d06d]::run_test::{closure#1}
[INFO] [stdout]                                at /rustc/6b3fa26749ab40e159b2dd5cf577acaaf5902772/library/test/src/lib.rs:698:41
[INFO] [stdout]   56:     0x63328d441984 - std[73adb7dc35730857]::sys::backtrace::__rust_begin_short_backtrace::<test[980ffaebd391d06d]::run_test::{closure#1}, ()>
[INFO] [stdout]                                at /rustc/6b3fa26749ab40e159b2dd5cf577acaaf5902772/library/std/src/sys/backtrace.rs:166:18
[INFO] [stdout]   57:     0x63328d44a022 - std[73adb7dc35730857]::thread::lifecycle::spawn_unchecked::<test[980ffaebd391d06d]::run_test::{closure#1}, ()>::{closure#1}::{closure#0}
[INFO] [stdout]                                at /rustc/6b3fa26749ab40e159b2dd5cf577acaaf5902772/library/std/src/thread/lifecycle.rs:70:13
[INFO] [stdout]   58:     0x63328d44a022 - <core[6883ba1bc0fe4ed1]::panic::unwind_safe::AssertUnwindSafe<std[73adb7dc35730857]::thread::lifecycle::spawn_unchecked<test[980ffaebd391d06d]::run_test::{closure#1}, ()>::{closure#1}::{closure#0}> as core[6883ba1bc0fe4ed1]::ops::function::FnOnce<()>>::call_once
[INFO] [stdout]                                at /rustc/6b3fa26749ab40e159b2dd5cf577acaaf5902772/library/core/src/panic/unwind_safe.rs:275:9
[INFO] [stdout]   59:     0x63328d44a022 - std[73adb7dc35730857]::panicking::catch_unwind::do_call::<core[6883ba1bc0fe4ed1]::panic::unwind_safe::AssertUnwindSafe<std[73adb7dc35730857]::thread::lifecycle::spawn_unchecked<test[980ffaebd391d06d]::run_test::{closure#1}, ()>::{closure#1}::{closure#0}>, ()>
[INFO] [stdout]                                at /rustc/6b3fa26749ab40e159b2dd5cf577acaaf5902772/library/std/src/panicking.rs:576:43
[INFO] [stdout]   60:     0x63328d44a022 - std[73adb7dc35730857]::panicking::catch_unwind::<(), core[6883ba1bc0fe4ed1]::panic::unwind_safe::AssertUnwindSafe<std[73adb7dc35730857]::thread::lifecycle::spawn_unchecked<test[980ffaebd391d06d]::run_test::{closure#1}, ()>::{closure#1}::{closure#0}>>
[INFO] [stdout]                                at /rustc/6b3fa26749ab40e159b2dd5cf577acaaf5902772/library/std/src/panicking.rs:544:19
[INFO] [stdout]   61:     0x63328d44a022 - std[73adb7dc35730857]::panic::catch_unwind::<core[6883ba1bc0fe4ed1]::panic::unwind_safe::AssertUnwindSafe<std[73adb7dc35730857]::thread::lifecycle::spawn_unchecked<test[980ffaebd391d06d]::run_test::{closure#1}, ()>::{closure#1}::{closure#0}>, ()>
[INFO] [stdout]                                at /rustc/6b3fa26749ab40e159b2dd5cf577acaaf5902772/library/std/src/panic.rs:359:14
[INFO] [stdout]   62:     0x63328d44a022 - std[73adb7dc35730857]::thread::lifecycle::spawn_unchecked::<test[980ffaebd391d06d]::run_test::{closure#1}, ()>::{closure#1}
[INFO] [stdout]                                at /rustc/6b3fa26749ab40e159b2dd5cf577acaaf5902772/library/std/src/thread/lifecycle.rs:68:26
[INFO] [stdout]   63:     0x63328d44a022 - <std[73adb7dc35730857]::thread::lifecycle::spawn_unchecked<test[980ffaebd391d06d]::run_test::{closure#1}, ()>::{closure#1} as core[6883ba1bc0fe4ed1]::ops::function::FnOnce<()>>::call_once::{shim:vtable#0}
[INFO] [stdout]                                at /rustc/6b3fa26749ab40e159b2dd5cf577acaaf5902772/library/core/src/ops/function.rs:250:5
[INFO] [stdout]   64:     0x63328df365ff - <alloc[55a36b64bcbf2c0d]::boxed::Box<dyn core[6883ba1bc0fe4ed1]::ops::function::FnOnce<(), Output = ()> + core[6883ba1bc0fe4ed1]::marker::Send> as core[6883ba1bc0fe4ed1]::ops::function::FnOnce<()>>::call_once
[INFO] [stdout]                                at /rustc/6b3fa26749ab40e159b2dd5cf577acaaf5902772/library/alloc/src/boxed.rs:2319:9
[INFO] [stdout]   65:     0x63328df365ff - <std[73adb7dc35730857]::sys::thread::unix::Thread>::new::thread_start
[INFO] [stdout]                                at /rustc/6b3fa26749ab40e159b2dd5cf577acaaf5902772/library/std/src/sys/thread/unix.rs:123:17
[INFO] [stdout]   66:     0x7396450c0aa4 - <unknown>
[INFO] [stdout]   67:     0x73964514da64 - clone
[INFO] [stdout]   68:                0x0 - <unknown>
[INFO] [stdout] 
[INFO] [stdout] ---- re_review_detected stdout ----
[INFO] [stdout] 
[INFO] [stdout] thread 're_review_detected' (3647) panicked at tests/github_provider_integration.rs:338:44:
[INFO] [stdout] called `Result::unwrap()` on an `Err` value: AuthMissing { provider: "github", reason: "gh CLI not found: No such file or directory (os error 2)" }
[INFO] [stdout] stack backtrace:
[INFO] [stdout]    0:     0x63328df37a91 - std[73adb7dc35730857]::backtrace_rs::backtrace::libunwind::trace
[INFO] [stdout]                                at /rustc/6b3fa26749ab40e159b2dd5cf577acaaf5902772/library/std/src/../../backtrace/src/backtrace/libunwind.rs:117:9
[INFO] [stdout]    1:     0x63328df37a91 - std[73adb7dc35730857]::backtrace_rs::backtrace::trace_unsynchronized::<std[73adb7dc35730857]::sys::backtrace::_print_fmt::{closure#1}>
[INFO] [stdout]                                at /rustc/6b3fa26749ab40e159b2dd5cf577acaaf5902772/library/std/src/../../backtrace/src/backtrace/mod.rs:66:14
[INFO] [stdout]    2:     0x63328df37a91 - std[73adb7dc35730857]::sys::backtrace::_print_fmt
[INFO] [stdout]                                at /rustc/6b3fa26749ab40e159b2dd5cf577acaaf5902772/library/std/src/sys/backtrace.rs:74:9
[INFO] [stdout]    3:     0x63328df37a91 - <<std[73adb7dc35730857]::sys::backtrace::BacktraceLock>::print::DisplayBacktrace as core[6883ba1bc0fe4ed1]::fmt::Display>::fmt
[INFO] [stdout]                                at /rustc/6b3fa26749ab40e159b2dd5cf577acaaf5902772/library/std/src/sys/backtrace.rs:44:26
[INFO] [stdout]    4:     0x63328df4f5aa - <core[6883ba1bc0fe4ed1]::fmt::rt::Argument>::fmt
[INFO] [stdout]                                at /rustc/6b3fa26749ab40e159b2dd5cf577acaaf5902772/library/core/src/fmt/rt.rs:152:76
[INFO] [stdout]    5:     0x63328df4f5aa - core[6883ba1bc0fe4ed1]::fmt::write
[INFO] [stdout]    6:     0x63328df3d4bc - std[73adb7dc35730857]::io::default_write_fmt::<alloc[55a36b64bcbf2c0d]::vec::Vec<u8>>
[INFO] [stdout]                                at /rustc/6b3fa26749ab40e159b2dd5cf577acaaf5902772/library/std/src/io/mod.rs:626:11
[INFO] [stdout]    7:     0x63328df3d4bc - <alloc[55a36b64bcbf2c0d]::vec::Vec<u8> as std[73adb7dc35730857]::io::Write>::write_fmt
[INFO] [stdout]                                at /rustc/6b3fa26749ab40e159b2dd5cf577acaaf5902772/library/std/src/io/mod.rs:1730:13
[INFO] [stdout]    8:     0x63328df11e86 - <std[73adb7dc35730857]::sys::backtrace::BacktraceLock>::print
[INFO] [stdout]                                at /rustc/6b3fa26749ab40e159b2dd5cf577acaaf5902772/library/std/src/sys/backtrace.rs:47:9
[INFO] [stdout]    9:     0x63328df11e86 - std[73adb7dc35730857]::panicking::default_hook::{closure#0}
[INFO] [stdout]                                at /rustc/6b3fa26749ab40e159b2dd5cf577acaaf5902772/library/std/src/panicking.rs:292:27
[INFO] [stdout]   10:     0x63328df2e0b9 - std[73adb7dc35730857]::panicking::default_hook
[INFO] [stdout]                                at /rustc/6b3fa26749ab40e159b2dd5cf577acaaf5902772/library/std/src/panicking.rs:316:9
[INFO] [stdout]   11:     0x63328d446550 - <alloc[55a36b64bcbf2c0d]::boxed::Box<dyn for<'a, 'b> core[6883ba1bc0fe4ed1]::ops::function::Fn<(&'a std[73adb7dc35730857]::panic::PanicHookInfo<'b>,), Output = ()> + core[6883ba1bc0fe4ed1]::marker::Send + core[6883ba1bc0fe4ed1]::marker::Sync> as core[6883ba1bc0fe4ed1]::ops::function::Fn<(&std[73adb7dc35730857]::panic::PanicHookInfo,)>>::call
[INFO] [stdout]                                at /rustc/6b3fa26749ab40e159b2dd5cf577acaaf5902772/library/alloc/src/boxed.rs:2333:9
[INFO] [stdout]   12:     0x63328d446550 - test[980ffaebd391d06d]::test_main_inner::<test[980ffaebd391d06d]::test_main_static::{closure#0}>::{closure#0}
[INFO] [stdout]                                at /rustc/6b3fa26749ab40e159b2dd5cf577acaaf5902772/library/test/src/lib.rs:155:21
[INFO] [stdout]   13:     0x63328df2e3e2 - <alloc[55a36b64bcbf2c0d]::boxed::Box<dyn for<'a, 'b> core[6883ba1bc0fe4ed1]::ops::function::Fn<(&'a std[73adb7dc35730857]::panic::PanicHookInfo<'b>,), Output = ()> + core[6883ba1bc0fe4ed1]::marker::Send + core[6883ba1bc0fe4ed1]::marker::Sync> as core[6883ba1bc0fe4ed1]::ops::function::Fn<(&std[73adb7dc35730857]::panic::PanicHookInfo,)>>::call
[INFO] [stdout]                                at /rustc/6b3fa26749ab40e159b2dd5cf577acaaf5902772/library/alloc/src/boxed.rs:2333:9
[INFO] [stdout]   14:     0x63328df2e3e2 - std[73adb7dc35730857]::panicking::panic_with_hook
[INFO] [stdout]                                at /rustc/6b3fa26749ab40e159b2dd5cf577acaaf5902772/library/std/src/panicking.rs:823:13
[INFO] [stdout]   15:     0x63328df11f32 - std[73adb7dc35730857]::panicking::panic_handler::{closure#0}
[INFO] [stdout]                                at /rustc/6b3fa26749ab40e159b2dd5cf577acaaf5902772/library/std/src/panicking.rs:688:13
[INFO] [stdout]   16:     0x63328df08e59 - std[73adb7dc35730857]::sys::backtrace::__rust_end_short_backtrace::<std[73adb7dc35730857]::panicking::panic_handler::{closure#0}, !>
[INFO] [stdout]                                at /rustc/6b3fa26749ab40e159b2dd5cf577acaaf5902772/library/std/src/sys/backtrace.rs:182:18
[INFO] [stdout]   17:     0x63328df12f1d - __rustc[a7b7b02e776dd976]::rust_begin_unwind
[INFO] [stdout]                                at /rustc/6b3fa26749ab40e159b2dd5cf577acaaf5902772/library/std/src/panicking.rs:679:5
[INFO] [stdout]   18:     0x63328df4fddc - core[6883ba1bc0fe4ed1]::panicking::panic_fmt
[INFO] [stdout]                                at /rustc/6b3fa26749ab40e159b2dd5cf577acaaf5902772/library/core/src/panicking.rs:80:14
[INFO] [stdout]   19:     0x63328df4fb22 - core[6883ba1bc0fe4ed1]::result::unwrap_failed
[INFO] [stdout]                                at /rustc/6b3fa26749ab40e159b2dd5cf577acaaf5902772/library/core/src/result.rs:1870:5
[INFO] [stdout]   20:     0x63328d39bcfa - <core[6883ba1bc0fe4ed1]::result::Result<alloc[55a36b64bcbf2c0d]::vec::Vec<prlens[c9fb389fad597bd5]::models::PullRequest>, prlens[c9fb389fad597bd5]::provider::ProviderError>>::unwrap
[INFO] [stdout]                                at /rustc/6b3fa26749ab40e159b2dd5cf577acaaf5902772/library/core/src/result.rs:1231:23
[INFO] [stdout]   21:     0x63328d39bcfa - github_provider_integration[b312eeb85871eae2]::re_review_detected::{closure#0}
[INFO] [stdout]                                at /opt/rustwide/workdir/tests/github_provider_integration.rs:338:44
[INFO] [stdout]   22:     0x63328d3e1bf2 - <core[6883ba1bc0fe4ed1]::pin::Pin<&mut dyn core[6883ba1bc0fe4ed1]::future::future::Future<Output = ()>> as core[6883ba1bc0fe4ed1]::future::future::Future>::poll
[INFO] [stdout]                                at /rustc/6b3fa26749ab40e159b2dd5cf577acaaf5902772/library/core/src/future/future.rs:133:9
[INFO] [stdout]   23:     0x63328d3e1cad - <core[6883ba1bc0fe4ed1]::pin::Pin<&mut core[6883ba1bc0fe4ed1]::pin::Pin<&mut dyn core[6883ba1bc0fe4ed1]::future::future::Future<Output = ()>>> as core[6883ba1bc0fe4ed1]::future::future::Future>::poll
[INFO] [stdout]                                at /rustc/6b3fa26749ab40e159b2dd5cf577acaaf5902772/library/core/src/future/future.rs:133:9
[INFO] [stdout]   24:     0x63328d3d847d - <tokio[b2311390d60af2fe]::runtime::scheduler::current_thread::CoreGuard>::block_on::<core[6883ba1bc0fe4ed1]::pin::Pin<&mut core[6883ba1bc0fe4ed1]::pin::Pin<&mut dyn core[6883ba1bc0fe4ed1]::future::future::Future<Output = ()>>>>::{closure#0}::{closure#0}::{closure#0}
[INFO] [stdout]                                at /opt/rustwide/cargo-home/registry/src/index.crates.io-1949cf8c6b5b557f/tokio-1.52.3/src/runtime/scheduler/current_thread/mod.rs:778:70
[INFO] [stdout]   25:     0x63328d3d819b - tokio[b2311390d60af2fe]::task::coop::with_budget::<core[6883ba1bc0fe4ed1]::task::poll::Poll<()>, <tokio[b2311390d60af2fe]::runtime::scheduler::current_thread::CoreGuard>::block_on<core[6883ba1bc0fe4ed1]::pin::Pin<&mut core[6883ba1bc0fe4ed1]::pin::Pin<&mut dyn core[6883ba1bc0fe4ed1]::future::future::Future<Output = ()>>>>::{closure#0}::{closure#0}::{closure#0}>
[INFO] [stdout]                                at /opt/rustwide/cargo-home/registry/src/index.crates.io-1949cf8c6b5b557f/tokio-1.52.3/src/task/coop/mod.rs:167:5
[INFO] [stdout]   26:     0x63328d3d819b - tokio[b2311390d60af2fe]::task::coop::budget::<core[6883ba1bc0fe4ed1]::task::poll::Poll<()>, <tokio[b2311390d60af2fe]::runtime::scheduler::current_thread::CoreGuard>::block_on<core[6883ba1bc0fe4ed1]::pin::Pin<&mut core[6883ba1bc0fe4ed1]::pin::Pin<&mut dyn core[6883ba1bc0fe4ed1]::future::future::Future<Output = ()>>>>::{closure#0}::{closure#0}::{closure#0}>
[INFO] [stdout]                                at /opt/rustwide/cargo-home/registry/src/index.crates.io-1949cf8c6b5b557f/tokio-1.52.3/src/task/coop/mod.rs:133:5
[INFO] [stdout]   27:     0x63328d3d819b - <tokio[b2311390d60af2fe]::runtime::scheduler::current_thread::CoreGuard>::block_on::<core[6883ba1bc0fe4ed1]::pin::Pin<&mut core[6883ba1bc0fe4ed1]::pin::Pin<&mut dyn core[6883ba1bc0fe4ed1]::future::future::Future<Output = ()>>>>::{closure#0}::{closure#0}
[INFO] [stdout]                                at /opt/rustwide/cargo-home/registry/src/index.crates.io-1949cf8c6b5b557f/tokio-1.52.3/src/runtime/scheduler/current_thread/mod.rs:778:25
[INFO] [stdout]   28:     0x63328d3d0190 - <tokio[b2311390d60af2fe]::runtime::scheduler::current_thread::Context>::enter::<core[6883ba1bc0fe4ed1]::task::poll::Poll<()>, <tokio[b2311390d60af2fe]::runtime::scheduler::current_thread::CoreGuard>::block_on<core[6883ba1bc0fe4ed1]::pin::Pin<&mut core[6883ba1bc0fe4ed1]::pin::Pin<&mut dyn core[6883ba1bc0fe4ed1]::future::future::Future<Output = ()>>>>::{closure#0}::{closure#0}>
[INFO] [stdout]                                at /opt/rustwide/cargo-home/registry/src/index.crates.io-1949cf8c6b5b557f/tokio-1.52.3/src/runtime/scheduler/current_thread/mod.rs:451:19
[INFO] [stdout]   29:     0x63328d3d673d - <tokio[b2311390d60af2fe]::runtime::scheduler::current_thread::CoreGuard>::block_on::<core[6883ba1bc0fe4ed1]::pin::Pin<&mut core[6883ba1bc0fe4ed1]::pin::Pin<&mut dyn core[6883ba1bc0fe4ed1]::future::future::Future<Output = ()>>>>::{closure#0}
[INFO] [stdout]                                at /opt/rustwide/cargo-home/registry/src/index.crates.io-1949cf8c6b5b557f/tokio-1.52.3/src/runtime/scheduler/current_thread/mod.rs:777:44
[INFO] [stdout]   30:     0x63328d3d4ee4 - <tokio[b2311390d60af2fe]::runtime::scheduler::current_thread::CoreGuard>::enter::<<tokio[b2311390d60af2fe]::runtime::scheduler::current_thread::CoreGuard>::block_on<core[6883ba1bc0fe4ed1]::pin::Pin<&mut core[6883ba1bc0fe4ed1]::pin::Pin<&mut dyn core[6883ba1bc0fe4ed1]::future::future::Future<Output = ()>>>>::{closure#0}, core[6883ba1bc0fe4ed1]::option::Option<()>>::{closure#0}
[INFO] [stdout]                                at /opt/rustwide/cargo-home/registry/src/index.crates.io-1949cf8c6b5b557f/tokio-1.52.3/src/runtime/scheduler/current_thread/mod.rs:865:68
[INFO] [stdout]   31:     0x63328d40086b - <tokio[b2311390d60af2fe]::runtime::context::scoped::Scoped<tokio[b2311390d60af2fe]::runtime::scheduler::Context>>::set::<<tokio[b2311390d60af2fe]::runtime::scheduler::current_thread::CoreGuard>::enter<<tokio[b2311390d60af2fe]::runtime::scheduler::current_thread::CoreGuard>::block_on<core[6883ba1bc0fe4ed1]::pin::Pin<&mut core[6883ba1bc0fe4ed1]::pin::Pin<&mut dyn core[6883ba1bc0fe4ed1]::future::future::Future<Output = ()>>>>::{closure#0}, core[6883ba1bc0fe4ed1]::option::Option<()>>::{closure#0}, (alloc[55a36b64bcbf2c0d]::boxed::Box<tokio[b2311390d60af2fe]::runtime::scheduler::current_thread::Core>, core[6883ba1bc0fe4ed1]::option::Option<()>)>
[INFO] [stdout]                                at /opt/rustwide/cargo-home/registry/src/index.crates.io-1949cf8c6b5b557f/tokio-1.52.3/src/runtime/context/scoped.rs:40:9
[INFO] [stdout]   32:     0x63328d434d49 - tokio[b2311390d60af2fe]::runtime::context::set_scheduler::<(alloc[55a36b64bcbf2c0d]::boxed::Box<tokio[b2311390d60af2fe]::runtime::scheduler::current_thread::Core>, core[6883ba1bc0fe4ed1]::option::Option<()>), <tokio[b2311390d60af2fe]::runtime::scheduler::current_thread::CoreGuard>::enter<<tokio[b2311390d60af2fe]::runtime::scheduler::current_thread::CoreGuard>::block_on<core[6883ba1bc0fe4ed1]::pin::Pin<&mut core[6883ba1bc0fe4ed1]::pin::Pin<&mut dyn core[6883ba1bc0fe4ed1]::future::future::Future<Output = ()>>>>::{closure#0}, core[6883ba1bc0fe4ed1]::option::Option<()>>::{closure#0}>::{closure#0}
[INFO] [stdout]                                at /opt/rustwide/cargo-home/registry/src/index.crates.io-1949cf8c6b5b557f/tokio-1.52.3/src/runtime/context.rs:181:38
[INFO] [stdout]   33:     0x63328d3bee12 - <std[73adb7dc35730857]::thread::local::LocalKey<tokio[b2311390d60af2fe]::runtime::context::Context>>::try_with::<tokio[b2311390d60af2fe]::runtime::context::set_scheduler<(alloc[55a36b64bcbf2c0d]::boxed::Box<tokio[b2311390d60af2fe]::runtime::scheduler::current_thread::Core>, core[6883ba1bc0fe4ed1]::option::Option<()>), <tokio[b2311390d60af2fe]::runtime::scheduler::current_thread::CoreGuard>::enter<<tokio[b2311390d60af2fe]::runtime::scheduler::current_thread::CoreGuard>::block_on<core[6883ba1bc0fe4ed1]::pin::Pin<&mut core[6883ba1bc0fe4ed1]::pin::Pin<&mut dyn core[6883ba1bc0fe4ed1]::future::future::Future<Output = ()>>>>::{closure#0}, core[6883ba1bc0fe4ed1]::option::Option<()>>::{closure#0}>::{closure#0}, (alloc[55a36b64bcbf2c0d]::boxed::Box<tokio[b2311390d60af2fe]::runtime::scheduler::current_thread::Core>, core[6883ba1bc0fe4ed1]::option::Option<()>)>
[INFO] [stdout]                                at /rustc/6b3fa26749ab40e159b2dd5cf577acaaf5902772/library/std/src/thread/local.rs:463:12
[INFO] [stdout]   34:     0x63328d3be5fe - <std[73adb7dc35730857]::thread::local::LocalKey<tokio[b2311390d60af2fe]::runtime::context::Context>>::with::<tokio[b2311390d60af2fe]::runtime::context::set_scheduler<(alloc[55a36b64bcbf2c0d]::boxed::Box<tokio[b2311390d60af2fe]::runtime::scheduler::current_thread::Core>, core[6883ba1bc0fe4ed1]::option::Option<()>), <tokio[b2311390d60af2fe]::runtime::scheduler::current_thread::CoreGuard>::enter<<tokio[b2311390d60af2fe]::runtime::scheduler::current_thread::CoreGuard>::block_on<core[6883ba1bc0fe4ed1]::pin::Pin<&mut core[6883ba1bc0fe4ed1]::pin::Pin<&mut dyn core[6883ba1bc0fe4ed1]::future::future::Future<Output = ()>>>>::{closure#0}, core[6883ba1bc0fe4ed1]::option::Option<()>>::{closure#0}>::{closure#0}, (alloc[55a36b64bcbf2c0d]::boxed::Box<tokio[b2311390d60af2fe]::runtime::scheduler::current_thread::Core>, core[6883ba1bc0fe4ed1]::option::Option<()>)>
[INFO] [stdout]                                at /rustc/6b3fa26749ab40e159b2dd5cf577acaaf5902772/library/std/src/thread/local.rs:427:20
[INFO] [stdout]   35:     0x63328d43473d - tokio[b2311390d60af2fe]::runtime::context::set_scheduler::<(alloc[55a36b64bcbf2c0d]::boxed::Box<tokio[b2311390d60af2fe]::runtime::scheduler::current_thread::Core>, core[6883ba1bc0fe4ed1]::option::Option<()>), <tokio[b2311390d60af2fe]::runtime::scheduler::current_thread::CoreGuard>::enter<<tokio[b2311390d60af2fe]::runtime::scheduler::current_thread::CoreGuard>::block_on<core[6883ba1bc0fe4ed1]::pin::Pin<&mut core[6883ba1bc0fe4ed1]::pin::Pin<&mut dyn core[6883ba1bc0fe4ed1]::future::future::Future<Output = ()>>>>::{closure#0}, core[6883ba1bc0fe4ed1]::option::Option<()>>::{closure#0}>
[INFO] [stdout]                                at /opt/rustwide/cargo-home/registry/src/index.crates.io-1949cf8c6b5b557f/tokio-1.52.3/src/runtime/context.rs:181:17
[INFO] [stdout]   36:     0x63328d3d3230 - <tokio[b2311390d60af2fe]::runtime::scheduler::current_thread::CoreGuard>::enter::<<tokio[b2311390d60af2fe]::runtime::scheduler::current_thread::CoreGuard>::block_on<core[6883ba1bc0fe4ed1]::pin::Pin<&mut core[6883ba1bc0fe4ed1]::pin::Pin<&mut dyn core[6883ba1bc0fe4ed1]::future::future::Future<Output = ()>>>>::{closure#0}, core[6883ba1bc0fe4ed1]::option::Option<()>>
[INFO] [stdout]                                at /opt/rustwide/cargo-home/registry/src/index.crates.io-1949cf8c6b5b557f/tokio-1.52.3/src/runtime/scheduler/current_thread/mod.rs:865:27
[INFO] [stdout]   37:     0x63328d3d39c6 - <tokio[b2311390d60af2fe]::runtime::scheduler::current_thread::CoreGuard>::block_on::<core[6883ba1bc0fe4ed1]::pin::Pin<&mut core[6883ba1bc0fe4ed1]::pin::Pin<&mut dyn core[6883ba1bc0fe4ed1]::future::future::Future<Output = ()>>>>
[INFO] [stdout]                                at /opt/rustwide/cargo-home/registry/src/index.crates.io-1949cf8c6b5b557f/tokio-1.52.3/src/runtime/scheduler/current_thread/mod.rs:765:24
[INFO] [stdout]   38:     0x63328d3d44e0 - <tokio[b2311390d60af2fe]::runtime::scheduler::current_thread::CurrentThread>::block_on::<core[6883ba1bc0fe4ed1]::pin::Pin<&mut dyn core[6883ba1bc0fe4ed1]::future::future::Future<Output = ()>>>::{closure#0}
[INFO] [stdout]                                at /opt/rustwide/cargo-home/registry/src/index.crates.io-1949cf8c6b5b557f/tokio-1.52.3/src/runtime/scheduler/current_thread/mod.rs:205:33
[INFO] [stdout]   39:     0x63328d3e2c13 - tokio[b2311390d60af2fe]::runtime::context::runtime::enter_runtime::<<tokio[b2311390d60af2fe]::runtime::scheduler::current_thread::CurrentThread>::block_on<core[6883ba1bc0fe4ed1]::pin::Pin<&mut dyn core[6883ba1bc0fe4ed1]::future::future::Future<Output = ()>>>::{closure#0}, ()>
[INFO] [stdout]                                at /opt/rustwide/cargo-home/registry/src/index.crates.io-1949cf8c6b5b557f/tokio-1.52.3/src/runtime/context/runtime.rs:65:16
[INFO] [stdout]   40:     0x63328d3cf8c1 - <tokio[b2311390d60af2fe]::runtime::scheduler::current_thread::CurrentThread>::block_on::<core[6883ba1bc0fe4ed1]::pin::Pin<&mut dyn core[6883ba1bc0fe4ed1]::future::future::Future<Output = ()>>>
[INFO] [stdout]                                at /opt/rustwide/cargo-home/registry/src/index.crates.io-1949cf8c6b5b557f/tokio-1.52.3/src/runtime/scheduler/current_thread/mod.rs:193:9
[INFO] [stdout]   41:     0x63328d40be14 - <tokio[b2311390d60af2fe]::runtime::runtime::Runtime>::block_on_inner::<core[6883ba1bc0fe4ed1]::pin::Pin<&mut dyn core[6883ba1bc0fe4ed1]::future::future::Future<Output = ()>>>
[INFO] [stdout]                                at /opt/rustwide/cargo-home/registry/src/index.crates.io-1949cf8c6b5b557f/tokio-1.52.3/src/runtime/runtime.rs:371:52
[INFO] [stdout]   42:     0x63328d40c18f - <tokio[b2311390d60af2fe]::runtime::runtime::Runtime>::block_on::<core[6883ba1bc0fe4ed1]::pin::Pin<&mut dyn core[6883ba1bc0fe4ed1]::future::future::Future<Output = ()>>>
[INFO] [stdout]                                at /opt/rustwide/cargo-home/registry/src/index.crates.io-1949cf8c6b5b557f/tokio-1.52.3/src/runtime/runtime.rs:345:18
[INFO] [stdout]   43:     0x63328d3a9b91 - github_provider_integration[b312eeb85871eae2]::re_review_detected
[INFO] [stdout]                                at /opt/rustwide/workdir/tests/github_provider_integration.rs:346:6
[INFO] [stdout]   44:     0x63328d391487 - github_provider_integration[b312eeb85871eae2]::re_review_detected::{closure#0}
[INFO] [stdout]                                at /opt/rustwide/workdir/tests/github_provider_integration.rs:214:30
[INFO] [stdout]   45:     0x63328d430ce6 - <github_provider_integration[b312eeb85871eae2]::re_review_detected::{closure#0} as core[6883ba1bc0fe4ed1]::ops::function::FnOnce<()>>::call_once
[INFO] [stdout]                                at /rustc/6b3fa26749ab40e159b2dd5cf577acaaf5902772/library/core/src/ops/function.rs:250:5
[INFO] [stdout]   46:     0x63328d43988b - <fn() -> core[6883ba1bc0fe4ed1]::result::Result<(), alloc[55a36b64bcbf2c0d]::string::String> as core[6883ba1bc0fe4ed1]::ops::function::FnOnce<()>>::call_once
[INFO] [stdout]                                at /rustc/6b3fa26749ab40e159b2dd5cf577acaaf5902772/library/core/src/ops/function.rs:250:5
[INFO] [stdout]   47:     0x63328d43988b - test[980ffaebd391d06d]::__rust_begin_short_backtrace::<core[6883ba1bc0fe4ed1]::result::Result<(), alloc[55a36b64bcbf2c0d]::string::String>, fn() -> core[6883ba1bc0fe4ed1]::result::Result<(), alloc[55a36b64bcbf2c0d]::string::String>>
[INFO] [stdout]                                at /rustc/6b3fa26749ab40e159b2dd5cf577acaaf5902772/library/test/src/lib.rs:724:18
[INFO] [stdout]   48:     0x63328d446ed5 - test[980ffaebd391d06d]::run_test_in_process::{closure#0}
[INFO] [stdout]                                at /rustc/6b3fa26749ab40e159b2dd5cf577acaaf5902772/library/test/src/lib.rs:747:74
[INFO] [stdout]   49:     0x63328d446ed5 - <core[6883ba1bc0fe4ed1]::panic::unwind_safe::AssertUnwindSafe<test[980ffaebd391d06d]::run_test_in_process::{closure#0}> as core[6883ba1bc0fe4ed1]::ops::function::FnOnce<()>>::call_once
[INFO] [stdout]                                at /rustc/6b3fa26749ab40e159b2dd5cf577acaaf5902772/library/core/src/panic/unwind_safe.rs:275:9
[INFO] [stdout]   50:     0x63328d446ed5 - std[73adb7dc35730857]::panicking::catch_unwind::do_call::<core[6883ba1bc0fe4ed1]::panic::unwind_safe::AssertUnwindSafe<test[980ffaebd391d06d]::run_test_in_process::{closure#0}>, core[6883ba1bc0fe4ed1]::result::Result<(), alloc[55a36b64bcbf2c0d]::string::String>>
[INFO] [stdout]                                at /rustc/6b3fa26749ab40e159b2dd5cf577acaaf5902772/library/std/src/panicking.rs:576:43
[INFO] [stdout]   51:     0x63328d446ed5 - std[73adb7dc35730857]::panicking::catch_unwind::<core[6883ba1bc0fe4ed1]::result::Result<(), alloc[55a36b64bcbf2c0d]::string::String>, core[6883ba1bc0fe4ed1]::panic::unwind_safe::AssertUnwindSafe<test[980ffaebd391d06d]::run_test_in_process::{closure#0}>>
[INFO] [stdout]                                at /rustc/6b3fa26749ab40e159b2dd5cf577acaaf5902772/library/std/src/panicking.rs:544:19
[INFO] [stdout]   52:     0x63328d446ed5 - std[73adb7dc35730857]::panic::catch_unwind::<core[6883ba1bc0fe4ed1]::panic::unwind_safe::AssertUnwindSafe<test[980ffaebd391d06d]::run_test_in_process::{closure#0}>, core[6883ba1bc0fe4ed1]::result::Result<(), alloc[55a36b64bcbf2c0d]::string::String>>
[INFO] [stdout]                                at /rustc/6b3fa26749ab40e159b2dd5cf577acaaf5902772/library/std/src/panic.rs:359:14
[INFO] [stdout]   53:     0x63328d446ed5 - test[980ffaebd391d06d]::run_test_in_process
[INFO] [stdout]                                at /rustc/6b3fa26749ab40e159b2dd5cf577acaaf5902772/library/test/src/lib.rs:747:27
[INFO] [stdout]   54:     0x63328d446ed5 - test[980ffaebd391d06d]::run_test::{closure#0}
[INFO] [stdout]                                at /rustc/6b3fa26749ab40e159b2dd5cf577acaaf5902772/library/test/src/lib.rs:668:43
[INFO] [stdout]   55:     0x63328d441984 - test[980ffaebd391d06d]::run_test::{closure#1}
[INFO] [stdout]                                at /rustc/6b3fa26749ab40e159b2dd5cf577acaaf5902772/library/test/src/lib.rs:698:41
[INFO] [stdout]   56:     0x63328d441984 - std[73adb7dc35730857]::sys::backtrace::__rust_begin_short_backtrace::<test[980ffaebd391d06d]::run_test::{closure#1}, ()>
[INFO] [stdout]                                at /rustc/6b3fa26749ab40e159b2dd5cf577acaaf5902772/library/std/src/sys/backtrace.rs:166:18
[INFO] [stdout]   57:     0x63328d44a022 - std[73adb7dc35730857]::thread::lifecycle::spawn_unchecked::<test[980ffaebd391d06d]::run_test::{closure#1}, ()>::{closure#1}::{closure#0}
[INFO] [stdout]                                at /rustc/6b3fa26749ab40e159b2dd5cf577acaaf5902772/library/std/src/thread/lifecycle.rs:70:13
[INFO] [stdout]   58:     0x63328d44a022 - <core[6883ba1bc0fe4ed1]::panic::unwind_safe::AssertUnwindSafe<std[73adb7dc35730857]::thread::lifecycle::spawn_unchecked<test[980ffaebd391d06d]::run_test::{closure#1}, ()>::{closure#1}::{closure#0}> as core[6883ba1bc0fe4ed1]::ops::function::FnOnce<()>>::call_once
[INFO] [stdout]                                at /rustc/6b3fa26749ab40e159b2dd5cf577acaaf5902772/library/core/src/panic/unwind_safe.rs:275:9
[INFO] [stdout]   59:     0x63328d44a022 - std[73adb7dc35730857]::panicking::catch_unwind::do_call::<core[6883ba1bc0fe4ed1]::panic::unwind_safe::AssertUnwindSafe<std[73adb7dc35730857]::thread::lifecycle::spawn_unchecked<test[980ffaebd391d06d]::run_test::{closure#1}, ()>::{closure#1}::{closure#0}>, ()>
[INFO] [stdout]                                at /rustc/6b3fa26749ab40e159b2dd5cf577acaaf5902772/library/std/src/panicking.rs:576:43
[INFO] [stdout]   60:     0x63328d44a022 - std[73adb7dc35730857]::panicking::catch_unwind::<(), core[6883ba1bc0fe4ed1]::panic::unwind_safe::AssertUnwindSafe<std[73adb7dc35730857]::thread::lifecycle::spawn_unchecked<test[980ffaebd391d06d]::run_test::{closure#1}, ()>::{closure#1}::{closure#0}>>
[INFO] [stdout]                                at /rustc/6b3fa26749ab40e159b2dd5cf577acaaf5902772/library/std/src/panicking.rs:544:19
[INFO] [stdout]   61:     0x63328d44a022 - std[73adb7dc35730857]::panic::catch_unwind::<core[6883ba1bc0fe4ed1]::panic::unwind_safe::AssertUnwindSafe<std[73adb7dc35730857]::thread::lifecycle::spawn_unchecked<test[980ffaebd391d06d]::run_test::{closure#1}, ()>::{closure#1}::{closure#0}>, ()>
[INFO] [stdout]                                at /rustc/6b3fa26749ab40e159b2dd5cf577acaaf5902772/library/std/src/panic.rs:359:14
[INFO] [stdout]   62:     0x63328d44a022 - std[73adb7dc35730857]::thread::lifecycle::spawn_unchecked::<test[980ffaebd391d06d]::run_test::{closure#1}, ()>::{closure#1}
[INFO] [stdout]                                at /rustc/6b3fa26749ab40e159b2dd5cf577acaaf5902772/library/std/src/thread/lifecycle.rs:68:26
[INFO] [stdout]   63:     0x63328d44a022 - <std[73adb7dc35730857]::thread::lifecycle::spawn_unchecked<test[980ffaebd391d06d]::run_test::{closure#1}, ()>::{closure#1} as core[6883ba1bc0fe4ed1]::ops::function::FnOnce<()>>::call_once::{shim:vtable#0}
[INFO] [stdout]                                at /rustc/6b3fa26749ab40e159b2dd5cf577acaaf5902772/library/core/src/ops/function.rs:250:5
[INFO] [stdout]   64:     0x63328df365ff - <alloc[55a36b64bcbf2c0d]::boxed::Box<dyn core[6883ba1bc0fe4ed1]::ops::function::FnOnce<(), Output = ()> + core[6883ba1bc0fe4ed1]::marker::Send> as core[6883ba1bc0fe4ed1]::ops::function::FnOnce<()>>::call_once
[INFO] [stdout]                                at /rustc/6b3fa26749ab40e159b2dd5cf577acaaf5902772/library/alloc/src/boxed.rs:2319:9
[INFO] [stdout]   65:     0x63328df365ff - <std[73adb7dc35730857]::sys::thread::unix::Thread>::new::thread_start
[INFO] [stdout]                                at /rustc/6b3fa26749ab40e159b2dd5cf577acaaf5902772/library/std/src/sys/thread/unix.rs:123:17
[INFO] [stdout]   66:     0x7396450c0aa4 - <unknown>
[INFO] [stdout]   67:     0x73964514da64 - clone
[INFO] [stdout]   68:                0x0 - <unknown>
[INFO] [stdout] 
[INFO] [stdout] ---- list_prs_empty_when_no_prs stdout ----
[INFO] [stdout] 
[INFO] [stdout] thread 'list_prs_empty_when_no_prs' (3645) panicked at tests/github_provider_integration.rs:204:5:
[INFO] [stdout] Expected Ok result, got: Some(AuthMissing { provider: "github", reason: "gh CLI not found: No such file or directory (os error 2)" })
[INFO] [stdout] stack backtrace:
[INFO] [stdout]    0:     0x63328df37a91 - std[73adb7dc35730857]::backtrace_rs::backtrace::libunwind::trace
[INFO] [stdout]                                at /rustc/6b3fa26749ab40e159b2dd5cf577acaaf5902772/library/std/src/../../backtrace/src/backtrace/libunwind.rs:117:9
[INFO] [stdout]    1:     0x63328df37a91 - std[73adb7dc35730857]::backtrace_rs::backtrace::trace_unsynchronized::<std[73adb7dc35730857]::sys::backtrace::_print_fmt::{closure#1}>
[INFO] [stdout]                                at /rustc/6b3fa26749ab40e159b2dd5cf577acaaf5902772/library/std/src/../../backtrace/src/backtrace/mod.rs:66:14
[INFO] [stdout]    2:     0x63328df37a91 - std[73adb7dc35730857]::sys::backtrace::_print_fmt
[INFO] [stdout]                                at /rustc/6b3fa26749ab40e159b2dd5cf577acaaf5902772/library/std/src/sys/backtrace.rs:74:9
[INFO] [stdout]    3:     0x63328df37a91 - <<std[73adb7dc35730857]::sys::backtrace::BacktraceLock>::print::DisplayBacktrace as core[6883ba1bc0fe4ed1]::fmt::Display>::fmt
[INFO] [stdout]                                at /rustc/6b3fa26749ab40e159b2dd5cf577acaaf5902772/library/std/src/sys/backtrace.rs:44:26
[INFO] [stdout]    4:     0x63328df4f5aa - <core[6883ba1bc0fe4ed1]::fmt::rt::Argument>::fmt
[INFO] [stdout]                                at /rustc/6b3fa26749ab40e159b2dd5cf577acaaf5902772/library/core/src/fmt/rt.rs:152:76
[INFO] [stdout]    5:     0x63328df4f5aa - core[6883ba1bc0fe4ed1]::fmt::write
[INFO] [stdout]    6:     0x63328df3d4bc - std[73adb7dc35730857]::io::default_write_fmt::<alloc[55a36b64bcbf2c0d]::vec::Vec<u8>>
[INFO] [stdout]                                at /rustc/6b3fa26749ab40e159b2dd5cf577acaaf5902772/library/std/src/io/mod.rs:626:11
[INFO] [stdout]    7:     0x63328df3d4bc - <alloc[55a36b64bcbf2c0d]::vec::Vec<u8> as std[73adb7dc35730857]::io::Write>::write_fmt
[INFO] [stdout]                                at /rustc/6b3fa26749ab40e159b2dd5cf577acaaf5902772/library/std/src/io/mod.rs:1730:13
[INFO] [stdout]    8:     0x63328df11e86 - <std[73adb7dc35730857]::sys::backtrace::BacktraceLock>::print
[INFO] [stdout]                                at /rustc/6b3fa26749ab40e159b2dd5cf577acaaf5902772/library/std/src/sys/backtrace.rs:47:9
[INFO] [stdout]    9:     0x63328df11e86 - std[73adb7dc35730857]::panicking::default_hook::{closure#0}
[INFO] [stdout]                                at /rustc/6b3fa26749ab40e159b2dd5cf577acaaf5902772/library/std/src/panicking.rs:292:27
[INFO] [stdout]   10:     0x63328df2e0b9 - std[73adb7dc35730857]::panicking::default_hook
[INFO] [stdout]                                at /rustc/6b3fa26749ab40e159b2dd5cf577acaaf5902772/library/std/src/panicking.rs:316:9
[INFO] [stdout]   11:     0x63328d446550 - <alloc[55a36b64bcbf2c0d]::boxed::Box<dyn for<'a, 'b> core[6883ba1bc0fe4ed1]::ops::function::Fn<(&'a std[73adb7dc35730857]::panic::PanicHookInfo<'b>,), Output = ()> + core[6883ba1bc0fe4ed1]::marker::Send + core[6883ba1bc0fe4ed1]::marker::Sync> as core[6883ba1bc0fe4ed1]::ops::function::Fn<(&std[73adb7dc35730857]::panic::PanicHookInfo,)>>::call
[INFO] [stdout]                                at /rustc/6b3fa26749ab40e159b2dd5cf577acaaf5902772/library/alloc/src/boxed.rs:2333:9
[INFO] [stdout]   12:     0x63328d446550 - test[980ffaebd391d06d]::test_main_inner::<test[980ffaebd391d06d]::test_main_static::{closure#0}>::{closure#0}
[INFO] [stdout]                                at /rustc/6b3fa26749ab40e159b2dd5cf577acaaf5902772/library/test/src/lib.rs:155:21
[INFO] [stdout]   13:     0x63328df2e3e2 - <alloc[55a36b64bcbf2c0d]::boxed::Box<dyn for<'a, 'b> core[6883ba1bc0fe4ed1]::ops::function::Fn<(&'a std[73adb7dc35730857]::panic::PanicHookInfo<'b>,), Output = ()> + core[6883ba1bc0fe4ed1]::marker::Send + core[6883ba1bc0fe4ed1]::marker::Sync> as core[6883ba1bc0fe4ed1]::ops::function::Fn<(&std[73adb7dc35730857]::panic::PanicHookInfo,)>>::call
[INFO] [stdout]                                at /rustc/6b3fa26749ab40e159b2dd5cf577acaaf5902772/library/alloc/src/boxed.rs:2333:9
[INFO] [stdout]   14:     0x63328df2e3e2 - std[73adb7dc35730857]::panicking::panic_with_hook
[INFO] [stdout]                                at /rustc/6b3fa26749ab40e159b2dd5cf577acaaf5902772/library/std/src/panicking.rs:823:13
[INFO] [stdout]   15:     0x63328df11f32 - std[73adb7dc35730857]::panicking::panic_handler::{closure#0}
[INFO] [stdout]                                at /rustc/6b3fa26749ab40e159b2dd5cf577acaaf5902772/library/std/src/panicking.rs:688:13
[INFO] [stdout]   16:     0x63328df08e59 - std[73adb7dc35730857]::sys::backtrace::__rust_end_short_backtrace::<std[73adb7dc35730857]::panicking::panic_handler::{closure#0}, !>
[INFO] [stdout]                                at /rustc/6b3fa26749ab40e159b2dd5cf577acaaf5902772/library/std/src/sys/backtrace.rs:182:18
[INFO] [stdout]   17:     0x63328df12f1d - __rustc[a7b7b02e776dd976]::rust_begin_unwind
[INFO] [stdout]                                at /rustc/6b3fa26749ab40e159b2dd5cf577acaaf5902772/library/std/src/panicking.rs:679:5
[INFO] [stdout]   18:     0x63328df4fddc - core[6883ba1bc0fe4ed1]::panicking::panic_fmt
[INFO] [stdout]                                at /rustc/6b3fa26749ab40e159b2dd5cf577acaaf5902772/library/core/src/panicking.rs:80:14
[INFO] [stdout]   19:     0x63328d3a15cb - github_provider_integration[b312eeb85871eae2]::list_prs_empty_when_no_prs::{closure#0}
[INFO] [stdout]                                at /opt/rustwide/workdir/tests/github_provider_integration.rs:204:5
[INFO] [stdout]   20:     0x63328d3e1bf2 - <core[6883ba1bc0fe4ed1]::pin::Pin<&mut dyn core[6883ba1bc0fe4ed1]::future::future::Future<Output = ()>> as core[6883ba1bc0fe4ed1]::future::future::Future>::poll
[INFO] [stdout]                                at /rustc/6b3fa26749ab40e159b2dd5cf577acaaf5902772/library/core/src/future/future.rs:133:9
[INFO] [stdout]   21:     0x63328d3e1cad - <core[6883ba1bc0fe4ed1]::pin::Pin<&mut core[6883ba1bc0fe4ed1]::pin::Pin<&mut dyn core[6883ba1bc0fe4ed1]::future::future::Future<Output = ()>>> as core[6883ba1bc0fe4ed1]::future::future::Future>::poll
[INFO] [stdout]                                at /rustc/6b3fa26749ab40e159b2dd5cf577acaaf5902772/library/core/src/future/future.rs:133:9
[INFO] [stdout]   22:     0x63328d3d847d - <tokio[b2311390d60af2fe]::runtime::scheduler::current_thread::CoreGuard>::block_on::<core[6883ba1bc0fe4ed1]::pin::Pin<&mut core[6883ba1bc0fe4ed1]::pin::Pin<&mut dyn core[6883ba1bc0fe4ed1]::future::future::Future<Output = ()>>>>::{closure#0}::{closure#0}::{closure#0}
[INFO] [stdout]                                at /opt/rustwide/cargo-home/registry/src/index.crates.io-1949cf8c6b5b557f/tokio-1.52.3/src/runtime/scheduler/current_thread/mod.rs:778:70
[INFO] [stdout]   23:     0x63328d3d819b - tokio[b2311390d60af2fe]::task::coop::with_budget::<core[6883ba1bc0fe4ed1]::task::poll::Poll<()>, <tokio[b2311390d60af2fe]::runtime::scheduler::current_thread::CoreGuard>::block_on<core[6883ba1bc0fe4ed1]::pin::Pin<&mut core[6883ba1bc0fe4ed1]::pin::Pin<&mut dyn core[6883ba1bc0fe4ed1]::future::future::Future<Output = ()>>>>::{closure#0}::{closure#0}::{closure#0}>
[INFO] [stdout]                                at /opt/rustwide/cargo-home/registry/src/index.crates.io-1949cf8c6b5b557f/tokio-1.52.3/src/task/coop/mod.rs:167:5
[INFO] [stdout]   24:     0x63328d3d819b - tokio[b2311390d60af2fe]::task::coop::budget::<core[6883ba1bc0fe4ed1]::task::poll::Poll<()>, <tokio[b2311390d60af2fe]::runtime::scheduler::current_thread::CoreGuard>::block_on<core[6883ba1bc0fe4ed1]::pin::Pin<&mut core[6883ba1bc0fe4ed1]::pin::Pin<&mut dyn core[6883ba1bc0fe4ed1]::future::future::Future<Output = ()>>>>::{closure#0}::{closure#0}::{closure#0}>
[INFO] [stdout]                                at /opt/rustwide/cargo-home/registry/src/index.crates.io-1949cf8c6b5b557f/tokio-1.52.3/src/task/coop/mod.rs:133:5
[INFO] [stdout]   25:     0x63328d3d819b - <tokio[b2311390d60af2fe]::runtime::scheduler::current_thread::CoreGuard>::block_on::<core[6883ba1bc0fe4ed1]::pin::Pin<&mut core[6883ba1bc0fe4ed1]::pin::Pin<&mut dyn core[6883ba1bc0fe4ed1]::future::future::Future<Output = ()>>>>::{closure#0}::{closure#0}
[INFO] [stdout]                                at /opt/rustwide/cargo-home/registry/src/index.crates.io-1949cf8c6b5b557f/tokio-1.52.3/src/runtime/scheduler/current_thread/mod.rs:778:25
[INFO] [stdout]   26:     0x63328d3d0190 - <tokio[b2311390d60af2fe]::runtime::scheduler::current_thread::Context>::enter::<core[6883ba1bc0fe4ed1]::task::poll::Poll<()>, <tokio[b2311390d60af2fe]::runtime::scheduler::current_thread::CoreGuard>::block_on<core[6883ba1bc0fe4ed1]::pin::Pin<&mut core[6883ba1bc0fe4ed1]::pin::Pin<&mut dyn core[6883ba1bc0fe4ed1]::future::future::Future<Output = ()>>>>::{closure#0}::{closure#0}>
[INFO] [stdout]                                at /opt/rustwide/cargo-home/registry/src/index.crates.io-1949cf8c6b5b557f/tokio-1.52.3/src/runtime/scheduler/current_thread/mod.rs:451:19
[INFO] [stdout]   27:     0x63328d3d673d - <tokio[b2311390d60af2fe]::runtime::scheduler::current_thread::CoreGuard>::block_on::<core[6883ba1bc0fe4ed1]::pin::Pin<&mut core[6883ba1bc0fe4ed1]::pin::Pin<&mut dyn core[6883ba1bc0fe4ed1]::future::future::Future<Output = ()>>>>::{closure#0}
[INFO] [stdout]                                at /opt/rustwide/cargo-home/registry/src/index.crates.io-1949cf8c6b5b557f/tokio-1.52.3/src/runtime/scheduler/current_thread/mod.rs:777:44
[INFO] [stdout]   28:     0x63328d3d4ee4 - <tokio[b2311390d60af2fe]::runtime::scheduler::current_thread::CoreGuard>::enter::<<tokio[b2311390d60af2fe]::runtime::scheduler::current_thread::CoreGuard>::block_on<core[6883ba1bc0fe4ed1]::pin::Pin<&mut core[6883ba1bc0fe4ed1]::pin::Pin<&mut dyn core[6883ba1bc0fe4ed1]::future::future::Future<Output = ()>>>>::{closure#0}, core[6883ba1bc0fe4ed1]::option::Option<()>>::{closure#0}
[INFO] [stdout]                                at /opt/rustwide/cargo-home/registry/src/index.crates.io-1949cf8c6b5b557f/tokio-1.52.3/src/runtime/scheduler/current_thread/mod.rs:865:68
[INFO] [stdout]   29:     0x63328d40086b - <tokio[b2311390d60af2fe]::runtime::context::scoped::Scoped<tokio[b2311390d60af2fe]::runtime::scheduler::Context>>::set::<<tokio[b2311390d60af2fe]::runtime::scheduler::current_thread::CoreGuard>::enter<<tokio[b2311390d60af2fe]::runtime::scheduler::current_thread::CoreGuard>::block_on<core[6883ba1bc0fe4ed1]::pin::Pin<&mut core[6883ba1bc0fe4ed1]::pin::Pin<&mut dyn core[6883ba1bc0fe4ed1]::future::future::Future<Output = ()>>>>::{closure#0}, core[6883ba1bc0fe4ed1]::option::Option<()>>::{closure#0}, (alloc[55a36b64bcbf2c0d]::boxed::Box<tokio[b2311390d60af2fe]::runtime::scheduler::current_thread::Core>, core[6883ba1bc0fe4ed1]::option::Option<()>)>
[INFO] [stdout]                                at /opt/rustwide/cargo-home/registry/src/index.crates.io-1949cf8c6b5b557f/tokio-1.52.3/src/runtime/context/scoped.rs:40:9
[INFO] [stdout]   30:     0x63328d434d49 - tokio[b2311390d60af2fe]::runtime::context::set_scheduler::<(alloc[55a36b64bcbf2c0d]::boxed::Box<tokio[b2311390d60af2fe]::runtime::scheduler::current_thread::Core>, core[6883ba1bc0fe4ed1]::option::Option<()>), <tokio[b2311390d60af2fe]::runtime::scheduler::current_thread::CoreGuard>::enter<<tokio[b2311390d60af2fe]::runtime::scheduler::current_thread::CoreGuard>::block_on<core[6883ba1bc0fe4ed1]::pin::Pin<&mut core[6883ba1bc0fe4ed1]::pin::Pin<&mut dyn core[6883ba1bc0fe4ed1]::future::future::Future<Output = ()>>>>::{closure#0}, core[6883ba1bc0fe4ed1]::option::Option<()>>::{closure#0}>::{closure#0}
[INFO] [stdout]                                at /opt/rustwide/cargo-home/registry/src/index.crates.io-1949cf8c6b5b557f/tokio-1.52.3/src/runtime/context.rs:181:38
[INFO] [stdout]   31:     0x63328d3bee12 - <std[73adb7dc35730857]::thread::local::LocalKey<tokio[b2311390d60af2fe]::runtime::context::Context>>::try_with::<tokio[b2311390d60af2fe]::runtime::context::set_scheduler<(alloc[55a36b64bcbf2c0d]::boxed::Box<tokio[b2311390d60af2fe]::runtime::scheduler::current_thread::Core>, core[6883ba1bc0fe4ed1]::option::Option<()>), <tokio[b2311390d60af2fe]::runtime::scheduler::current_thread::CoreGuard>::enter<<tokio[b2311390d60af2fe]::runtime::scheduler::current_thread::CoreGuard>::block_on<core[6883ba1bc0fe4ed1]::pin::Pin<&mut core[6883ba1bc0fe4ed1]::pin::Pin<&mut dyn core[6883ba1bc0fe4ed1]::future::future::Future<Output = ()>>>>::{closure#0}, core[6883ba1bc0fe4ed1]::option::Option<()>>::{closure#0}>::{closure#0}, (alloc[55a36b64bcbf2c0d]::boxed::Box<tokio[b2311390d60af2fe]::runtime::scheduler::current_thread::Core>, core[6883ba1bc0fe4ed1]::option::Option<()>)>
[INFO] [stdout]                                at /rustc/6b3fa26749ab40e159b2dd5cf577acaaf5902772/library/std/src/thread/local.rs:463:12
[INFO] [stdout]   32:     0x63328d3be5fe - <std[73adb7dc35730857]::thread::local::LocalKey<tokio[b2311390d60af2fe]::runtime::context::Context>>::with::<tokio[b2311390d60af2fe]::runtime::context::set_scheduler<(alloc[55a36b64bcbf2c0d]::boxed::Box<tokio[b2311390d60af2fe]::runtime::scheduler::current_thread::Core>, core[6883ba1bc0fe4ed1]::option::Option<()>), <tokio[b2311390d60af2fe]::runtime::scheduler::current_thread::CoreGuard>::enter<<tokio[b2311390d60af2fe]::runtime::scheduler::current_thread::CoreGuard>::block_on<core[6883ba1bc0fe4ed1]::pin::Pin<&mut core[6883ba1bc0fe4ed1]::pin::Pin<&mut dyn core[6883ba1bc0fe4ed1]::future::future::Future<Output = ()>>>>::{closure#0}, core[6883ba1bc0fe4ed1]::option::Option<()>>::{closure#0}>::{closure#0}, (alloc[55a36b64bcbf2c0d]::boxed::Box<tokio[b2311390d60af2fe]::runtime::scheduler::current_thread::Core>, core[6883ba1bc0fe4ed1]::option::Option<()>)>
[INFO] [stdout]                                at /rustc/6b3fa26749ab40e159b2dd5cf577acaaf5902772/library/std/src/thread/local.rs:427:20
[INFO] [stdout]   33:     0x63328d43473d - tokio[b2311390d60af2fe]::runtime::context::set_scheduler::<(alloc[55a36b64bcbf2c0d]::boxed::Box<tokio[b2311390d60af2fe]::runtime::scheduler::current_thread::Core>, core[6883ba1bc0fe4ed1]::option::Option<()>), <tokio[b2311390d60af2fe]::runtime::scheduler::current_thread::CoreGuard>::enter<<tokio[b2311390d60af2fe]::runtime::scheduler::current_thread::CoreGuard>::block_on<core[6883ba1bc0fe4ed1]::pin::Pin<&mut core[6883ba1bc0fe4ed1]::pin::Pin<&mut dyn core[6883ba1bc0fe4ed1]::future::future::Future<Output = ()>>>>::{closure#0}, core[6883ba1bc0fe4ed1]::option::Option<()>>::{closure#0}>
[INFO] [stdout]                                at /opt/rustwide/cargo-home/registry/src/index.crates.io-1949cf8c6b5b557f/tokio-1.52.3/src/runtime/context.rs:181:17
[INFO] [stdout]   34:     0x63328d3d3230 - <tokio[b2311390d60af2fe]::runtime::scheduler::current_thread::CoreGuard>::enter::<<tokio[b2311390d60af2fe]::runtime::scheduler::current_thread::CoreGuard>::block_on<core[6883ba1bc0fe4ed1]::pin::Pin<&mut core[6883ba1bc0fe4ed1]::pin::Pin<&mut dyn core[6883ba1bc0fe4ed1]::future::future::Future<Output = ()>>>>::{closure#0}, core[6883ba1bc0fe4ed1]::option::Option<()>>
[INFO] [stdout]                                at /opt/rustwide/cargo-home/registry/src/index.crates.io-1949cf8c6b5b557f/tokio-1.52.3/src/runtime/scheduler/current_thread/mod.rs:865:27
[INFO] [stdout]   35:     0x63328d3d39c6 - <tokio[b2311390d60af2fe]::runtime::scheduler::current_thread::CoreGuard>::block_on::<core[6883ba1bc0fe4ed1]::pin::Pin<&mut core[6883ba1bc0fe4ed1]::pin::Pin<&mut dyn core[6883ba1bc0fe4ed1]::future::future::Future<Output = ()>>>>
[INFO] [stdout]                                at /opt/rustwide/cargo-home/registry/src/index.crates.io-1949cf8c6b5b557f/tokio-1.52.3/src/runtime/scheduler/current_thread/mod.rs:765:24
[INFO] [stdout]   36:     0x63328d3d44e0 - <tokio[b2311390d60af2fe]::runtime::scheduler::current_thread::CurrentThread>::block_on::<core[6883ba1bc0fe4ed1]::pin::Pin<&mut dyn core[6883ba1bc0fe4ed1]::future::future::Future<Output = ()>>>::{closure#0}
[INFO] [stdout]                                at /opt/rustwide/cargo-home/registry/src/index.crates.io-1949cf8c6b5b557f/tokio-1.52.3/src/runtime/scheduler/current_thread/mod.rs:205:33
[INFO] [stdout]   37:     0x63328d3e2c13 - tokio[b2311390d60af2fe]::runtime::context::runtime::enter_runtime::<<tokio[b2311390d60af2fe]::runtime::scheduler::current_thread::CurrentThread>::block_on<core[6883ba1bc0fe4ed1]::pin::Pin<&mut dyn core[6883ba1bc0fe4ed1]::future::future::Future<Output = ()>>>::{closure#0}, ()>
[INFO] [stdout]                                at /opt/rustwide/cargo-home/registry/src/index.crates.io-1949cf8c6b5b557f/tokio-1.52.3/src/runtime/context/runtime.rs:65:16
[INFO] [stdout]   38:     0x63328d3cf8c1 - <tokio[b2311390d60af2fe]::runtime::scheduler::current_thread::CurrentThread>::block_on::<core[6883ba1bc0fe4ed1]::pin::Pin<&mut dyn core[6883ba1bc0fe4ed1]::future::future::Future<Output = ()>>>
[INFO] [stdout]                                at /opt/rustwide/cargo-home/registry/src/index.crates.io-1949cf8c6b5b557f/tokio-1.52.3/src/runtime/scheduler/current_thread/mod.rs:193:9
[INFO] [stdout]   39:     0x63328d40be14 - <tokio[b2311390d60af2fe]::runtime::runtime::Runtime>::block_on_inner::<core[6883ba1bc0fe4ed1]::pin::Pin<&mut dyn core[6883ba1bc0fe4ed1]::future::future::Future<Output = ()>>>
[INFO] [stdout]                                at /opt/rustwide/cargo-home/registry/src/index.crates.io-1949cf8c6b5b557f/tokio-1.52.3/src/runtime/runtime.rs:371:52
[INFO] [stdout]   40:     0x63328d40c18f - <tokio[b2311390d60af2fe]::runtime::runtime::Runtime>::block_on::<core[6883ba1bc0fe4ed1]::pin::Pin<&mut dyn core[6883ba1bc0fe4ed1]::future::future::Future<Output = ()>>>
[INFO] [stdout]                                at /opt/rustwide/cargo-home/registry/src/index.crates.io-1949cf8c6b5b557f/tokio-1.52.3/src/runtime/runtime.rs:345:18
[INFO] [stdout]   41:     0x63328d3a9f11 - github_provider_integration[b312eeb85871eae2]::list_prs_empty_when_no_prs
[INFO] [stdout]                                at /opt/rustwide/workdir/tests/github_provider_integration.rs:205:63
[INFO] [stdout]   42:     0x63328d391947 - github_provider_integration[b312eeb85871eae2]::list_prs_empty_when_no_prs::{closure#0}
[INFO] [stdout]                                at /opt/rustwide/workdir/tests/github_provider_integration.rs:173:38
[INFO] [stdout]   43:     0x63328d430d66 - <github_provider_integration[b312eeb85871eae2]::list_prs_empty_when_no_prs::{closure#0} as core[6883ba1bc0fe4ed1]::ops::function::FnOnce<()>>::call_once
[INFO] [stdout]                                at /rustc/6b3fa26749ab40e159b2dd5cf577acaaf5902772/library/core/src/ops/function.rs:250:5
[INFO] [stdout]   44:     0x63328d43988b - <fn() -> core[6883ba1bc0fe4ed1]::result::Result<(), alloc[55a36b64bcbf2c0d]::string::String> as core[6883ba1bc0fe4ed1]::ops::function::FnOnce<()>>::call_once
[INFO] [stdout]                                at /rustc/6b3fa26749ab40e159b2dd5cf577acaaf5902772/library/core/src/ops/function.rs:250:5
[INFO] [stdout]   45:     0x63328d43988b - test[980ffaebd391d06d]::__rust_begin_short_backtrace::<core[6883ba1bc0fe4ed1]::result::Result<(), alloc[55a36b64bcbf2c0d]::string::String>, fn() -> core[6883ba1bc0fe4ed1]::result::Result<(), alloc[55a36b64bcbf2c0d]::string::String>>
[INFO] [stdout]                                at /rustc/6b3fa26749ab40e159b2dd5cf577acaaf5902772/library/test/src/lib.rs:724:18
[INFO] [stdout]   46:     0x63328d446ed5 - test[980ffaebd391d06d]::run_test_in_process::{closure#0}
[INFO] [stdout]                                at /rustc/6b3fa26749ab40e159b2dd5cf577acaaf5902772/library/test/src/lib.rs:747:74
[INFO] [stdout]   47:     0x63328d446ed5 - <core[6883ba1bc0fe4ed1]::panic::unwind_safe::AssertUnwindSafe<test[980ffaebd391d06d]::run_test_in_process::{closure#0}> as core[6883ba1bc0fe4ed1]::ops::function::FnOnce<()>>::call_once
[INFO] [stdout]                                at /rustc/6b3fa26749ab40e159b2dd5cf577acaaf5902772/library/core/src/panic/unwind_safe.rs:275:9
[INFO] [stdout]   48:     0x63328d446ed5 - std[73adb7dc35730857]::panicking::catch_unwind::do_call::<core[6883ba1bc0fe4ed1]::panic::unwind_safe::AssertUnwindSafe<test[980ffaebd391d06d]::run_test_in_process::{closure#0}>, core[6883ba1bc0fe4ed1]::result::Result<(), alloc[55a36b64bcbf2c0d]::string::String>>
[INFO] [stdout]                                at /rustc/6b3fa26749ab40e159b2dd5cf577acaaf5902772/library/std/src/panicking.rs:576:43
[INFO] [stdout]   49:     0x63328d446ed5 - std[73adb7dc35730857]::panicking::catch_unwind::<core[6883ba1bc0fe4ed1]::result::Result<(), alloc[55a36b64bcbf2c0d]::string::String>, core[6883ba1bc0fe4ed1]::panic::unwind_safe::AssertUnwindSafe<test[980ffaebd391d06d]::run_test_in_process::{closure#0}>>
[INFO] [stdout]                                at /rustc/6b3fa26749ab40e159b2dd5cf577acaaf5902772/library/std/src/panicking.rs:544:19
[INFO] [stdout]   50:     0x63328d446ed5 - std[73adb7dc35730857]::panic::catch_unwind::<core[6883ba1bc0fe4ed1]::panic::unwind_safe::AssertUnwindSafe<test[980ffaebd391d06d]::run_test_in_process::{closure#0}>, core[6883ba1bc0fe4ed1]::result::Result<(), alloc[55a36b64bcbf2c0d]::string::String>>
[INFO] [stdout]                                at /rustc/6b3fa26749ab40e159b2dd5cf577acaaf5902772/library/std/src/panic.rs:359:14
[INFO] [stdout]   51:     0x63328d446ed5 - test[980ffaebd391d06d]::run_test_in_process
[INFO] [stdout]                                at /rustc/6b3fa26749ab40e159b2dd5cf577acaaf5902772/library/test/src/lib.rs:747:27
[INFO] [stdout]   52:     0x63328d446ed5 - test[980ffaebd391d06d]::run_test::{closure#0}
[INFO] [stdout]                                at /rustc/6b3fa26749ab40e159b2dd5cf577acaaf5902772/library/test/src/lib.rs:668:43
[INFO] [stdout]   53:     0x63328d441984 - test[980ffaebd391d06d]::run_test::{closure#1}
[INFO] [stdout]                                at /rustc/6b3fa26749ab40e159b2dd5cf577acaaf5902772/library/test/src/lib.rs:698:41
[INFO] [stdout]   54:     0x63328d441984 - std[73adb7dc35730857]::sys::backtrace::__rust_begin_short_backtrace::<test[980ffaebd391d06d]::run_test::{closure#1}, ()>
[INFO] [stdout]                                at /rustc/6b3fa26749ab40e159b2dd5cf577acaaf5902772/library/std/src/sys/backtrace.rs:166:18
[INFO] [stdout]   55:     0x63328d44a022 - std[73adb7dc35730857]::thread::lifecycle::spawn_unchecked::<test[980ffaebd391d06d]::run_test::{closure#1}, ()>::{closure#1}::{closure#0}
[INFO] [stdout]                                at /rustc/6b3fa26749ab40e159b2dd5cf577acaaf5902772/library/std/src/thread/lifecycle.rs:70:13
[INFO] [stdout]   56:     0x63328d44a022 - <core[6883ba1bc0fe4ed1]::panic::unwind_safe::AssertUnwindSafe<std[73adb7dc35730857]::thread::lifecycle::spawn_unchecked<test[980ffaebd391d06d]::run_test::{closure#1}, ()>::{closure#1}::{closure#0}> as core[6883ba1bc0fe4ed1]::ops::function::FnOnce<()>>::call_once
[INFO] [stdout]                                at /rustc/6b3fa26749ab40e159b2dd5cf577acaaf5902772/library/core/src/panic/unwind_safe.rs:275:9
[INFO] [stdout]   57:     0x63328d44a022 - std[73adb7dc35730857]::panicking::catch_unwind::do_call::<core[6883ba1bc0fe4ed1]::panic::unwind_safe::AssertUnwindSafe<std[73adb7dc35730857]::thread::lifecycle::spawn_unchecked<test[980ffaebd391d06d]::run_test::{closure#1}, ()>::{closure#1}::{closure#0}>, ()>
[INFO] [stdout]                                at /rustc/6b3fa26749ab40e159b2dd5cf577acaaf5902772/library/std/src/panicking.rs:576:43
[INFO] [stdout]   58:     0x63328d44a022 - std[73adb7dc35730857]::panicking::catch_unwind::<(), core[6883ba1bc0fe4ed1]::panic::unwind_safe::AssertUnwindSafe<std[73adb7dc35730857]::thread::lifecycle::spawn_unchecked<test[980ffaebd391d06d]::run_test::{closure#1}, ()>::{closure#1}::{closure#0}>>
[INFO] [stdout]                                at /rustc/6b3fa26749ab40e159b2dd5cf577acaaf5902772/library/std/src/panicking.rs:544:19
[INFO] [stdout]   59:     0x63328d44a022 - std[73adb7dc35730857]::panic::catch_unwind::<core[6883ba1bc0fe4ed1]::panic::unwind_safe::AssertUnwindSafe<std[73adb7dc35730857]::thread::lifecycle::spawn_unchecked<test[980ffaebd391d06d]::run_test::{closure#1}, ()>::{closure#1}::{closure#0}>, ()>
[INFO] [stdout]                                at /rustc/6b3fa26749ab40e159b2dd5cf577acaaf5902772/library/std/src/panic.rs:359:14
[INFO] [stdout]   60:     0x63328d44a022 - std[73adb7dc35730857]::thread::lifecycle::spawn_unchecked::<test[980ffaebd391d06d]::run_test::{closure#1}, ()>::{closure#1}
[INFO] [stdout]                                at /rustc/6b3fa26749ab40e159b2dd5cf577acaaf5902772/library/std/src/thread/lifecycle.rs:68:26
[INFO] [stdout]   61:     0x63328d44a022 - <std[73adb7dc35730857]::thread::lifecycle::spawn_unchecked<test[980ffaebd391d06d]::run_test::{closure#1}, ()>::{closure#1} as core[6883ba1bc0fe4ed1]::ops::function::FnOnce<()>>::call_once::{shim:vtable#0}
[INFO] [stdout]                                at /rustc/6b3fa26749ab40e159b2dd5cf577acaaf5902772/library/core/src/ops/function.rs:250:5
[INFO] [stdout]   62:     0x63328df365ff - <alloc[55a36b64bcbf2c0d]::boxed::Box<dyn core[6883ba1bc0fe4ed1]::ops::function::FnOnce<(), Output = ()> + core[6883ba1bc0fe4ed1]::marker::Send> as core[6883ba1bc0fe4ed1]::ops::function::FnOnce<()>>::call_once
[INFO] [stdout]                                at /rustc/6b3fa26749ab40e159b2dd5cf577acaaf5902772/library/alloc/src/boxed.rs:2319:9
[INFO] [stdout]   63:     0x63328df365ff - <std[73adb7dc35730857]::sys::thread::unix::Thread>::new::thread_start
[INFO] [stdout]                                at /rustc/6b3fa26749ab40e159b2dd5cf577acaaf5902772/library/std/src/sys/thread/unix.rs:123:17
[INFO] [stdout]   64:     0x7396450c0aa4 - <unknown>
[INFO] [stdout]   65:     0x73964514da64 - clone
[INFO] [stdout]   66:                0x0 - <unknown>
[INFO] [stdout] 
[INFO] [stdout] 
[INFO] [stdout] failures:
[INFO] [stdout]     list_prs_empty_when_no_prs
[INFO] [stdout]     list_prs_returns_search_results
[INFO] [stdout]     re_review_detected
[INFO] [stdout] 
[INFO] [stdout] test result: FAILED. 1 passed; 3 failed; 0 ignored; 0 measured; 0 filtered out; finished in 0.49s
[INFO] [stdout] 
[INFO] [stderr] error: test failed, to rerun pass `--test github_provider_integration`
[INFO] running `Command { std: "docker" "inspect" "bafa9eab1a944fe818d65ee29288d899e6e96aede914620106c46b8e40211566", kill_on_drop: false }`
[INFO] running `Command { std: "docker" "rm" "-f" "bafa9eab1a944fe818d65ee29288d899e6e96aede914620106c46b8e40211566", kill_on_drop: false }`
[INFO] [stdout] bafa9eab1a944fe818d65ee29288d899e6e96aede914620106c46b8e40211566
