[INFO] fetching crate httpmock 0.8.3...
[INFO] testing httpmock-0.8.3 against 1.98.0-beta.1 for beta-1.98-2
[INFO] extracting crate httpmock 0.8.3 into /workspace/builds/worker-3-tc2/source
[INFO] removed /workspace/builds/worker-3-tc2/source/rust-toolchain.toml
[INFO] started tweaking crates.io crate httpmock 0.8.3
[INFO] removed 0 missing tests
[INFO] finished tweaking crates.io crate httpmock 0.8.3
[INFO] tweaked toml for crates.io crate httpmock 0.8.3 written to /workspace/builds/worker-3-tc2/source/Cargo.toml
[INFO] validating manifest of crates.io crate httpmock 0.8.3 on toolchain 1.98.0-beta.1
[INFO] running `Command { std: CARGO_HOME="/workspace/cargo-home" RUSTUP_HOME="/workspace/rustup-home" "/workspace/cargo-home/bin/cargo" "+1.98.0-beta.1" "metadata" "--manifest-path" "Cargo.toml" "--no-deps", kill_on_drop: false }`
[INFO] crate crates.io crate httpmock 0.8.3 already has a lockfile, it will not be regenerated
[INFO] running `Command { std: CARGO_HOME="/workspace/cargo-home" RUSTUP_HOME="/workspace/rustup-home" "/workspace/cargo-home/bin/cargo" "+1.98.0-beta.1" "fetch" "--manifest-path" "Cargo.toml", kill_on_drop: false }`
[INFO] running `Command { std: "docker" "create" "-v" "/var/lib/crater-agent-workspace/builds/worker-3-tc2/source:/opt/rustwide/workdir:ro,Z" "-v" "/var/lib/crater-agent-workspace/builds/worker-3-tc2/target:/opt/rustwide/target:rw,Z" "-v" "/var/lib/crater-agent-workspace/cargo-home:/opt/rustwide/cargo-home:ro,Z" "-v" "/var/lib/crater-agent-workspace/rustup-home:/opt/rustwide/rustup-home:ro,Z" "-m" "1610612736" "--network" "none" "ghcr.io/rust-lang/crates-build-env/linux@sha256:3d5ced03c013a94a2f102a4510f48a6e9184255caf5fd8244f58017bde7f5210" "sleep" "infinity", kill_on_drop: false }`
[INFO] [stdout] c7f9056987cde782238eda60b0700d75574675378d5fa6ba9adc9e57951afc02
[INFO] running `Command { std: "docker" "start" "c7f9056987cde782238eda60b0700d75574675378d5fa6ba9adc9e57951afc02", kill_on_drop: false }`
[INFO] running `Command { std: "docker" "inspect" "c7f9056987cde782238eda60b0700d75574675378d5fa6ba9adc9e57951afc02", kill_on_drop: false }`
[INFO] running `Command { std: "docker" "exec" "-e" "SOURCE_DIR=/opt/rustwide/workdir" "-e" "CARGO_HOME=/opt/rustwide/cargo-home" "-e" "RUSTUP_HOME=/opt/rustwide/rustup-home" "-e" "CARGO_TARGET_DIR=/opt/rustwide/target" "-w" "/opt/rustwide/workdir" "--user" "0:0" "c7f9056987cde782238eda60b0700d75574675378d5fa6ba9adc9e57951afc02" "/opt/rustwide/cargo-home/bin/cargo" "+1.98.0-beta.1" "metadata" "--no-deps" "--format-version=1", kill_on_drop: false }`
[INFO] running `Command { std: "docker" "inspect" "c7f9056987cde782238eda60b0700d75574675378d5fa6ba9adc9e57951afc02", kill_on_drop: false }`
[INFO] running `Command { std: "docker" "exec" "-e" "SOURCE_DIR=/opt/rustwide/workdir" "-e" "CARGO_HOME=/opt/rustwide/cargo-home" "-e" "RUSTUP_HOME=/opt/rustwide/rustup-home" "-e" "CARGO_TARGET_DIR=/opt/rustwide/target" "-e" "CARGO_INCREMENTAL=0" "-e" "RUST_BACKTRACE=full" "-e" "RUSTFLAGS=--cap-lints=warn" "-e" "RUSTDOCFLAGS=--cap-lints=warn" "-w" "/opt/rustwide/workdir" "--user" "0:0" "c7f9056987cde782238eda60b0700d75574675378d5fa6ba9adc9e57951afc02" "/opt/rustwide/cargo-home/bin/cargo" "+1.98.0-beta.1" "build" "--frozen" "--message-format=json", kill_on_drop: false }`
[INFO] [stderr]    Compiling memchr v2.7.6
[INFO] [stderr]    Compiling zmij v1.0.19
[INFO] [stderr]    Compiling tracing-core v0.1.36
[INFO] [stderr]    Compiling log v0.4.29
[INFO] [stderr]    Compiling syn v2.0.114
[INFO] [stderr]    Compiling errno v0.3.14
[INFO] [stderr]    Compiling socket2 v0.6.2
[INFO] [stderr]    Compiling mio v1.1.1
[INFO] [stderr]    Compiling regex-syntax v0.8.8
[INFO] [stderr]    Compiling crypto-common v0.1.7
[INFO] [stderr]    Compiling event-listener v5.4.1
[INFO] [stderr]    Compiling futures-channel v0.3.31
[INFO] [stderr]    Compiling percent-encoding v2.3.2
[INFO] [stderr]    Compiling path-tree v0.8.3
[INFO] [stderr]    Compiling tabwriter v1.4.1
[INFO] [stderr]    Compiling futures-timer v3.0.3
[INFO] [stderr]    Compiling signal-hook-registry v1.4.8
[INFO] [stderr]    Compiling digest v0.10.7
[INFO] [stderr]    Compiling form_urlencoded v1.2.2
[INFO] [stderr]    Compiling similar v2.7.0
[INFO] [stderr]    Compiling event-listener-strategy v0.5.4
[INFO] [stderr]    Compiling stringmetrics v2.2.2
[INFO] [stderr]    Compiling sha1 v0.10.6
[INFO] [stderr]    Compiling async-lock v3.4.2
[INFO] [stderr]    Compiling aho-corasick v1.1.4
[INFO] [stderr]    Compiling serde_json v1.0.149
[INFO] [stderr]    Compiling async-object-pool v0.2.0
[INFO] [stderr]    Compiling regex-automata v0.4.13
[INFO] [stderr]    Compiling synstructure v0.13.2
[INFO] [stderr]    Compiling regex v1.12.2
[INFO] [stderr]    Compiling serde_derive v1.0.228
[INFO] [stderr]    Compiling zerofrom-derive v0.1.6
[INFO] [stderr]    Compiling yoke-derive v0.8.1
[INFO] [stderr]    Compiling zerovec-derive v0.11.2
[INFO] [stderr]    Compiling displaydoc v0.2.5
[INFO] [stderr]    Compiling tokio-macros v2.6.0
[INFO] [stderr]    Compiling tracing-attributes v0.1.31
[INFO] [stderr]    Compiling thiserror-impl v2.0.18
[INFO] [stderr]    Compiling futures-macro v0.3.31
[INFO] [stderr]    Compiling async-trait v0.1.89
[INFO] [stderr]    Compiling futures-util v0.3.31
[INFO] [stderr]    Compiling zerofrom v0.1.6
[INFO] [stderr]    Compiling yoke v0.8.1
[INFO] [stderr]    Compiling tracing v0.1.44
[INFO] [stderr]    Compiling thiserror v2.0.18
[INFO] [stderr]    Compiling zerovec v0.11.5
[INFO] [stderr]    Compiling zerotrie v0.2.3
[INFO] [stderr]    Compiling tinystr v0.8.2
[INFO] [stderr]    Compiling potential_utf v0.1.4
[INFO] [stderr]    Compiling icu_collections v2.1.1
[INFO] [stderr]    Compiling icu_locale_core v2.1.1
[INFO] [stderr]    Compiling serde v1.0.228
[INFO] [stderr]    Compiling icu_provider v2.1.1
[INFO] [stderr]    Compiling icu_properties v2.1.2
[INFO] [stderr]    Compiling icu_normalizer v2.1.1
[INFO] [stderr]    Compiling bytes v1.11.0
[INFO] [stderr]    Compiling assert-json-diff v2.0.2
[INFO] [stderr]    Compiling serde_regex v1.1.0
[INFO] [stderr]    Compiling http v1.4.0
[INFO] [stderr]    Compiling tokio v1.49.0
[INFO] [stderr]    Compiling idna_adapter v1.2.1
[INFO] [stderr]    Compiling idna v1.1.0
[INFO] [stderr]    Compiling url v2.5.8
[INFO] [stderr]    Compiling http-body v1.0.1
[INFO] [stderr]    Compiling headers-core v0.3.0
[INFO] [stderr]    Compiling headers v0.4.1
[INFO] [stderr]    Compiling http-body-util v0.1.3
[INFO] [stderr]    Compiling tokio-util v0.7.18
[INFO] [stderr]    Compiling h2 v0.4.13
[INFO] [stderr]    Compiling hyper v1.8.1
[INFO] [stderr]    Compiling hyper-util v0.1.20
[INFO] [stderr]    Compiling httpmock v0.8.3 (/opt/rustwide/workdir)
[INFO] [stderr]     Finished `dev` profile [unoptimized + debuginfo] target(s) in 16.48s
[INFO] running `Command { std: "docker" "inspect" "c7f9056987cde782238eda60b0700d75574675378d5fa6ba9adc9e57951afc02", kill_on_drop: false }`
[INFO] running `Command { std: "docker" "exec" "-e" "SOURCE_DIR=/opt/rustwide/workdir" "-e" "CARGO_HOME=/opt/rustwide/cargo-home" "-e" "RUSTUP_HOME=/opt/rustwide/rustup-home" "-e" "CARGO_TARGET_DIR=/opt/rustwide/target" "-e" "CARGO_INCREMENTAL=0" "-e" "RUST_BACKTRACE=full" "-e" "RUSTFLAGS=--cap-lints=warn" "-e" "RUSTDOCFLAGS=--cap-lints=warn" "-w" "/opt/rustwide/workdir" "--user" "0:0" "c7f9056987cde782238eda60b0700d75574675378d5fa6ba9adc9e57951afc02" "/opt/rustwide/cargo-home/bin/cargo" "+1.98.0-beta.1" "test" "--frozen" "--no-run" "--message-format=json", kill_on_drop: false }`
[INFO] [stderr]    Compiling unicode-ident v1.0.22
[INFO] [stderr]    Compiling bitflags v2.10.0
[INFO] [stderr]    Compiling parking_lot_core v0.9.12
[INFO] [stderr]    Compiling rustix v1.1.3
[INFO] [stderr]    Compiling ring v0.17.14
[INFO] [stderr]    Compiling linux-raw-sys v0.11.0
[INFO] [stderr]    Compiling rustls-pki-types v1.14.0
[INFO] [stderr]    Compiling getrandom v0.2.17
[INFO] [stderr]    Compiling async-io v2.6.0
[INFO] [stderr]    Compiling async-lock v3.4.2
[INFO] [stderr]    Compiling regex-automata v0.4.13
[INFO] [stderr]    Compiling rustls v0.23.36
[INFO] [stderr]    Compiling deranged v0.5.5
[INFO] [stderr]    Compiling serde_json v1.0.149
[INFO] [stderr]    Compiling time-macros v0.2.26
[INFO] [stderr]    Compiling cookie v0.18.1
[INFO] [stderr]    Compiling proc-macro2 v1.0.106
[INFO] [stderr]    Compiling ipnet v2.11.0
[INFO] [stderr]    Compiling parking_lot v0.12.5
[INFO] [stderr]    Compiling sync_wrapper v1.0.2
[INFO] [stderr]    Compiling quote v1.0.44
[INFO] [stderr]    Compiling psl-types v2.0.11
[INFO] [stderr]    Compiling ryu v1.0.22
[INFO] [stderr]    Compiling iri-string v0.7.10
[INFO] [stderr]    Compiling async-executor v1.13.3
[INFO] [stderr]    Compiling rustls-native-certs v0.8.3
[INFO] [stderr]    Compiling tracing-log v0.2.0
[INFO] [stderr]    Compiling async-object-pool v0.2.0
[INFO] [stderr]    Compiling async-fs v2.2.0
[INFO] [stderr]    Compiling urlencoding v2.1.3
[INFO] [stderr]    Compiling syn v2.0.114
[INFO] [stderr]    Compiling time v0.3.46
[INFO] [stderr]    Compiling regex v1.12.2
[INFO] [stderr]    Compiling matchers v0.2.0
[INFO] [stderr]    Compiling rustls-webpki v0.103.9
[INFO] [stderr]    Compiling synstructure v0.13.2
[INFO] [stderr]    Compiling serde_derive v1.0.228
[INFO] [stderr]    Compiling zerofrom-derive v0.1.6
[INFO] [stderr]    Compiling yoke-derive v0.8.1
[INFO] [stderr]    Compiling zerovec-derive v0.11.2
[INFO] [stderr]    Compiling displaydoc v0.2.5
[INFO] [stderr]    Compiling tokio-macros v2.6.0
[INFO] [stderr]    Compiling tracing-attributes v0.1.31
[INFO] [stderr]    Compiling futures-macro v0.3.31
[INFO] [stderr]    Compiling thiserror-impl v2.0.18
[INFO] [stderr]    Compiling actix-macros v0.2.4
[INFO] [stderr]    Compiling async-trait v0.1.89
[INFO] [stderr]    Compiling polling v3.11.0
[INFO] [stderr]    Compiling futures-util v0.3.31
[INFO] [stderr]    Compiling async-signal v0.2.13
[INFO] [stderr]    Compiling async-net v2.0.0
[INFO] [stderr]    Compiling zerofrom v0.1.6
[INFO] [stderr]    Compiling async-process v2.5.0
[INFO] [stderr]    Compiling yoke v0.8.1
[INFO] [stderr]    Compiling thiserror v2.0.18
[INFO] [stderr]    Compiling tracing v0.1.44
[INFO] [stderr]    Compiling zerovec v0.11.5
[INFO] [stderr]    Compiling zerotrie v0.2.3
[INFO] [stderr]    Compiling tracing-subscriber v0.3.22
[INFO] [stderr]    Compiling smol v2.0.2
[INFO] [stderr]    Compiling tinystr v0.8.2
[INFO] [stderr]    Compiling potential_utf v0.1.4
[INFO] [stderr]    Compiling icu_collections v2.1.1
[INFO] [stderr]    Compiling icu_locale_core v2.1.1
[INFO] [stderr]    Compiling icu_provider v2.1.1
[INFO] [stderr]    Compiling icu_normalizer v2.1.1
[INFO] [stderr]    Compiling icu_properties v2.1.2
[INFO] [stderr]    Compiling serde v1.0.228
[INFO] [stderr]    Compiling bytes v1.11.0
[INFO] [stderr]    Compiling assert-json-diff v2.0.2
[INFO] [stderr]    Compiling serde_regex v1.1.0
[INFO] [stderr]    Compiling serde_urlencoded v0.7.1
[INFO] [stderr]    Compiling idna_adapter v1.2.1
[INFO] [stderr]    Compiling idna v1.1.0
[INFO] [stderr]    Compiling tokio v1.49.0
[INFO] [stderr]    Compiling http v1.4.0
[INFO] [stderr]    Compiling url v2.5.8
[INFO] [stderr]    Compiling publicsuffix v2.3.0
[INFO] [stderr]    Compiling cookie_store v0.22.0
[INFO] [stderr]    Compiling http-body v1.0.1
[INFO] [stderr]    Compiling headers-core v0.3.0
[INFO] [stderr]    Compiling headers v0.4.1
[INFO] [stderr]    Compiling http-body-util v0.1.3
[INFO] [stderr]    Compiling tokio-util v0.7.18
[INFO] [stderr]    Compiling tokio-rustls v0.26.4
[INFO] [stderr]    Compiling tower v0.5.3
[INFO] [stderr]    Compiling actix-rt v2.11.0
[INFO] [stderr]    Compiling tower-http v0.6.8
[INFO] [stderr]    Compiling h2 v0.4.13
[INFO] [stderr]    Compiling hyper v1.8.1
[INFO] [stderr]    Compiling hyper-util v0.1.20
[INFO] [stderr]    Compiling hyper-rustls v0.27.7
[INFO] [stderr]    Compiling httpmock v0.8.3 (/opt/rustwide/workdir)
[INFO] [stderr]    Compiling reqwest v0.12.28
[INFO] [stderr]     Finished `test` profile [unoptimized + debuginfo] target(s) in 22.08s
[INFO] running `Command { std: "docker" "inspect" "c7f9056987cde782238eda60b0700d75574675378d5fa6ba9adc9e57951afc02", kill_on_drop: false }`
[INFO] running `Command { std: "docker" "exec" "-e" "SOURCE_DIR=/opt/rustwide/workdir" "-e" "CARGO_HOME=/opt/rustwide/cargo-home" "-e" "RUSTUP_HOME=/opt/rustwide/rustup-home" "-e" "CARGO_TARGET_DIR=/opt/rustwide/target" "-e" "CARGO_INCREMENTAL=0" "-e" "RUST_BACKTRACE=full" "-e" "RUSTFLAGS=--cap-lints=warn" "-e" "RUSTDOCFLAGS=--cap-lints=warn" "-w" "/opt/rustwide/workdir" "--user" "0:0" "c7f9056987cde782238eda60b0700d75574675378d5fa6ba9adc9e57951afc02" "/opt/rustwide/cargo-home/bin/cargo" "+1.98.0-beta.1" "test" "--frozen", kill_on_drop: false }`
[INFO] [stderr]     Finished `test` profile [unoptimized + debuginfo] target(s) in 0.18s
[INFO] [stderr]      Running unittests src/lib.rs (/opt/rustwide/target/debug/deps/httpmock-474a74d8d1170e28)
[INFO] [stdout] 
[INFO] [stdout] running 122 tests
[INFO] [stdout] test server::matchers::comparators::test::any_comparator_match ... ok
[INFO] [stdout] test server::matchers::comparators::test::json_contains_comparator_match ... ok
[INFO] [stdout] test server::matchers::comparators::test::json_contains_comparator_no_match ... ok
[INFO] [stdout] test server::matchers::comparators::test::json_exact_match_comparator_match ... ok
[INFO] [stdout] test server::matchers::comparators::test::string_contains_comparator_case_sensitive_match ... ok
[INFO] [stdout] test server::matchers::comparators::test::json_exact_match_comparator_no_match ... ok
[INFO] [stdout] test server::matchers::comparators::test::string_contains_comparator_no_match ... ok
[INFO] [stdout] test server::matchers::comparators::test::string_contains_comparator_match ... ok
[INFO] [stdout] test server::matchers::comparators::test::string_exact_comparator_case_sensitive_match ... ok
[INFO] [stdout] test server::matchers::comparators::test::string_exact_comparator_match ... ok
[INFO] [stdout] test server::matchers::comparators::test::string_exact_comparator_no_match ... ok
[INFO] [stdout] test server::matchers::comparators::tests::test_distance_exact_match ... ok
[INFO] [stdout] test server::matchers::comparators::tests::test_distance_mock_equal_size_different ... ok
[INFO] [stdout] test server::matchers::comparators::tests::test_distance_mock_shorter_than_req ... ok
[INFO] [stdout] test server::matchers::comparison::bytes_includes_test::test_bytes_includes ... ok
[INFO] [stdout] test server::matchers::comparison::distance_for_prefix_tests::test_distance_for_prefix_both_empty ... ok
[INFO] [stdout] test server::matchers::comparison::distance_for_prefix_tests::test_distance_for_prefix_case_insensitive ... ok
[INFO] [stdout] test server::matchers::comparison::distance_for_prefix_tests::test_distance_for_prefix_empty_mock_value ... ok
[INFO] [stdout] test server::matchers::comparison::distance_for_prefix_tests::test_distance_for_prefix_case_sensitive ... ok
[INFO] [stdout] test server::matchers::comparison::distance_for_prefix_tests::test_distance_for_prefix_empty_req_value ... ok
[INFO] [stdout] test server::matchers::comparison::distance_for_prefix_tests::test_distance_for_prefix_negated ... ok
[INFO] [stdout] test server::matchers::comparison::distance_for_prefix_tests::test_distance_for_prefix_no_match ... ok
[INFO] [stdout] test server::matchers::comparison::distance_for_prefix_tests::test_distance_for_prefix_none_both ... ok
[INFO] [stdout] test server::matchers::comparison::distance_for_prefix_tests::test_distance_for_prefix_none_mock_value ... ok
[INFO] [stdout] test server::matchers::comparison::distance_for_prefix_tests::test_distance_for_prefix_none_req_value ... ok
[INFO] [stdout] test server::matchers::comparison::distance_for_prefix_tests::test_distance_for_prefix_partial_match ... ok
[INFO] [stdout] test server::matchers::comparison::distance_for_usize_test::tree_map_fully_contains_other ... ok
[INFO] [stdout] test server::matchers::comparison::hostname_equals_tests::test_hostname_is_equal ... ok
[INFO] [stdout] test server::matchers::comparison::hostname_equals_tests::test_hostname_is_not_equal ... ok
[INFO] [stdout] test server::matchers::comparison::hostname_equals_tests::test_hostname_is_not_equal_to_localhost ... ok
[INFO] [stdout] test server::matchers::comparison::longest_common_substring_tests::test_no_common_substring ... ok
[INFO] [stdout] test server::matchers::comparison::hostname_equals_tests::test_hostname_localhost_equals ... ok
[INFO] [stdout] test server::matchers::comparison::longest_common_substring_tests::test_case_insensitive_match ... ok
[INFO] [stdout] test server::matchers::comparison::longest_common_substring_tests::test_utf8_support ... ok
[INFO] [stdout] test server::matchers::comparison::longest_common_substring_tests::test_empty_strings ... ok
[INFO] [stdout] test server::matchers::comparison::regex_string_distance_tests::test_no_mock_value ... ok
[INFO] [stdout] test server::matchers::comparison::longest_common_substring_tests::test_case_sensitive_match ... ok
[INFO] [stdout] test server::matchers::comparison::longest_common_substring_tests::test_full_string_match ... ok
[INFO] [stdout] test server::matchers::comparison::string_contains_tests::test_both_empty ... ok
[INFO] [stdout] test server::matchers::comparison::regex_string_distance_tests::test_negated_no_match ... ok
[INFO] [stdout] test server::matchers::comparison::regex_string_distance_tests::test_negated_partial_match ... ok
[INFO] [stdout] test server::matchers::comparison::regex_string_distance_tests::test_no_req_value ... ok
[INFO] [stdout] test server::matchers::comparison::string_contains_tests::test_case_sensitive_contains ... ok
[INFO] [stdout] test server::matchers::comparison::regex_string_distance_tests::test_negated_full_match ... ok
[INFO] [stdout] test server::matchers::comparison::regex_string_distance_tests::test_non_negated_full_match ... ok
[INFO] [stdout] test server::matchers::comparison::regex_string_distance_tests::test_non_negated_partial_match ... ok
[INFO] [stdout] test server::matchers::comparison::string_contains_tests::test_case_insensitive_contains ... ok
[INFO] [stdout] test server::matchers::comparison::string_contains_tests::test_empty_mock_value ... ok
[INFO] [stdout] test server::matchers::comparison::string_contains_tests::test_contains_substring ... ok
[INFO] [stdout] test server::matchers::comparison::string_contains_tests::test_empty_req_value ... ok
[INFO] [stdout] test server::matchers::comparison::string_contains_tests::test_negated_contains ... ok
[INFO] [stdout] test server::matchers::comparison::string_contains_tests::test_no_match_contains ... ok
[INFO] [stdout] test server::matchers::comparison::string_distance_tests::test_string_distance_both_empty ... ok
[INFO] [stdout] test server::matchers::comparison::string_distance_tests::test_string_distance_case_insensitive ... ok
[INFO] [stdout] test server::matchers::comparison::string_distance_tests::test_string_distance_case_sensitive ... ok
[INFO] [stdout] test server::matchers::comparison::string_distance_tests::test_string_distance_empty_mock_value ... ok
[INFO] [stdout] test server::matchers::comparison::string_distance_tests::test_string_distance_empty_req_value ... ok
[INFO] [stdout] test server::matchers::comparison::regex_string_distance_tests::test_empty_rv_negated_match ... ok
[INFO] [stdout] test server::matchers::comparison::string_has_prefix_tests::test_case_insensitive_prefix_match ... ok
[INFO] [stdout] test server::matchers::comparison::string_distance_tests::test_string_distance_none_mock_value ... ok
[INFO] [stdout] test server::matchers::comparison::string_distance_tests::test_string_distance_negated ... ok
[INFO] [stdout] test server::matchers::comparison::string_has_prefix_tests::test_both_empty ... ok
[INFO] [stdout] test server::matchers::comparison::string_distance_tests::test_string_distance_no_match ... ok
[INFO] [stdout] test server::matchers::comparison::regex_string_distance_tests::test_non_negated_no_match ... ok
[INFO] [stdout] test server::matchers::comparison::string_has_prefix_tests::test_empty_mock_value ... ok
[INFO] [stdout] test server::matchers::comparison::string_has_prefix_tests::test_case_sensitive_prefix_match ... ok
[INFO] [stdout] test server::matchers::comparison::regex_string_distance_tests::test_empty_rv_non_negated_no_match ... ok
[INFO] [stdout] test server::matchers::comparison::string_has_prefix_tests::test_prefix_too_short ... ok
[INFO] [stdout] test server::matchers::comparison::regex_string_distance_tests::test_empty_rv_non_negated_match ... ok
[INFO] [stdout] test server::matchers::comparison::string_has_prefix_tests::test_empty_req_value ... ok
[INFO] [stdout] test server::matchers::comparison::string_has_prefix_tests::test_negated_prefix_match ... ok
[INFO] [stdout] test server::matchers::comparison::string_has_suffix_tests::test_both_empty ... ok
[INFO] [stdout] test server::matchers::comparison::string_has_prefix_tests::test_exact_match ... ok
[INFO] [stdout] test server::matchers::comparison::string_has_suffix_tests::test_case_insensitive_suffix_match ... ok
[INFO] [stdout] test server::matchers::comparison::string_has_suffix_tests::test_empty_req_value ... ok
[INFO] [stdout] test server::matchers::comparison::string_has_suffix_tests::test_case_sensitive_suffix_match ... ok
[INFO] [stdout] test server::matchers::comparison::string_has_suffix_tests::test_exact_match_case_insensitive ... ok
[INFO] [stdout] test server::matchers::comparison::string_has_suffix_tests::test_no_match_case_sensitive ... ok
[INFO] [stdout] test server::matchers::comparison::regex_string_distance_tests::test_empty_rv_negated_no_match ... ok
[INFO] [stdout] test server::matchers::comparison::string_has_suffix_tests::test_suffix_too_short ... ok
[INFO] [stdout] test server::matchers::comparison::string_has_suffix_tests::test_exact_match_case_sensitive ... ok
[INFO] [stdout] test server::matchers::comparison::string_has_suffix_tests::test_negated_suffix_match ... ok
[INFO] [stdout] test server::matchers::comparison::string_has_suffix_tests::test_no_match_case_insensitive ... ok
[INFO] [stdout] test server::matchers::comparison::string_matches_regex_tests::test_string_matches_regex_none_pattern_and_request_value ... ok
[INFO] [stdout] test server::matchers::comparison::string_has_suffix_tests::test_empty_mock_value ... ok
[INFO] [stdout] test server::matchers::comparison::string_matches_regex_tests::test_string_matches_regex_none_pattern_and_request_value_negated ... ok
[INFO] [stdout] test server::matchers::comparison::string_matches_regex_tests::test_string_matches_regex_none_pattern_negated ... ok
[INFO] [stdout] test server::matchers::comparators::test::regex_comparator_match ... ok
[INFO] [stdout] test server::matchers::comparators::test::regex_comparator_no_match ... ok
[INFO] [stdout] test server::matchers::comparison::string_matches_regex_tests::test_string_matches_regex_none_pattern ... ok
[INFO] [stdout] test server::matchers::comparison::string_matches_regex_tests::test_string_matches_regex_empty_pattern ... ok
[INFO] [stdout] test server::matchers::comparison::string_matches_regex_tests::test_string_matches_regex_empty_pattern_and_request_value ... ok
[INFO] [stdout] test server::matchers::comparison::tests::test_distance_for_substring_both_empty ... ok
[INFO] [stdout] test server::matchers::comparison::tests::test_distance_for_substring_case_insensitive_match ... ok
[INFO] [stdout] test server::matchers::comparison::tests::test_distance_for_substring_case_insensitive_no_match ... ok
[INFO] [stdout] test server::matchers::comparison::tests::test_distance_for_substring_case_sensitive_match ... ok
[INFO] [stdout] test server::matchers::comparison::tests::test_distance_for_substring_empty_mock_value ... ok
[INFO] [stdout] test server::matchers::comparison::tests::test_distance_for_substring_empty_req_value ... ok
[INFO] [stdout] test server::matchers::comparison::tests::test_distance_for_substring_negated_no_match ... ok
[INFO] [stdout] test server::matchers::comparison::tests::test_distance_for_substring_case_sensitive_no_match ... ok
[INFO] [stdout] test server::matchers::comparison::tests::test_distance_for_substring_negated_match ... ok
[INFO] [stdout] test server::matchers::comparison::tests::test_distance_for_substring_none_both ... ok
[INFO] [stdout] test server::matchers::comparison::tests::test_distance_for_substring_none_mock_value ... ok
[INFO] [stdout] test server::matchers::comparison::usize_equals_tests::test_usize_equals_both_none_not_negated ... ok
[INFO] [stdout] test server::matchers::comparison::tests::test_distance_for_substring_none_req_value ... ok
[INFO] [stdout] test server::matchers::comparison::usize_equals_tests::test_usize_equals_both_none_negated ... ok
[INFO] [stdout] test server::matchers::comparison::usize_equals_tests::test_usize_equals_equal_values_negated ... ok
[INFO] [stdout] test server::matchers::comparison::usize_equals_tests::test_usize_equals_equal_values_not_negated ... ok
[INFO] [stdout] test server::matchers::comparison::usize_equals_tests::test_usize_equals_req_value_none_not_negated ... ok
[INFO] [stdout] test server::matchers::comparison::usize_equals_tests::test_usize_equals_mock_value_none_not_negated ... ok
[INFO] [stdout] test server::matchers::comparison::usize_equals_tests::test_usize_equals_mock_value_none_negated ... ok
[INFO] [stdout] test server::matchers::comparison::usize_equals_tests::test_usize_equals_req_value_none_negated ... ok
[INFO] [stdout] test server::matchers::comparison::usize_equals_tests::test_usize_equals_unequal_values_not_negated ... ok
[INFO] [stdout] test server::matchers::comparison::usize_equals_tests::test_usize_equals_unequal_values_negated ... ok
[INFO] [stdout] test server::matchers::comparison::string_matches_regex_tests::test_string_matches_regex_negated ... ok
[INFO] [stdout] test server::matchers::comparison::string_matches_regex_tests::test_string_matches_regex_none_request_value ... ok
[INFO] [stdout] test server::matchers::comparison::string_matches_regex_tests::test_string_matches_regex_empty_request_value ... ok
[INFO] [stdout] test server::matchers::comparison::string_matches_regex_tests::test_string_matches_regex ... ok
[INFO] [stdout] test server::matchers::comparison::string_matches_regex_tests::test_string_matches_regex_none_request_value_negated ... ok
[INFO] [stdout] test server::matchers::comparison::string_matches_regex_tests::test_string_matches_regex_pattern_with_special_chars ... ok
[INFO] [stdout] test server::matchers::comparison::string_matches_regex_tests::test_string_matches_regex_case_insensitive ... ok
[INFO] [stdout] test common::util::test::with_retry_error_test ... ok
[INFO] [stdout] 
[INFO] [stdout] test result: ok. 122 passed; 0 failed; 0 ignored; 0 measured; 0 filtered out; finished in 1.00s
[INFO] [stdout] 
[INFO] [stderr]      Running tests/lib.rs (/opt/rustwide/target/debug/deps/lib-38504edbbca0ff58)
[INFO] [stdout] 
[INFO] [stdout] running 118 tests
[INFO] [stdout] test examples::getting_started_tests::async_getting_started_test ... ok
[INFO] [stdout] test examples::binary_body_tests::binary_body_test ... ok
[INFO] [stdout] test examples::headers_tests::headers_test ... ok
[INFO] [stdout] test examples::cookie_tests::cookie_matching_test ... ok
[INFO] [stdout] test examples::custom_request_matcher_tests::is_false_matcher_called_once_per_request ... ok
[INFO] [stdout] test examples::json_body_tests::json_value_body_test ... ok
[INFO] [stdout] test examples::custom_request_matcher_tests::my_custom_request_matcher_test ... ok
[INFO] [stdout] test examples::custom_request_matcher_tests::dynamic_responder_http_crate_test ... ok
[INFO] [stdout] test examples::custom_request_matcher_tests::is_true_matcher_called_once_per_request ... ok
[INFO] [stdout] test examples::custom_request_matcher_tests::dynamic_responder_test ... ok
[INFO] [stdout] test examples::json_body_tests::json_body_object_serde_test ... ok
[INFO] [stdout] test examples::file_body_tests::file_body_test ... ok
[INFO] [stdout] test examples::getting_started_tests::getting_started_test ... ok
[INFO] [stdout] test examples::headers_tests::headers_test_header_count_regex ... ok
[INFO] [stdout] test examples::url_matching_tests::url_matching_test ... ok
[INFO] [stdout] test examples::json_body_tests::partial_json_body_test ... ok
[INFO] [stdout] test examples::multi_server_tests::multi_server_test ... ok
[INFO] [stdout] test examples::query_param_tests::url_param_encoding_issue_56 ... ok
[INFO] [stdout] test examples::x_www_form_urlencoded_tests::body_test_xxx_form_url_encoded ... ok
[INFO] [stdout] test examples::query_param_tests::url_param_matching_test ... ok
[INFO] [stdout] test examples::query_param_tests::url_param_unencoded_matching_test ... ok
[INFO] [stdout] test examples::query_param_tests::url_param_urlencoded_matching_test ... ok
[INFO] [stdout] test examples::showcase_tests::showcase_test ... ok
[INFO] [stdout] test examples::reset_tests::reset_server_test ... ok
[INFO] [stdout] test examples::string_body_tests::body_test ... ok
[INFO] [stdout] test examples::delete_mock_tests::explicit_delete_mock_test ... ok
[INFO] [stdout] test matchers::body::body_excludes_fail_message ... ok
[INFO] [stdout] test matchers::body::body_includes_multiline ... ok
[INFO] [stdout] test matchers::body::body_fail_message ... ok
[INFO] [stdout] test matchers::body::body_not_fail_message ... ok
[INFO] [stdout] test matchers::body::body_matches_fail_message ... ok
[INFO] [stdout] test matchers::body::body_includes_fail_message ... ok
[INFO] [stdout] test matchers::body::body_prefix_fail_message ... ok
[INFO] [stdout] test matchers::body::body ... ok
[INFO] [stdout] test matchers::body::body_prefix_not_fail_message ... ok
[INFO] [stdout] test matchers::body::body_excludes ... ok
[INFO] [stdout] test matchers::body::body_suffix_fail_message ... ok
[INFO] [stdout] test matchers::body::body_prefix ... ok
[INFO] [stdout] test matchers::body::body_not ... ok
[INFO] [stdout] test matchers::body::body_suffix ... ok
[INFO] [stdout] test matchers::body::body_includes ... ok
[INFO] [stdout] test matchers::body::body_prefix_not ... ok
[INFO] [stdout] test matchers::body::body_suffix_not_fail_message ... ok
[INFO] [stdout] test matchers::body::body_matches ... ok
[INFO] [stdout] test matchers::body::body_suffix_not ... ok
[INFO] [stdout] test matchers::cookies::cookie_includes ... ok
[INFO] [stdout] test matchers::cookies::cookie ... ok
[INFO] [stdout] test matchers::cookies::cookie_excludes ... ok
[INFO] [stdout] test matchers::cookies::cookie_missing ... ok
[INFO] [stdout] test matchers::cookies::cookie_prefix_not ... ok
[INFO] [stdout] test matchers::cookies::cookie_suffix ... ok
[INFO] [stdout] test matchers::cookies::cookie_suffix_not ... ok
[INFO] [stdout] test matchers::headers::header ... ok
[INFO] [stdout] test matchers::cookies::cookie_prefix ... ok
[INFO] [stdout] test matchers::cookies::cookie_exists ... ok
[INFO] [stdout] test matchers::cookies::cookie_count ... ok
[INFO] [stdout] test matchers::cookies::cookie_matches ... ok
[INFO] [stdout] test matchers::headers::header_includes ... ok
[INFO] [stdout] test matchers::headers::header_excludes ... ok
[INFO] [stdout] test matchers::method::failure_method ... ok
[INFO] [stdout] test matchers::method::failure_method_not ... ok
[INFO] [stdout] test matchers::method::success_method ... ok
[INFO] [stdout] test matchers::headers::header_missing ... ok
[INFO] [stdout] test matchers::method::success_method_not ... ok
[INFO] [stdout] test matchers::headers::header_suffix ... ok
[INFO] [stdout] test matchers::headers::header_prefix_not ... ok
[INFO] [stdout] test matchers::headers::header_exists ... ok
[INFO] [stdout] test matchers::headers::header_prefix ... ok
[INFO] [stdout] test matchers::headers::header_suffix_not ... ok
[INFO] [stdout] test matchers::port::host_failure ... ok
[INFO] [stdout] test matchers::path::path ... ok
[INFO] [stdout] test matchers::path::path_excludes ... ok
[INFO] [stdout] test matchers::path::path_includes ... ok
[INFO] [stdout] test matchers::path::path_not ... ok
[INFO] [stdout] test matchers::port::host_not_success_name ... ok
[INFO] [stdout] test matchers::path::path_prefix_not ... ok
[INFO] [stdout] test matchers::path::path_matches ... ok
[INFO] [stdout] test matchers::port::host_tests ... ok
[INFO] [stdout] test matchers::cookies::cookie_not ... ok
[INFO] [stdout] test matchers::path::path_suffix_not ... ok
[INFO] [stdout] test matchers::path::path_prefix ... ok
[INFO] [stdout] test matchers::port::host_not_failure ... ok
[INFO] [stdout] test matchers::path::path_suffix ... ok
[INFO] [stdout] test matchers::headers::header_matches ... ok
[INFO] [stdout] test matchers::query_param::query_param ... ok
[INFO] [stdout] test matchers::headers::header_count ... ok
[INFO] [stdout] test matchers::headers::header_not ... ok
[INFO] [stdout] test matchers::scheme::scheme_failure ... ok
[INFO] [stdout] test matchers::query_param::query_param_excludes ... ok
[INFO] [stdout] test matchers::query_param::query_param_includes ... ok
[INFO] [stdout] test matchers::scheme::scheme_not_failure ... ok
[INFO] [stdout] test matchers::query_param::query_param_missing ... ok
[INFO] [stdout] test matchers::query_param::query_param_prefix_not ... ok
[INFO] [stdout] test matchers::query_param::query_param_prefix ... ok
[INFO] [stdout] test matchers::query_param::query_param_suffix ... ok
[INFO] [stdout] test matchers::scheme::scheme_not_test ... ok
[INFO] [stdout] test matchers::query_param::query_param_suffix_not ... ok
[INFO] [stdout] test matchers::scheme::scheme_test ... ok
[INFO] [stdout] test matchers::query_param::query_param_exists ... ok
[INFO] [stdout] test matchers::query_param::query_param_count ... ok
[INFO] [stdout] test misc::extensions_test::wrapper_test ... ok
[INFO] [stdout] test matchers::query_param::query_param_matches ... ok
[INFO] [stdout] test matchers::urlencoded_body::form_urlencoded_tuple ... ok
[INFO] [stdout] test matchers::urlencoded_body::form_urlencoded_tuple_excludes ... ok
[INFO] [stdout] test matchers::urlencoded_body::form_urlencoded_tuple_missing ... ok
[INFO] [stdout] test matchers::urlencoded_body::form_urlencoded_tuple_includes ... ok
[INFO] [stdout] test matchers::urlencoded_body::form_urlencoded_tuple_prefix_not ... ok
[INFO] [stdout] test matchers::urlencoded_body::form_urlencoded_tuple_prefix ... ok
[INFO] [stdout] test matchers::urlencoded_body::form_urlencoded_tuple_suffix ... ok
[INFO] [stdout] test matchers::urlencoded_body::form_urlencoded_tuple_exists ... ok
[INFO] [stdout] test matchers::urlencoded_body::form_urlencoded_tuple_suffix_not ... ok
[INFO] [stdout] test matchers::urlencoded_body::form_urlencoded_tuple_count ... ok
[INFO] [stdout] test matchers::urlencoded_body::form_urlencoded_tuple_matches ... ok
[INFO] [stdout] test matchers::query_param::query_param_not ... ok
[INFO] [stdout] test misc::runtimes_test::all_runtimes_test ... ok
[INFO] [stdout] test matchers::urlencoded_body::form_urlencoded_tuple_not ... ok
[INFO] [stdout] test examples::delay_tests::delay_test ... ok
[INFO] [stdout] test misc::loop_test::loop_with_local_test ... ok
[INFO] [stdout] 
[INFO] [stdout] test result: ok. 118 passed; 0 failed; 0 ignored; 0 measured; 0 filtered out; finished in 44.86s
[INFO] [stdout] 
[INFO] [stderr]    Doc-tests httpmock
[INFO] [stdout] 
[INFO] [stdout] running 128 tests
[INFO] [stdout] test src/api/mock.rs - api::mock::MockExt::id (line 662) ... FAILED
[INFO] [stdout] test src/api/mock.rs - api::mock::Mock<'a>::delete_async (line 536) ... FAILED
[INFO] [stdout] test src/api/mock.rs - api::mock::Mock<'a>::server_address (line 588) ... FAILED
[INFO] [stdout] test src/api/mock.rs - api::mock::Mock<'a>::assert_async (line 109) ... FAILED
[INFO] [stdout] test src/api/server.rs - api::server::MockServer::address (line 259) ... FAILED
[INFO] [stdout] test src/api/server.rs - api::server::MockServer::mock (line 367) ... FAILED
[INFO] [stdout] test src/api/mock.rs - api::mock::Mock<'a>::hits_async (line 409) ... FAILED
[INFO] [stdout] test src/api/mock.rs - api::mock::Mock<'a>::assert_calls_async (line 273) ... FAILED
[INFO] [stdout] test src/api/mock.rs - api::mock::Mock<'a>::assert_hits (line 150) ... FAILED
[INFO] [stdout] test src/api/server.rs - api::server::MockServer::start_async (line 188) ... ok
[INFO] [stdout] test src/api/server.rs - api::server::MockServer::reset_async (line 486) ... FAILED
[INFO] [stdout] test src/api/server.rs - api::server::MockServer::mock_async (line 402) ... FAILED
[INFO] [stdout] test src/api/server.rs - api::server::MockServer::reset (line 459) ... FAILED
[INFO] [stdout] test src/api/mock.rs - api::mock::Mock<'a>::assert_calls (line 189) ... FAILED
[INFO] [stdout] test src/api/spec.rs - api::spec::Then::body_from_file (line 5018) ... FAILED
[INFO] [stdout] test src/api/spec.rs - api::spec::Then::body (line 4971) ... FAILED
[INFO] [stdout] test src/api/spec.rs - api::spec::Then::and (line 5335) ... FAILED
[INFO] [stdout] test src/api/spec.rs - api::spec::Then::delay (line 5274) ... FAILED
[INFO] [stdout] test src/api/spec.rs - api::spec::Then::header (line 5209) ... FAILED
[INFO] [stdout] test src/api/mock.rs - api::mock::Mock<'a>::calls (line 375) ... FAILED
[INFO] [stdout] test src/api/mock.rs - api::mock::Mock (line 24) has been running for over 60 seconds
[INFO] [stdout] test src/api/mock.rs - api::mock::Mock<'a>::assert (line 72) has been running for over 60 seconds
[INFO] [stdout] test src/api/mock.rs - api::mock::Mock<'a>::assert_hits_async (line 229) has been running for over 60 seconds
[INFO] [stdout] test src/api/mock.rs - api::mock::Mock<'a>::calls_async (line 449) has been running for over 60 seconds
[INFO] [stdout] test src/api/mock.rs - api::mock::Mock<'a>::delete (line 495) has been running for over 60 seconds
[INFO] [stdout] test src/api/mock.rs - api::mock::Mock<'a>::hits (line 341) has been running for over 60 seconds
[INFO] [stdout] test src/api/mock.rs - api::mock::MockExt::new (line 622) has been running for over 60 seconds
[INFO] [stdout] test src/api/spec.rs - api::spec::Then::respond_with (line 5392) ... FAILED
[INFO] [stdout] test src/api/server.rs - api::server::MockServer::base_url (line 335) has been running for over 60 seconds
[INFO] [stdout] test src/api/server.rs - api::server::MockServer::host (line 223) has been running for over 60 seconds
[INFO] [stdout] test src/api/server.rs - api::server::MockServer::port (line 241) has been running for over 60 seconds
[INFO] [stdout] test src/api/spec.rs - api::spec::Then::json_body (line 5076) ... FAILED
[INFO] [stdout] test src/api/spec.rs - api::spec::Then::json_body_obj (line 5140) ... FAILED
[INFO] [stdout] test src/api/server.rs - api::server::MockServer::url (line 310) has been running for over 60 seconds
[INFO] [stdout] test src/api/spec.rs - api::spec::Then::respond_with (line 5470) ... FAILED
[INFO] [stdout] test src/api/spec.rs - api::spec::Then::respond_with (line 5426) ... FAILED
[INFO] [stdout] test src/api/spec.rs - api::spec::When::and (line 4873) ... FAILED
[INFO] [stdout] test src/api/spec.rs - api::spec::Then::status (line 4926) ... FAILED
[INFO] [stdout] test src/api/spec.rs - api::spec::When::any_request (line 39) ... FAILED
[INFO] [stdout] test src/api/spec.rs - api::spec::When::body (line 3283) ... FAILED
[INFO] [stdout] test src/api/mock.rs - api::mock::Mock<'a>::hits (line 341) ... FAILED
[INFO] [stdout] test src/api/spec.rs - api::spec::When::body_excludes (line 3424) ... FAILED
[INFO] [stdout] test src/api/spec.rs - api::spec::When::body_prefix_not (line 3571) ... FAILED
[INFO] [stdout] test src/api/spec.rs - api::spec::When::body_not (line 3326) ... FAILED
[INFO] [stdout] test src/api/spec.rs - api::spec::When::body_suffix (line 3522) ... FAILED
[INFO] [stdout] test src/api/spec.rs - api::spec::When::body_includes (line 3375) has been running for over 60 seconds
[INFO] [stdout] test src/api/spec.rs - api::spec::When::body_suffix_not (line 3620) ... FAILED
[INFO] [stdout] test src/api/spec.rs - api::spec::When::cookie (line 2640) ... FAILED
[INFO] [stdout] test src/api/spec.rs - api::spec::When::body_matches (line 3669) has been running for over 60 seconds
[INFO] [stdout] test src/api/spec.rs - api::spec::When::cookie_count (line 3228) ... FAILED
[INFO] [stdout] test src/api/mock.rs - api::mock::Mock (line 24) ... FAILED
[INFO] [stdout] test src/api/server.rs - api::server::MockServer::base_url (line 335) ... ok
[INFO] [stdout] test src/api/server.rs - api::server::MockServer::host (line 223) ... ok
[INFO] [stdout] test src/api/mock.rs - api::mock::Mock<'a>::assert_hits_async (line 229) ... FAILED
[INFO] [stdout] test src/api/spec.rs - api::spec::When::body_prefix (line 3473) has been running for over 60 seconds
[INFO] [stdout] test src/api/spec.rs - api::spec::When::cookie_prefix (line 2951) ... FAILED
[INFO] [stdout] test src/api/spec.rs - api::spec::When::cookie_not (line 2692) ... FAILED
[INFO] [stdout] test src/api/spec.rs - api::spec::When::cookie_excludes (line 2896) has been running for over 60 seconds
[INFO] [stdout] test src/api/spec.rs - api::spec::When::cookie_exists (line 2746) has been running for over 60 seconds
[INFO] [stdout] test src/api/spec.rs - api::spec::When::cookie_includes (line 2841) has been running for over 60 seconds
[INFO] [stdout] test src/api/spec.rs - api::spec::When::cookie_matches (line 3171) has been running for over 60 seconds
[INFO] [stdout] test src/api/spec.rs - api::spec::When::cookie_missing (line 2793) has been running for over 60 seconds
[INFO] [stdout] test src/api/spec.rs - api::spec::When::cookie_missing (line 2793) ... FAILED
[INFO] [stdout] test src/api/spec.rs - api::spec::When::cookie_prefix_not (line 3061) has been running for over 60 seconds
[INFO] [stdout] test src/api/spec.rs - api::spec::When::cookie_suffix (line 3006) has been running for over 60 seconds
[INFO] [stdout] test src/api/mock.rs - api::mock::Mock<'a>::assert (line 72) ... FAILED
[INFO] [stdout] test src/api/spec.rs - api::spec::When::cookie_prefix_not (line 3061) ... FAILED
[INFO] [stdout] test src/api/spec.rs - api::spec::When::cookie_suffix (line 3006) ... FAILED
[INFO] [stdout] test src/api/mock.rs - api::mock::MockExt::new (line 622) ... FAILED
[INFO] [stdout] test src/api/spec.rs - api::spec::When::cookie_suffix_not (line 3116) has been running for over 60 seconds
[INFO] [stdout] test src/api/spec.rs - api::spec::When::form_urlencoded_tuple (line 3981) ... FAILED
[INFO] [stdout] test src/api/spec.rs - api::spec::When::form_urlencoded_tuple_count (line 4664) ... FAILED
[INFO] [stdout] test src/api/spec.rs - api::spec::When::form_urlencoded_tuple_exists (line 4103) ... FAILED
[INFO] [stdout] test src/api/spec.rs - api::spec::When::body_includes (line 3375) ... FAILED
[INFO] [stdout] test src/api/server.rs - api::server::MockServer::port (line 241) ... ok
[INFO] [stdout] test src/api/server.rs - api::server::MockServer::url (line 310) ... ok
[INFO] [stdout] test src/api/spec.rs - api::spec::When::form_urlencoded_tuple_missing (line 4161) ... FAILED
[INFO] [stdout] test src/api/spec.rs - api::spec::When::form_urlencoded_tuple_includes (line 4220) ... FAILED
[INFO] [stdout] test src/api/spec.rs - api::spec::When::form_urlencoded_tuple_excludes (line 4283) has been running for over 60 seconds
[INFO] [stdout] test src/api/spec.rs - api::spec::When::form_urlencoded_tuple_matches (line 4597) ... FAILED
[INFO] [stdout] test src/api/spec.rs - api::spec::When::form_urlencoded_tuple_not (line 4043) ... FAILED
[INFO] [stdout] test src/api/spec.rs - api::spec::When::form_urlencoded_tuple_prefix_not (line 4408) ... FAILED
[INFO] [stdout] test src/api/spec.rs - api::spec::When::form_urlencoded_tuple_prefix (line 4345) has been running for over 60 seconds
[INFO] [stdout] test src/api/spec.rs - api::spec::When::form_urlencoded_tuple_prefix (line 4345) ... FAILED
[INFO] [stdout] test src/api/spec.rs - api::spec::When::form_urlencoded_tuple_suffix (line 4471) has been running for over 60 seconds
[INFO] [stdout] test src/api/spec.rs - api::spec::When::form_urlencoded_tuple_suffix (line 4471) ... FAILED
[INFO] [stdout] test src/api/spec.rs - api::spec::When::form_urlencoded_tuple_suffix_not (line 4534) ... FAILED
[INFO] [stdout] test src/api/spec.rs - api::spec::When::header (line 1965) ... FAILED
[INFO] [stdout] test src/api/spec.rs - api::spec::When::header_count (line 2561) ... FAILED
[INFO] [stdout] test src/api/spec.rs - api::spec::When::header_excludes (line 2223) ... FAILED
[INFO] [stdout] test src/api/spec.rs - api::spec::When::header_exists (line 2071) ... FAILED
[INFO] [stdout] test src/api/spec.rs - api::spec::When::header_includes (line 2167) ... FAILED
[INFO] [stdout] test src/api/spec.rs - api::spec::When::header_matches (line 2503) ... FAILED
[INFO] [stdout] test src/api/spec.rs - api::spec::When::header_missing (line 2119) ... FAILED
[INFO] [stdout] test src/api/spec.rs - api::spec::When::header_prefix (line 2279) ... FAILED
[INFO] [stdout] test src/api/spec.rs - api::spec::When::header_prefix_not (line 2391) ... FAILED
[INFO] [stdout] test src/api/spec.rs - api::spec::When::header_suffix (line 2335) ... FAILED
[INFO] [stdout] test src/api/spec.rs - api::spec::When::header_not (line 2018) ... FAILED
[INFO] [stdout] test src/api/spec.rs - api::spec::When::cookie_matches (line 3171) ... FAILED
[INFO] [stdout] test src/api/spec.rs - api::spec::When::host_excludes (line 460) ... FAILED
[INFO] [stdout] test src/api/spec.rs - api::spec::When::host_includes (line 404) ... FAILED
[INFO] [stdout] test src/api/spec.rs - api::spec::When::header_suffix_not (line 2447) ... FAILED
[INFO] [stdout] test src/api/spec.rs - api::spec::When::host_not (line 349) ... FAILED
[INFO] [stdout] test src/api/spec.rs - api::spec::When::host_prefix (line 514) ... FAILED
[INFO] [stdout] test src/api/spec.rs - api::spec::When::host_suffix (line 568) ... FAILED
[INFO] [stdout] test src/api/spec.rs - api::spec::When::host_prefix_not (line 621) ... FAILED
[INFO] [stdout] test src/api/spec.rs - api::spec::When::host_suffix_not (line 675) ... FAILED
[INFO] [stdout] test src/api/spec.rs - api::spec::When::is_false (line 4825) ... FAILED
[INFO] [stdout] test src/api/spec.rs - api::spec::When::is_true (line 4777) ... FAILED
[INFO] [stdout] test src/api/spec.rs - api::spec::When::json_body_excludes (line 3916) ... FAILED
[INFO] [stdout] test src/api/spec.rs - api::spec::When::json_body (line 3719) ... FAILED
[INFO] [stdout] test src/api/spec.rs - api::spec::When::json_body_includes (line 3841) ... FAILED
[INFO] [stdout] test src/api/spec.rs - api::spec::When::cookie_suffix_not (line 3116) ... FAILED
[INFO] [stdout] test src/api/spec.rs - api::spec::When::method_not (line 247) ... FAILED
[INFO] [stdout] test src/api/spec.rs - api::spec::When::path_excludes (line 1031) ... FAILED
[INFO] [stdout] test src/api/spec.rs - api::spec::When::host (line 305) has been running for over 60 seconds
[INFO] [stdout] test src/api/spec.rs - api::spec::When::path (line 889) ... FAILED
[INFO] [stdout] test src/api/spec.rs - api::spec::When::cookie_exists (line 2746) ... FAILED
[INFO] [stdout] test src/api/spec.rs - api::spec::When::host_matches (line 731) has been running for over 60 seconds
[INFO] [stdout] test src/api/spec.rs - api::spec::When::path_includes (line 982) ... FAILED
[INFO] [stdout] test src/api/spec.rs - api::spec::When::path_matches (line 1276) ... FAILED
[INFO] [stdout] test src/api/spec.rs - api::spec::When::path_not (line 935) ... FAILED
[INFO] [stdout] test src/api/spec.rs - api::spec::When::path_prefix (line 1080) ... FAILED
[INFO] [stdout] test src/api/spec.rs - api::spec::When::cookie_includes (line 2841) ... FAILED
[INFO] [stdout] test src/api/spec.rs - api::spec::When::port_not (line 833) ... FAILED
[INFO] [stdout] test src/api/spec.rs - api::spec::When::json_body_obj (line 3769) has been running for over 60 seconds
[INFO] [stdout] test src/api/spec.rs - api::spec::When::port (line 776) ... FAILED
[INFO] [stdout] test src/api/spec.rs - api::spec::When::matches (line 4731) has been running for over 60 seconds
[INFO] [stdout] test src/api/spec.rs - api::spec::When::method (line 196) has been running for over 60 seconds
[INFO] [stdout] test src/api/spec.rs - api::spec::When::path_suffix_not (line 1227) ... FAILED
[INFO] [stdout] test src/api/spec.rs - api::spec::When::path_suffix (line 1129) ... FAILED
[INFO] [stdout] test src/api/spec.rs - api::spec::When::query_param (line 1333) ... FAILED
[INFO] [stdout] test src/api/spec.rs - api::spec::When::query_param_count (line 1910) ... FAILED
[INFO] [stdout] test src/api/spec.rs - api::spec::When::path_prefix_not (line 1178) has been running for over 60 seconds
[INFO] [stdout] test src/api/spec.rs - api::spec::When::query_param_excludes (line 1585) ... FAILED
[INFO] [stdout] test src/api/spec.rs - api::spec::When::query_param_exists (line 1438) ... FAILED
[INFO] [stdout] test src/api/spec.rs - api::spec::When::query_param_includes (line 1529) ... FAILED
[INFO] [stdout] test src/api/spec.rs - api::spec::When::query_param_not (line 1386) ... FAILED
[INFO] [stdout] test src/api/spec.rs - api::spec::When::query_param_matches (line 1853) ... FAILED
[INFO] [stdout] test src/api/spec.rs - api::spec::When::query_param_missing (line 1483) ... FAILED
[INFO] [stdout] test src/api/spec.rs - api::spec::When::query_param_prefix_not (line 1748) ... FAILED
[INFO] [stdout] test src/api/spec.rs - api::spec::When::query_param_prefix (line 1640) ... FAILED
[INFO] [stdout] test src/api/spec.rs - api::spec::When::body_prefix (line 3473) ... FAILED
[INFO] [stdout] test src/api/spec.rs - api::spec::When::query_param_suffix (line 1694) ... FAILED
[INFO] [stdout] test src/api/spec.rs - api::spec::When::query_param_suffix_not (line 1802) ... FAILED
[INFO] [stdout] test src/api/spec.rs - api::spec::When::scheme (line 86) has been running for over 60 seconds
[INFO] [stdout] test src/api/spec.rs - api::spec::When::scheme (line 86) ... FAILED
[INFO] [stdout] test src/api/spec.rs - api::spec::When::scheme_not (line 144) has been running for over 60 seconds
[INFO] [stdout] test src/lib.rs - (line 29) has been running for over 60 seconds
[INFO] [stdout] test src/api/spec.rs - api::spec::When::scheme_not (line 144) ... FAILED
[INFO] [stdout] test src/lib.rs - (line 29) ... FAILED
[INFO] [stdout] test src/api/spec.rs - api::spec::When::host (line 305) ... FAILED
[INFO] [stdout] test src/api/spec.rs - api::spec::When::json_body_obj (line 3769) ... FAILED
[INFO] [stdout] test src/api/spec.rs - api::spec::When::path_prefix_not (line 1178) ... ok
[INFO] [stdout] test src/api/spec.rs - api::spec::When::body_matches (line 3669) ... ok
[INFO] [stdout] test src/api/mock.rs - api::mock::Mock<'a>::calls_async (line 449) ... ok
[INFO] [stdout] test src/api/spec.rs - api::spec::When::method (line 196) ... ok
[INFO] [stdout] test src/api/spec.rs - api::spec::When::form_urlencoded_tuple_excludes (line 4283) ... ok
[INFO] [stdout] test src/api/spec.rs - api::spec::When::host_matches (line 731) ... ok
[INFO] [stdout] test src/api/spec.rs - api::spec::When::cookie_excludes (line 2896) ... ok
[INFO] [stdout] test src/api/mock.rs - api::mock::Mock<'a>::delete (line 495) ... ok
[INFO] [stdout] test src/api/spec.rs - api::spec::When::matches (line 4731) ... ok
[INFO] [stdout] 
[INFO] [stdout] failures:
[INFO] [stdout] 
[INFO] [stdout] ---- src/api/mock.rs - api::mock::MockExt::id (line 662) stdout ----
[INFO] [stdout] error: linking with `cc` failed: exit status: 1
[INFO] [stdout]   |
[INFO] [stdout]   = note:  "cc" "-m64" "/tmp/rustdoctestoMZog8/rustc2OpOrc/symbols.o" "<2 object files omitted>" "-Wl,--as-needed" "-Wl,-Bstatic" "/opt/rustwide/target/debug/deps/{libhttpmock-152303519af353bc,libhyper_util-5799a61afd293eec,libipnet-a38805d99c19843f,libtower_service-3fb88d28c2218805,libsimilar-c8e2b8065ba88702,libstringmetrics-2567abbd896ecbb0,libassert_json_diff-029ce627a510dc3d,libpath_tree-1ecc33d3220bbbe6,libhttp_body_util-bb3657389ece6d1d,libhyper-61d932557513696e,libwant-7a6260b9c50f1479,libtry_lock-8fa2f6971035be84,libhttparse-8c9b827b8f345444,libh2-7fe46ba9b6cfa50c,libtracing-232c2e0e14ef2370,liblog-b262261d47bd2eba,libtracing_core-4cc82aeb094c2c39,libonce_cell-e9252a7b5119f3eb,libindexmap-f006485b143d2676,libequivalent-6a754676e6af62ae,libhashbrown-25abce2d85979e8d,libfnv-79e2cbfbe03dcd16,libtokio_util-7fb3137efa3e338d,libatomic_waker-06950c8c08d2b8fa,libfutures_channel-3bb2db6cecc5bacb,libhttp_body-1458936585aafa10,libasync_object_pool-babbb9d20058d054,libasync_lock-ac484e023ce0bd23,libevent_listener_strategy-acdb95a8f3e9d088,libevent_listener-827f711f0f40be48,libparking-a9ae72c6c16ee980,libtabwriter-9cfc0f4f4e35a4cf,libunicode_width-c0be3735b741df1b,libthiserror-551733efbed35bb9,libfutures_util-16156304972b76e3,libfutures_io-6a4719510b0746bc,libslab-0582d648e59ab406,libfutures_sink-ae1eb2d060de53a2,libfutures_task-e09ab7898221cb97,libpin_utils-3860774ad9b215b5,libfutures_core-3b920243fce8fec0,libfutures_timer-17baedd4276dc448,libcrossbeam_utils-f696a08ab1e94e7a,libtokio-3653cf03eb0e4739,libsignal_hook_registry-cddd50aee5c69024,liberrno-c497d64a4571af83,libsocket2-1aadc0729249d3be,libmio-fc0f5b7715002b05,libparking_lot-cea9453f541cd250,libparking_lot_core-a78574451ddf5c1d,liblibc-11f5a30dc24875fb,liblock_api-16d46fed645f7bff,libscopeguard-7ec2214574194454,libpin_project_lite-72bf04572caa1c84,libheaders-19770e1d04f88221,libhttpdate-331798cefc82cc7e,libsha1-06af8c6fe73789a9,libcpufeatures-e04321643d03190d,libcfg_if-83060ec5685761ae,libdigest-58e72b83ad3d3d94,libblock_buffer-ceb5bfb4b62e5dc4,libcrypto_common-56b940ef3ee0385e,libgeneric_array-3399f74876fb1fa9,libtypenum-973adb5204d6e560,libbase64-32787b0325ea6df8,libmime-0188e0814ca7ddbf,libheaders_core-f537eeeae62d1108,libhttp-211f2dced2a55579,liburl-06906c4b4d62ee24,libidna-46a17d179580398c,libutf8_iter-51566bbad89f3a68,libidna_adapter-dd2ebe8d236c0dc3,libicu_properties-e7752831df24cd72,libicu_properties_data-b217809bf575558a,libicu_normalizer-239c102d3f9f1479,libsmallvec-bc3128fdd57228fc,libicu_normalizer_data-ab8997d7cbbb3306,libicu_collections-13043e7b0e2ff5e6,libpotential_utf-a10ecffa87ce4749,libicu_provider-f594d672aae4a35f,libicu_locale_core-379d1a46de2fdaf6,libtinystr-37896066bbd2d5d8,liblitemap-cd9b5b2aa04e2018,libwriteable-4f74a67d38fff78e,libzerovec-e687bce345eaa26d,libzerotrie-c81c03816746d5a9,libyoke-3c223e4bab94c7ae,libstable_deref_trait-63cbf3f3d3f94e56,libzerofrom-3e48bd0eefc13293,libform_urlencoded-58b0f0edb59b40d2,libpercent_encoding-fa055ecaa1e57cfa,libserde_json-691cb1a09c1ca025,libitoa-f3a70a1441f7f89b,libzmij-8eb72cbe5f9b9b4e,libbytes-639830f0f3ed9e12,libserde_regex-fe252f27506e2491,libserde-e74bb358ca3daa24,libserde_core-21f22ac7b803fb0e,libregex-e1efcc34bb1ecb85,libregex_automata-5f6c4e4a9d8b7ff1,libaho_corasick-61cf93dc53dd0bf8,libmemchr-9be7e24c0cc6f173,libregex_syntax-21c69862a9074e56}.rlib" "<sysroot>/lib/rustlib/x86_64-unknown-linux-gnu/lib/{libstd-*,libpanic_unwind-*,libobject-*,libmemchr-*,libaddr2line-*,libgimli-*,libcfg_if-*,librustc_demangle-*,libstd_detect-*,libhashbrown-*,librustc_std_workspace_alloc-*,libminiz_oxide-*,libadler2-*,libunwind-*,liblibc-*,librustc_std_workspace_core-*,liballoc-*,libcore-*,libcompiler_builtins-*}.rlib" "-Wl,-Bdynamic" "-lgcc_s" "-lutil" "-lrt" "-lpthread" "-lm" "-ldl" "-lc" "-L" "/tmp/rustdoctestoMZog8/rustc2OpOrc/raw-dylibs" "-B<sysroot>/lib/rustlib/x86_64-unknown-linux-gnu/bin/gcc-ld" "-fuse-ld=lld" "-Wl,--eh-frame-hdr" "-Wl,-z,noexecstack" "-L" "/opt/rustwide/target/debug/build/ring-e6d7591df5303779/out" "-L" "<sysroot>/lib/rustlib/x86_64-unknown-linux-gnu/lib" "-o" "/tmp/rustdoctestoMZog8/rust_out" "-Wl,--gc-sections" "-pie" "-Wl,-z,relro,-z,now" "-nodefaultlibs"
[INFO] [stdout]   = note: some arguments are omitted. use `--verbose` to show all linker arguments
[INFO] [stdout]   = note: collect2: fatal error: ld terminated with signal 9 [Killed]
[INFO] [stdout]           compilation terminated.
[INFO] [stdout]           
[INFO] [stdout] 
[INFO] [stdout] error: aborting due to 1 previous error
[INFO] [stdout] 
[INFO] [stdout] Couldn't compile the test.
[INFO] [stdout] ---- src/api/mock.rs - api::mock::Mock<'a>::delete_async (line 536) stdout ----
[INFO] [stdout] warning: use of deprecated method `httpmock::Mock::<'a>::hits_async`: please use `calls_async` instead
[INFO] [stdout]    --> src/api/mock.rs:554:21
[INFO] [stdout]     |
[INFO] [stdout] 554 |     assert_eq!(mock.hits_async().await, 1);  // Verify the mock was called once
[INFO] [stdout]     |                     ^^^^^^^^^^
[INFO] [stdout]     |
[INFO] [stdout]     = note: `#[warn(deprecated)]` on by default
[INFO] [stdout] 
[INFO] [stdout] Couldn't compile the test.
[INFO] [stdout] ---- src/api/mock.rs - api::mock::Mock<'a>::server_address (line 588) stdout ----
[INFO] [stdout] error: linking with `cc` failed: exit status: 1
[INFO] [stdout]   |
[INFO] [stdout]   = note:  "cc" "-m64" "/tmp/rustdoctestic64Eq/rustcwA13DI/symbols.o" "<2 object files omitted>" "-Wl,--as-needed" "-Wl,-Bstatic" "/opt/rustwide/target/debug/deps/{libhttpmock-152303519af353bc,libhyper_util-5799a61afd293eec,libipnet-a38805d99c19843f,libtower_service-3fb88d28c2218805,libsimilar-c8e2b8065ba88702,libstringmetrics-2567abbd896ecbb0,libassert_json_diff-029ce627a510dc3d,libpath_tree-1ecc33d3220bbbe6,libhttp_body_util-bb3657389ece6d1d,libhyper-61d932557513696e,libwant-7a6260b9c50f1479,libtry_lock-8fa2f6971035be84,libhttparse-8c9b827b8f345444,libh2-7fe46ba9b6cfa50c,libtracing-232c2e0e14ef2370,liblog-b262261d47bd2eba,libtracing_core-4cc82aeb094c2c39,libonce_cell-e9252a7b5119f3eb,libindexmap-f006485b143d2676,libequivalent-6a754676e6af62ae,libhashbrown-25abce2d85979e8d,libfnv-79e2cbfbe03dcd16,libtokio_util-7fb3137efa3e338d,libatomic_waker-06950c8c08d2b8fa,libfutures_channel-3bb2db6cecc5bacb,libhttp_body-1458936585aafa10,libasync_object_pool-babbb9d20058d054,libasync_lock-ac484e023ce0bd23,libevent_listener_strategy-acdb95a8f3e9d088,libevent_listener-827f711f0f40be48,libparking-a9ae72c6c16ee980,libtabwriter-9cfc0f4f4e35a4cf,libunicode_width-c0be3735b741df1b,libthiserror-551733efbed35bb9,libfutures_util-16156304972b76e3,libfutures_io-6a4719510b0746bc,libslab-0582d648e59ab406,libfutures_sink-ae1eb2d060de53a2,libfutures_task-e09ab7898221cb97,libpin_utils-3860774ad9b215b5,libfutures_core-3b920243fce8fec0,libfutures_timer-17baedd4276dc448,libcrossbeam_utils-f696a08ab1e94e7a,libtokio-3653cf03eb0e4739,libsignal_hook_registry-cddd50aee5c69024,liberrno-c497d64a4571af83,libsocket2-1aadc0729249d3be,libmio-fc0f5b7715002b05,libparking_lot-cea9453f541cd250,libparking_lot_core-a78574451ddf5c1d,liblibc-11f5a30dc24875fb,liblock_api-16d46fed645f7bff,libscopeguard-7ec2214574194454,libpin_project_lite-72bf04572caa1c84,libheaders-19770e1d04f88221,libhttpdate-331798cefc82cc7e,libsha1-06af8c6fe73789a9,libcpufeatures-e04321643d03190d,libcfg_if-83060ec5685761ae,libdigest-58e72b83ad3d3d94,libblock_buffer-ceb5bfb4b62e5dc4,libcrypto_common-56b940ef3ee0385e,libgeneric_array-3399f74876fb1fa9,libtypenum-973adb5204d6e560,libbase64-32787b0325ea6df8,libmime-0188e0814ca7ddbf,libheaders_core-f537eeeae62d1108,libhttp-211f2dced2a55579,liburl-06906c4b4d62ee24,libidna-46a17d179580398c,libutf8_iter-51566bbad89f3a68,libidna_adapter-dd2ebe8d236c0dc3,libicu_properties-e7752831df24cd72,libicu_properties_data-b217809bf575558a,libicu_normalizer-239c102d3f9f1479,libsmallvec-bc3128fdd57228fc,libicu_normalizer_data-ab8997d7cbbb3306,libicu_collections-13043e7b0e2ff5e6,libpotential_utf-a10ecffa87ce4749,libicu_provider-f594d672aae4a35f,libicu_locale_core-379d1a46de2fdaf6,libtinystr-37896066bbd2d5d8,liblitemap-cd9b5b2aa04e2018,libwriteable-4f74a67d38fff78e,libzerovec-e687bce345eaa26d,libzerotrie-c81c03816746d5a9,libyoke-3c223e4bab94c7ae,libstable_deref_trait-63cbf3f3d3f94e56,libzerofrom-3e48bd0eefc13293,libform_urlencoded-58b0f0edb59b40d2,libpercent_encoding-fa055ecaa1e57cfa,libserde_json-691cb1a09c1ca025,libitoa-f3a70a1441f7f89b,libzmij-8eb72cbe5f9b9b4e,libbytes-639830f0f3ed9e12,libserde_regex-fe252f27506e2491,libserde-e74bb358ca3daa24,libserde_core-21f22ac7b803fb0e,libregex-e1efcc34bb1ecb85,libregex_automata-5f6c4e4a9d8b7ff1,libaho_corasick-61cf93dc53dd0bf8,libmemchr-9be7e24c0cc6f173,libregex_syntax-21c69862a9074e56}.rlib" "<sysroot>/lib/rustlib/x86_64-unknown-linux-gnu/lib/{libstd-*,libpanic_unwind-*,libobject-*,libmemchr-*,libaddr2line-*,libgimli-*,libcfg_if-*,librustc_demangle-*,libstd_detect-*,libhashbrown-*,librustc_std_workspace_alloc-*,libminiz_oxide-*,libadler2-*,libunwind-*,liblibc-*,librustc_std_workspace_core-*,liballoc-*,libcore-*,libcompiler_builtins-*}.rlib" "-Wl,-Bdynamic" "-lgcc_s" "-lutil" "-lrt" "-lpthread" "-lm" "-ldl" "-lc" "-L" "/tmp/rustdoctestic64Eq/rustcwA13DI/raw-dylibs" "-B<sysroot>/lib/rustlib/x86_64-unknown-linux-gnu/bin/gcc-ld" "-fuse-ld=lld" "-Wl,--eh-frame-hdr" "-Wl,-z,noexecstack" "-L" "/opt/rustwide/target/debug/build/ring-e6d7591df5303779/out" "-L" "<sysroot>/lib/rustlib/x86_64-unknown-linux-gnu/lib" "-o" "/tmp/rustdoctestic64Eq/rust_out" "-Wl,--gc-sections" "-pie" "-Wl,-z,relro,-z,now" "-nodefaultlibs"
[INFO] [stdout]   = note: some arguments are omitted. use `--verbose` to show all linker arguments
[INFO] [stdout]   = note: collect2: fatal error: ld terminated with signal 9 [Killed]
[INFO] [stdout]           compilation terminated.
[INFO] [stdout]           
[INFO] [stdout] 
[INFO] [stdout] error: aborting due to 1 previous error
[INFO] [stdout] 
[INFO] [stdout] Couldn't compile the test.
[INFO] [stdout] ---- src/api/mock.rs - api::mock::Mock<'a>::assert_async (line 109) stdout ----
[INFO] [stdout] error: linking with `cc` failed: exit status: 1
[INFO] [stdout]   |
[INFO] [stdout]   = note:  "cc" "-m64" "/tmp/rustdoctestOel7SJ/rustcqkTPQI/symbols.o" "<2 object files omitted>" "-Wl,--as-needed" "-Wl,-Bstatic" "/opt/rustwide/target/debug/deps/{libsyn-7a174edaae07d27c,libquote-2b4a900ed4801bbf,libproc_macro2-3e7e74452f146eaf,libunicode_ident-e2d52eba11085272}.rlib" "<sysroot>/lib/rustlib/x86_64-unknown-linux-gnu/lib/{libproc_macro-*,librustc_literal_escaper-*}.rlib" "/opt/rustwide/target/debug/deps/{libreqwest-135d174ccc46fce9,libcookie_store-5266491d73674dad,libpublicsuffix-3122991ec01e3051,libpsl_types-be5f8942940e3a9c,libcookie-dee43a87bd9944e2,libtime-009a5e0aa6e5a2f6,libtime_core-031b6ab885a7634b,libnum_conv-9ace8b7f2a214982,libderanged-0497f8a63ebb66e0,libpowerfmt-f6019a2766e431f7,libhyper_rustls-cfbffd23a63ddea4,librustls_native_certs-465b2aa2129aa72f,libopenssl_probe-6b1b371432012237,libtokio_rustls-5147e08fc2d3a00a,librustls-af1944ea1185cdfc,libsubtle-2ae6a7038b9a0630,libwebpki-c0526fa6e83e14c9,libring-e5912a4a0d599d89,libgetrandom-5197717e746d5ea8,libuntrusted-b2f816886faf2178,librustls_pki_types-a1ff9279e609de76,libzeroize-7f213bea776ca5b6,libserde_urlencoded-4442e0d9e238af3f,libryu-25f59e4cd0d23219,libtower_http-dbb298ac442e147e,libbitflags-9362e66b8880981a,libiri_string-7980c6545d934b56,libtower-144b15b8842270ac,libtower_layer-d908dd771b239ecd,libsync_wrapper-a254cb6192850e87,libhttpmock-152303519af353bc,libhyper_util-5799a61afd293eec,libipnet-a38805d99c19843f,libtower_service-3fb88d28c2218805,libsimilar-c8e2b8065ba88702,libstringmetrics-2567abbd896ecbb0,libassert_json_diff-029ce627a510dc3d,libpath_tree-1ecc33d3220bbbe6,libhttp_body_util-bb3657389ece6d1d,libhyper-61d932557513696e,libwant-7a6260b9c50f1479,libtry_lock-8fa2f6971035be84,libhttparse-8c9b827b8f345444,libh2-7fe46ba9b6cfa50c,libtracing-232c2e0e14ef2370,liblog-b262261d47bd2eba,libtracing_core-4cc82aeb094c2c39,libonce_cell-e9252a7b5119f3eb,libindexmap-f006485b143d2676,libequivalent-6a754676e6af62ae,libhashbrown-25abce2d85979e8d,libfnv-79e2cbfbe03dcd16,libtokio_util-7fb3137efa3e338d,libatomic_waker-06950c8c08d2b8fa,libfutures_channel-3bb2db6cecc5bacb,libhttp_body-1458936585aafa10,libasync_object_pool-babbb9d20058d054,libasync_lock-ac484e023ce0bd23,libevent_listener_strategy-acdb95a8f3e9d088,libevent_listener-827f711f0f40be48,libparking-a9ae72c6c16ee980,libtabwriter-9cfc0f4f4e35a4cf,libunicode_width-c0be3735b741df1b,libthiserror-551733efbed35bb9,libfutures_util-16156304972b76e3,libfutures_io-6a4719510b0746bc,libslab-0582d648e59ab406,libfutures_sink-ae1eb2d060de53a2,libfutures_task-e09ab7898221cb97,libpin_utils-3860774ad9b215b5,libfutures_core-3b920243fce8fec0,libfutures_timer-17baedd4276dc448,libcrossbeam_utils-f696a08ab1e94e7a,libtokio-3653cf03eb0e4739,libsignal_hook_registry-cddd50aee5c69024,liberrno-c497d64a4571af83,libsocket2-1aadc0729249d3be,libmio-fc0f5b7715002b05,libparking_lot-cea9453f541cd250,libparking_lot_core-a78574451ddf5c1d,liblibc-11f5a30dc24875fb,liblock_api-16d46fed645f7bff,libscopeguard-7ec2214574194454,libpin_project_lite-72bf04572caa1c84,libheaders-19770e1d04f88221,libhttpdate-331798cefc82cc7e,libsha1-06af8c6fe73789a9,libcpufeatures-e04321643d03190d,libcfg_if-83060ec5685761ae,libdigest-58e72b83ad3d3d94,libblock_buffer-ceb5bfb4b62e5dc4,libcrypto_common-56b940ef3ee0385e,libgeneric_array-3399f74876fb1fa9,libtypenum-973adb5204d6e560,libbase64-32787b0325ea6df8,libmime-0188e0814ca7ddbf,libheaders_core-f537eeeae62d1108,libhttp-211f2dced2a55579,liburl-06906c4b4d62ee24,libidna-46a17d179580398c,libutf8_iter-51566bbad89f3a68,libidna_adapter-dd2ebe8d236c0dc3,libicu_properties-e7752831df24cd72,libicu_properties_data-b217809bf575558a,libicu_normalizer-239c102d3f9f1479,libsmallvec-bc3128fdd57228fc,libicu_normalizer_data-ab8997d7cbbb3306,libicu_collections-13043e7b0e2ff5e6,libpotential_utf-a10ecffa87ce4749,libicu_provider-f594d672aae4a35f,libicu_locale_core-379d1a46de2fdaf6,libtinystr-37896066bbd2d5d8,liblitemap-cd9b5b2aa04e2018,libwriteable-4f74a67d38fff78e,libzerovec-e687bce345eaa26d,libzerotrie-c81c03816746d5a9,libyoke-3c223e4bab94c7ae,libstable_deref_trait-63cbf3f3d3f94e56,libzerofrom-3e48bd0eefc13293,libform_urlencoded-58b0f0edb59b40d2,libpercent_encoding-fa055ecaa1e57cfa,libserde_json-691cb1a09c1ca025,libitoa-f3a70a1441f7f89b,libzmij-8eb72cbe5f9b9b4e,libbytes-639830f0f3ed9e12,libserde_regex-fe252f27506e2491,libserde-e74bb358ca3daa24,libserde_core-21f22ac7b803fb0e,libregex-e1efcc34bb1ecb85,libregex_automata-5f6c4e4a9d8b7ff1,libaho_corasick-61cf93dc53dd0bf8,libmemchr-9be7e24c0cc6f173,libregex_syntax-21c69862a9074e56}.rlib" "<sysroot>/lib/rustlib/x86_64-unknown-linux-gnu/lib/{libstd-*,libpanic_unwind-*,libobject-*,libmemchr-*,libaddr2line-*,libgimli-*,libcfg_if-*,librustc_demangle-*,libstd_detect-*,libhashbrown-*,librustc_std_workspace_alloc-*,libminiz_oxide-*,libadler2-*,libunwind-*,liblibc-*,librustc_std_workspace_core-*,liballoc-*,libcore-*,libcompiler_builtins-*}.rlib" "-Wl,-Bdynamic" "-lgcc_s" "-lutil" "-lrt" "-lpthread" "-lm" "-ldl" "-lc" "-L" "/tmp/rustdoctestOel7SJ/rustcqkTPQI/raw-dylibs" "-B<sysroot>/lib/rustlib/x86_64-unknown-linux-gnu/bin/gcc-ld" "-fuse-ld=lld" "-Wl,--eh-frame-hdr" "-Wl,-z,noexecstack" "-L" "/opt/rustwide/target/debug/build/ring-e6d7591df5303779/out" "-L" "<sysroot>/lib/rustlib/x86_64-unknown-linux-gnu/lib" "-o" "/tmp/rustdoctestOel7SJ/rust_out" "-Wl,--gc-sections" "-pie" "-Wl,-z,relro,-z,now" "-nodefaultlibs"
[INFO] [stdout]   = note: some arguments are omitted. use `--verbose` to show all linker arguments
[INFO] [stdout]   = note: collect2: fatal error: ld terminated with signal 9 [Killed]
[INFO] [stdout]           compilation terminated.
[INFO] [stdout]           
[INFO] [stdout] 
[INFO] [stdout] error: aborting due to 1 previous error
[INFO] [stdout] 
[INFO] [stdout] Couldn't compile the test.
[INFO] [stdout] ---- src/api/server.rs - api::server::MockServer::address (line 259) stdout ----
[INFO] [stdout] Couldn't compile the test.
[INFO] [stdout] ---- src/api/server.rs - api::server::MockServer::mock (line 367) stdout ----
[INFO] [stdout] Couldn't compile the test.
[INFO] [stdout] ---- src/api/mock.rs - api::mock::Mock<'a>::hits_async (line 409) stdout ----
[INFO] [stdout] warning: use of deprecated method `httpmock::Mock::<'a>::hits_async`: please use `calls_async` instead
[INFO] [stdout]    --> src/api/mock.rs:429:24
[INFO] [stdout]     |
[INFO] [stdout] 429 |     assert_eq!(1, mock.hits_async().await);
[INFO] [stdout]     |                        ^^^^^^^^^^
[INFO] [stdout]     |
[INFO] [stdout]     = note: `#[warn(deprecated)]` on by default
[INFO] [stdout] 
[INFO] [stdout] error: linking with `cc` failed: exit status: 1
[INFO] [stdout]   |
[INFO] [stdout]   = note:  "cc" "-m64" "/tmp/rustdoctestHJBh9G/rustc1Ry8Ts/symbols.o" "<2 object files omitted>" "-Wl,--as-needed" "-Wl,-Bstatic" "/opt/rustwide/target/debug/deps/{libreqwest-135d174ccc46fce9,libcookie_store-5266491d73674dad,libpublicsuffix-3122991ec01e3051,libpsl_types-be5f8942940e3a9c,libcookie-dee43a87bd9944e2,libtime-009a5e0aa6e5a2f6,libtime_core-031b6ab885a7634b,libnum_conv-9ace8b7f2a214982,libderanged-0497f8a63ebb66e0,libpowerfmt-f6019a2766e431f7,libhyper_rustls-cfbffd23a63ddea4,librustls_native_certs-465b2aa2129aa72f,libopenssl_probe-6b1b371432012237,libtokio_rustls-5147e08fc2d3a00a,librustls-af1944ea1185cdfc,libsubtle-2ae6a7038b9a0630,libwebpki-c0526fa6e83e14c9,libring-e5912a4a0d599d89,libgetrandom-5197717e746d5ea8,libuntrusted-b2f816886faf2178,librustls_pki_types-a1ff9279e609de76,libzeroize-7f213bea776ca5b6,libserde_urlencoded-4442e0d9e238af3f,libryu-25f59e4cd0d23219,libtower_http-dbb298ac442e147e,libbitflags-9362e66b8880981a,libiri_string-7980c6545d934b56,libtower-144b15b8842270ac,libtower_layer-d908dd771b239ecd,libsync_wrapper-a254cb6192850e87,libhttpmock-152303519af353bc,libhyper_util-5799a61afd293eec,libipnet-a38805d99c19843f,libtower_service-3fb88d28c2218805,libsimilar-c8e2b8065ba88702,libstringmetrics-2567abbd896ecbb0,libassert_json_diff-029ce627a510dc3d,libpath_tree-1ecc33d3220bbbe6,libhttp_body_util-bb3657389ece6d1d,libhyper-61d932557513696e,libwant-7a6260b9c50f1479,libtry_lock-8fa2f6971035be84,libhttparse-8c9b827b8f345444,libh2-7fe46ba9b6cfa50c,libtracing-232c2e0e14ef2370,liblog-b262261d47bd2eba,libtracing_core-4cc82aeb094c2c39,libonce_cell-e9252a7b5119f3eb,libindexmap-f006485b143d2676,libequivalent-6a754676e6af62ae,libhashbrown-25abce2d85979e8d,libfnv-79e2cbfbe03dcd16,libtokio_util-7fb3137efa3e338d,libatomic_waker-06950c8c08d2b8fa,libfutures_channel-3bb2db6cecc5bacb,libhttp_body-1458936585aafa10,libasync_object_pool-babbb9d20058d054,libasync_lock-ac484e023ce0bd23,libevent_listener_strategy-acdb95a8f3e9d088,libevent_listener-827f711f0f40be48,libparking-a9ae72c6c16ee980,libtabwriter-9cfc0f4f4e35a4cf,libunicode_width-c0be3735b741df1b,libthiserror-551733efbed35bb9,libfutures_util-16156304972b76e3,libfutures_io-6a4719510b0746bc,libslab-0582d648e59ab406,libfutures_sink-ae1eb2d060de53a2,libfutures_task-e09ab7898221cb97,libpin_utils-3860774ad9b215b5,libfutures_core-3b920243fce8fec0,libfutures_timer-17baedd4276dc448,libcrossbeam_utils-f696a08ab1e94e7a,libtokio-3653cf03eb0e4739,libsignal_hook_registry-cddd50aee5c69024,liberrno-c497d64a4571af83,libsocket2-1aadc0729249d3be,libmio-fc0f5b7715002b05,libparking_lot-cea9453f541cd250,libparking_lot_core-a78574451ddf5c1d,liblibc-11f5a30dc24875fb,liblock_api-16d46fed645f7bff,libscopeguard-7ec2214574194454,libpin_project_lite-72bf04572caa1c84,libheaders-19770e1d04f88221,libhttpdate-331798cefc82cc7e,libsha1-06af8c6fe73789a9,libcpufeatures-e04321643d03190d,libcfg_if-83060ec5685761ae,libdigest-58e72b83ad3d3d94,libblock_buffer-ceb5bfb4b62e5dc4,libcrypto_common-56b940ef3ee0385e,libgeneric_array-3399f74876fb1fa9,libtypenum-973adb5204d6e560,libbase64-32787b0325ea6df8,libmime-0188e0814ca7ddbf,libheaders_core-f537eeeae62d1108,libhttp-211f2dced2a55579,liburl-06906c4b4d62ee24,libidna-46a17d179580398c,libutf8_iter-51566bbad89f3a68,libidna_adapter-dd2ebe8d236c0dc3,libicu_properties-e7752831df24cd72,libicu_properties_data-b217809bf575558a,libicu_normalizer-239c102d3f9f1479,libsmallvec-bc3128fdd57228fc,libicu_normalizer_data-ab8997d7cbbb3306,libicu_collections-13043e7b0e2ff5e6,libpotential_utf-a10ecffa87ce4749,libicu_provider-f594d672aae4a35f,libicu_locale_core-379d1a46de2fdaf6,libtinystr-37896066bbd2d5d8,liblitemap-cd9b5b2aa04e2018,libwriteable-4f74a67d38fff78e,libzerovec-e687bce345eaa26d,libzerotrie-c81c03816746d5a9,libyoke-3c223e4bab94c7ae,libstable_deref_trait-63cbf3f3d3f94e56,libzerofrom-3e48bd0eefc13293,libform_urlencoded-58b0f0edb59b40d2,libpercent_encoding-fa055ecaa1e57cfa,libserde_json-691cb1a09c1ca025,libitoa-f3a70a1441f7f89b,libzmij-8eb72cbe5f9b9b4e,libbytes-639830f0f3ed9e12,libserde_regex-fe252f27506e2491,libserde-e74bb358ca3daa24,libserde_core-21f22ac7b803fb0e,libregex-e1efcc34bb1ecb85,libregex_automata-5f6c4e4a9d8b7ff1,libaho_corasick-61cf93dc53dd0bf8,libmemchr-9be7e24c0cc6f173,libregex_syntax-21c69862a9074e56}.rlib" "<sysroot>/lib/rustlib/x86_64-unknown-linux-gnu/lib/{libstd-*,libpanic_unwind-*,libobject-*,libmemchr-*,libaddr2line-*,libgimli-*,libcfg_if-*,librustc_demangle-*,libstd_detect-*,libhashbrown-*,librustc_std_workspace_alloc-*,libminiz_oxide-*,libadler2-*,libunwind-*,liblibc-*,librustc_std_workspace_core-*,liballoc-*,libcore-*,libcompiler_builtins-*}.rlib" "-Wl,-Bdynamic" "-lgcc_s" "-lutil" "-lrt" "-lpthread" "-lm" "-ldl" "-lc" "-L" "/tmp/rustdoctestHJBh9G/rustc1Ry8Ts/raw-dylibs" "-B<sysroot>/lib/rustlib/x86_64-unknown-linux-gnu/bin/gcc-ld" "-fuse-ld=lld" "-Wl,--eh-frame-hdr" "-Wl,-z,noexecstack" "-L" "/opt/rustwide/target/debug/build/ring-e6d7591df5303779/out" "-L" "<sysroot>/lib/rustlib/x86_64-unknown-linux-gnu/lib" "-o" "/tmp/rustdoctestHJBh9G/rust_out" "-Wl,--gc-sections" "-pie" "-Wl,-z,relro,-z,now" "-nodefaultlibs"
[INFO] [stdout]   = note: some arguments are omitted. use `--verbose` to show all linker arguments
[INFO] [stdout]   = note: collect2: fatal error: ld terminated with signal 9 [Killed]
[INFO] [stdout]           compilation terminated.
[INFO] [stdout]           
[INFO] [stdout] 
[INFO] [stdout] error: aborting due to 1 previous error; 1 warning emitted
[INFO] [stdout] 
[INFO] [stdout] Couldn't compile the test.
[INFO] [stdout] ---- src/api/mock.rs - api::mock::Mock<'a>::assert_calls_async (line 273) stdout ----
[INFO] [stdout] error: linking with `cc` failed: exit status: 1
[INFO] [stdout]   |
[INFO] [stdout]   = note:  "cc" "-m64" "/tmp/rustdoctestWBF0oo/rustcyKWhNQ/symbols.o" "<2 object files omitted>" "-Wl,--as-needed" "-Wl,-Bstatic" "/opt/rustwide/target/debug/deps/{libreqwest-135d174ccc46fce9,libcookie_store-5266491d73674dad,libpublicsuffix-3122991ec01e3051,libpsl_types-be5f8942940e3a9c,libcookie-dee43a87bd9944e2,libtime-009a5e0aa6e5a2f6,libtime_core-031b6ab885a7634b,libnum_conv-9ace8b7f2a214982,libderanged-0497f8a63ebb66e0,libpowerfmt-f6019a2766e431f7,libhyper_rustls-cfbffd23a63ddea4,librustls_native_certs-465b2aa2129aa72f,libopenssl_probe-6b1b371432012237,libtokio_rustls-5147e08fc2d3a00a,librustls-af1944ea1185cdfc,libsubtle-2ae6a7038b9a0630,libwebpki-c0526fa6e83e14c9,libring-e5912a4a0d599d89,libgetrandom-5197717e746d5ea8,libuntrusted-b2f816886faf2178,librustls_pki_types-a1ff9279e609de76,libzeroize-7f213bea776ca5b6,libserde_urlencoded-4442e0d9e238af3f,libryu-25f59e4cd0d23219,libtower_http-dbb298ac442e147e,libbitflags-9362e66b8880981a,libiri_string-7980c6545d934b56,libtower-144b15b8842270ac,libtower_layer-d908dd771b239ecd,libsync_wrapper-a254cb6192850e87,libhttpmock-152303519af353bc,libhyper_util-5799a61afd293eec,libipnet-a38805d99c19843f,libtower_service-3fb88d28c2218805,libsimilar-c8e2b8065ba88702,libstringmetrics-2567abbd896ecbb0,libassert_json_diff-029ce627a510dc3d,libpath_tree-1ecc33d3220bbbe6,libhttp_body_util-bb3657389ece6d1d,libhyper-61d932557513696e,libwant-7a6260b9c50f1479,libtry_lock-8fa2f6971035be84,libhttparse-8c9b827b8f345444,libh2-7fe46ba9b6cfa50c,libtracing-232c2e0e14ef2370,liblog-b262261d47bd2eba,libtracing_core-4cc82aeb094c2c39,libonce_cell-e9252a7b5119f3eb,libindexmap-f006485b143d2676,libequivalent-6a754676e6af62ae,libhashbrown-25abce2d85979e8d,libfnv-79e2cbfbe03dcd16,libtokio_util-7fb3137efa3e338d,libatomic_waker-06950c8c08d2b8fa,libfutures_channel-3bb2db6cecc5bacb,libhttp_body-1458936585aafa10,libasync_object_pool-babbb9d20058d054,libasync_lock-ac484e023ce0bd23,libevent_listener_strategy-acdb95a8f3e9d088,libevent_listener-827f711f0f40be48,libparking-a9ae72c6c16ee980,libtabwriter-9cfc0f4f4e35a4cf,libunicode_width-c0be3735b741df1b,libthiserror-551733efbed35bb9,libfutures_util-16156304972b76e3,libfutures_io-6a4719510b0746bc,libslab-0582d648e59ab406,libfutures_sink-ae1eb2d060de53a2,libfutures_task-e09ab7898221cb97,libpin_utils-3860774ad9b215b5,libfutures_core-3b920243fce8fec0,libfutures_timer-17baedd4276dc448,libcrossbeam_utils-f696a08ab1e94e7a,libtokio-3653cf03eb0e4739,libsignal_hook_registry-cddd50aee5c69024,liberrno-c497d64a4571af83,libsocket2-1aadc0729249d3be,libmio-fc0f5b7715002b05,libparking_lot-cea9453f541cd250,libparking_lot_core-a78574451ddf5c1d,liblibc-11f5a30dc24875fb,liblock_api-16d46fed645f7bff,libscopeguard-7ec2214574194454,libpin_project_lite-72bf04572caa1c84,libheaders-19770e1d04f88221,libhttpdate-331798cefc82cc7e,libsha1-06af8c6fe73789a9,libcpufeatures-e04321643d03190d,libcfg_if-83060ec5685761ae,libdigest-58e72b83ad3d3d94,libblock_buffer-ceb5bfb4b62e5dc4,libcrypto_common-56b940ef3ee0385e,libgeneric_array-3399f74876fb1fa9,libtypenum-973adb5204d6e560,libbase64-32787b0325ea6df8,libmime-0188e0814ca7ddbf,libheaders_core-f537eeeae62d1108,libhttp-211f2dced2a55579,liburl-06906c4b4d62ee24,libidna-46a17d179580398c,libutf8_iter-51566bbad89f3a68,libidna_adapter-dd2ebe8d236c0dc3,libicu_properties-e7752831df24cd72,libicu_properties_data-b217809bf575558a,libicu_normalizer-239c102d3f9f1479,libsmallvec-bc3128fdd57228fc,libicu_normalizer_data-ab8997d7cbbb3306,libicu_collections-13043e7b0e2ff5e6,libpotential_utf-a10ecffa87ce4749,libicu_provider-f594d672aae4a35f,libicu_locale_core-379d1a46de2fdaf6,libtinystr-37896066bbd2d5d8,liblitemap-cd9b5b2aa04e2018,libwriteable-4f74a67d38fff78e,libzerovec-e687bce345eaa26d,libzerotrie-c81c03816746d5a9,libyoke-3c223e4bab94c7ae,libstable_deref_trait-63cbf3f3d3f94e56,libzerofrom-3e48bd0eefc13293,libform_urlencoded-58b0f0edb59b40d2,libpercent_encoding-fa055ecaa1e57cfa,libserde_json-691cb1a09c1ca025,libitoa-f3a70a1441f7f89b,libzmij-8eb72cbe5f9b9b4e,libbytes-639830f0f3ed9e12,libserde_regex-fe252f27506e2491,libserde-e74bb358ca3daa24,libserde_core-21f22ac7b803fb0e,libregex-e1efcc34bb1ecb85,libregex_automata-5f6c4e4a9d8b7ff1,libaho_corasick-61cf93dc53dd0bf8,libmemchr-9be7e24c0cc6f173,libregex_syntax-21c69862a9074e56}.rlib" "<sysroot>/lib/rustlib/x86_64-unknown-linux-gnu/lib/{libstd-*,libpanic_unwind-*,libobject-*,libmemchr-*,libaddr2line-*,libgimli-*,libcfg_if-*,librustc_demangle-*,libstd_detect-*,libhashbrown-*,librustc_std_workspace_alloc-*,libminiz_oxide-*,libadler2-*,libunwind-*,liblibc-*,librustc_std_workspace_core-*,liballoc-*,libcore-*,libcompiler_builtins-*}.rlib" "-Wl,-Bdynamic" "-lgcc_s" "-lutil" "-lrt" "-lpthread" "-lm" "-ldl" "-lc" "-L" "/tmp/rustdoctestWBF0oo/rustcyKWhNQ/raw-dylibs" "-B<sysroot>/lib/rustlib/x86_64-unknown-linux-gnu/bin/gcc-ld" "-fuse-ld=lld" "-Wl,--eh-frame-hdr" "-Wl,-z,noexecstack" "-L" "/opt/rustwide/target/debug/build/ring-e6d7591df5303779/out" "-L" "<sysroot>/lib/rustlib/x86_64-unknown-linux-gnu/lib" "-o" "/tmp/rustdoctestWBF0oo/rust_out" "-Wl,--gc-sections" "-pie" "-Wl,-z,relro,-z,now" "-nodefaultlibs"
[INFO] [stdout]   = note: some arguments are omitted. use `--verbose` to show all linker arguments
[INFO] [stdout]   = note: collect2: fatal error: ld terminated with signal 9 [Killed]
[INFO] [stdout]           compilation terminated.
[INFO] [stdout]           
[INFO] [stdout] 
[INFO] [stdout] error: aborting due to 1 previous error
[INFO] [stdout] 
[INFO] [stdout] Couldn't compile the test.
[INFO] [stdout] ---- src/api/mock.rs - api::mock::Mock<'a>::assert_hits (line 150) stdout ----
[INFO] [stdout] warning: use of deprecated method `httpmock::Mock::<'a>::assert_hits`: please use `assert_calls` instead
[INFO] [stdout]    --> src/api/mock.rs:167:6
[INFO] [stdout]     |
[INFO] [stdout] 167 | mock.assert_hits(2);
[INFO] [stdout]     |      ^^^^^^^^^^^
[INFO] [stdout]     |
[INFO] [stdout]     = note: `#[warn(deprecated)]` on by default
[INFO] [stdout] 
[INFO] [stdout] error: linking with `cc` failed: exit status: 1
[INFO] [stdout]   |
[INFO] [stdout]   = note:  "cc" "-m64" "/tmp/rustdoctestrFJvPn/rustcVpQ1gi/symbols.o" "<2 object files omitted>" "-Wl,--as-needed" "-Wl,-Bstatic" "/opt/rustwide/target/debug/deps/{libreqwest-135d174ccc46fce9,libcookie_store-5266491d73674dad,libpublicsuffix-3122991ec01e3051,libpsl_types-be5f8942940e3a9c,libcookie-dee43a87bd9944e2,libtime-009a5e0aa6e5a2f6,libtime_core-031b6ab885a7634b,libnum_conv-9ace8b7f2a214982,libderanged-0497f8a63ebb66e0,libpowerfmt-f6019a2766e431f7,libhyper_rustls-cfbffd23a63ddea4,librustls_native_certs-465b2aa2129aa72f,libopenssl_probe-6b1b371432012237,libtokio_rustls-5147e08fc2d3a00a,librustls-af1944ea1185cdfc,libsubtle-2ae6a7038b9a0630,libwebpki-c0526fa6e83e14c9,libring-e5912a4a0d599d89,libgetrandom-5197717e746d5ea8,libuntrusted-b2f816886faf2178,librustls_pki_types-a1ff9279e609de76,libzeroize-7f213bea776ca5b6,libserde_urlencoded-4442e0d9e238af3f,libryu-25f59e4cd0d23219,libtower_http-dbb298ac442e147e,libbitflags-9362e66b8880981a,libiri_string-7980c6545d934b56,libtower-144b15b8842270ac,libtower_layer-d908dd771b239ecd,libsync_wrapper-a254cb6192850e87,libhttpmock-152303519af353bc,libhyper_util-5799a61afd293eec,libipnet-a38805d99c19843f,libtower_service-3fb88d28c2218805,libsimilar-c8e2b8065ba88702,libstringmetrics-2567abbd896ecbb0,libassert_json_diff-029ce627a510dc3d,libpath_tree-1ecc33d3220bbbe6,libhttp_body_util-bb3657389ece6d1d,libhyper-61d932557513696e,libwant-7a6260b9c50f1479,libtry_lock-8fa2f6971035be84,libhttparse-8c9b827b8f345444,libh2-7fe46ba9b6cfa50c,libtracing-232c2e0e14ef2370,liblog-b262261d47bd2eba,libtracing_core-4cc82aeb094c2c39,libonce_cell-e9252a7b5119f3eb,libindexmap-f006485b143d2676,libequivalent-6a754676e6af62ae,libhashbrown-25abce2d85979e8d,libfnv-79e2cbfbe03dcd16,libtokio_util-7fb3137efa3e338d,libatomic_waker-06950c8c08d2b8fa,libfutures_channel-3bb2db6cecc5bacb,libhttp_body-1458936585aafa10,libasync_object_pool-babbb9d20058d054,libasync_lock-ac484e023ce0bd23,libevent_listener_strategy-acdb95a8f3e9d088,libevent_listener-827f711f0f40be48,libparking-a9ae72c6c16ee980,libtabwriter-9cfc0f4f4e35a4cf,libunicode_width-c0be3735b741df1b,libthiserror-551733efbed35bb9,libfutures_util-16156304972b76e3,libfutures_io-6a4719510b0746bc,libslab-0582d648e59ab406,libfutures_sink-ae1eb2d060de53a2,libfutures_task-e09ab7898221cb97,libpin_utils-3860774ad9b215b5,libfutures_core-3b920243fce8fec0,libfutures_timer-17baedd4276dc448,libcrossbeam_utils-f696a08ab1e94e7a,libtokio-3653cf03eb0e4739,libsignal_hook_registry-cddd50aee5c69024,liberrno-c497d64a4571af83,libsocket2-1aadc0729249d3be,libmio-fc0f5b7715002b05,libparking_lot-cea9453f541cd250,libparking_lot_core-a78574451ddf5c1d,liblibc-11f5a30dc24875fb,liblock_api-16d46fed645f7bff,libscopeguard-7ec2214574194454,libpin_project_lite-72bf04572caa1c84,libheaders-19770e1d04f88221,libhttpdate-331798cefc82cc7e,libsha1-06af8c6fe73789a9,libcpufeatures-e04321643d03190d,libcfg_if-83060ec5685761ae,libdigest-58e72b83ad3d3d94,libblock_buffer-ceb5bfb4b62e5dc4,libcrypto_common-56b940ef3ee0385e,libgeneric_array-3399f74876fb1fa9,libtypenum-973adb5204d6e560,libbase64-32787b0325ea6df8,libmime-0188e0814ca7ddbf,libheaders_core-f537eeeae62d1108,libhttp-211f2dced2a55579,liburl-06906c4b4d62ee24,libidna-46a17d179580398c,libutf8_iter-51566bbad89f3a68,libidna_adapter-dd2ebe8d236c0dc3,libicu_properties-e7752831df24cd72,libicu_properties_data-b217809bf575558a,libicu_normalizer-239c102d3f9f1479,libsmallvec-bc3128fdd57228fc,libicu_normalizer_data-ab8997d7cbbb3306,libicu_collections-13043e7b0e2ff5e6,libpotential_utf-a10ecffa87ce4749,libicu_provider-f594d672aae4a35f,libicu_locale_core-379d1a46de2fdaf6,libtinystr-37896066bbd2d5d8,liblitemap-cd9b5b2aa04e2018,libwriteable-4f74a67d38fff78e,libzerovec-e687bce345eaa26d,libzerotrie-c81c03816746d5a9,libyoke-3c223e4bab94c7ae,libstable_deref_trait-63cbf3f3d3f94e56,libzerofrom-3e48bd0eefc13293,libform_urlencoded-58b0f0edb59b40d2,libpercent_encoding-fa055ecaa1e57cfa,libserde_json-691cb1a09c1ca025,libitoa-f3a70a1441f7f89b,libzmij-8eb72cbe5f9b9b4e,libbytes-639830f0f3ed9e12,libserde_regex-fe252f27506e2491,libserde-e74bb358ca3daa24,libserde_core-21f22ac7b803fb0e,libregex-e1efcc34bb1ecb85,libregex_automata-5f6c4e4a9d8b7ff1,libaho_corasick-61cf93dc53dd0bf8,libmemchr-9be7e24c0cc6f173,libregex_syntax-21c69862a9074e56}.rlib" "<sysroot>/lib/rustlib/x86_64-unknown-linux-gnu/lib/{libstd-*,libpanic_unwind-*,libobject-*,libmemchr-*,libaddr2line-*,libgimli-*,libcfg_if-*,librustc_demangle-*,libstd_detect-*,libhashbrown-*,librustc_std_workspace_alloc-*,libminiz_oxide-*,libadler2-*,libunwind-*,liblibc-*,librustc_std_workspace_core-*,liballoc-*,libcore-*,libcompiler_builtins-*}.rlib" "-Wl,-Bdynamic" "-lgcc_s" "-lutil" "-lrt" "-lpthread" "-lm" "-ldl" "-lc" "-L" "/tmp/rustdoctestrFJvPn/rustcVpQ1gi/raw-dylibs" "-B<sysroot>/lib/rustlib/x86_64-unknown-linux-gnu/bin/gcc-ld" "-fuse-ld=lld" "-Wl,--eh-frame-hdr" "-Wl,-z,noexecstack" "-L" "/opt/rustwide/target/debug/build/ring-e6d7591df5303779/out" "-L" "<sysroot>/lib/rustlib/x86_64-unknown-linux-gnu/lib" "-o" "/tmp/rustdoctestrFJvPn/rust_out" "-Wl,--gc-sections" "-pie" "-Wl,-z,relro,-z,now" "-nodefaultlibs"
[INFO] [stdout]   = note: some arguments are omitted. use `--verbose` to show all linker arguments
[INFO] [stdout]   = note: collect2: fatal error: ld terminated with signal 9 [Killed]
[INFO] [stdout]           compilation terminated.
[INFO] [stdout]           
[INFO] [stdout] 
[INFO] [stdout] error: aborting due to 1 previous error; 1 warning emitted
[INFO] [stdout] 
[INFO] [stdout] Couldn't compile the test.
[INFO] [stdout] ---- src/api/server.rs - api::server::MockServer::reset_async (line 486) stdout ----
[INFO] [stdout] Couldn't compile the test.
[INFO] [stdout] ---- src/api/server.rs - api::server::MockServer::mock_async (line 402) stdout ----
[INFO] [stdout] Couldn't compile the test.
[INFO] [stdout] ---- src/api/server.rs - api::server::MockServer::reset (line 459) stdout ----
[INFO] [stdout] Couldn't compile the test.
[INFO] [stdout] ---- src/api/mock.rs - api::mock::Mock<'a>::assert_calls (line 189) stdout ----
[INFO] [stdout] error: linking with `cc` failed: exit status: 1
[INFO] [stdout]   |
[INFO] [stdout]   = note:  "cc" "-m64" "/tmp/rustdoctestCnL5T2/rustcQC22nL/symbols.o" "<2 object files omitted>" "-Wl,--as-needed" "-Wl,-Bstatic" "/opt/rustwide/target/debug/deps/{libreqwest-135d174ccc46fce9,libcookie_store-5266491d73674dad,libpublicsuffix-3122991ec01e3051,libpsl_types-be5f8942940e3a9c,libcookie-dee43a87bd9944e2,libtime-009a5e0aa6e5a2f6,libtime_core-031b6ab885a7634b,libnum_conv-9ace8b7f2a214982,libderanged-0497f8a63ebb66e0,libpowerfmt-f6019a2766e431f7,libhyper_rustls-cfbffd23a63ddea4,librustls_native_certs-465b2aa2129aa72f,libopenssl_probe-6b1b371432012237,libtokio_rustls-5147e08fc2d3a00a,librustls-af1944ea1185cdfc,libsubtle-2ae6a7038b9a0630,libwebpki-c0526fa6e83e14c9,libring-e5912a4a0d599d89,libgetrandom-5197717e746d5ea8,libuntrusted-b2f816886faf2178,librustls_pki_types-a1ff9279e609de76,libzeroize-7f213bea776ca5b6,libserde_urlencoded-4442e0d9e238af3f,libryu-25f59e4cd0d23219,libtower_http-dbb298ac442e147e,libbitflags-9362e66b8880981a,libiri_string-7980c6545d934b56,libtower-144b15b8842270ac,libtower_layer-d908dd771b239ecd,libsync_wrapper-a254cb6192850e87,libhttpmock-152303519af353bc,libhyper_util-5799a61afd293eec,libipnet-a38805d99c19843f,libtower_service-3fb88d28c2218805,libsimilar-c8e2b8065ba88702,libstringmetrics-2567abbd896ecbb0,libassert_json_diff-029ce627a510dc3d,libpath_tree-1ecc33d3220bbbe6,libhttp_body_util-bb3657389ece6d1d,libhyper-61d932557513696e,libwant-7a6260b9c50f1479,libtry_lock-8fa2f6971035be84,libhttparse-8c9b827b8f345444,libh2-7fe46ba9b6cfa50c,libtracing-232c2e0e14ef2370,liblog-b262261d47bd2eba,libtracing_core-4cc82aeb094c2c39,libonce_cell-e9252a7b5119f3eb,libindexmap-f006485b143d2676,libequivalent-6a754676e6af62ae,libhashbrown-25abce2d85979e8d,libfnv-79e2cbfbe03dcd16,libtokio_util-7fb3137efa3e338d,libatomic_waker-06950c8c08d2b8fa,libfutures_channel-3bb2db6cecc5bacb,libhttp_body-1458936585aafa10,libasync_object_pool-babbb9d20058d054,libasync_lock-ac484e023ce0bd23,libevent_listener_strategy-acdb95a8f3e9d088,libevent_listener-827f711f0f40be48,libparking-a9ae72c6c16ee980,libtabwriter-9cfc0f4f4e35a4cf,libunicode_width-c0be3735b741df1b,libthiserror-551733efbed35bb9,libfutures_util-16156304972b76e3,libfutures_io-6a4719510b0746bc,libslab-0582d648e59ab406,libfutures_sink-ae1eb2d060de53a2,libfutures_task-e09ab7898221cb97,libpin_utils-3860774ad9b215b5,libfutures_core-3b920243fce8fec0,libfutures_timer-17baedd4276dc448,libcrossbeam_utils-f696a08ab1e94e7a,libtokio-3653cf03eb0e4739,libsignal_hook_registry-cddd50aee5c69024,liberrno-c497d64a4571af83,libsocket2-1aadc0729249d3be,libmio-fc0f5b7715002b05,libparking_lot-cea9453f541cd250,libparking_lot_core-a78574451ddf5c1d,liblibc-11f5a30dc24875fb,liblock_api-16d46fed645f7bff,libscopeguard-7ec2214574194454,libpin_project_lite-72bf04572caa1c84,libheaders-19770e1d04f88221,libhttpdate-331798cefc82cc7e,libsha1-06af8c6fe73789a9,libcpufeatures-e04321643d03190d,libcfg_if-83060ec5685761ae,libdigest-58e72b83ad3d3d94,libblock_buffer-ceb5bfb4b62e5dc4,libcrypto_common-56b940ef3ee0385e,libgeneric_array-3399f74876fb1fa9,libtypenum-973adb5204d6e560,libbase64-32787b0325ea6df8,libmime-0188e0814ca7ddbf,libheaders_core-f537eeeae62d1108,libhttp-211f2dced2a55579,liburl-06906c4b4d62ee24,libidna-46a17d179580398c,libutf8_iter-51566bbad89f3a68,libidna_adapter-dd2ebe8d236c0dc3,libicu_properties-e7752831df24cd72,libicu_properties_data-b217809bf575558a,libicu_normalizer-239c102d3f9f1479,libsmallvec-bc3128fdd57228fc,libicu_normalizer_data-ab8997d7cbbb3306,libicu_collections-13043e7b0e2ff5e6,libpotential_utf-a10ecffa87ce4749,libicu_provider-f594d672aae4a35f,libicu_locale_core-379d1a46de2fdaf6,libtinystr-37896066bbd2d5d8,liblitemap-cd9b5b2aa04e2018,libwriteable-4f74a67d38fff78e,libzerovec-e687bce345eaa26d,libzerotrie-c81c03816746d5a9,libyoke-3c223e4bab94c7ae,libstable_deref_trait-63cbf3f3d3f94e56,libzerofrom-3e48bd0eefc13293,libform_urlencoded-58b0f0edb59b40d2,libpercent_encoding-fa055ecaa1e57cfa,libserde_json-691cb1a09c1ca025,libitoa-f3a70a1441f7f89b,libzmij-8eb72cbe5f9b9b4e,libbytes-639830f0f3ed9e12,libserde_regex-fe252f27506e2491,libserde-e74bb358ca3daa24,libserde_core-21f22ac7b803fb0e,libregex-e1efcc34bb1ecb85,libregex_automata-5f6c4e4a9d8b7ff1,libaho_corasick-61cf93dc53dd0bf8,libmemchr-9be7e24c0cc6f173,libregex_syntax-21c69862a9074e56}.rlib" "<sysroot>/lib/rustlib/x86_64-unknown-linux-gnu/lib/{libstd-*,libpanic_unwind-*,libobject-*,libmemchr-*,libaddr2line-*,libgimli-*,libcfg_if-*,librustc_demangle-*,libstd_detect-*,libhashbrown-*,librustc_std_workspace_alloc-*,libminiz_oxide-*,libadler2-*,libunwind-*,liblibc-*,librustc_std_workspace_core-*,liballoc-*,libcore-*,libcompiler_builtins-*}.rlib" "-Wl,-Bdynamic" "-lgcc_s" "-lutil" "-lrt" "-lpthread" "-lm" "-ldl" "-lc" "-L" "/tmp/rustdoctestCnL5T2/rustcQC22nL/raw-dylibs" "-B<sysroot>/lib/rustlib/x86_64-unknown-linux-gnu/bin/gcc-ld" "-fuse-ld=lld" "-Wl,--eh-frame-hdr" "-Wl,-z,noexecstack" "-L" "/opt/rustwide/target/debug/build/ring-e6d7591df5303779/out" "-L" "<sysroot>/lib/rustlib/x86_64-unknown-linux-gnu/lib" "-o" "/tmp/rustdoctestCnL5T2/rust_out" "-Wl,--gc-sections" "-pie" "-Wl,-z,relro,-z,now" "-nodefaultlibs"
[INFO] [stdout]   = note: some arguments are omitted. use `--verbose` to show all linker arguments
[INFO] [stdout]   = note: collect2: fatal error: ld terminated with signal 9 [Killed]
[INFO] [stdout]           compilation terminated.
[INFO] [stdout]           
[INFO] [stdout] 
[INFO] [stdout] error: aborting due to 1 previous error
[INFO] [stdout] 
[INFO] [stdout] Couldn't compile the test.
[INFO] [stdout] ---- src/api/spec.rs - api::spec::Then::body_from_file (line 5018) stdout ----
[INFO] [stdout] Couldn't compile the test.
[INFO] [stdout] ---- src/api/spec.rs - api::spec::Then::body (line 4971) stdout ----
[INFO] [stdout] Couldn't compile the test.
[INFO] [stdout] ---- src/api/spec.rs - api::spec::Then::and (line 5335) stdout ----
[INFO] [stdout] Couldn't compile the test.
[INFO] [stdout] ---- src/api/spec.rs - api::spec::Then::delay (line 5274) stdout ----
[INFO] [stdout] Couldn't compile the test.
[INFO] [stdout] ---- src/api/spec.rs - api::spec::Then::header (line 5209) stdout ----
[INFO] [stdout] Couldn't compile the test.
[INFO] [stdout] ---- src/api/mock.rs - api::mock::Mock<'a>::calls (line 375) stdout ----
[INFO] [stdout] error: linking with `cc` failed: exit status: 1
[INFO] [stdout]   |
[INFO] [stdout]   = note:  "cc" "-m64" "/tmp/rustdoctestBEaPMR/rustck6G4YB/symbols.o" "<2 object files omitted>" "-Wl,--as-needed" "-Wl,-Bstatic" "/opt/rustwide/target/debug/deps/{libreqwest-135d174ccc46fce9,libcookie_store-5266491d73674dad,libpublicsuffix-3122991ec01e3051,libpsl_types-be5f8942940e3a9c,libcookie-dee43a87bd9944e2,libtime-009a5e0aa6e5a2f6,libtime_core-031b6ab885a7634b,libnum_conv-9ace8b7f2a214982,libderanged-0497f8a63ebb66e0,libpowerfmt-f6019a2766e431f7,libhyper_rustls-cfbffd23a63ddea4,librustls_native_certs-465b2aa2129aa72f,libopenssl_probe-6b1b371432012237,libtokio_rustls-5147e08fc2d3a00a,librustls-af1944ea1185cdfc,libsubtle-2ae6a7038b9a0630,libwebpki-c0526fa6e83e14c9,libring-e5912a4a0d599d89,libgetrandom-5197717e746d5ea8,libuntrusted-b2f816886faf2178,librustls_pki_types-a1ff9279e609de76,libzeroize-7f213bea776ca5b6,libserde_urlencoded-4442e0d9e238af3f,libryu-25f59e4cd0d23219,libtower_http-dbb298ac442e147e,libbitflags-9362e66b8880981a,libiri_string-7980c6545d934b56,libtower-144b15b8842270ac,libtower_layer-d908dd771b239ecd,libsync_wrapper-a254cb6192850e87,libhttpmock-152303519af353bc,libhyper_util-5799a61afd293eec,libipnet-a38805d99c19843f,libtower_service-3fb88d28c2218805,libsimilar-c8e2b8065ba88702,libstringmetrics-2567abbd896ecbb0,libassert_json_diff-029ce627a510dc3d,libpath_tree-1ecc33d3220bbbe6,libhttp_body_util-bb3657389ece6d1d,libhyper-61d932557513696e,libwant-7a6260b9c50f1479,libtry_lock-8fa2f6971035be84,libhttparse-8c9b827b8f345444,libh2-7fe46ba9b6cfa50c,libtracing-232c2e0e14ef2370,liblog-b262261d47bd2eba,libtracing_core-4cc82aeb094c2c39,libonce_cell-e9252a7b5119f3eb,libindexmap-f006485b143d2676,libequivalent-6a754676e6af62ae,libhashbrown-25abce2d85979e8d,libfnv-79e2cbfbe03dcd16,libtokio_util-7fb3137efa3e338d,libatomic_waker-06950c8c08d2b8fa,libfutures_channel-3bb2db6cecc5bacb,libhttp_body-1458936585aafa10,libasync_object_pool-babbb9d20058d054,libasync_lock-ac484e023ce0bd23,libevent_listener_strategy-acdb95a8f3e9d088,libevent_listener-827f711f0f40be48,libparking-a9ae72c6c16ee980,libtabwriter-9cfc0f4f4e35a4cf,libunicode_width-c0be3735b741df1b,libthiserror-551733efbed35bb9,libfutures_util-16156304972b76e3,libfutures_io-6a4719510b0746bc,libslab-0582d648e59ab406,libfutures_sink-ae1eb2d060de53a2,libfutures_task-e09ab7898221cb97,libpin_utils-3860774ad9b215b5,libfutures_core-3b920243fce8fec0,libfutures_timer-17baedd4276dc448,libcrossbeam_utils-f696a08ab1e94e7a,libtokio-3653cf03eb0e4739,libsignal_hook_registry-cddd50aee5c69024,liberrno-c497d64a4571af83,libsocket2-1aadc0729249d3be,libmio-fc0f5b7715002b05,libparking_lot-cea9453f541cd250,libparking_lot_core-a78574451ddf5c1d,liblibc-11f5a30dc24875fb,liblock_api-16d46fed645f7bff,libscopeguard-7ec2214574194454,libpin_project_lite-72bf04572caa1c84,libheaders-19770e1d04f88221,libhttpdate-331798cefc82cc7e,libsha1-06af8c6fe73789a9,libcpufeatures-e04321643d03190d,libcfg_if-83060ec5685761ae,libdigest-58e72b83ad3d3d94,libblock_buffer-ceb5bfb4b62e5dc4,libcrypto_common-56b940ef3ee0385e,libgeneric_array-3399f74876fb1fa9,libtypenum-973adb5204d6e560,libbase64-32787b0325ea6df8,libmime-0188e0814ca7ddbf,libheaders_core-f537eeeae62d1108,libhttp-211f2dced2a55579,liburl-06906c4b4d62ee24,libidna-46a17d179580398c,libutf8_iter-51566bbad89f3a68,libidna_adapter-dd2ebe8d236c0dc3,libicu_properties-e7752831df24cd72,libicu_properties_data-b217809bf575558a,libicu_normalizer-239c102d3f9f1479,libsmallvec-bc3128fdd57228fc,libicu_normalizer_data-ab8997d7cbbb3306,libicu_collections-13043e7b0e2ff5e6,libpotential_utf-a10ecffa87ce4749,libicu_provider-f594d672aae4a35f,libicu_locale_core-379d1a46de2fdaf6,libtinystr-37896066bbd2d5d8,liblitemap-cd9b5b2aa04e2018,libwriteable-4f74a67d38fff78e,libzerovec-e687bce345eaa26d,libzerotrie-c81c03816746d5a9,libyoke-3c223e4bab94c7ae,libstable_deref_trait-63cbf3f3d3f94e56,libzerofrom-3e48bd0eefc13293,libform_urlencoded-58b0f0edb59b40d2,libpercent_encoding-fa055ecaa1e57cfa,libserde_json-691cb1a09c1ca025,libitoa-f3a70a1441f7f89b,libzmij-8eb72cbe5f9b9b4e,libbytes-639830f0f3ed9e12,libserde_regex-fe252f27506e2491,libserde-e74bb358ca3daa24,libserde_core-21f22ac7b803fb0e,libregex-e1efcc34bb1ecb85,libregex_automata-5f6c4e4a9d8b7ff1,libaho_corasick-61cf93dc53dd0bf8,libmemchr-9be7e24c0cc6f173,libregex_syntax-21c69862a9074e56}.rlib" "<sysroot>/lib/rustlib/x86_64-unknown-linux-gnu/lib/{libstd-*,libpanic_unwind-*,libobject-*,libmemchr-*,libaddr2line-*,libgimli-*,libcfg_if-*,librustc_demangle-*,libstd_detect-*,libhashbrown-*,librustc_std_workspace_alloc-*,libminiz_oxide-*,libadler2-*,libunwind-*,liblibc-*,librustc_std_workspace_core-*,liballoc-*,libcore-*,libcompiler_builtins-*}.rlib" "-Wl,-Bdynamic" "-lgcc_s" "-lutil" "-lrt" "-lpthread" "-lm" "-ldl" "-lc" "-L" "/tmp/rustdoctestBEaPMR/rustck6G4YB/raw-dylibs" "-B<sysroot>/lib/rustlib/x86_64-unknown-linux-gnu/bin/gcc-ld" "-fuse-ld=lld" "-Wl,--eh-frame-hdr" "-Wl,-z,noexecstack" "-L" "/opt/rustwide/target/debug/build/ring-e6d7591df5303779/out" "-L" "<sysroot>/lib/rustlib/x86_64-unknown-linux-gnu/lib" "-o" "/tmp/rustdoctestBEaPMR/rust_out" "-Wl,--gc-sections" "-pie" "-Wl,-z,relro,-z,now" "-nodefaultlibs"
[INFO] [stdout]   = note: some arguments are omitted. use `--verbose` to show all linker arguments
[INFO] [stdout]   = note: collect2: fatal error: ld terminated with signal 9 [Killed]
[INFO] [stdout]           compilation terminated.
[INFO] [stdout]           
[INFO] [stdout] 
[INFO] [stdout] error: aborting due to 1 previous error
[INFO] [stdout] 
[INFO] [stdout] Couldn't compile the test.
[INFO] [stdout] ---- src/api/spec.rs - api::spec::Then::respond_with (line 5392) stdout ----
[INFO] [stdout] Couldn't compile the test.
[INFO] [stdout] ---- src/api/spec.rs - api::spec::Then::json_body (line 5076) stdout ----
[INFO] [stdout] Couldn't compile the test.
[INFO] [stdout] ---- src/api/spec.rs - api::spec::Then::json_body_obj (line 5140) stdout ----
[INFO] [stdout] Couldn't compile the test.
[INFO] [stdout] ---- src/api/spec.rs - api::spec::Then::respond_with (line 5470) stdout ----
[INFO] [stdout] Couldn't compile the test.
[INFO] [stdout] ---- src/api/spec.rs - api::spec::Then::respond_with (line 5426) stdout ----
[INFO] [stdout] Couldn't compile the test.
[INFO] [stdout] ---- src/api/spec.rs - api::spec::When::and (line 4873) stdout ----
[INFO] [stdout] Couldn't compile the test.
[INFO] [stdout] ---- src/api/spec.rs - api::spec::Then::status (line 4926) stdout ----
[INFO] [stdout] Couldn't compile the test.
[INFO] [stdout] ---- src/api/spec.rs - api::spec::When::any_request (line 39) stdout ----
[INFO] [stdout] Couldn't compile the test.
[INFO] [stdout] ---- src/api/spec.rs - api::spec::When::body (line 3283) stdout ----
[INFO] [stdout] Couldn't compile the test.
[INFO] [stdout] ---- src/api/mock.rs - api::mock::Mock<'a>::hits (line 341) stdout ----
[INFO] [stdout] warning: use of deprecated method `httpmock::Mock::<'a>::hits`: please use `calls` instead
[INFO] [stdout]    --> src/api/mock.rs:357:20
[INFO] [stdout]     |
[INFO] [stdout] 357 | assert_eq!(1, mock.hits());
[INFO] [stdout]     |                    ^^^^
[INFO] [stdout]     |
[INFO] [stdout]     = note: `#[warn(deprecated)]` on by default
[INFO] [stdout] 
[INFO] [stdout] error: linking with `cc` failed: exit status: 1
[INFO] [stdout]   |
[INFO] [stdout]   = note:  "cc" "-m64" "/tmp/rustdoctestquCpbZ/rustcBWroLP/symbols.o" "<2 object files omitted>" "-Wl,--as-needed" "-Wl,-Bstatic" "/opt/rustwide/target/debug/deps/{libreqwest-135d174ccc46fce9,libcookie_store-5266491d73674dad,libpublicsuffix-3122991ec01e3051,libpsl_types-be5f8942940e3a9c,libcookie-dee43a87bd9944e2,libtime-009a5e0aa6e5a2f6,libtime_core-031b6ab885a7634b,libnum_conv-9ace8b7f2a214982,libderanged-0497f8a63ebb66e0,libpowerfmt-f6019a2766e431f7,libhyper_rustls-cfbffd23a63ddea4,librustls_native_certs-465b2aa2129aa72f,libopenssl_probe-6b1b371432012237,libtokio_rustls-5147e08fc2d3a00a,librustls-af1944ea1185cdfc,libsubtle-2ae6a7038b9a0630,libwebpki-c0526fa6e83e14c9,libring-e5912a4a0d599d89,libgetrandom-5197717e746d5ea8,libuntrusted-b2f816886faf2178,librustls_pki_types-a1ff9279e609de76,libzeroize-7f213bea776ca5b6,libserde_urlencoded-4442e0d9e238af3f,libryu-25f59e4cd0d23219,libtower_http-dbb298ac442e147e,libbitflags-9362e66b8880981a,libiri_string-7980c6545d934b56,libtower-144b15b8842270ac,libtower_layer-d908dd771b239ecd,libsync_wrapper-a254cb6192850e87,libhttpmock-152303519af353bc,libhyper_util-5799a61afd293eec,libipnet-a38805d99c19843f,libtower_service-3fb88d28c2218805,libsimilar-c8e2b8065ba88702,libstringmetrics-2567abbd896ecbb0,libassert_json_diff-029ce627a510dc3d,libpath_tree-1ecc33d3220bbbe6,libhttp_body_util-bb3657389ece6d1d,libhyper-61d932557513696e,libwant-7a6260b9c50f1479,libtry_lock-8fa2f6971035be84,libhttparse-8c9b827b8f345444,libh2-7fe46ba9b6cfa50c,libtracing-232c2e0e14ef2370,liblog-b262261d47bd2eba,libtracing_core-4cc82aeb094c2c39,libonce_cell-e9252a7b5119f3eb,libindexmap-f006485b143d2676,libequivalent-6a754676e6af62ae,libhashbrown-25abce2d85979e8d,libfnv-79e2cbfbe03dcd16,libtokio_util-7fb3137efa3e338d,libatomic_waker-06950c8c08d2b8fa,libfutures_channel-3bb2db6cecc5bacb,libhttp_body-1458936585aafa10,libasync_object_pool-babbb9d20058d054,libasync_lock-ac484e023ce0bd23,libevent_listener_strategy-acdb95a8f3e9d088,libevent_listener-827f711f0f40be48,libparking-a9ae72c6c16ee980,libtabwriter-9cfc0f4f4e35a4cf,libunicode_width-c0be3735b741df1b,libthiserror-551733efbed35bb9,libfutures_util-16156304972b76e3,libfutures_io-6a4719510b0746bc,libslab-0582d648e59ab406,libfutures_sink-ae1eb2d060de53a2,libfutures_task-e09ab7898221cb97,libpin_utils-3860774ad9b215b5,libfutures_core-3b920243fce8fec0,libfutures_timer-17baedd4276dc448,libcrossbeam_utils-f696a08ab1e94e7a,libtokio-3653cf03eb0e4739,libsignal_hook_registry-cddd50aee5c69024,liberrno-c497d64a4571af83,libsocket2-1aadc0729249d3be,libmio-fc0f5b7715002b05,libparking_lot-cea9453f541cd250,libparking_lot_core-a78574451ddf5c1d,liblibc-11f5a30dc24875fb,liblock_api-16d46fed645f7bff,libscopeguard-7ec2214574194454,libpin_project_lite-72bf04572caa1c84,libheaders-19770e1d04f88221,libhttpdate-331798cefc82cc7e,libsha1-06af8c6fe73789a9,libcpufeatures-e04321643d03190d,libcfg_if-83060ec5685761ae,libdigest-58e72b83ad3d3d94,libblock_buffer-ceb5bfb4b62e5dc4,libcrypto_common-56b940ef3ee0385e,libgeneric_array-3399f74876fb1fa9,libtypenum-973adb5204d6e560,libbase64-32787b0325ea6df8,libmime-0188e0814ca7ddbf,libheaders_core-f537eeeae62d1108,libhttp-211f2dced2a55579,liburl-06906c4b4d62ee24,libidna-46a17d179580398c,libutf8_iter-51566bbad89f3a68,libidna_adapter-dd2ebe8d236c0dc3,libicu_properties-e7752831df24cd72,libicu_properties_data-b217809bf575558a,libicu_normalizer-239c102d3f9f1479,libsmallvec-bc3128fdd57228fc,libicu_normalizer_data-ab8997d7cbbb3306,libicu_collections-13043e7b0e2ff5e6,libpotential_utf-a10ecffa87ce4749,libicu_provider-f594d672aae4a35f,libicu_locale_core-379d1a46de2fdaf6,libtinystr-37896066bbd2d5d8,liblitemap-cd9b5b2aa04e2018,libwriteable-4f74a67d38fff78e,libzerovec-e687bce345eaa26d,libzerotrie-c81c03816746d5a9,libyoke-3c223e4bab94c7ae,libstable_deref_trait-63cbf3f3d3f94e56,libzerofrom-3e48bd0eefc13293,libform_urlencoded-58b0f0edb59b40d2,libpercent_encoding-fa055ecaa1e57cfa,libserde_json-691cb1a09c1ca025,libitoa-f3a70a1441f7f89b,libzmij-8eb72cbe5f9b9b4e,libbytes-639830f0f3ed9e12,libserde_regex-fe252f27506e2491,libserde-e74bb358ca3daa24,libserde_core-21f22ac7b803fb0e,libregex-e1efcc34bb1ecb85,libregex_automata-5f6c4e4a9d8b7ff1,libaho_corasick-61cf93dc53dd0bf8,libmemchr-9be7e24c0cc6f173,libregex_syntax-21c69862a9074e56}.rlib" "<sysroot>/lib/rustlib/x86_64-unknown-linux-gnu/lib/{libstd-*,libpanic_unwind-*,libobject-*,libmemchr-*,libaddr2line-*,libgimli-*,libcfg_if-*,librustc_demangle-*,libstd_detect-*,libhashbrown-*,librustc_std_workspace_alloc-*,libminiz_oxide-*,libadler2-*,libunwind-*,liblibc-*,librustc_std_workspace_core-*,liballoc-*,libcore-*,libcompiler_builtins-*}.rlib" "-Wl,-Bdynamic" "-lgcc_s" "-lutil" "-lrt" "-lpthread" "-lm" "-ldl" "-lc" "-L" "/tmp/rustdoctestquCpbZ/rustcBWroLP/raw-dylibs" "-B<sysroot>/lib/rustlib/x86_64-unknown-linux-gnu/bin/gcc-ld" "-fuse-ld=lld" "-Wl,--eh-frame-hdr" "-Wl,-z,noexecstack" "-L" "/opt/rustwide/target/debug/build/ring-e6d7591df5303779/out" "-L" "<sysroot>/lib/rustlib/x86_64-unknown-linux-gnu/lib" "-o" "/tmp/rustdoctestquCpbZ/rust_out" "-Wl,--gc-sections" "-pie" "-Wl,-z,relro,-z,now" "-nodefaultlibs"
[INFO] [stdout]   = note: some arguments are omitted. use `--verbose` to show all linker arguments
[INFO] [stdout]   = note: collect2: fatal error: ld terminated with signal 9 [Killed]
[INFO] [stdout]           compilation terminated.
[INFO] [stdout]           
[INFO] [stdout] 
[INFO] [stdout] error: aborting due to 1 previous error; 1 warning emitted
[INFO] [stdout] 
[INFO] [stdout] Couldn't compile the test.
[INFO] [stdout] ---- src/api/spec.rs - api::spec::When::body_excludes (line 3424) stdout ----
[INFO] [stdout] Couldn't compile the test.
[INFO] [stdout] ---- src/api/spec.rs - api::spec::When::body_prefix_not (line 3571) stdout ----
[INFO] [stdout] Couldn't compile the test.
[INFO] [stdout] ---- src/api/spec.rs - api::spec::When::body_not (line 3326) stdout ----
[INFO] [stdout] Couldn't compile the test.
[INFO] [stdout] ---- src/api/spec.rs - api::spec::When::body_suffix (line 3522) stdout ----
[INFO] [stdout] Couldn't compile the test.
[INFO] [stdout] ---- src/api/spec.rs - api::spec::When::body_suffix_not (line 3620) stdout ----
[INFO] [stdout] Couldn't compile the test.
[INFO] [stdout] ---- src/api/spec.rs - api::spec::When::cookie (line 2640) stdout ----
[INFO] [stdout] Couldn't compile the test.
[INFO] [stdout] ---- src/api/spec.rs - api::spec::When::cookie_count (line 3228) stdout ----
[INFO] [stdout] Couldn't compile the test.
[INFO] [stdout] ---- src/api/mock.rs - api::mock::Mock (line 24) stdout ----
[INFO] [stdout] warning: use of deprecated method `httpmock::Mock::<'a>::hits`: please use `calls` instead
[INFO] [stdout]   --> src/api/mock.rs:40:17
[INFO] [stdout]    |
[INFO] [stdout] 40 | assert_eq!(mock.hits(), 1); // Verify the mock was triggered
[INFO] [stdout]    |                 ^^^^
[INFO] [stdout]    |
[INFO] [stdout]    = note: `#[warn(deprecated)]` on by default
[INFO] [stdout] 
[INFO] [stdout] error: linking with `cc` failed: exit status: 1
[INFO] [stdout]   |
[INFO] [stdout]   = note:  "cc" "-m64" "/tmp/rustdoctestz6Oky5/rustcLNywwH/symbols.o" "<2 object files omitted>" "-Wl,--as-needed" "-Wl,-Bstatic" "/opt/rustwide/target/debug/deps/{libreqwest-135d174ccc46fce9,libcookie_store-5266491d73674dad,libpublicsuffix-3122991ec01e3051,libpsl_types-be5f8942940e3a9c,libcookie-dee43a87bd9944e2,libtime-009a5e0aa6e5a2f6,libtime_core-031b6ab885a7634b,libnum_conv-9ace8b7f2a214982,libderanged-0497f8a63ebb66e0,libpowerfmt-f6019a2766e431f7,libhyper_rustls-cfbffd23a63ddea4,librustls_native_certs-465b2aa2129aa72f,libopenssl_probe-6b1b371432012237,libtokio_rustls-5147e08fc2d3a00a,librustls-af1944ea1185cdfc,libsubtle-2ae6a7038b9a0630,libwebpki-c0526fa6e83e14c9,libring-e5912a4a0d599d89,libgetrandom-5197717e746d5ea8,libuntrusted-b2f816886faf2178,librustls_pki_types-a1ff9279e609de76,libzeroize-7f213bea776ca5b6,libserde_urlencoded-4442e0d9e238af3f,libryu-25f59e4cd0d23219,libtower_http-dbb298ac442e147e,libbitflags-9362e66b8880981a,libiri_string-7980c6545d934b56,libtower-144b15b8842270ac,libtower_layer-d908dd771b239ecd,libsync_wrapper-a254cb6192850e87,libhttpmock-152303519af353bc,libhyper_util-5799a61afd293eec,libipnet-a38805d99c19843f,libtower_service-3fb88d28c2218805,libsimilar-c8e2b8065ba88702,libstringmetrics-2567abbd896ecbb0,libassert_json_diff-029ce627a510dc3d,libpath_tree-1ecc33d3220bbbe6,libhttp_body_util-bb3657389ece6d1d,libhyper-61d932557513696e,libwant-7a6260b9c50f1479,libtry_lock-8fa2f6971035be84,libhttparse-8c9b827b8f345444,libh2-7fe46ba9b6cfa50c,libtracing-232c2e0e14ef2370,liblog-b262261d47bd2eba,libtracing_core-4cc82aeb094c2c39,libonce_cell-e9252a7b5119f3eb,libindexmap-f006485b143d2676,libequivalent-6a754676e6af62ae,libhashbrown-25abce2d85979e8d,libfnv-79e2cbfbe03dcd16,libtokio_util-7fb3137efa3e338d,libatomic_waker-06950c8c08d2b8fa,libfutures_channel-3bb2db6cecc5bacb,libhttp_body-1458936585aafa10,libasync_object_pool-babbb9d20058d054,libasync_lock-ac484e023ce0bd23,libevent_listener_strategy-acdb95a8f3e9d088,libevent_listener-827f711f0f40be48,libparking-a9ae72c6c16ee980,libtabwriter-9cfc0f4f4e35a4cf,libunicode_width-c0be3735b741df1b,libthiserror-551733efbed35bb9,libfutures_util-16156304972b76e3,libfutures_io-6a4719510b0746bc,libslab-0582d648e59ab406,libfutures_sink-ae1eb2d060de53a2,libfutures_task-e09ab7898221cb97,libpin_utils-3860774ad9b215b5,libfutures_core-3b920243fce8fec0,libfutures_timer-17baedd4276dc448,libcrossbeam_utils-f696a08ab1e94e7a,libtokio-3653cf03eb0e4739,libsignal_hook_registry-cddd50aee5c69024,liberrno-c497d64a4571af83,libsocket2-1aadc0729249d3be,libmio-fc0f5b7715002b05,libparking_lot-cea9453f541cd250,libparking_lot_core-a78574451ddf5c1d,liblibc-11f5a30dc24875fb,liblock_api-16d46fed645f7bff,libscopeguard-7ec2214574194454,libpin_project_lite-72bf04572caa1c84,libheaders-19770e1d04f88221,libhttpdate-331798cefc82cc7e,libsha1-06af8c6fe73789a9,libcpufeatures-e04321643d03190d,libcfg_if-83060ec5685761ae,libdigest-58e72b83ad3d3d94,libblock_buffer-ceb5bfb4b62e5dc4,libcrypto_common-56b940ef3ee0385e,libgeneric_array-3399f74876fb1fa9,libtypenum-973adb5204d6e560,libbase64-32787b0325ea6df8,libmime-0188e0814ca7ddbf,libheaders_core-f537eeeae62d1108,libhttp-211f2dced2a55579,liburl-06906c4b4d62ee24,libidna-46a17d179580398c,libutf8_iter-51566bbad89f3a68,libidna_adapter-dd2ebe8d236c0dc3,libicu_properties-e7752831df24cd72,libicu_properties_data-b217809bf575558a,libicu_normalizer-239c102d3f9f1479,libsmallvec-bc3128fdd57228fc,libicu_normalizer_data-ab8997d7cbbb3306,libicu_collections-13043e7b0e2ff5e6,libpotential_utf-a10ecffa87ce4749,libicu_provider-f594d672aae4a35f,libicu_locale_core-379d1a46de2fdaf6,libtinystr-37896066bbd2d5d8,liblitemap-cd9b5b2aa04e2018,libwriteable-4f74a67d38fff78e,libzerovec-e687bce345eaa26d,libzerotrie-c81c03816746d5a9,libyoke-3c223e4bab94c7ae,libstable_deref_trait-63cbf3f3d3f94e56,libzerofrom-3e48bd0eefc13293,libform_urlencoded-58b0f0edb59b40d2,libpercent_encoding-fa055ecaa1e57cfa,libserde_json-691cb1a09c1ca025,libitoa-f3a70a1441f7f89b,libzmij-8eb72cbe5f9b9b4e,libbytes-639830f0f3ed9e12,libserde_regex-fe252f27506e2491,libserde-e74bb358ca3daa24,libserde_core-21f22ac7b803fb0e,libregex-e1efcc34bb1ecb85,libregex_automata-5f6c4e4a9d8b7ff1,libaho_corasick-61cf93dc53dd0bf8,libmemchr-9be7e24c0cc6f173,libregex_syntax-21c69862a9074e56}.rlib" "<sysroot>/lib/rustlib/x86_64-unknown-linux-gnu/lib/{libstd-*,libpanic_unwind-*,libobject-*,libmemchr-*,libaddr2line-*,libgimli-*,libcfg_if-*,librustc_demangle-*,libstd_detect-*,libhashbrown-*,librustc_std_workspace_alloc-*,libminiz_oxide-*,libadler2-*,libunwind-*,liblibc-*,librustc_std_workspace_core-*,liballoc-*,libcore-*,libcompiler_builtins-*}.rlib" "-Wl,-Bdynamic" "-lgcc_s" "-lutil" "-lrt" "-lpthread" "-lm" "-ldl" "-lc" "-L" "/tmp/rustdoctestz6Oky5/rustcLNywwH/raw-dylibs" "-B<sysroot>/lib/rustlib/x86_64-unknown-linux-gnu/bin/gcc-ld" "-fuse-ld=lld" "-Wl,--eh-frame-hdr" "-Wl,-z,noexecstack" "-L" "/opt/rustwide/target/debug/build/ring-e6d7591df5303779/out" "-L" "<sysroot>/lib/rustlib/x86_64-unknown-linux-gnu/lib" "-o" "/tmp/rustdoctestz6Oky5/rust_out" "-Wl,--gc-sections" "-pie" "-Wl,-z,relro,-z,now" "-nodefaultlibs"
[INFO] [stdout]   = note: some arguments are omitted. use `--verbose` to show all linker arguments
[INFO] [stdout]   = note: collect2: fatal error: ld terminated with signal 9 [Killed]
[INFO] [stdout]           compilation terminated.
[INFO] [stdout]           
[INFO] [stdout] 
[INFO] [stdout] error: aborting due to 1 previous error; 1 warning emitted
[INFO] [stdout] 
[INFO] [stdout] Couldn't compile the test.
[INFO] [stdout] ---- src/api/mock.rs - api::mock::Mock<'a>::assert_hits_async (line 229) stdout ----
[INFO] [stdout] warning: use of deprecated method `httpmock::Mock::<'a>::assert_hits_async`: please use `assert_calls_async` instead
[INFO] [stdout]    --> src/api/mock.rs:248:10
[INFO] [stdout]     |
[INFO] [stdout] 248 |     mock.assert_hits_async(2).await;
[INFO] [stdout]     |          ^^^^^^^^^^^^^^^^^
[INFO] [stdout]     |
[INFO] [stdout]     = note: `#[warn(deprecated)]` on by default
[INFO] [stdout] 
[INFO] [stdout] error: linking with `cc` failed: exit status: 1
[INFO] [stdout]   |
[INFO] [stdout]   = note:  "cc" "-m64" "/tmp/rustdoctestUaPVCA/rustcxw7CmP/symbols.o" "<2 object files omitted>" "-Wl,--as-needed" "-Wl,-Bstatic" "/opt/rustwide/target/debug/deps/{libreqwest-135d174ccc46fce9,libcookie_store-5266491d73674dad,libpublicsuffix-3122991ec01e3051,libpsl_types-be5f8942940e3a9c,libcookie-dee43a87bd9944e2,libtime-009a5e0aa6e5a2f6,libtime_core-031b6ab885a7634b,libnum_conv-9ace8b7f2a214982,libderanged-0497f8a63ebb66e0,libpowerfmt-f6019a2766e431f7,libhyper_rustls-cfbffd23a63ddea4,librustls_native_certs-465b2aa2129aa72f,libopenssl_probe-6b1b371432012237,libtokio_rustls-5147e08fc2d3a00a,librustls-af1944ea1185cdfc,libsubtle-2ae6a7038b9a0630,libwebpki-c0526fa6e83e14c9,libring-e5912a4a0d599d89,libgetrandom-5197717e746d5ea8,libuntrusted-b2f816886faf2178,librustls_pki_types-a1ff9279e609de76,libzeroize-7f213bea776ca5b6,libserde_urlencoded-4442e0d9e238af3f,libryu-25f59e4cd0d23219,libtower_http-dbb298ac442e147e,libbitflags-9362e66b8880981a,libiri_string-7980c6545d934b56,libtower-144b15b8842270ac,libtower_layer-d908dd771b239ecd,libsync_wrapper-a254cb6192850e87,libhttpmock-152303519af353bc,libhyper_util-5799a61afd293eec,libipnet-a38805d99c19843f,libtower_service-3fb88d28c2218805,libsimilar-c8e2b8065ba88702,libstringmetrics-2567abbd896ecbb0,libassert_json_diff-029ce627a510dc3d,libpath_tree-1ecc33d3220bbbe6,libhttp_body_util-bb3657389ece6d1d,libhyper-61d932557513696e,libwant-7a6260b9c50f1479,libtry_lock-8fa2f6971035be84,libhttparse-8c9b827b8f345444,libh2-7fe46ba9b6cfa50c,libtracing-232c2e0e14ef2370,liblog-b262261d47bd2eba,libtracing_core-4cc82aeb094c2c39,libonce_cell-e9252a7b5119f3eb,libindexmap-f006485b143d2676,libequivalent-6a754676e6af62ae,libhashbrown-25abce2d85979e8d,libfnv-79e2cbfbe03dcd16,libtokio_util-7fb3137efa3e338d,libatomic_waker-06950c8c08d2b8fa,libfutures_channel-3bb2db6cecc5bacb,libhttp_body-1458936585aafa10,libasync_object_pool-babbb9d20058d054,libasync_lock-ac484e023ce0bd23,libevent_listener_strategy-acdb95a8f3e9d088,libevent_listener-827f711f0f40be48,libparking-a9ae72c6c16ee980,libtabwriter-9cfc0f4f4e35a4cf,libunicode_width-c0be3735b741df1b,libthiserror-551733efbed35bb9,libfutures_util-16156304972b76e3,libfutures_io-6a4719510b0746bc,libslab-0582d648e59ab406,libfutures_sink-ae1eb2d060de53a2,libfutures_task-e09ab7898221cb97,libpin_utils-3860774ad9b215b5,libfutures_core-3b920243fce8fec0,libfutures_timer-17baedd4276dc448,libcrossbeam_utils-f696a08ab1e94e7a,libtokio-3653cf03eb0e4739,libsignal_hook_registry-cddd50aee5c69024,liberrno-c497d64a4571af83,libsocket2-1aadc0729249d3be,libmio-fc0f5b7715002b05,libparking_lot-cea9453f541cd250,libparking_lot_core-a78574451ddf5c1d,liblibc-11f5a30dc24875fb,liblock_api-16d46fed645f7bff,libscopeguard-7ec2214574194454,libpin_project_lite-72bf04572caa1c84,libheaders-19770e1d04f88221,libhttpdate-331798cefc82cc7e,libsha1-06af8c6fe73789a9,libcpufeatures-e04321643d03190d,libcfg_if-83060ec5685761ae,libdigest-58e72b83ad3d3d94,libblock_buffer-ceb5bfb4b62e5dc4,libcrypto_common-56b940ef3ee0385e,libgeneric_array-3399f74876fb1fa9,libtypenum-973adb5204d6e560,libbase64-32787b0325ea6df8,libmime-0188e0814ca7ddbf,libheaders_core-f537eeeae62d1108,libhttp-211f2dced2a55579,liburl-06906c4b4d62ee24,libidna-46a17d179580398c,libutf8_iter-51566bbad89f3a68,libidna_adapter-dd2ebe8d236c0dc3,libicu_properties-e7752831df24cd72,libicu_properties_data-b217809bf575558a,libicu_normalizer-239c102d3f9f1479,libsmallvec-bc3128fdd57228fc,libicu_normalizer_data-ab8997d7cbbb3306,libicu_collections-13043e7b0e2ff5e6,libpotential_utf-a10ecffa87ce4749,libicu_provider-f594d672aae4a35f,libicu_locale_core-379d1a46de2fdaf6,libtinystr-37896066bbd2d5d8,liblitemap-cd9b5b2aa04e2018,libwriteable-4f74a67d38fff78e,libzerovec-e687bce345eaa26d,libzerotrie-c81c03816746d5a9,libyoke-3c223e4bab94c7ae,libstable_deref_trait-63cbf3f3d3f94e56,libzerofrom-3e48bd0eefc13293,libform_urlencoded-58b0f0edb59b40d2,libpercent_encoding-fa055ecaa1e57cfa,libserde_json-691cb1a09c1ca025,libitoa-f3a70a1441f7f89b,libzmij-8eb72cbe5f9b9b4e,libbytes-639830f0f3ed9e12,libserde_regex-fe252f27506e2491,libserde-e74bb358ca3daa24,libserde_core-21f22ac7b803fb0e,libregex-e1efcc34bb1ecb85,libregex_automata-5f6c4e4a9d8b7ff1,libaho_corasick-61cf93dc53dd0bf8,libmemchr-9be7e24c0cc6f173,libregex_syntax-21c69862a9074e56}.rlib" "<sysroot>/lib/rustlib/x86_64-unknown-linux-gnu/lib/{libstd-*,libpanic_unwind-*,libobject-*,libmemchr-*,libaddr2line-*,libgimli-*,libcfg_if-*,librustc_demangle-*,libstd_detect-*,libhashbrown-*,librustc_std_workspace_alloc-*,libminiz_oxide-*,libadler2-*,libunwind-*,liblibc-*,librustc_std_workspace_core-*,liballoc-*,libcore-*,libcompiler_builtins-*}.rlib" "-Wl,-Bdynamic" "-lgcc_s" "-lutil" "-lrt" "-lpthread" "-lm" "-ldl" "-lc" "-L" "/tmp/rustdoctestUaPVCA/rustcxw7CmP/raw-dylibs" "-B<sysroot>/lib/rustlib/x86_64-unknown-linux-gnu/bin/gcc-ld" "-fuse-ld=lld" "-Wl,--eh-frame-hdr" "-Wl,-z,noexecstack" "-L" "/opt/rustwide/target/debug/build/ring-e6d7591df5303779/out" "-L" "<sysroot>/lib/rustlib/x86_64-unknown-linux-gnu/lib" "-o" "/tmp/rustdoctestUaPVCA/rust_out" "-Wl,--gc-sections" "-pie" "-Wl,-z,relro,-z,now" "-nodefaultlibs"
[INFO] [stdout]   = note: some arguments are omitted. use `--verbose` to show all linker arguments
[INFO] [stdout]   = note: collect2: fatal error: ld terminated with signal 9 [Killed]
[INFO] [stdout]           compilation terminated.
[INFO] [stdout]           
[INFO] [stdout] 
[INFO] [stdout] error: aborting due to 1 previous error; 1 warning emitted
[INFO] [stdout] 
[INFO] [stdout] Couldn't compile the test.
[INFO] [stdout] ---- src/api/spec.rs - api::spec::When::cookie_prefix (line 2951) stdout ----
[INFO] [stdout] Couldn't compile the test.
[INFO] [stdout] ---- src/api/spec.rs - api::spec::When::cookie_not (line 2692) stdout ----
[INFO] [stdout] Couldn't compile the test.
[INFO] [stdout] ---- src/api/spec.rs - api::spec::When::cookie_missing (line 2793) stdout ----
[INFO] [stdout] Couldn't compile the test.
[INFO] [stdout] ---- src/api/mock.rs - api::mock::Mock<'a>::assert (line 72) stdout ----
[INFO] [stdout] error: linking with `cc` failed: exit status: 1
[INFO] [stdout]   |
[INFO] [stdout]   = note:  "cc" "-m64" "/tmp/rustdoctestU16ex5/rustcZkQctK/symbols.o" "<2 object files omitted>" "-Wl,--as-needed" "-Wl,-Bstatic" "/opt/rustwide/target/debug/deps/{libreqwest-135d174ccc46fce9,libcookie_store-5266491d73674dad,libpublicsuffix-3122991ec01e3051,libpsl_types-be5f8942940e3a9c,libcookie-dee43a87bd9944e2,libtime-009a5e0aa6e5a2f6,libtime_core-031b6ab885a7634b,libnum_conv-9ace8b7f2a214982,libderanged-0497f8a63ebb66e0,libpowerfmt-f6019a2766e431f7,libhyper_rustls-cfbffd23a63ddea4,librustls_native_certs-465b2aa2129aa72f,libopenssl_probe-6b1b371432012237,libtokio_rustls-5147e08fc2d3a00a,librustls-af1944ea1185cdfc,libsubtle-2ae6a7038b9a0630,libwebpki-c0526fa6e83e14c9,libring-e5912a4a0d599d89,libgetrandom-5197717e746d5ea8,libuntrusted-b2f816886faf2178,librustls_pki_types-a1ff9279e609de76,libzeroize-7f213bea776ca5b6,libserde_urlencoded-4442e0d9e238af3f,libryu-25f59e4cd0d23219,libtower_http-dbb298ac442e147e,libbitflags-9362e66b8880981a,libiri_string-7980c6545d934b56,libtower-144b15b8842270ac,libtower_layer-d908dd771b239ecd,libsync_wrapper-a254cb6192850e87,libhttpmock-152303519af353bc,libhyper_util-5799a61afd293eec,libipnet-a38805d99c19843f,libtower_service-3fb88d28c2218805,libsimilar-c8e2b8065ba88702,libstringmetrics-2567abbd896ecbb0,libassert_json_diff-029ce627a510dc3d,libpath_tree-1ecc33d3220bbbe6,libhttp_body_util-bb3657389ece6d1d,libhyper-61d932557513696e,libwant-7a6260b9c50f1479,libtry_lock-8fa2f6971035be84,libhttparse-8c9b827b8f345444,libh2-7fe46ba9b6cfa50c,libtracing-232c2e0e14ef2370,liblog-b262261d47bd2eba,libtracing_core-4cc82aeb094c2c39,libonce_cell-e9252a7b5119f3eb,libindexmap-f006485b143d2676,libequivalent-6a754676e6af62ae,libhashbrown-25abce2d85979e8d,libfnv-79e2cbfbe03dcd16,libtokio_util-7fb3137efa3e338d,libatomic_waker-06950c8c08d2b8fa,libfutures_channel-3bb2db6cecc5bacb,libhttp_body-1458936585aafa10,libasync_object_pool-babbb9d20058d054,libasync_lock-ac484e023ce0bd23,libevent_listener_strategy-acdb95a8f3e9d088,libevent_listener-827f711f0f40be48,libparking-a9ae72c6c16ee980,libtabwriter-9cfc0f4f4e35a4cf,libunicode_width-c0be3735b741df1b,libthiserror-551733efbed35bb9,libfutures_util-16156304972b76e3,libfutures_io-6a4719510b0746bc,libslab-0582d648e59ab406,libfutures_sink-ae1eb2d060de53a2,libfutures_task-e09ab7898221cb97,libpin_utils-3860774ad9b215b5,libfutures_core-3b920243fce8fec0,libfutures_timer-17baedd4276dc448,libcrossbeam_utils-f696a08ab1e94e7a,libtokio-3653cf03eb0e4739,libsignal_hook_registry-cddd50aee5c69024,liberrno-c497d64a4571af83,libsocket2-1aadc0729249d3be,libmio-fc0f5b7715002b05,libparking_lot-cea9453f541cd250,libparking_lot_core-a78574451ddf5c1d,liblibc-11f5a30dc24875fb,liblock_api-16d46fed645f7bff,libscopeguard-7ec2214574194454,libpin_project_lite-72bf04572caa1c84,libheaders-19770e1d04f88221,libhttpdate-331798cefc82cc7e,libsha1-06af8c6fe73789a9,libcpufeatures-e04321643d03190d,libcfg_if-83060ec5685761ae,libdigest-58e72b83ad3d3d94,libblock_buffer-ceb5bfb4b62e5dc4,libcrypto_common-56b940ef3ee0385e,libgeneric_array-3399f74876fb1fa9,libtypenum-973adb5204d6e560,libbase64-32787b0325ea6df8,libmime-0188e0814ca7ddbf,libheaders_core-f537eeeae62d1108,libhttp-211f2dced2a55579,liburl-06906c4b4d62ee24,libidna-46a17d179580398c,libutf8_iter-51566bbad89f3a68,libidna_adapter-dd2ebe8d236c0dc3,libicu_properties-e7752831df24cd72,libicu_properties_data-b217809bf575558a,libicu_normalizer-239c102d3f9f1479,libsmallvec-bc3128fdd57228fc,libicu_normalizer_data-ab8997d7cbbb3306,libicu_collections-13043e7b0e2ff5e6,libpotential_utf-a10ecffa87ce4749,libicu_provider-f594d672aae4a35f,libicu_locale_core-379d1a46de2fdaf6,libtinystr-37896066bbd2d5d8,liblitemap-cd9b5b2aa04e2018,libwriteable-4f74a67d38fff78e,libzerovec-e687bce345eaa26d,libzerotrie-c81c03816746d5a9,libyoke-3c223e4bab94c7ae,libstable_deref_trait-63cbf3f3d3f94e56,libzerofrom-3e48bd0eefc13293,libform_urlencoded-58b0f0edb59b40d2,libpercent_encoding-fa055ecaa1e57cfa,libserde_json-691cb1a09c1ca025,libitoa-f3a70a1441f7f89b,libzmij-8eb72cbe5f9b9b4e,libbytes-639830f0f3ed9e12,libserde_regex-fe252f27506e2491,libserde-e74bb358ca3daa24,libserde_core-21f22ac7b803fb0e,libregex-e1efcc34bb1ecb85,libregex_automata-5f6c4e4a9d8b7ff1,libaho_corasick-61cf93dc53dd0bf8,libmemchr-9be7e24c0cc6f173,libregex_syntax-21c69862a9074e56}.rlib" "<sysroot>/lib/rustlib/x86_64-unknown-linux-gnu/lib/{libstd-*,libpanic_unwind-*,libobject-*,libmemchr-*,libaddr2line-*,libgimli-*,libcfg_if-*,librustc_demangle-*,libstd_detect-*,libhashbrown-*,librustc_std_workspace_alloc-*,libminiz_oxide-*,libadler2-*,libunwind-*,liblibc-*,librustc_std_workspace_core-*,liballoc-*,libcore-*,libcompiler_builtins-*}.rlib" "-Wl,-Bdynamic" "-lgcc_s" "-lutil" "-lrt" "-lpthread" "-lm" "-ldl" "-lc" "-L" "/tmp/rustdoctestU16ex5/rustcZkQctK/raw-dylibs" "-B<sysroot>/lib/rustlib/x86_64-unknown-linux-gnu/bin/gcc-ld" "-fuse-ld=lld" "-Wl,--eh-frame-hdr" "-Wl,-z,noexecstack" "-L" "/opt/rustwide/target/debug/build/ring-e6d7591df5303779/out" "-L" "<sysroot>/lib/rustlib/x86_64-unknown-linux-gnu/lib" "-o" "/tmp/rustdoctestU16ex5/rust_out" "-Wl,--gc-sections" "-pie" "-Wl,-z,relro,-z,now" "-nodefaultlibs"
[INFO] [stdout]   = note: some arguments are omitted. use `--verbose` to show all linker arguments
[INFO] [stdout]   = note: collect2: fatal error: ld terminated with signal 9 [Killed]
[INFO] [stdout]           compilation terminated.
[INFO] [stdout]           
[INFO] [stdout] 
[INFO] [stdout] error: aborting due to 1 previous error
[INFO] [stdout] 
[INFO] [stdout] Couldn't compile the test.
[INFO] [stdout] ---- src/api/spec.rs - api::spec::When::cookie_prefix_not (line 3061) stdout ----
[INFO] [stdout] Couldn't compile the test.
[INFO] [stdout] ---- src/api/spec.rs - api::spec::When::cookie_suffix (line 3006) stdout ----
[INFO] [stdout] Couldn't compile the test.
[INFO] [stdout] ---- src/api/mock.rs - api::mock::MockExt::new (line 622) stdout ----
[INFO] [stdout] error: linking with `cc` failed: exit status: 1
[INFO] [stdout]   |
[INFO] [stdout]   = note:  "cc" "-m64" "/tmp/rustdoctestoegjEz/rustcBeMpVJ/symbols.o" "<2 object files omitted>" "-Wl,--as-needed" "-Wl,-Bstatic" "/opt/rustwide/target/debug/deps/{libreqwest-135d174ccc46fce9,libcookie_store-5266491d73674dad,libpublicsuffix-3122991ec01e3051,libpsl_types-be5f8942940e3a9c,libcookie-dee43a87bd9944e2,libtime-009a5e0aa6e5a2f6,libtime_core-031b6ab885a7634b,libnum_conv-9ace8b7f2a214982,libderanged-0497f8a63ebb66e0,libpowerfmt-f6019a2766e431f7,libhyper_rustls-cfbffd23a63ddea4,librustls_native_certs-465b2aa2129aa72f,libopenssl_probe-6b1b371432012237,libtokio_rustls-5147e08fc2d3a00a,librustls-af1944ea1185cdfc,libsubtle-2ae6a7038b9a0630,libwebpki-c0526fa6e83e14c9,libring-e5912a4a0d599d89,libgetrandom-5197717e746d5ea8,libuntrusted-b2f816886faf2178,librustls_pki_types-a1ff9279e609de76,libzeroize-7f213bea776ca5b6,libserde_urlencoded-4442e0d9e238af3f,libryu-25f59e4cd0d23219,libtower_http-dbb298ac442e147e,libbitflags-9362e66b8880981a,libiri_string-7980c6545d934b56,libtower-144b15b8842270ac,libtower_layer-d908dd771b239ecd,libsync_wrapper-a254cb6192850e87,libhttpmock-152303519af353bc,libhyper_util-5799a61afd293eec,libipnet-a38805d99c19843f,libtower_service-3fb88d28c2218805,libsimilar-c8e2b8065ba88702,libstringmetrics-2567abbd896ecbb0,libassert_json_diff-029ce627a510dc3d,libpath_tree-1ecc33d3220bbbe6,libhttp_body_util-bb3657389ece6d1d,libhyper-61d932557513696e,libwant-7a6260b9c50f1479,libtry_lock-8fa2f6971035be84,libhttparse-8c9b827b8f345444,libh2-7fe46ba9b6cfa50c,libtracing-232c2e0e14ef2370,liblog-b262261d47bd2eba,libtracing_core-4cc82aeb094c2c39,libonce_cell-e9252a7b5119f3eb,libindexmap-f006485b143d2676,libequivalent-6a754676e6af62ae,libhashbrown-25abce2d85979e8d,libfnv-79e2cbfbe03dcd16,libtokio_util-7fb3137efa3e338d,libatomic_waker-06950c8c08d2b8fa,libfutures_channel-3bb2db6cecc5bacb,libhttp_body-1458936585aafa10,libasync_object_pool-babbb9d20058d054,libasync_lock-ac484e023ce0bd23,libevent_listener_strategy-acdb95a8f3e9d088,libevent_listener-827f711f0f40be48,libparking-a9ae72c6c16ee980,libtabwriter-9cfc0f4f4e35a4cf,libunicode_width-c0be3735b741df1b,libthiserror-551733efbed35bb9,libfutures_util-16156304972b76e3,libfutures_io-6a4719510b0746bc,libslab-0582d648e59ab406,libfutures_sink-ae1eb2d060de53a2,libfutures_task-e09ab7898221cb97,libpin_utils-3860774ad9b215b5,libfutures_core-3b920243fce8fec0,libfutures_timer-17baedd4276dc448,libcrossbeam_utils-f696a08ab1e94e7a,libtokio-3653cf03eb0e4739,libsignal_hook_registry-cddd50aee5c69024,liberrno-c497d64a4571af83,libsocket2-1aadc0729249d3be,libmio-fc0f5b7715002b05,libparking_lot-cea9453f541cd250,libparking_lot_core-a78574451ddf5c1d,liblibc-11f5a30dc24875fb,liblock_api-16d46fed645f7bff,libscopeguard-7ec2214574194454,libpin_project_lite-72bf04572caa1c84,libheaders-19770e1d04f88221,libhttpdate-331798cefc82cc7e,libsha1-06af8c6fe73789a9,libcpufeatures-e04321643d03190d,libcfg_if-83060ec5685761ae,libdigest-58e72b83ad3d3d94,libblock_buffer-ceb5bfb4b62e5dc4,libcrypto_common-56b940ef3ee0385e,libgeneric_array-3399f74876fb1fa9,libtypenum-973adb5204d6e560,libbase64-32787b0325ea6df8,libmime-0188e0814ca7ddbf,libheaders_core-f537eeeae62d1108,libhttp-211f2dced2a55579,liburl-06906c4b4d62ee24,libidna-46a17d179580398c,libutf8_iter-51566bbad89f3a68,libidna_adapter-dd2ebe8d236c0dc3,libicu_properties-e7752831df24cd72,libicu_properties_data-b217809bf575558a,libicu_normalizer-239c102d3f9f1479,libsmallvec-bc3128fdd57228fc,libicu_normalizer_data-ab8997d7cbbb3306,libicu_collections-13043e7b0e2ff5e6,libpotential_utf-a10ecffa87ce4749,libicu_provider-f594d672aae4a35f,libicu_locale_core-379d1a46de2fdaf6,libtinystr-37896066bbd2d5d8,liblitemap-cd9b5b2aa04e2018,libwriteable-4f74a67d38fff78e,libzerovec-e687bce345eaa26d,libzerotrie-c81c03816746d5a9,libyoke-3c223e4bab94c7ae,libstable_deref_trait-63cbf3f3d3f94e56,libzerofrom-3e48bd0eefc13293,libform_urlencoded-58b0f0edb59b40d2,libpercent_encoding-fa055ecaa1e57cfa,libserde_json-691cb1a09c1ca025,libitoa-f3a70a1441f7f89b,libzmij-8eb72cbe5f9b9b4e,libbytes-639830f0f3ed9e12,libserde_regex-fe252f27506e2491,libserde-e74bb358ca3daa24,libserde_core-21f22ac7b803fb0e,libregex-e1efcc34bb1ecb85,libregex_automata-5f6c4e4a9d8b7ff1,libaho_corasick-61cf93dc53dd0bf8,libmemchr-9be7e24c0cc6f173,libregex_syntax-21c69862a9074e56}.rlib" "<sysroot>/lib/rustlib/x86_64-unknown-linux-gnu/lib/{libstd-*,libpanic_unwind-*,libobject-*,libmemchr-*,libaddr2line-*,libgimli-*,libcfg_if-*,librustc_demangle-*,libstd_detect-*,libhashbrown-*,librustc_std_workspace_alloc-*,libminiz_oxide-*,libadler2-*,libunwind-*,liblibc-*,librustc_std_workspace_core-*,liballoc-*,libcore-*,libcompiler_builtins-*}.rlib" "-Wl,-Bdynamic" "-lgcc_s" "-lutil" "-lrt" "-lpthread" "-lm" "-ldl" "-lc" "-L" "/tmp/rustdoctestoegjEz/rustcBeMpVJ/raw-dylibs" "-B<sysroot>/lib/rustlib/x86_64-unknown-linux-gnu/bin/gcc-ld" "-fuse-ld=lld" "-Wl,--eh-frame-hdr" "-Wl,-z,noexecstack" "-L" "/opt/rustwide/target/debug/build/ring-e6d7591df5303779/out" "-L" "<sysroot>/lib/rustlib/x86_64-unknown-linux-gnu/lib" "-o" "/tmp/rustdoctestoegjEz/rust_out" "-Wl,--gc-sections" "-pie" "-Wl,-z,relro,-z,now" "-nodefaultlibs"
[INFO] [stdout]   = note: some arguments are omitted. use `--verbose` to show all linker arguments
[INFO] [stdout]   = note: collect2: fatal error: ld terminated with signal 9 [Killed]
[INFO] [stdout]           compilation terminated.
[INFO] [stdout]           
[INFO] [stdout] 
[INFO] [stdout] error: aborting due to 1 previous error
[INFO] [stdout] 
[INFO] [stdout] Couldn't compile the test.
[INFO] [stdout] ---- src/api/spec.rs - api::spec::When::form_urlencoded_tuple (line 3981) stdout ----
[INFO] [stdout] Couldn't compile the test.
[INFO] [stdout] ---- src/api/spec.rs - api::spec::When::form_urlencoded_tuple_count (line 4664) stdout ----
[INFO] [stdout] Couldn't compile the test.
[INFO] [stdout] ---- src/api/spec.rs - api::spec::When::form_urlencoded_tuple_exists (line 4103) stdout ----
[INFO] [stdout] Couldn't compile the test.
[INFO] [stdout] ---- src/api/spec.rs - api::spec::When::body_includes (line 3375) stdout ----
[INFO] [stdout] error: linking with `cc` failed: exit status: 1
[INFO] [stdout]   |
[INFO] [stdout]   = note:  "cc" "-m64" "/tmp/rustdoctestPBi2pY/rustcjkHLIf/symbols.o" "<2 object files omitted>" "-Wl,--as-needed" "-Wl,-Bstatic" "/opt/rustwide/target/debug/deps/{libreqwest-135d174ccc46fce9,libcookie_store-5266491d73674dad,libpublicsuffix-3122991ec01e3051,libpsl_types-be5f8942940e3a9c,libcookie-dee43a87bd9944e2,libtime-009a5e0aa6e5a2f6,libtime_core-031b6ab885a7634b,libnum_conv-9ace8b7f2a214982,libderanged-0497f8a63ebb66e0,libpowerfmt-f6019a2766e431f7,libhyper_rustls-cfbffd23a63ddea4,librustls_native_certs-465b2aa2129aa72f,libopenssl_probe-6b1b371432012237,libtokio_rustls-5147e08fc2d3a00a,librustls-af1944ea1185cdfc,libsubtle-2ae6a7038b9a0630,libwebpki-c0526fa6e83e14c9,libring-e5912a4a0d599d89,libgetrandom-5197717e746d5ea8,libuntrusted-b2f816886faf2178,librustls_pki_types-a1ff9279e609de76,libzeroize-7f213bea776ca5b6,libserde_urlencoded-4442e0d9e238af3f,libryu-25f59e4cd0d23219,libtower_http-dbb298ac442e147e,libbitflags-9362e66b8880981a,libiri_string-7980c6545d934b56,libtower-144b15b8842270ac,libtower_layer-d908dd771b239ecd,libsync_wrapper-a254cb6192850e87,libhttpmock-152303519af353bc,libhyper_util-5799a61afd293eec,libipnet-a38805d99c19843f,libtower_service-3fb88d28c2218805,libsimilar-c8e2b8065ba88702,libstringmetrics-2567abbd896ecbb0,libassert_json_diff-029ce627a510dc3d,libpath_tree-1ecc33d3220bbbe6,libhttp_body_util-bb3657389ece6d1d,libhyper-61d932557513696e,libwant-7a6260b9c50f1479,libtry_lock-8fa2f6971035be84,libhttparse-8c9b827b8f345444,libh2-7fe46ba9b6cfa50c,libtracing-232c2e0e14ef2370,liblog-b262261d47bd2eba,libtracing_core-4cc82aeb094c2c39,libonce_cell-e9252a7b5119f3eb,libindexmap-f006485b143d2676,libequivalent-6a754676e6af62ae,libhashbrown-25abce2d85979e8d,libfnv-79e2cbfbe03dcd16,libtokio_util-7fb3137efa3e338d,libatomic_waker-06950c8c08d2b8fa,libfutures_channel-3bb2db6cecc5bacb,libhttp_body-1458936585aafa10,libasync_object_pool-babbb9d20058d054,libasync_lock-ac484e023ce0bd23,libevent_listener_strategy-acdb95a8f3e9d088,libevent_listener-827f711f0f40be48,libparking-a9ae72c6c16ee980,libtabwriter-9cfc0f4f4e35a4cf,libunicode_width-c0be3735b741df1b,libthiserror-551733efbed35bb9,libfutures_util-16156304972b76e3,libfutures_io-6a4719510b0746bc,libslab-0582d648e59ab406,libfutures_sink-ae1eb2d060de53a2,libfutures_task-e09ab7898221cb97,libpin_utils-3860774ad9b215b5,libfutures_core-3b920243fce8fec0,libfutures_timer-17baedd4276dc448,libcrossbeam_utils-f696a08ab1e94e7a,libtokio-3653cf03eb0e4739,libsignal_hook_registry-cddd50aee5c69024,liberrno-c497d64a4571af83,libsocket2-1aadc0729249d3be,libmio-fc0f5b7715002b05,libparking_lot-cea9453f541cd250,libparking_lot_core-a78574451ddf5c1d,liblibc-11f5a30dc24875fb,liblock_api-16d46fed645f7bff,libscopeguard-7ec2214574194454,libpin_project_lite-72bf04572caa1c84,libheaders-19770e1d04f88221,libhttpdate-331798cefc82cc7e,libsha1-06af8c6fe73789a9,libcpufeatures-e04321643d03190d,libcfg_if-83060ec5685761ae,libdigest-58e72b83ad3d3d94,libblock_buffer-ceb5bfb4b62e5dc4,libcrypto_common-56b940ef3ee0385e,libgeneric_array-3399f74876fb1fa9,libtypenum-973adb5204d6e560,libbase64-32787b0325ea6df8,libmime-0188e0814ca7ddbf,libheaders_core-f537eeeae62d1108,libhttp-211f2dced2a55579,liburl-06906c4b4d62ee24,libidna-46a17d179580398c,libutf8_iter-51566bbad89f3a68,libidna_adapter-dd2ebe8d236c0dc3,libicu_properties-e7752831df24cd72,libicu_properties_data-b217809bf575558a,libicu_normalizer-239c102d3f9f1479,libsmallvec-bc3128fdd57228fc,libicu_normalizer_data-ab8997d7cbbb3306,libicu_collections-13043e7b0e2ff5e6,libpotential_utf-a10ecffa87ce4749,libicu_provider-f594d672aae4a35f,libicu_locale_core-379d1a46de2fdaf6,libtinystr-37896066bbd2d5d8,liblitemap-cd9b5b2aa04e2018,libwriteable-4f74a67d38fff78e,libzerovec-e687bce345eaa26d,libzerotrie-c81c03816746d5a9,libyoke-3c223e4bab94c7ae,libstable_deref_trait-63cbf3f3d3f94e56,libzerofrom-3e48bd0eefc13293,libform_urlencoded-58b0f0edb59b40d2,libpercent_encoding-fa055ecaa1e57cfa,libserde_json-691cb1a09c1ca025,libitoa-f3a70a1441f7f89b,libzmij-8eb72cbe5f9b9b4e,libbytes-639830f0f3ed9e12,libserde_regex-fe252f27506e2491,libserde-e74bb358ca3daa24,libserde_core-21f22ac7b803fb0e,libregex-e1efcc34bb1ecb85,libregex_automata-5f6c4e4a9d8b7ff1,libaho_corasick-61cf93dc53dd0bf8,libmemchr-9be7e24c0cc6f173,libregex_syntax-21c69862a9074e56}.rlib" "<sysroot>/lib/rustlib/x86_64-unknown-linux-gnu/lib/{libstd-*,libpanic_unwind-*,libobject-*,libmemchr-*,libaddr2line-*,libgimli-*,libcfg_if-*,librustc_demangle-*,libstd_detect-*,libhashbrown-*,librustc_std_workspace_alloc-*,libminiz_oxide-*,libadler2-*,libunwind-*,liblibc-*,librustc_std_workspace_core-*,liballoc-*,libcore-*,libcompiler_builtins-*}.rlib" "-Wl,-Bdynamic" "-lgcc_s" "-lutil" "-lrt" "-lpthread" "-lm" "-ldl" "-lc" "-L" "/tmp/rustdoctestPBi2pY/rustcjkHLIf/raw-dylibs" "-B<sysroot>/lib/rustlib/x86_64-unknown-linux-gnu/bin/gcc-ld" "-fuse-ld=lld" "-Wl,--eh-frame-hdr" "-Wl,-z,noexecstack" "-L" "/opt/rustwide/target/debug/build/ring-e6d7591df5303779/out" "-L" "<sysroot>/lib/rustlib/x86_64-unknown-linux-gnu/lib" "-o" "/tmp/rustdoctestPBi2pY/rust_out" "-Wl,--gc-sections" "-pie" "-Wl,-z,relro,-z,now" "-nodefaultlibs"
[INFO] [stdout]   = note: some arguments are omitted. use `--verbose` to show all linker arguments
[INFO] [stdout]   = note: collect2: fatal error: ld terminated with signal 9 [Killed]
[INFO] [stdout]           compilation terminated.
[INFO] [stdout]           
[INFO] [stdout] 
[INFO] [stdout] error: aborting due to 1 previous error
[INFO] [stdout] 
[INFO] [stdout] Couldn't compile the test.
[INFO] [stdout] ---- src/api/spec.rs - api::spec::When::form_urlencoded_tuple_missing (line 4161) stdout ----
[INFO] [stdout] Couldn't compile the test.
[INFO] [stdout] ---- src/api/spec.rs - api::spec::When::form_urlencoded_tuple_includes (line 4220) stdout ----
[INFO] [stdout] Couldn't compile the test.
[INFO] [stdout] ---- src/api/spec.rs - api::spec::When::form_urlencoded_tuple_matches (line 4597) stdout ----
[INFO] [stdout] Couldn't compile the test.
[INFO] [stdout] ---- src/api/spec.rs - api::spec::When::form_urlencoded_tuple_not (line 4043) stdout ----
[INFO] [stdout] Couldn't compile the test.
[INFO] [stdout] ---- src/api/spec.rs - api::spec::When::form_urlencoded_tuple_prefix_not (line 4408) stdout ----
[INFO] [stdout] Couldn't compile the test.
[INFO] [stdout] ---- src/api/spec.rs - api::spec::When::form_urlencoded_tuple_prefix (line 4345) stdout ----
[INFO] [stdout] Couldn't compile the test.
[INFO] [stdout] ---- src/api/spec.rs - api::spec::When::form_urlencoded_tuple_suffix (line 4471) stdout ----
[INFO] [stdout] Couldn't compile the test.
[INFO] [stdout] ---- src/api/spec.rs - api::spec::When::form_urlencoded_tuple_suffix_not (line 4534) stdout ----
[INFO] [stdout] Couldn't compile the test.
[INFO] [stdout] ---- src/api/spec.rs - api::spec::When::header (line 1965) stdout ----
[INFO] [stdout] Couldn't compile the test.
[INFO] [stdout] ---- src/api/spec.rs - api::spec::When::header_count (line 2561) stdout ----
[INFO] [stdout] Couldn't compile the test.
[INFO] [stdout] ---- src/api/spec.rs - api::spec::When::header_excludes (line 2223) stdout ----
[INFO] [stdout] Couldn't compile the test.
[INFO] [stdout] ---- src/api/spec.rs - api::spec::When::header_exists (line 2071) stdout ----
[INFO] [stdout] Couldn't compile the test.
[INFO] [stdout] ---- src/api/spec.rs - api::spec::When::header_includes (line 2167) stdout ----
[INFO] [stdout] Couldn't compile the test.
[INFO] [stdout] ---- src/api/spec.rs - api::spec::When::header_matches (line 2503) stdout ----
[INFO] [stdout] Couldn't compile the test.
[INFO] [stdout] ---- src/api/spec.rs - api::spec::When::header_missing (line 2119) stdout ----
[INFO] [stdout] Couldn't compile the test.
[INFO] [stdout] ---- src/api/spec.rs - api::spec::When::header_prefix (line 2279) stdout ----
[INFO] [stdout] Couldn't compile the test.
[INFO] [stdout] ---- src/api/spec.rs - api::spec::When::header_prefix_not (line 2391) stdout ----
[INFO] [stdout] Couldn't compile the test.
[INFO] [stdout] ---- src/api/spec.rs - api::spec::When::header_suffix (line 2335) stdout ----
[INFO] [stdout] Couldn't compile the test.
[INFO] [stdout] ---- src/api/spec.rs - api::spec::When::header_not (line 2018) stdout ----
[INFO] [stdout] Couldn't compile the test.
[INFO] [stdout] ---- src/api/spec.rs - api::spec::When::cookie_matches (line 3171) stdout ----
[INFO] [stdout] error: linking with `cc` failed: exit status: 1
[INFO] [stdout]   |
[INFO] [stdout]   = note:  "cc" "-m64" "/tmp/rustdoctestjx34vM/rustcPJ4HTX/symbols.o" "<2 object files omitted>" "-Wl,--as-needed" "-Wl,-Bstatic" "/opt/rustwide/target/debug/deps/{libreqwest-135d174ccc46fce9,libcookie_store-5266491d73674dad,libpublicsuffix-3122991ec01e3051,libpsl_types-be5f8942940e3a9c,libcookie-dee43a87bd9944e2,libtime-009a5e0aa6e5a2f6,libtime_core-031b6ab885a7634b,libnum_conv-9ace8b7f2a214982,libderanged-0497f8a63ebb66e0,libpowerfmt-f6019a2766e431f7,libhyper_rustls-cfbffd23a63ddea4,librustls_native_certs-465b2aa2129aa72f,libopenssl_probe-6b1b371432012237,libtokio_rustls-5147e08fc2d3a00a,librustls-af1944ea1185cdfc,libsubtle-2ae6a7038b9a0630,libwebpki-c0526fa6e83e14c9,libring-e5912a4a0d599d89,libgetrandom-5197717e746d5ea8,libuntrusted-b2f816886faf2178,librustls_pki_types-a1ff9279e609de76,libzeroize-7f213bea776ca5b6,libserde_urlencoded-4442e0d9e238af3f,libryu-25f59e4cd0d23219,libtower_http-dbb298ac442e147e,libbitflags-9362e66b8880981a,libiri_string-7980c6545d934b56,libtower-144b15b8842270ac,libtower_layer-d908dd771b239ecd,libsync_wrapper-a254cb6192850e87,libhttpmock-152303519af353bc,libhyper_util-5799a61afd293eec,libipnet-a38805d99c19843f,libtower_service-3fb88d28c2218805,libsimilar-c8e2b8065ba88702,libstringmetrics-2567abbd896ecbb0,libassert_json_diff-029ce627a510dc3d,libpath_tree-1ecc33d3220bbbe6,libhttp_body_util-bb3657389ece6d1d,libhyper-61d932557513696e,libwant-7a6260b9c50f1479,libtry_lock-8fa2f6971035be84,libhttparse-8c9b827b8f345444,libh2-7fe46ba9b6cfa50c,libtracing-232c2e0e14ef2370,liblog-b262261d47bd2eba,libtracing_core-4cc82aeb094c2c39,libonce_cell-e9252a7b5119f3eb,libindexmap-f006485b143d2676,libequivalent-6a754676e6af62ae,libhashbrown-25abce2d85979e8d,libfnv-79e2cbfbe03dcd16,libtokio_util-7fb3137efa3e338d,libatomic_waker-06950c8c08d2b8fa,libfutures_channel-3bb2db6cecc5bacb,libhttp_body-1458936585aafa10,libasync_object_pool-babbb9d20058d054,libasync_lock-ac484e023ce0bd23,libevent_listener_strategy-acdb95a8f3e9d088,libevent_listener-827f711f0f40be48,libparking-a9ae72c6c16ee980,libtabwriter-9cfc0f4f4e35a4cf,libunicode_width-c0be3735b741df1b,libthiserror-551733efbed35bb9,libfutures_util-16156304972b76e3,libfutures_io-6a4719510b0746bc,libslab-0582d648e59ab406,libfutures_sink-ae1eb2d060de53a2,libfutures_task-e09ab7898221cb97,libpin_utils-3860774ad9b215b5,libfutures_core-3b920243fce8fec0,libfutures_timer-17baedd4276dc448,libcrossbeam_utils-f696a08ab1e94e7a,libtokio-3653cf03eb0e4739,libsignal_hook_registry-cddd50aee5c69024,liberrno-c497d64a4571af83,libsocket2-1aadc0729249d3be,libmio-fc0f5b7715002b05,libparking_lot-cea9453f541cd250,libparking_lot_core-a78574451ddf5c1d,liblibc-11f5a30dc24875fb,liblock_api-16d46fed645f7bff,libscopeguard-7ec2214574194454,libpin_project_lite-72bf04572caa1c84,libheaders-19770e1d04f88221,libhttpdate-331798cefc82cc7e,libsha1-06af8c6fe73789a9,libcpufeatures-e04321643d03190d,libcfg_if-83060ec5685761ae,libdigest-58e72b83ad3d3d94,libblock_buffer-ceb5bfb4b62e5dc4,libcrypto_common-56b940ef3ee0385e,libgeneric_array-3399f74876fb1fa9,libtypenum-973adb5204d6e560,libbase64-32787b0325ea6df8,libmime-0188e0814ca7ddbf,libheaders_core-f537eeeae62d1108,libhttp-211f2dced2a55579,liburl-06906c4b4d62ee24,libidna-46a17d179580398c,libutf8_iter-51566bbad89f3a68,libidna_adapter-dd2ebe8d236c0dc3,libicu_properties-e7752831df24cd72,libicu_properties_data-b217809bf575558a,libicu_normalizer-239c102d3f9f1479,libsmallvec-bc3128fdd57228fc,libicu_normalizer_data-ab8997d7cbbb3306,libicu_collections-13043e7b0e2ff5e6,libpotential_utf-a10ecffa87ce4749,libicu_provider-f594d672aae4a35f,libicu_locale_core-379d1a46de2fdaf6,libtinystr-37896066bbd2d5d8,liblitemap-cd9b5b2aa04e2018,libwriteable-4f74a67d38fff78e,libzerovec-e687bce345eaa26d,libzerotrie-c81c03816746d5a9,libyoke-3c223e4bab94c7ae,libstable_deref_trait-63cbf3f3d3f94e56,libzerofrom-3e48bd0eefc13293,libform_urlencoded-58b0f0edb59b40d2,libpercent_encoding-fa055ecaa1e57cfa,libserde_json-691cb1a09c1ca025,libitoa-f3a70a1441f7f89b,libzmij-8eb72cbe5f9b9b4e,libbytes-639830f0f3ed9e12,libserde_regex-fe252f27506e2491,libserde-e74bb358ca3daa24,libserde_core-21f22ac7b803fb0e,libregex-e1efcc34bb1ecb85,libregex_automata-5f6c4e4a9d8b7ff1,libaho_corasick-61cf93dc53dd0bf8,libmemchr-9be7e24c0cc6f173,libregex_syntax-21c69862a9074e56}.rlib" "<sysroot>/lib/rustlib/x86_64-unknown-linux-gnu/lib/{libstd-*,libpanic_unwind-*,libobject-*,libmemchr-*,libaddr2line-*,libgimli-*,libcfg_if-*,librustc_demangle-*,libstd_detect-*,libhashbrown-*,librustc_std_workspace_alloc-*,libminiz_oxide-*,libadler2-*,libunwind-*,liblibc-*,librustc_std_workspace_core-*,liballoc-*,libcore-*,libcompiler_builtins-*}.rlib" "-Wl,-Bdynamic" "-lgcc_s" "-lutil" "-lrt" "-lpthread" "-lm" "-ldl" "-lc" "-L" "/tmp/rustdoctestjx34vM/rustcPJ4HTX/raw-dylibs" "-B<sysroot>/lib/rustlib/x86_64-unknown-linux-gnu/bin/gcc-ld" "-fuse-ld=lld" "-Wl,--eh-frame-hdr" "-Wl,-z,noexecstack" "-L" "/opt/rustwide/target/debug/build/ring-e6d7591df5303779/out" "-L" "<sysroot>/lib/rustlib/x86_64-unknown-linux-gnu/lib" "-o" "/tmp/rustdoctestjx34vM/rust_out" "-Wl,--gc-sections" "-pie" "-Wl,-z,relro,-z,now" "-nodefaultlibs"
[INFO] [stdout]   = note: some arguments are omitted. use `--verbose` to show all linker arguments
[INFO] [stdout]   = note: collect2: fatal error: ld terminated with signal 9 [Killed]
[INFO] [stdout]           compilation terminated.
[INFO] [stdout]           
[INFO] [stdout] 
[INFO] [stdout] error: aborting due to 1 previous error
[INFO] [stdout] 
[INFO] [stdout] Couldn't compile the test.
[INFO] [stdout] ---- src/api/spec.rs - api::spec::When::host_excludes (line 460) stdout ----
[INFO] [stdout] Couldn't compile the test.
[INFO] [stdout] ---- src/api/spec.rs - api::spec::When::host_includes (line 404) stdout ----
[INFO] [stdout] Couldn't compile the test.
[INFO] [stdout] ---- src/api/spec.rs - api::spec::When::header_suffix_not (line 2447) stdout ----
[INFO] [stdout] Couldn't compile the test.
[INFO] [stdout] ---- src/api/spec.rs - api::spec::When::host_not (line 349) stdout ----
[INFO] [stdout] Couldn't compile the test.
[INFO] [stdout] ---- src/api/spec.rs - api::spec::When::host_prefix (line 514) stdout ----
[INFO] [stdout] Couldn't compile the test.
[INFO] [stdout] ---- src/api/spec.rs - api::spec::When::host_suffix (line 568) stdout ----
[INFO] [stdout] Couldn't compile the test.
[INFO] [stdout] ---- src/api/spec.rs - api::spec::When::host_prefix_not (line 621) stdout ----
[INFO] [stdout] Couldn't compile the test.
[INFO] [stdout] ---- src/api/spec.rs - api::spec::When::host_suffix_not (line 675) stdout ----
[INFO] [stdout] Couldn't compile the test.
[INFO] [stdout] ---- src/api/spec.rs - api::spec::When::is_false (line 4825) stdout ----
[INFO] [stdout] Couldn't compile the test.
[INFO] [stdout] ---- src/api/spec.rs - api::spec::When::is_true (line 4777) stdout ----
[INFO] [stdout] Couldn't compile the test.
[INFO] [stdout] ---- src/api/spec.rs - api::spec::When::json_body_excludes (line 3916) stdout ----
[INFO] [stdout] Couldn't compile the test.
[INFO] [stdout] ---- src/api/spec.rs - api::spec::When::json_body (line 3719) stdout ----
[INFO] [stdout] Couldn't compile the test.
[INFO] [stdout] ---- src/api/spec.rs - api::spec::When::json_body_includes (line 3841) stdout ----
[INFO] [stdout] Couldn't compile the test.
[INFO] [stdout] ---- src/api/spec.rs - api::spec::When::cookie_suffix_not (line 3116) stdout ----
[INFO] [stdout] error: linking with `cc` failed: exit status: 1
[INFO] [stdout]   |
[INFO] [stdout]   = note:  "cc" "-m64" "/tmp/rustdoctestQg3KdO/rustc1AMKEX/symbols.o" "<2 object files omitted>" "-Wl,--as-needed" "-Wl,-Bstatic" "/opt/rustwide/target/debug/deps/{libreqwest-135d174ccc46fce9,libcookie_store-5266491d73674dad,libpublicsuffix-3122991ec01e3051,libpsl_types-be5f8942940e3a9c,libcookie-dee43a87bd9944e2,libtime-009a5e0aa6e5a2f6,libtime_core-031b6ab885a7634b,libnum_conv-9ace8b7f2a214982,libderanged-0497f8a63ebb66e0,libpowerfmt-f6019a2766e431f7,libhyper_rustls-cfbffd23a63ddea4,librustls_native_certs-465b2aa2129aa72f,libopenssl_probe-6b1b371432012237,libtokio_rustls-5147e08fc2d3a00a,librustls-af1944ea1185cdfc,libsubtle-2ae6a7038b9a0630,libwebpki-c0526fa6e83e14c9,libring-e5912a4a0d599d89,libgetrandom-5197717e746d5ea8,libuntrusted-b2f816886faf2178,librustls_pki_types-a1ff9279e609de76,libzeroize-7f213bea776ca5b6,libserde_urlencoded-4442e0d9e238af3f,libryu-25f59e4cd0d23219,libtower_http-dbb298ac442e147e,libbitflags-9362e66b8880981a,libiri_string-7980c6545d934b56,libtower-144b15b8842270ac,libtower_layer-d908dd771b239ecd,libsync_wrapper-a254cb6192850e87,libhttpmock-152303519af353bc,libhyper_util-5799a61afd293eec,libipnet-a38805d99c19843f,libtower_service-3fb88d28c2218805,libsimilar-c8e2b8065ba88702,libstringmetrics-2567abbd896ecbb0,libassert_json_diff-029ce627a510dc3d,libpath_tree-1ecc33d3220bbbe6,libhttp_body_util-bb3657389ece6d1d,libhyper-61d932557513696e,libwant-7a6260b9c50f1479,libtry_lock-8fa2f6971035be84,libhttparse-8c9b827b8f345444,libh2-7fe46ba9b6cfa50c,libtracing-232c2e0e14ef2370,liblog-b262261d47bd2eba,libtracing_core-4cc82aeb094c2c39,libonce_cell-e9252a7b5119f3eb,libindexmap-f006485b143d2676,libequivalent-6a754676e6af62ae,libhashbrown-25abce2d85979e8d,libfnv-79e2cbfbe03dcd16,libtokio_util-7fb3137efa3e338d,libatomic_waker-06950c8c08d2b8fa,libfutures_channel-3bb2db6cecc5bacb,libhttp_body-1458936585aafa10,libasync_object_pool-babbb9d20058d054,libasync_lock-ac484e023ce0bd23,libevent_listener_strategy-acdb95a8f3e9d088,libevent_listener-827f711f0f40be48,libparking-a9ae72c6c16ee980,libtabwriter-9cfc0f4f4e35a4cf,libunicode_width-c0be3735b741df1b,libthiserror-551733efbed35bb9,libfutures_util-16156304972b76e3,libfutures_io-6a4719510b0746bc,libslab-0582d648e59ab406,libfutures_sink-ae1eb2d060de53a2,libfutures_task-e09ab7898221cb97,libpin_utils-3860774ad9b215b5,libfutures_core-3b920243fce8fec0,libfutures_timer-17baedd4276dc448,libcrossbeam_utils-f696a08ab1e94e7a,libtokio-3653cf03eb0e4739,libsignal_hook_registry-cddd50aee5c69024,liberrno-c497d64a4571af83,libsocket2-1aadc0729249d3be,libmio-fc0f5b7715002b05,libparking_lot-cea9453f541cd250,libparking_lot_core-a78574451ddf5c1d,liblibc-11f5a30dc24875fb,liblock_api-16d46fed645f7bff,libscopeguard-7ec2214574194454,libpin_project_lite-72bf04572caa1c84,libheaders-19770e1d04f88221,libhttpdate-331798cefc82cc7e,libsha1-06af8c6fe73789a9,libcpufeatures-e04321643d03190d,libcfg_if-83060ec5685761ae,libdigest-58e72b83ad3d3d94,libblock_buffer-ceb5bfb4b62e5dc4,libcrypto_common-56b940ef3ee0385e,libgeneric_array-3399f74876fb1fa9,libtypenum-973adb5204d6e560,libbase64-32787b0325ea6df8,libmime-0188e0814ca7ddbf,libheaders_core-f537eeeae62d1108,libhttp-211f2dced2a55579,liburl-06906c4b4d62ee24,libidna-46a17d179580398c,libutf8_iter-51566bbad89f3a68,libidna_adapter-dd2ebe8d236c0dc3,libicu_properties-e7752831df24cd72,libicu_properties_data-b217809bf575558a,libicu_normalizer-239c102d3f9f1479,libsmallvec-bc3128fdd57228fc,libicu_normalizer_data-ab8997d7cbbb3306,libicu_collections-13043e7b0e2ff5e6,libpotential_utf-a10ecffa87ce4749,libicu_provider-f594d672aae4a35f,libicu_locale_core-379d1a46de2fdaf6,libtinystr-37896066bbd2d5d8,liblitemap-cd9b5b2aa04e2018,libwriteable-4f74a67d38fff78e,libzerovec-e687bce345eaa26d,libzerotrie-c81c03816746d5a9,libyoke-3c223e4bab94c7ae,libstable_deref_trait-63cbf3f3d3f94e56,libzerofrom-3e48bd0eefc13293,libform_urlencoded-58b0f0edb59b40d2,libpercent_encoding-fa055ecaa1e57cfa,libserde_json-691cb1a09c1ca025,libitoa-f3a70a1441f7f89b,libzmij-8eb72cbe5f9b9b4e,libbytes-639830f0f3ed9e12,libserde_regex-fe252f27506e2491,libserde-e74bb358ca3daa24,libserde_core-21f22ac7b803fb0e,libregex-e1efcc34bb1ecb85,libregex_automata-5f6c4e4a9d8b7ff1,libaho_corasick-61cf93dc53dd0bf8,libmemchr-9be7e24c0cc6f173,libregex_syntax-21c69862a9074e56}.rlib" "<sysroot>/lib/rustlib/x86_64-unknown-linux-gnu/lib/{libstd-*,libpanic_unwind-*,libobject-*,libmemchr-*,libaddr2line-*,libgimli-*,libcfg_if-*,librustc_demangle-*,libstd_detect-*,libhashbrown-*,librustc_std_workspace_alloc-*,libminiz_oxide-*,libadler2-*,libunwind-*,liblibc-*,librustc_std_workspace_core-*,liballoc-*,libcore-*,libcompiler_builtins-*}.rlib" "-Wl,-Bdynamic" "-lgcc_s" "-lutil" "-lrt" "-lpthread" "-lm" "-ldl" "-lc" "-L" "/tmp/rustdoctestQg3KdO/rustc1AMKEX/raw-dylibs" "-B<sysroot>/lib/rustlib/x86_64-unknown-linux-gnu/bin/gcc-ld" "-fuse-ld=lld" "-Wl,--eh-frame-hdr" "-Wl,-z,noexecstack" "-L" "/opt/rustwide/target/debug/build/ring-e6d7591df5303779/out" "-L" "<sysroot>/lib/rustlib/x86_64-unknown-linux-gnu/lib" "-o" "/tmp/rustdoctestQg3KdO/rust_out" "-Wl,--gc-sections" "-pie" "-Wl,-z,relro,-z,now" "-nodefaultlibs"
[INFO] [stdout]   = note: some arguments are omitted. use `--verbose` to show all linker arguments
[INFO] [stdout]   = note: collect2: fatal error: ld terminated with signal 9 [Killed]
[INFO] [stdout]           compilation terminated.
[INFO] [stdout]           
[INFO] [stdout] 
[INFO] [stdout] error: aborting due to 1 previous error
[INFO] [stdout] 
[INFO] [stdout] Couldn't compile the test.
[INFO] [stdout] ---- src/api/spec.rs - api::spec::When::method_not (line 247) stdout ----
[INFO] [stdout] Couldn't compile the test.
[INFO] [stdout] ---- src/api/spec.rs - api::spec::When::path_excludes (line 1031) stdout ----
[INFO] [stdout] Couldn't compile the test.
[INFO] [stdout] ---- src/api/spec.rs - api::spec::When::path (line 889) stdout ----
[INFO] [stdout] Couldn't compile the test.
[INFO] [stdout] ---- src/api/spec.rs - api::spec::When::cookie_exists (line 2746) stdout ----
[INFO] [stdout] error: linking with `cc` failed: exit status: 1
[INFO] [stdout]   |
[INFO] [stdout]   = note:  "cc" "-m64" "/tmp/rustdoctesthx8sHe/rustc9HXyD6/symbols.o" "<2 object files omitted>" "-Wl,--as-needed" "-Wl,-Bstatic" "/opt/rustwide/target/debug/deps/{libreqwest-135d174ccc46fce9,libcookie_store-5266491d73674dad,libpublicsuffix-3122991ec01e3051,libpsl_types-be5f8942940e3a9c,libcookie-dee43a87bd9944e2,libtime-009a5e0aa6e5a2f6,libtime_core-031b6ab885a7634b,libnum_conv-9ace8b7f2a214982,libderanged-0497f8a63ebb66e0,libpowerfmt-f6019a2766e431f7,libhyper_rustls-cfbffd23a63ddea4,librustls_native_certs-465b2aa2129aa72f,libopenssl_probe-6b1b371432012237,libtokio_rustls-5147e08fc2d3a00a,librustls-af1944ea1185cdfc,libsubtle-2ae6a7038b9a0630,libwebpki-c0526fa6e83e14c9,libring-e5912a4a0d599d89,libgetrandom-5197717e746d5ea8,libuntrusted-b2f816886faf2178,librustls_pki_types-a1ff9279e609de76,libzeroize-7f213bea776ca5b6,libserde_urlencoded-4442e0d9e238af3f,libryu-25f59e4cd0d23219,libtower_http-dbb298ac442e147e,libbitflags-9362e66b8880981a,libiri_string-7980c6545d934b56,libtower-144b15b8842270ac,libtower_layer-d908dd771b239ecd,libsync_wrapper-a254cb6192850e87,libhttpmock-152303519af353bc,libhyper_util-5799a61afd293eec,libipnet-a38805d99c19843f,libtower_service-3fb88d28c2218805,libsimilar-c8e2b8065ba88702,libstringmetrics-2567abbd896ecbb0,libassert_json_diff-029ce627a510dc3d,libpath_tree-1ecc33d3220bbbe6,libhttp_body_util-bb3657389ece6d1d,libhyper-61d932557513696e,libwant-7a6260b9c50f1479,libtry_lock-8fa2f6971035be84,libhttparse-8c9b827b8f345444,libh2-7fe46ba9b6cfa50c,libtracing-232c2e0e14ef2370,liblog-b262261d47bd2eba,libtracing_core-4cc82aeb094c2c39,libonce_cell-e9252a7b5119f3eb,libindexmap-f006485b143d2676,libequivalent-6a754676e6af62ae,libhashbrown-25abce2d85979e8d,libfnv-79e2cbfbe03dcd16,libtokio_util-7fb3137efa3e338d,libatomic_waker-06950c8c08d2b8fa,libfutures_channel-3bb2db6cecc5bacb,libhttp_body-1458936585aafa10,libasync_object_pool-babbb9d20058d054,libasync_lock-ac484e023ce0bd23,libevent_listener_strategy-acdb95a8f3e9d088,libevent_listener-827f711f0f40be48,libparking-a9ae72c6c16ee980,libtabwriter-9cfc0f4f4e35a4cf,libunicode_width-c0be3735b741df1b,libthiserror-551733efbed35bb9,libfutures_util-16156304972b76e3,libfutures_io-6a4719510b0746bc,libslab-0582d648e59ab406,libfutures_sink-ae1eb2d060de53a2,libfutures_task-e09ab7898221cb97,libpin_utils-3860774ad9b215b5,libfutures_core-3b920243fce8fec0,libfutures_timer-17baedd4276dc448,libcrossbeam_utils-f696a08ab1e94e7a,libtokio-3653cf03eb0e4739,libsignal_hook_registry-cddd50aee5c69024,liberrno-c497d64a4571af83,libsocket2-1aadc0729249d3be,libmio-fc0f5b7715002b05,libparking_lot-cea9453f541cd250,libparking_lot_core-a78574451ddf5c1d,liblibc-11f5a30dc24875fb,liblock_api-16d46fed645f7bff,libscopeguard-7ec2214574194454,libpin_project_lite-72bf04572caa1c84,libheaders-19770e1d04f88221,libhttpdate-331798cefc82cc7e,libsha1-06af8c6fe73789a9,libcpufeatures-e04321643d03190d,libcfg_if-83060ec5685761ae,libdigest-58e72b83ad3d3d94,libblock_buffer-ceb5bfb4b62e5dc4,libcrypto_common-56b940ef3ee0385e,libgeneric_array-3399f74876fb1fa9,libtypenum-973adb5204d6e560,libbase64-32787b0325ea6df8,libmime-0188e0814ca7ddbf,libheaders_core-f537eeeae62d1108,libhttp-211f2dced2a55579,liburl-06906c4b4d62ee24,libidna-46a17d179580398c,libutf8_iter-51566bbad89f3a68,libidna_adapter-dd2ebe8d236c0dc3,libicu_properties-e7752831df24cd72,libicu_properties_data-b217809bf575558a,libicu_normalizer-239c102d3f9f1479,libsmallvec-bc3128fdd57228fc,libicu_normalizer_data-ab8997d7cbbb3306,libicu_collections-13043e7b0e2ff5e6,libpotential_utf-a10ecffa87ce4749,libicu_provider-f594d672aae4a35f,libicu_locale_core-379d1a46de2fdaf6,libtinystr-37896066bbd2d5d8,liblitemap-cd9b5b2aa04e2018,libwriteable-4f74a67d38fff78e,libzerovec-e687bce345eaa26d,libzerotrie-c81c03816746d5a9,libyoke-3c223e4bab94c7ae,libstable_deref_trait-63cbf3f3d3f94e56,libzerofrom-3e48bd0eefc13293,libform_urlencoded-58b0f0edb59b40d2,libpercent_encoding-fa055ecaa1e57cfa,libserde_json-691cb1a09c1ca025,libitoa-f3a70a1441f7f89b,libzmij-8eb72cbe5f9b9b4e,libbytes-639830f0f3ed9e12,libserde_regex-fe252f27506e2491,libserde-e74bb358ca3daa24,libserde_core-21f22ac7b803fb0e,libregex-e1efcc34bb1ecb85,libregex_automata-5f6c4e4a9d8b7ff1,libaho_corasick-61cf93dc53dd0bf8,libmemchr-9be7e24c0cc6f173,libregex_syntax-21c69862a9074e56}.rlib" "<sysroot>/lib/rustlib/x86_64-unknown-linux-gnu/lib/{libstd-*,libpanic_unwind-*,libobject-*,libmemchr-*,libaddr2line-*,libgimli-*,libcfg_if-*,librustc_demangle-*,libstd_detect-*,libhashbrown-*,librustc_std_workspace_alloc-*,libminiz_oxide-*,libadler2-*,libunwind-*,liblibc-*,librustc_std_workspace_core-*,liballoc-*,libcore-*,libcompiler_builtins-*}.rlib" "-Wl,-Bdynamic" "-lgcc_s" "-lutil" "-lrt" "-lpthread" "-lm" "-ldl" "-lc" "-L" "/tmp/rustdoctesthx8sHe/rustc9HXyD6/raw-dylibs" "-B<sysroot>/lib/rustlib/x86_64-unknown-linux-gnu/bin/gcc-ld" "-fuse-ld=lld" "-Wl,--eh-frame-hdr" "-Wl,-z,noexecstack" "-L" "/opt/rustwide/target/debug/build/ring-e6d7591df5303779/out" "-L" "<sysroot>/lib/rustlib/x86_64-unknown-linux-gnu/lib" "-o" "/tmp/rustdoctesthx8sHe/rust_out" "-Wl,--gc-sections" "-pie" "-Wl,-z,relro,-z,now" "-nodefaultlibs"
[INFO] [stdout]   = note: some arguments are omitted. use `--verbose` to show all linker arguments
[INFO] [stdout]   = note: collect2: fatal error: ld terminated with signal 9 [Killed]
[INFO] [stdout]           compilation terminated.
[INFO] [stdout]           
[INFO] [stdout] 
[INFO] [stdout] error: aborting due to 1 previous error
[INFO] [stdout] 
[INFO] [stdout] Couldn't compile the test.
[INFO] [stdout] ---- src/api/spec.rs - api::spec::When::path_includes (line 982) stdout ----
[INFO] [stdout] Couldn't compile the test.
[INFO] [stdout] ---- src/api/spec.rs - api::spec::When::path_matches (line 1276) stdout ----
[INFO] [stdout] Couldn't compile the test.
[INFO] [stdout] ---- src/api/spec.rs - api::spec::When::path_not (line 935) stdout ----
[INFO] [stdout] Couldn't compile the test.
[INFO] [stdout] ---- src/api/spec.rs - api::spec::When::path_prefix (line 1080) stdout ----
[INFO] [stdout] Couldn't compile the test.
[INFO] [stdout] ---- src/api/spec.rs - api::spec::When::cookie_includes (line 2841) stdout ----
[INFO] [stdout] error: linking with `cc` failed: exit status: 1
[INFO] [stdout]   |
[INFO] [stdout]   = note:  "cc" "-m64" "/tmp/rustdoctestWFglAt/rustcQVC4ee/symbols.o" "<2 object files omitted>" "-Wl,--as-needed" "-Wl,-Bstatic" "/opt/rustwide/target/debug/deps/{libreqwest-135d174ccc46fce9,libcookie_store-5266491d73674dad,libpublicsuffix-3122991ec01e3051,libpsl_types-be5f8942940e3a9c,libcookie-dee43a87bd9944e2,libtime-009a5e0aa6e5a2f6,libtime_core-031b6ab885a7634b,libnum_conv-9ace8b7f2a214982,libderanged-0497f8a63ebb66e0,libpowerfmt-f6019a2766e431f7,libhyper_rustls-cfbffd23a63ddea4,librustls_native_certs-465b2aa2129aa72f,libopenssl_probe-6b1b371432012237,libtokio_rustls-5147e08fc2d3a00a,librustls-af1944ea1185cdfc,libsubtle-2ae6a7038b9a0630,libwebpki-c0526fa6e83e14c9,libring-e5912a4a0d599d89,libgetrandom-5197717e746d5ea8,libuntrusted-b2f816886faf2178,librustls_pki_types-a1ff9279e609de76,libzeroize-7f213bea776ca5b6,libserde_urlencoded-4442e0d9e238af3f,libryu-25f59e4cd0d23219,libtower_http-dbb298ac442e147e,libbitflags-9362e66b8880981a,libiri_string-7980c6545d934b56,libtower-144b15b8842270ac,libtower_layer-d908dd771b239ecd,libsync_wrapper-a254cb6192850e87,libhttpmock-152303519af353bc,libhyper_util-5799a61afd293eec,libipnet-a38805d99c19843f,libtower_service-3fb88d28c2218805,libsimilar-c8e2b8065ba88702,libstringmetrics-2567abbd896ecbb0,libassert_json_diff-029ce627a510dc3d,libpath_tree-1ecc33d3220bbbe6,libhttp_body_util-bb3657389ece6d1d,libhyper-61d932557513696e,libwant-7a6260b9c50f1479,libtry_lock-8fa2f6971035be84,libhttparse-8c9b827b8f345444,libh2-7fe46ba9b6cfa50c,libtracing-232c2e0e14ef2370,liblog-b262261d47bd2eba,libtracing_core-4cc82aeb094c2c39,libonce_cell-e9252a7b5119f3eb,libindexmap-f006485b143d2676,libequivalent-6a754676e6af62ae,libhashbrown-25abce2d85979e8d,libfnv-79e2cbfbe03dcd16,libtokio_util-7fb3137efa3e338d,libatomic_waker-06950c8c08d2b8fa,libfutures_channel-3bb2db6cecc5bacb,libhttp_body-1458936585aafa10,libasync_object_pool-babbb9d20058d054,libasync_lock-ac484e023ce0bd23,libevent_listener_strategy-acdb95a8f3e9d088,libevent_listener-827f711f0f40be48,libparking-a9ae72c6c16ee980,libtabwriter-9cfc0f4f4e35a4cf,libunicode_width-c0be3735b741df1b,libthiserror-551733efbed35bb9,libfutures_util-16156304972b76e3,libfutures_io-6a4719510b0746bc,libslab-0582d648e59ab406,libfutures_sink-ae1eb2d060de53a2,libfutures_task-e09ab7898221cb97,libpin_utils-3860774ad9b215b5,libfutures_core-3b920243fce8fec0,libfutures_timer-17baedd4276dc448,libcrossbeam_utils-f696a08ab1e94e7a,libtokio-3653cf03eb0e4739,libsignal_hook_registry-cddd50aee5c69024,liberrno-c497d64a4571af83,libsocket2-1aadc0729249d3be,libmio-fc0f5b7715002b05,libparking_lot-cea9453f541cd250,libparking_lot_core-a78574451ddf5c1d,liblibc-11f5a30dc24875fb,liblock_api-16d46fed645f7bff,libscopeguard-7ec2214574194454,libpin_project_lite-72bf04572caa1c84,libheaders-19770e1d04f88221,libhttpdate-331798cefc82cc7e,libsha1-06af8c6fe73789a9,libcpufeatures-e04321643d03190d,libcfg_if-83060ec5685761ae,libdigest-58e72b83ad3d3d94,libblock_buffer-ceb5bfb4b62e5dc4,libcrypto_common-56b940ef3ee0385e,libgeneric_array-3399f74876fb1fa9,libtypenum-973adb5204d6e560,libbase64-32787b0325ea6df8,libmime-0188e0814ca7ddbf,libheaders_core-f537eeeae62d1108,libhttp-211f2dced2a55579,liburl-06906c4b4d62ee24,libidna-46a17d179580398c,libutf8_iter-51566bbad89f3a68,libidna_adapter-dd2ebe8d236c0dc3,libicu_properties-e7752831df24cd72,libicu_properties_data-b217809bf575558a,libicu_normalizer-239c102d3f9f1479,libsmallvec-bc3128fdd57228fc,libicu_normalizer_data-ab8997d7cbbb3306,libicu_collections-13043e7b0e2ff5e6,libpotential_utf-a10ecffa87ce4749,libicu_provider-f594d672aae4a35f,libicu_locale_core-379d1a46de2fdaf6,libtinystr-37896066bbd2d5d8,liblitemap-cd9b5b2aa04e2018,libwriteable-4f74a67d38fff78e,libzerovec-e687bce345eaa26d,libzerotrie-c81c03816746d5a9,libyoke-3c223e4bab94c7ae,libstable_deref_trait-63cbf3f3d3f94e56,libzerofrom-3e48bd0eefc13293,libform_urlencoded-58b0f0edb59b40d2,libpercent_encoding-fa055ecaa1e57cfa,libserde_json-691cb1a09c1ca025,libitoa-f3a70a1441f7f89b,libzmij-8eb72cbe5f9b9b4e,libbytes-639830f0f3ed9e12,libserde_regex-fe252f27506e2491,libserde-e74bb358ca3daa24,libserde_core-21f22ac7b803fb0e,libregex-e1efcc34bb1ecb85,libregex_automata-5f6c4e4a9d8b7ff1,libaho_corasick-61cf93dc53dd0bf8,libmemchr-9be7e24c0cc6f173,libregex_syntax-21c69862a9074e56}.rlib" "<sysroot>/lib/rustlib/x86_64-unknown-linux-gnu/lib/{libstd-*,libpanic_unwind-*,libobject-*,libmemchr-*,libaddr2line-*,libgimli-*,libcfg_if-*,librustc_demangle-*,libstd_detect-*,libhashbrown-*,librustc_std_workspace_alloc-*,libminiz_oxide-*,libadler2-*,libunwind-*,liblibc-*,librustc_std_workspace_core-*,liballoc-*,libcore-*,libcompiler_builtins-*}.rlib" "-Wl,-Bdynamic" "-lgcc_s" "-lutil" "-lrt" "-lpthread" "-lm" "-ldl" "-lc" "-L" "/tmp/rustdoctestWFglAt/rustcQVC4ee/raw-dylibs" "-B<sysroot>/lib/rustlib/x86_64-unknown-linux-gnu/bin/gcc-ld" "-fuse-ld=lld" "-Wl,--eh-frame-hdr" "-Wl,-z,noexecstack" "-L" "/opt/rustwide/target/debug/build/ring-e6d7591df5303779/out" "-L" "<sysroot>/lib/rustlib/x86_64-unknown-linux-gnu/lib" "-o" "/tmp/rustdoctestWFglAt/rust_out" "-Wl,--gc-sections" "-pie" "-Wl,-z,relro,-z,now" "-nodefaultlibs"
[INFO] [stdout]   = note: some arguments are omitted. use `--verbose` to show all linker arguments
[INFO] [stdout]   = note: collect2: fatal error: ld terminated with signal 9 [Killed]
[INFO] [stdout]           compilation terminated.
[INFO] [stdout]           
[INFO] [stdout] 
[INFO] [stdout] error: aborting due to 1 previous error
[INFO] [stdout] 
[INFO] [stdout] Couldn't compile the test.
[INFO] [stdout] ---- src/api/spec.rs - api::spec::When::port_not (line 833) stdout ----
[INFO] [stdout] Couldn't compile the test.
[INFO] [stdout] ---- src/api/spec.rs - api::spec::When::port (line 776) stdout ----
[INFO] [stdout] Couldn't compile the test.
[INFO] [stdout] ---- src/api/spec.rs - api::spec::When::path_suffix_not (line 1227) stdout ----
[INFO] [stdout] Couldn't compile the test.
[INFO] [stdout] ---- src/api/spec.rs - api::spec::When::path_suffix (line 1129) stdout ----
[INFO] [stdout] Couldn't compile the test.
[INFO] [stdout] ---- src/api/spec.rs - api::spec::When::query_param (line 1333) stdout ----
[INFO] [stdout] Couldn't compile the test.
[INFO] [stdout] ---- src/api/spec.rs - api::spec::When::query_param_count (line 1910) stdout ----
[INFO] [stdout] Couldn't compile the test.
[INFO] [stdout] ---- src/api/spec.rs - api::spec::When::query_param_excludes (line 1585) stdout ----
[INFO] [stdout] Couldn't compile the test.
[INFO] [stdout] ---- src/api/spec.rs - api::spec::When::query_param_exists (line 1438) stdout ----
[INFO] [stdout] Couldn't compile the test.
[INFO] [stdout] ---- src/api/spec.rs - api::spec::When::query_param_includes (line 1529) stdout ----
[INFO] [stdout] Couldn't compile the test.
[INFO] [stdout] ---- src/api/spec.rs - api::spec::When::query_param_not (line 1386) stdout ----
[INFO] [stdout] Couldn't compile the test.
[INFO] [stdout] ---- src/api/spec.rs - api::spec::When::query_param_matches (line 1853) stdout ----
[INFO] [stdout] Couldn't compile the test.
[INFO] [stdout] ---- src/api/spec.rs - api::spec::When::query_param_missing (line 1483) stdout ----
[INFO] [stdout] Couldn't compile the test.
[INFO] [stdout] ---- src/api/spec.rs - api::spec::When::query_param_prefix_not (line 1748) stdout ----
[INFO] [stdout] Couldn't compile the test.
[INFO] [stdout] ---- src/api/spec.rs - api::spec::When::query_param_prefix (line 1640) stdout ----
[INFO] [stdout] Couldn't compile the test.
[INFO] [stdout] ---- src/api/spec.rs - api::spec::When::body_prefix (line 3473) stdout ----
[INFO] [stdout] error: linking with `cc` failed: exit status: 1
[INFO] [stdout]   |
[INFO] [stdout]   = note:  "cc" "-m64" "/tmp/rustdoctestmkfTSX/rustcnu1Hcn/symbols.o" "<2 object files omitted>" "-Wl,--as-needed" "-Wl,-Bstatic" "/opt/rustwide/target/debug/deps/{libreqwest-135d174ccc46fce9,libcookie_store-5266491d73674dad,libpublicsuffix-3122991ec01e3051,libpsl_types-be5f8942940e3a9c,libcookie-dee43a87bd9944e2,libtime-009a5e0aa6e5a2f6,libtime_core-031b6ab885a7634b,libnum_conv-9ace8b7f2a214982,libderanged-0497f8a63ebb66e0,libpowerfmt-f6019a2766e431f7,libhyper_rustls-cfbffd23a63ddea4,librustls_native_certs-465b2aa2129aa72f,libopenssl_probe-6b1b371432012237,libtokio_rustls-5147e08fc2d3a00a,librustls-af1944ea1185cdfc,libsubtle-2ae6a7038b9a0630,libwebpki-c0526fa6e83e14c9,libring-e5912a4a0d599d89,libgetrandom-5197717e746d5ea8,libuntrusted-b2f816886faf2178,librustls_pki_types-a1ff9279e609de76,libzeroize-7f213bea776ca5b6,libserde_urlencoded-4442e0d9e238af3f,libryu-25f59e4cd0d23219,libtower_http-dbb298ac442e147e,libbitflags-9362e66b8880981a,libiri_string-7980c6545d934b56,libtower-144b15b8842270ac,libtower_layer-d908dd771b239ecd,libsync_wrapper-a254cb6192850e87,libhttpmock-152303519af353bc,libhyper_util-5799a61afd293eec,libipnet-a38805d99c19843f,libtower_service-3fb88d28c2218805,libsimilar-c8e2b8065ba88702,libstringmetrics-2567abbd896ecbb0,libassert_json_diff-029ce627a510dc3d,libpath_tree-1ecc33d3220bbbe6,libhttp_body_util-bb3657389ece6d1d,libhyper-61d932557513696e,libwant-7a6260b9c50f1479,libtry_lock-8fa2f6971035be84,libhttparse-8c9b827b8f345444,libh2-7fe46ba9b6cfa50c,libtracing-232c2e0e14ef2370,liblog-b262261d47bd2eba,libtracing_core-4cc82aeb094c2c39,libonce_cell-e9252a7b5119f3eb,libindexmap-f006485b143d2676,libequivalent-6a754676e6af62ae,libhashbrown-25abce2d85979e8d,libfnv-79e2cbfbe03dcd16,libtokio_util-7fb3137efa3e338d,libatomic_waker-06950c8c08d2b8fa,libfutures_channel-3bb2db6cecc5bacb,libhttp_body-1458936585aafa10,libasync_object_pool-babbb9d20058d054,libasync_lock-ac484e023ce0bd23,libevent_listener_strategy-acdb95a8f3e9d088,libevent_listener-827f711f0f40be48,libparking-a9ae72c6c16ee980,libtabwriter-9cfc0f4f4e35a4cf,libunicode_width-c0be3735b741df1b,libthiserror-551733efbed35bb9,libfutures_util-16156304972b76e3,libfutures_io-6a4719510b0746bc,libslab-0582d648e59ab406,libfutures_sink-ae1eb2d060de53a2,libfutures_task-e09ab7898221cb97,libpin_utils-3860774ad9b215b5,libfutures_core-3b920243fce8fec0,libfutures_timer-17baedd4276dc448,libcrossbeam_utils-f696a08ab1e94e7a,libtokio-3653cf03eb0e4739,libsignal_hook_registry-cddd50aee5c69024,liberrno-c497d64a4571af83,libsocket2-1aadc0729249d3be,libmio-fc0f5b7715002b05,libparking_lot-cea9453f541cd250,libparking_lot_core-a78574451ddf5c1d,liblibc-11f5a30dc24875fb,liblock_api-16d46fed645f7bff,libscopeguard-7ec2214574194454,libpin_project_lite-72bf04572caa1c84,libheaders-19770e1d04f88221,libhttpdate-331798cefc82cc7e,libsha1-06af8c6fe73789a9,libcpufeatures-e04321643d03190d,libcfg_if-83060ec5685761ae,libdigest-58e72b83ad3d3d94,libblock_buffer-ceb5bfb4b62e5dc4,libcrypto_common-56b940ef3ee0385e,libgeneric_array-3399f74876fb1fa9,libtypenum-973adb5204d6e560,libbase64-32787b0325ea6df8,libmime-0188e0814ca7ddbf,libheaders_core-f537eeeae62d1108,libhttp-211f2dced2a55579,liburl-06906c4b4d62ee24,libidna-46a17d179580398c,libutf8_iter-51566bbad89f3a68,libidna_adapter-dd2ebe8d236c0dc3,libicu_properties-e7752831df24cd72,libicu_properties_data-b217809bf575558a,libicu_normalizer-239c102d3f9f1479,libsmallvec-bc3128fdd57228fc,libicu_normalizer_data-ab8997d7cbbb3306,libicu_collections-13043e7b0e2ff5e6,libpotential_utf-a10ecffa87ce4749,libicu_provider-f594d672aae4a35f,libicu_locale_core-379d1a46de2fdaf6,libtinystr-37896066bbd2d5d8,liblitemap-cd9b5b2aa04e2018,libwriteable-4f74a67d38fff78e,libzerovec-e687bce345eaa26d,libzerotrie-c81c03816746d5a9,libyoke-3c223e4bab94c7ae,libstable_deref_trait-63cbf3f3d3f94e56,libzerofrom-3e48bd0eefc13293,libform_urlencoded-58b0f0edb59b40d2,libpercent_encoding-fa055ecaa1e57cfa,libserde_json-691cb1a09c1ca025,libitoa-f3a70a1441f7f89b,libzmij-8eb72cbe5f9b9b4e,libbytes-639830f0f3ed9e12,libserde_regex-fe252f27506e2491,libserde-e74bb358ca3daa24,libserde_core-21f22ac7b803fb0e,libregex-e1efcc34bb1ecb85,libregex_automata-5f6c4e4a9d8b7ff1,libaho_corasick-61cf93dc53dd0bf8,libmemchr-9be7e24c0cc6f173,libregex_syntax-21c69862a9074e56}.rlib" "<sysroot>/lib/rustlib/x86_64-unknown-linux-gnu/lib/{libstd-*,libpanic_unwind-*,libobject-*,libmemchr-*,libaddr2line-*,libgimli-*,libcfg_if-*,librustc_demangle-*,libstd_detect-*,libhashbrown-*,librustc_std_workspace_alloc-*,libminiz_oxide-*,libadler2-*,libunwind-*,liblibc-*,librustc_std_workspace_core-*,liballoc-*,libcore-*,libcompiler_builtins-*}.rlib" "-Wl,-Bdynamic" "-lgcc_s" "-lutil" "-lrt" "-lpthread" "-lm" "-ldl" "-lc" "-L" "/tmp/rustdoctestmkfTSX/rustcnu1Hcn/raw-dylibs" "-B<sysroot>/lib/rustlib/x86_64-unknown-linux-gnu/bin/gcc-ld" "-fuse-ld=lld" "-Wl,--eh-frame-hdr" "-Wl,-z,noexecstack" "-L" "/opt/rustwide/target/debug/build/ring-e6d7591df5303779/out" "-L" "<sysroot>/lib/rustlib/x86_64-unknown-linux-gnu/lib" "-o" "/tmp/rustdoctestmkfTSX/rust_out" "-Wl,--gc-sections" "-pie" "-Wl,-z,relro,-z,now" "-nodefaultlibs"
[INFO] [stdout]   = note: some arguments are omitted. use `--verbose` to show all linker arguments
[INFO] [stdout]   = note: collect2: fatal error: ld terminated with signal 9 [Killed]
[INFO] [stdout]           compilation terminated.
[INFO] [stdout]           
[INFO] [stdout] 
[INFO] [stdout] error: aborting due to 1 previous error
[INFO] [stdout] 
[INFO] [stdout] Couldn't compile the test.
[INFO] [stdout] ---- src/api/spec.rs - api::spec::When::query_param_suffix (line 1694) stdout ----
[INFO] [stdout] Couldn't compile the test.
[INFO] [stdout] ---- src/api/spec.rs - api::spec::When::query_param_suffix_not (line 1802) stdout ----
[INFO] [stdout] Couldn't compile the test.
[INFO] [stdout] ---- src/api/spec.rs - api::spec::When::scheme (line 86) stdout ----
[INFO] [stdout] Couldn't compile the test.
[INFO] [stdout] ---- src/api/spec.rs - api::spec::When::scheme_not (line 144) stdout ----
[INFO] [stdout] Couldn't compile the test.
[INFO] [stdout] ---- src/lib.rs - (line 29) stdout ----
[INFO] [stdout] Couldn't compile the test.
[INFO] [stdout] ---- src/api/spec.rs - api::spec::When::host (line 305) stdout ----
[INFO] [stdout] error: linking with `cc` failed: exit status: 1
[INFO] [stdout]   |
[INFO] [stdout]   = note:  "cc" "-m64" "/tmp/rustdoctestmFhK5A/rustcyhXiBc/symbols.o" "<2 object files omitted>" "-Wl,--as-needed" "-Wl,-Bstatic" "/opt/rustwide/target/debug/deps/{libreqwest-135d174ccc46fce9,libcookie_store-5266491d73674dad,libpublicsuffix-3122991ec01e3051,libpsl_types-be5f8942940e3a9c,libcookie-dee43a87bd9944e2,libtime-009a5e0aa6e5a2f6,libtime_core-031b6ab885a7634b,libnum_conv-9ace8b7f2a214982,libderanged-0497f8a63ebb66e0,libpowerfmt-f6019a2766e431f7,libhyper_rustls-cfbffd23a63ddea4,librustls_native_certs-465b2aa2129aa72f,libopenssl_probe-6b1b371432012237,libtokio_rustls-5147e08fc2d3a00a,librustls-af1944ea1185cdfc,libsubtle-2ae6a7038b9a0630,libwebpki-c0526fa6e83e14c9,libring-e5912a4a0d599d89,libgetrandom-5197717e746d5ea8,libuntrusted-b2f816886faf2178,librustls_pki_types-a1ff9279e609de76,libzeroize-7f213bea776ca5b6,libserde_urlencoded-4442e0d9e238af3f,libryu-25f59e4cd0d23219,libtower_http-dbb298ac442e147e,libbitflags-9362e66b8880981a,libiri_string-7980c6545d934b56,libtower-144b15b8842270ac,libtower_layer-d908dd771b239ecd,libsync_wrapper-a254cb6192850e87,libhttpmock-152303519af353bc,libhyper_util-5799a61afd293eec,libipnet-a38805d99c19843f,libtower_service-3fb88d28c2218805,libsimilar-c8e2b8065ba88702,libstringmetrics-2567abbd896ecbb0,libassert_json_diff-029ce627a510dc3d,libpath_tree-1ecc33d3220bbbe6,libhttp_body_util-bb3657389ece6d1d,libhyper-61d932557513696e,libwant-7a6260b9c50f1479,libtry_lock-8fa2f6971035be84,libhttparse-8c9b827b8f345444,libh2-7fe46ba9b6cfa50c,libtracing-232c2e0e14ef2370,liblog-b262261d47bd2eba,libtracing_core-4cc82aeb094c2c39,libonce_cell-e9252a7b5119f3eb,libindexmap-f006485b143d2676,libequivalent-6a754676e6af62ae,libhashbrown-25abce2d85979e8d,libfnv-79e2cbfbe03dcd16,libtokio_util-7fb3137efa3e338d,libatomic_waker-06950c8c08d2b8fa,libfutures_channel-3bb2db6cecc5bacb,libhttp_body-1458936585aafa10,libasync_object_pool-babbb9d20058d054,libasync_lock-ac484e023ce0bd23,libevent_listener_strategy-acdb95a8f3e9d088,libevent_listener-827f711f0f40be48,libparking-a9ae72c6c16ee980,libtabwriter-9cfc0f4f4e35a4cf,libunicode_width-c0be3735b741df1b,libthiserror-551733efbed35bb9,libfutures_util-16156304972b76e3,libfutures_io-6a4719510b0746bc,libslab-0582d648e59ab406,libfutures_sink-ae1eb2d060de53a2,libfutures_task-e09ab7898221cb97,libpin_utils-3860774ad9b215b5,libfutures_core-3b920243fce8fec0,libfutures_timer-17baedd4276dc448,libcrossbeam_utils-f696a08ab1e94e7a,libtokio-3653cf03eb0e4739,libsignal_hook_registry-cddd50aee5c69024,liberrno-c497d64a4571af83,libsocket2-1aadc0729249d3be,libmio-fc0f5b7715002b05,libparking_lot-cea9453f541cd250,libparking_lot_core-a78574451ddf5c1d,liblibc-11f5a30dc24875fb,liblock_api-16d46fed645f7bff,libscopeguard-7ec2214574194454,libpin_project_lite-72bf04572caa1c84,libheaders-19770e1d04f88221,libhttpdate-331798cefc82cc7e,libsha1-06af8c6fe73789a9,libcpufeatures-e04321643d03190d,libcfg_if-83060ec5685761ae,libdigest-58e72b83ad3d3d94,libblock_buffer-ceb5bfb4b62e5dc4,libcrypto_common-56b940ef3ee0385e,libgeneric_array-3399f74876fb1fa9,libtypenum-973adb5204d6e560,libbase64-32787b0325ea6df8,libmime-0188e0814ca7ddbf,libheaders_core-f537eeeae62d1108,libhttp-211f2dced2a55579,liburl-06906c4b4d62ee24,libidna-46a17d179580398c,libutf8_iter-51566bbad89f3a68,libidna_adapter-dd2ebe8d236c0dc3,libicu_properties-e7752831df24cd72,libicu_properties_data-b217809bf575558a,libicu_normalizer-239c102d3f9f1479,libsmallvec-bc3128fdd57228fc,libicu_normalizer_data-ab8997d7cbbb3306,libicu_collections-13043e7b0e2ff5e6,libpotential_utf-a10ecffa87ce4749,libicu_provider-f594d672aae4a35f,libicu_locale_core-379d1a46de2fdaf6,libtinystr-37896066bbd2d5d8,liblitemap-cd9b5b2aa04e2018,libwriteable-4f74a67d38fff78e,libzerovec-e687bce345eaa26d,libzerotrie-c81c03816746d5a9,libyoke-3c223e4bab94c7ae,libstable_deref_trait-63cbf3f3d3f94e56,libzerofrom-3e48bd0eefc13293,libform_urlencoded-58b0f0edb59b40d2,libpercent_encoding-fa055ecaa1e57cfa,libserde_json-691cb1a09c1ca025,libitoa-f3a70a1441f7f89b,libzmij-8eb72cbe5f9b9b4e,libbytes-639830f0f3ed9e12,libserde_regex-fe252f27506e2491,libserde-e74bb358ca3daa24,libserde_core-21f22ac7b803fb0e,libregex-e1efcc34bb1ecb85,libregex_automata-5f6c4e4a9d8b7ff1,libaho_corasick-61cf93dc53dd0bf8,libmemchr-9be7e24c0cc6f173,libregex_syntax-21c69862a9074e56}.rlib" "<sysroot>/lib/rustlib/x86_64-unknown-linux-gnu/lib/{libstd-*,libpanic_unwind-*,libobject-*,libmemchr-*,libaddr2line-*,libgimli-*,libcfg_if-*,librustc_demangle-*,libstd_detect-*,libhashbrown-*,librustc_std_workspace_alloc-*,libminiz_oxide-*,libadler2-*,libunwind-*,liblibc-*,librustc_std_workspace_core-*,liballoc-*,libcore-*,libcompiler_builtins-*}.rlib" "-Wl,-Bdynamic" "-lgcc_s" "-lutil" "-lrt" "-lpthread" "-lm" "-ldl" "-lc" "-L" "/tmp/rustdoctestmFhK5A/rustcyhXiBc/raw-dylibs" "-B<sysroot>/lib/rustlib/x86_64-unknown-linux-gnu/bin/gcc-ld" "-fuse-ld=lld" "-Wl,--eh-frame-hdr" "-Wl,-z,noexecstack" "-L" "/opt/rustwide/target/debug/build/ring-e6d7591df5303779/out" "-L" "<sysroot>/lib/rustlib/x86_64-unknown-linux-gnu/lib" "-o" "/tmp/rustdoctestmFhK5A/rust_out" "-Wl,--gc-sections" "-pie" "-Wl,-z,relro,-z,now" "-nodefaultlibs"
[INFO] [stdout]   = note: some arguments are omitted. use `--verbose` to show all linker arguments
[INFO] [stdout]   = note: collect2: fatal error: ld terminated with signal 9 [Killed]
[INFO] [stdout]           compilation terminated.
[INFO] [stdout]           
[INFO] [stdout] 
[INFO] [stdout] error: aborting due to 1 previous error
[INFO] [stdout] 
[INFO] [stdout] Couldn't compile the test.
[INFO] [stdout] ---- src/api/spec.rs - api::spec::When::json_body_obj (line 3769) stdout ----
[INFO] [stdout] error: linking with `cc` failed: exit status: 1
[INFO] [stdout]   |
[INFO] [stdout]   = note:  "cc" "-m64" "/tmp/rustdoctestfJxRVb/rustc183Pk9/symbols.o" "<2 object files omitted>" "-Wl,--as-needed" "-Wl,-Bstatic" "/opt/rustwide/target/debug/deps/{libtracing_subscriber-89dbf267f7272250,libsharded_slab-bd3e89e1e50b7c87,liblazy_static-3674be3f4245d19b,libmatchers-1c08fa90f799cd5f,libnu_ansi_term-745c727bb3e87c52,libthread_local-b4f6fe44d641c0b1,libtracing_log-ec4da570862f46db,libreqwest-135d174ccc46fce9,libcookie_store-5266491d73674dad,libpublicsuffix-3122991ec01e3051,libpsl_types-be5f8942940e3a9c,libcookie-dee43a87bd9944e2,libtime-009a5e0aa6e5a2f6,libtime_core-031b6ab885a7634b,libnum_conv-9ace8b7f2a214982,libderanged-0497f8a63ebb66e0,libpowerfmt-f6019a2766e431f7,libhyper_rustls-cfbffd23a63ddea4,librustls_native_certs-465b2aa2129aa72f,libopenssl_probe-6b1b371432012237,libtokio_rustls-5147e08fc2d3a00a,librustls-af1944ea1185cdfc,libsubtle-2ae6a7038b9a0630,libwebpki-c0526fa6e83e14c9,libring-e5912a4a0d599d89,libgetrandom-5197717e746d5ea8,libuntrusted-b2f816886faf2178,librustls_pki_types-a1ff9279e609de76,libzeroize-7f213bea776ca5b6,libserde_urlencoded-4442e0d9e238af3f,libryu-25f59e4cd0d23219,libtower_http-dbb298ac442e147e,libbitflags-9362e66b8880981a,libiri_string-7980c6545d934b56,libtower-144b15b8842270ac,libtower_layer-d908dd771b239ecd,libsync_wrapper-a254cb6192850e87,libhttpmock-152303519af353bc,libhyper_util-5799a61afd293eec,libipnet-a38805d99c19843f,libtower_service-3fb88d28c2218805,libsimilar-c8e2b8065ba88702,libstringmetrics-2567abbd896ecbb0,libassert_json_diff-029ce627a510dc3d,libpath_tree-1ecc33d3220bbbe6,libhttp_body_util-bb3657389ece6d1d,libhyper-61d932557513696e,libwant-7a6260b9c50f1479,libtry_lock-8fa2f6971035be84,libhttparse-8c9b827b8f345444,libh2-7fe46ba9b6cfa50c,libtracing-232c2e0e14ef2370,liblog-b262261d47bd2eba,libtracing_core-4cc82aeb094c2c39,libonce_cell-e9252a7b5119f3eb,libindexmap-f006485b143d2676,libequivalent-6a754676e6af62ae,libhashbrown-25abce2d85979e8d,libfnv-79e2cbfbe03dcd16,libtokio_util-7fb3137efa3e338d,libatomic_waker-06950c8c08d2b8fa,libfutures_channel-3bb2db6cecc5bacb,libhttp_body-1458936585aafa10,libasync_object_pool-babbb9d20058d054,libasync_lock-ac484e023ce0bd23,libevent_listener_strategy-acdb95a8f3e9d088,libevent_listener-827f711f0f40be48,libparking-a9ae72c6c16ee980,libtabwriter-9cfc0f4f4e35a4cf,libunicode_width-c0be3735b741df1b,libthiserror-551733efbed35bb9,libfutures_util-16156304972b76e3,libfutures_io-6a4719510b0746bc,libslab-0582d648e59ab406,libfutures_sink-ae1eb2d060de53a2,libfutures_task-e09ab7898221cb97,libpin_utils-3860774ad9b215b5,libfutures_core-3b920243fce8fec0,libfutures_timer-17baedd4276dc448,libcrossbeam_utils-f696a08ab1e94e7a,libtokio-3653cf03eb0e4739,libsignal_hook_registry-cddd50aee5c69024,liberrno-c497d64a4571af83,libsocket2-1aadc0729249d3be,libmio-fc0f5b7715002b05,libparking_lot-cea9453f541cd250,libparking_lot_core-a78574451ddf5c1d,liblibc-11f5a30dc24875fb,liblock_api-16d46fed645f7bff,libscopeguard-7ec2214574194454,libpin_project_lite-72bf04572caa1c84,libheaders-19770e1d04f88221,libhttpdate-331798cefc82cc7e,libsha1-06af8c6fe73789a9,libcpufeatures-e04321643d03190d,libcfg_if-83060ec5685761ae,libdigest-58e72b83ad3d3d94,libblock_buffer-ceb5bfb4b62e5dc4,libcrypto_common-56b940ef3ee0385e,libgeneric_array-3399f74876fb1fa9,libtypenum-973adb5204d6e560,libbase64-32787b0325ea6df8,libmime-0188e0814ca7ddbf,libheaders_core-f537eeeae62d1108,libhttp-211f2dced2a55579,liburl-06906c4b4d62ee24,libidna-46a17d179580398c,libutf8_iter-51566bbad89f3a68,libidna_adapter-dd2ebe8d236c0dc3,libicu_properties-e7752831df24cd72,libicu_properties_data-b217809bf575558a,libicu_normalizer-239c102d3f9f1479,libsmallvec-bc3128fdd57228fc,libicu_normalizer_data-ab8997d7cbbb3306,libicu_collections-13043e7b0e2ff5e6,libpotential_utf-a10ecffa87ce4749,libicu_provider-f594d672aae4a35f,libicu_locale_core-379d1a46de2fdaf6,libtinystr-37896066bbd2d5d8,liblitemap-cd9b5b2aa04e2018,libwriteable-4f74a67d38fff78e,libzerovec-e687bce345eaa26d,libzerotrie-c81c03816746d5a9,libyoke-3c223e4bab94c7ae,libstable_deref_trait-63cbf3f3d3f94e56,libzerofrom-3e48bd0eefc13293,libform_urlencoded-58b0f0edb59b40d2,libpercent_encoding-fa055ecaa1e57cfa,libserde_json-691cb1a09c1ca025,libitoa-f3a70a1441f7f89b,libzmij-8eb72cbe5f9b9b4e,libbytes-639830f0f3ed9e12,libserde_regex-fe252f27506e2491,libserde-e74bb358ca3daa24,libserde_core-21f22ac7b803fb0e,libregex-e1efcc34bb1ecb85,libregex_automata-5f6c4e4a9d8b7ff1,libaho_corasick-61cf93dc53dd0bf8,libmemchr-9be7e24c0cc6f173,libregex_syntax-21c69862a9074e56}.rlib" "<sysroot>/lib/rustlib/x86_64-unknown-linux-gnu/lib/{libstd-*,libpanic_unwind-*,libobject-*,libmemchr-*,libaddr2line-*,libgimli-*,libcfg_if-*,librustc_demangle-*,libstd_detect-*,libhashbrown-*,librustc_std_workspace_alloc-*,libminiz_oxide-*,libadler2-*,libunwind-*,liblibc-*,librustc_std_workspace_core-*,liballoc-*,libcore-*,libcompiler_builtins-*}.rlib" "-Wl,-Bdynamic" "-lgcc_s" "-lutil" "-lrt" "-lpthread" "-lm" "-ldl" "-lc" "-L" "/tmp/rustdoctestfJxRVb/rustc183Pk9/raw-dylibs" "-B<sysroot>/lib/rustlib/x86_64-unknown-linux-gnu/bin/gcc-ld" "-fuse-ld=lld" "-Wl,--eh-frame-hdr" "-Wl,-z,noexecstack" "-L" "/opt/rustwide/target/debug/build/ring-e6d7591df5303779/out" "-L" "<sysroot>/lib/rustlib/x86_64-unknown-linux-gnu/lib" "-o" "/tmp/rustdoctestfJxRVb/rust_out" "-Wl,--gc-sections" "-pie" "-Wl,-z,relro,-z,now" "-nodefaultlibs"
[INFO] [stdout]   = note: some arguments are omitted. use `--verbose` to show all linker arguments
[INFO] [stdout]   = note: collect2: fatal error: ld terminated with signal 9 [Killed]
[INFO] [stdout]           compilation terminated.
[INFO] [stdout]           
[INFO] [stdout] 
[INFO] [stdout] error: aborting due to 1 previous error
[INFO] [stdout] 
[INFO] [stdout] Couldn't compile the test.
[INFO] [stdout] 
[INFO] [stdout] failures:
[INFO] [stdout]     src/api/mock.rs - api::mock::Mock (line 24)
[INFO] [stdout]     src/api/mock.rs - api::mock::Mock<'a>::assert (line 72)
[INFO] [stdout]     src/api/mock.rs - api::mock::Mock<'a>::assert_async (line 109)
[INFO] [stdout]     src/api/mock.rs - api::mock::Mock<'a>::assert_calls (line 189)
[INFO] [stdout]     src/api/mock.rs - api::mock::Mock<'a>::assert_calls_async (line 273)
[INFO] [stdout]     src/api/mock.rs - api::mock::Mock<'a>::assert_hits (line 150)
[INFO] [stdout]     src/api/mock.rs - api::mock::Mock<'a>::assert_hits_async (line 229)
[INFO] [stdout]     src/api/mock.rs - api::mock::Mock<'a>::calls (line 375)
[INFO] [stdout]     src/api/mock.rs - api::mock::Mock<'a>::delete_async (line 536)
[INFO] [stdout]     src/api/mock.rs - api::mock::Mock<'a>::hits (line 341)
[INFO] [stdout]     src/api/mock.rs - api::mock::Mock<'a>::hits_async (line 409)
[INFO] [stdout]     src/api/mock.rs - api::mock::Mock<'a>::server_address (line 588)
[INFO] [stdout]     src/api/mock.rs - api::mock::MockExt::id (line 662)
[INFO] [stdout]     src/api/mock.rs - api::mock::MockExt::new (line 622)
[INFO] [stdout]     src/api/server.rs - api::server::MockServer::address (line 259)
[INFO] [stdout]     src/api/server.rs - api::server::MockServer::mock (line 367)
[INFO] [stdout]     src/api/server.rs - api::server::MockServer::mock_async (line 402)
[INFO] [stdout]     src/api/server.rs - api::server::MockServer::reset (line 459)
[INFO] [stdout]     src/api/server.rs - api::server::MockServer::reset_async (line 486)
[INFO] [stdout]     src/api/spec.rs - api::spec::Then::and (line 5335)
[INFO] [stdout]     src/api/spec.rs - api::spec::Then::body (line 4971)
[INFO] [stdout]     src/api/spec.rs - api::spec::Then::body_from_file (line 5018)
[INFO] [stdout]     src/api/spec.rs - api::spec::Then::delay (line 5274)
[INFO] [stdout]     src/api/spec.rs - api::spec::Then::header (line 5209)
[INFO] [stdout]     src/api/spec.rs - api::spec::Then::json_body (line 5076)
[INFO] [stdout]     src/api/spec.rs - api::spec::Then::json_body_obj (line 5140)
[INFO] [stdout]     src/api/spec.rs - api::spec::Then::respond_with (line 5392)
[INFO] [stdout]     src/api/spec.rs - api::spec::Then::respond_with (line 5426)
[INFO] [stdout]     src/api/spec.rs - api::spec::Then::respond_with (line 5470)
[INFO] [stdout]     src/api/spec.rs - api::spec::Then::status (line 4926)
[INFO] [stdout]     src/api/spec.rs - api::spec::When::and (line 4873)
[INFO] [stdout]     src/api/spec.rs - api::spec::When::any_request (line 39)
[INFO] [stdout]     src/api/spec.rs - api::spec::When::body (line 3283)
[INFO] [stdout]     src/api/spec.rs - api::spec::When::body_excludes (line 3424)
[INFO] [stdout]     src/api/spec.rs - api::spec::When::body_includes (line 3375)
[INFO] [stdout]     src/api/spec.rs - api::spec::When::body_not (line 3326)
[INFO] [stdout]     src/api/spec.rs - api::spec::When::body_prefix (line 3473)
[INFO] [stdout]     src/api/spec.rs - api::spec::When::body_prefix_not (line 3571)
[INFO] [stdout]     src/api/spec.rs - api::spec::When::body_suffix (line 3522)
[INFO] [stdout]     src/api/spec.rs - api::spec::When::body_suffix_not (line 3620)
[INFO] [stdout]     src/api/spec.rs - api::spec::When::cookie (line 2640)
[INFO] [stdout]     src/api/spec.rs - api::spec::When::cookie_count (line 3228)
[INFO] [stdout]     src/api/spec.rs - api::spec::When::cookie_exists (line 2746)
[INFO] [stdout]     src/api/spec.rs - api::spec::When::cookie_includes (line 2841)
[INFO] [stdout]     src/api/spec.rs - api::spec::When::cookie_matches (line 3171)
[INFO] [stdout]     src/api/spec.rs - api::spec::When::cookie_missing (line 2793)
[INFO] [stdout]     src/api/spec.rs - api::spec::When::cookie_not (line 2692)
[INFO] [stdout]     src/api/spec.rs - api::spec::When::cookie_prefix (line 2951)
[INFO] [stdout]     src/api/spec.rs - api::spec::When::cookie_prefix_not (line 3061)
[INFO] [stdout]     src/api/spec.rs - api::spec::When::cookie_suffix (line 3006)
[INFO] [stdout]     src/api/spec.rs - api::spec::When::cookie_suffix_not (line 3116)
[INFO] [stdout]     src/api/spec.rs - api::spec::When::form_urlencoded_tuple (line 3981)
[INFO] [stdout]     src/api/spec.rs - api::spec::When::form_urlencoded_tuple_count (line 4664)
[INFO] [stdout]     src/api/spec.rs - api::spec::When::form_urlencoded_tuple_exists (line 4103)
[INFO] [stdout]     src/api/spec.rs - api::spec::When::form_urlencoded_tuple_includes (line 4220)
[INFO] [stdout]     src/api/spec.rs - api::spec::When::form_urlencoded_tuple_matches (line 4597)
[INFO] [stdout]     src/api/spec.rs - api::spec::When::form_urlencoded_tuple_missing (line 4161)
[INFO] [stdout]     src/api/spec.rs - api::spec::When::form_urlencoded_tuple_not (line 4043)
[INFO] [stdout]     src/api/spec.rs - api::spec::When::form_urlencoded_tuple_prefix (line 4345)
[INFO] [stdout]     src/api/spec.rs - api::spec::When::form_urlencoded_tuple_prefix_not (line 4408)
[INFO] [stdout]     src/api/spec.rs - api::spec::When::form_urlencoded_tuple_suffix (line 4471)
[INFO] [stdout]     src/api/spec.rs - api::spec::When::form_urlencoded_tuple_suffix_not (line 4534)
[INFO] [stdout]     src/api/spec.rs - api::spec::When::header (line 1965)
[INFO] [stdout]     src/api/spec.rs - api::spec::When::header_count (line 2561)
[INFO] [stdout]     src/api/spec.rs - api::spec::When::header_excludes (line 2223)
[INFO] [stdout]     src/api/spec.rs - api::spec::When::header_exists (line 2071)
[INFO] [stdout]     src/api/spec.rs - api::spec::When::header_includes (line 2167)
[INFO] [stdout]     src/api/spec.rs - api::spec::When::header_matches (line 2503)
[INFO] [stdout]     src/api/spec.rs - api::spec::When::header_missing (line 2119)
[INFO] [stdout]     src/api/spec.rs - api::spec::When::header_not (line 2018)
[INFO] [stdout]     src/api/spec.rs - api::spec::When::header_prefix (line 2279)
[INFO] [stdout]     src/api/spec.rs - api::spec::When::header_prefix_not (line 2391)
[INFO] [stdout]     src/api/spec.rs - api::spec::When::header_suffix (line 2335)
[INFO] [stdout]     src/api/spec.rs - api::spec::When::header_suffix_not (line 2447)
[INFO] [stdout]     src/api/spec.rs - api::spec::When::host (line 305)
[INFO] [stdout]     src/api/spec.rs - api::spec::When::host_excludes (line 460)
[INFO] [stdout]     src/api/spec.rs - api::spec::When::host_includes (line 404)
[INFO] [stdout]     src/api/spec.rs - api::spec::When::host_not (line 349)
[INFO] [stdout]     src/api/spec.rs - api::spec::When::host_prefix (line 514)
[INFO] [stdout]     src/api/spec.rs - api::spec::When::host_prefix_not (line 621)
[INFO] [stdout]     src/api/spec.rs - api::spec::When::host_suffix (line 568)
[INFO] [stdout]     src/api/spec.rs - api::spec::When::host_suffix_not (line 675)
[INFO] [stdout]     src/api/spec.rs - api::spec::When::is_false (line 4825)
[INFO] [stdout]     src/api/spec.rs - api::spec::When::is_true (line 4777)
[INFO] [stdout]     src/api/spec.rs - api::spec::When::json_body (line 3719)
[INFO] [stdout]     src/api/spec.rs - api::spec::When::json_body_excludes (line 3916)
[INFO] [stdout]     src/api/spec.rs - api::spec::When::json_body_includes (line 3841)
[INFO] [stdout]     src/api/spec.rs - api::spec::When::json_body_obj (line 3769)
[INFO] [stdout]     src/api/spec.rs - api::spec::When::method_not (line 247)
[INFO] [stdout]     src/api/spec.rs - api::spec::When::path (line 889)
[INFO] [stdout]     src/api/spec.rs - api::spec::When::path_excludes (line 1031)
[INFO] [stdout]     src/api/spec.rs - api::spec::When::path_includes (line 982)
[INFO] [stdout]     src/api/spec.rs - api::spec::When::path_matches (line 1276)
[INFO] [stdout]     src/api/spec.rs - api::spec::When::path_not (line 935)
[INFO] [stdout]     src/api/spec.rs - api::spec::When::path_prefix (line 1080)
[INFO] [stdout]     src/api/spec.rs - api::spec::When::path_suffix (line 1129)
[INFO] [stdout]     src/api/spec.rs - api::spec::When::path_suffix_not (line 1227)
[INFO] [stdout]     src/api/spec.rs - api::spec::When::port (line 776)
[INFO] [stdout]     src/api/spec.rs - api::spec::When::port_not (line 833)
[INFO] [stdout]     src/api/spec.rs - api::spec::When::query_param (line 1333)
[INFO] [stdout]     src/api/spec.rs - api::spec::When::query_param_count (line 1910)
[INFO] [stdout]     src/api/spec.rs - api::spec::When::query_param_excludes (line 1585)
[INFO] [stdout]     src/api/spec.rs - api::spec::When::query_param_exists (line 1438)
[INFO] [stdout]     src/api/spec.rs - api::spec::When::query_param_includes (line 1529)
[INFO] [stdout]     src/api/spec.rs - api::spec::When::query_param_matches (line 1853)
[INFO] [stdout]     src/api/spec.rs - api::spec::When::query_param_missing (line 1483)
[INFO] [stdout]     src/api/spec.rs - api::spec::When::query_param_not (line 1386)
[INFO] [stdout]     src/api/spec.rs - api::spec::When::query_param_prefix (line 1640)
[INFO] [stdout]     src/api/spec.rs - api::spec::When::query_param_prefix_not (line 1748)
[INFO] [stdout]     src/api/spec.rs - api::spec::When::query_param_suffix (line 1694)
[INFO] [stdout]     src/api/spec.rs - api::spec::When::query_param_suffix_not (line 1802)
[INFO] [stdout]     src/api/spec.rs - api::spec::When::scheme (line 86)
[INFO] [stdout]     src/api/spec.rs - api::spec::When::scheme_not (line 144)
[INFO] [stdout]     src/lib.rs - (line 29)
[INFO] [stdout] 
[INFO] [stdout] test result: FAILED. 14 passed; 114 failed; 0 ignored; 0 measured; 0 filtered out; finished in 726.42s
[INFO] [stdout] 
[INFO] [stderr] error: doctest failed, to rerun pass `--doc`
[INFO] running `Command { std: "docker" "inspect" "c7f9056987cde782238eda60b0700d75574675378d5fa6ba9adc9e57951afc02", kill_on_drop: false }`
[INFO] running `Command { std: "docker" "rm" "-f" "c7f9056987cde782238eda60b0700d75574675378d5fa6ba9adc9e57951afc02", kill_on_drop: false }`
[INFO] [stdout] c7f9056987cde782238eda60b0700d75574675378d5fa6ba9adc9e57951afc02
