[INFO] fetching crate fuel-core-client 0.48.2...
[INFO] testing fuel-core-client-0.48.2 against 1.98.0-beta.1 for beta-1.98-2
[INFO] extracting crate fuel-core-client 0.48.2 into /workspace/builds/worker-7-tc2/source
[INFO] started tweaking crates.io crate fuel-core-client 0.48.2
[INFO] finished tweaking crates.io crate fuel-core-client 0.48.2
[INFO] tweaked toml for crates.io crate fuel-core-client 0.48.2 written to /workspace/builds/worker-7-tc2/source/Cargo.toml
[INFO] validating manifest of crates.io crate fuel-core-client 0.48.2 on toolchain 1.98.0-beta.1
[INFO] running `Command { std: CARGO_HOME="/workspace/cargo-home" RUSTUP_HOME="/workspace/rustup-home" "/workspace/cargo-home/bin/cargo" "+1.98.0-beta.1" "metadata" "--manifest-path" "Cargo.toml" "--no-deps", kill_on_drop: false }`
[INFO] crate crates.io crate fuel-core-client 0.48.2 already has a lockfile, it will not be regenerated
[INFO] running `Command { std: CARGO_HOME="/workspace/cargo-home" RUSTUP_HOME="/workspace/rustup-home" "/workspace/cargo-home/bin/cargo" "+1.98.0-beta.1" "fetch" "--manifest-path" "Cargo.toml", kill_on_drop: false }`
[INFO] running `Command { std: "docker" "create" "-v" "/var/lib/crater-agent-workspace/builds/worker-7-tc2/source:/opt/rustwide/workdir:ro,Z" "-v" "/var/lib/crater-agent-workspace/builds/worker-7-tc2/target:/opt/rustwide/target:rw,Z" "-v" "/var/lib/crater-agent-workspace/cargo-home:/opt/rustwide/cargo-home:ro,Z" "-v" "/var/lib/crater-agent-workspace/rustup-home:/opt/rustwide/rustup-home:ro,Z" "-m" "1610612736" "--network" "none" "ghcr.io/rust-lang/crates-build-env/linux@sha256:3d5ced03c013a94a2f102a4510f48a6e9184255caf5fd8244f58017bde7f5210" "sleep" "infinity", kill_on_drop: false }`
[INFO] [stdout] 5f694d87a369c68ed2052d29ab0b52bcd9260f98d1ea7097c836a23ac5520a74
[INFO] running `Command { std: "docker" "start" "5f694d87a369c68ed2052d29ab0b52bcd9260f98d1ea7097c836a23ac5520a74", kill_on_drop: false }`
[INFO] running `Command { std: "docker" "inspect" "5f694d87a369c68ed2052d29ab0b52bcd9260f98d1ea7097c836a23ac5520a74", kill_on_drop: false }`
[INFO] running `Command { std: "docker" "exec" "-e" "SOURCE_DIR=/opt/rustwide/workdir" "-e" "CARGO_HOME=/opt/rustwide/cargo-home" "-e" "RUSTUP_HOME=/opt/rustwide/rustup-home" "-e" "CARGO_TARGET_DIR=/opt/rustwide/target" "-w" "/opt/rustwide/workdir" "--user" "0:0" "5f694d87a369c68ed2052d29ab0b52bcd9260f98d1ea7097c836a23ac5520a74" "/opt/rustwide/cargo-home/bin/cargo" "+1.98.0-beta.1" "metadata" "--no-deps" "--format-version=1", kill_on_drop: false }`
[INFO] running `Command { std: "docker" "inspect" "5f694d87a369c68ed2052d29ab0b52bcd9260f98d1ea7097c836a23ac5520a74", kill_on_drop: false }`
[INFO] running `Command { std: "docker" "exec" "-e" "SOURCE_DIR=/opt/rustwide/workdir" "-e" "CARGO_HOME=/opt/rustwide/cargo-home" "-e" "RUSTUP_HOME=/opt/rustwide/rustup-home" "-e" "CARGO_TARGET_DIR=/opt/rustwide/target" "-e" "CARGO_INCREMENTAL=0" "-e" "RUST_BACKTRACE=full" "-e" "RUSTFLAGS=--cap-lints=warn" "-e" "RUSTDOCFLAGS=--cap-lints=warn" "-w" "/opt/rustwide/workdir" "--user" "0:0" "5f694d87a369c68ed2052d29ab0b52bcd9260f98d1ea7097c836a23ac5520a74" "/opt/rustwide/cargo-home/bin/cargo" "+1.98.0-beta.1" "build" "--frozen" "--message-format=json", kill_on_drop: false }`
[INFO] [stderr]    Compiling quote v1.0.45
[INFO] [stderr]    Compiling subtle v2.6.1
[INFO] [stderr]    Compiling shlex v1.3.0
[INFO] [stderr]    Compiling generic-array v0.14.7
[INFO] [stderr]    Compiling serde_core v1.0.228
[INFO] [stderr]    Compiling typenum v1.20.0
[INFO] [stderr]    Compiling const-oid v0.9.6
[INFO] [stderr]    Compiling jobserver v0.1.34
[INFO] [stderr]    Compiling cc v1.2.62
[INFO] [stderr]    Compiling serde v1.0.228
[INFO] [stderr]    Compiling bytes v1.11.1
[INFO] [stderr]    Compiling mio v1.2.0
[INFO] [stderr]    Compiling socket2 v0.6.3
[INFO] [stderr]    Compiling syn v2.0.117
[INFO] [stderr]    Compiling zerocopy v0.8.48
[INFO] [stderr]    Compiling memchr v2.8.0
[INFO] [stderr]    Compiling tokio v1.52.3
[INFO] [stderr]    Compiling futures-channel v0.3.32
[INFO] [stderr]    Compiling smallvec v1.15.1
[INFO] [stderr]    Compiling slab v0.4.12
[INFO] [stderr]    Compiling ident_case v1.0.1
[INFO] [stderr]    Compiling rustversion v1.0.22
[INFO] [stderr]    Compiling strsim v0.11.1
[INFO] [stderr]    Compiling untrusted v0.9.0
[INFO] [stderr]    Compiling regex-syntax v0.8.10
[INFO] [stderr]    Compiling ff v0.13.1
[INFO] [stderr]    Compiling fs_extra v1.3.0
[INFO] [stderr]    Compiling cmake v0.1.58
[INFO] [stderr]    Compiling dunce v1.0.5
[INFO] [stderr]    Compiling zmij v1.0.21
[INFO] [stderr]    Compiling httparse v1.10.1
[INFO] [stderr]    Compiling thiserror v1.0.69
[INFO] [stderr]    Compiling base16ct v0.2.0
[INFO] [stderr]    Compiling group v0.13.0
[INFO] [stderr]    Compiling aws-lc-sys v0.41.0
[INFO] [stderr]    Compiling lazy_static v1.5.0
[INFO] [stderr]    Compiling heck v0.4.1
[INFO] [stderr]    Compiling tower-service v0.3.3
[INFO] [stderr]    Compiling syn v1.0.109
[INFO] [stderr]    Compiling base64 v0.21.7
[INFO] [stderr]    Compiling serde_json v1.0.149
[INFO] [stderr]    Compiling try-lock v0.2.5
[INFO] [stderr]    Compiling want v0.3.1
[INFO] [stderr]    Compiling ring v0.17.14
[INFO] [stderr]    Compiling http v1.4.0
[INFO] [stderr]    Compiling byteorder v1.5.0
[INFO] [stderr]    Compiling log v0.4.29
[INFO] [stderr]    Compiling aws-lc-rs v1.17.0
[INFO] [stderr]    Compiling http-body v1.0.1
[INFO] [stderr]    Compiling ppv-lite86 v0.2.21
[INFO] [stderr]    Compiling synstructure v0.13.2
[INFO] [stderr]    Compiling bitflags v2.11.1
[INFO] [stderr]    Compiling rand_chacha v0.3.1
[INFO] [stderr]    Compiling ahash v0.8.12
[INFO] [stderr]    Compiling rand v0.8.6
[INFO] [stderr]    Compiling keccak v0.1.6
[INFO] [stderr]    Compiling radium v0.7.0
[INFO] [stderr]    Compiling spin v0.9.8
[INFO] [stderr]    Compiling secp256k1-sys v0.10.1
[INFO] [stderr]    Compiling curve25519-dalek v4.1.3
[INFO] [stderr]    Compiling form_urlencoded v1.2.2
[INFO] [stderr]    Compiling proc-macro2-diagnostics v0.10.1
[INFO] [stderr]    Compiling tap v1.0.1
[INFO] [stderr]    Compiling unicode-xid v0.2.6
[INFO] [stderr]    Compiling thiserror v2.0.18
[INFO] [stderr]    Compiling crunchy v0.2.4
[INFO] [stderr]    Compiling beef v0.5.2
[INFO] [stderr]    Compiling bech32 v0.9.1
[INFO] [stderr]    Compiling logos-codegen v0.14.4
[INFO] [stderr]    Compiling wyz v0.5.1
[INFO] [stderr]    Compiling darling_core v0.23.0
[INFO] [stderr]    Compiling aho-corasick v1.1.4
[INFO] [stderr]    Compiling zeroize_derive v1.4.3
[INFO] [stderr]    Compiling zeroize v1.8.2
[INFO] [stderr]    Compiling serde_derive v1.0.228
[INFO] [stderr]    Compiling crypto-common v0.1.7
[INFO] [stderr]    Compiling block-buffer v0.10.4
[INFO] [stderr]    Compiling digest v0.10.7
[INFO] [stderr]    Compiling zerofrom-derive v0.1.7
[INFO] [stderr]    Compiling yoke-derive v0.8.2
[INFO] [stderr]    Compiling zerovec-derive v0.11.3
[INFO] [stderr]    Compiling zerofrom v0.1.8
[INFO] [stderr]    Compiling displaydoc v0.2.5
[INFO] [stderr]    Compiling yoke v0.8.2
[INFO] [stderr]    Compiling futures-macro v0.3.32
[INFO] [stderr]    Compiling der v0.7.10
[INFO] [stderr]    Compiling sha2 v0.10.9
[INFO] [stderr]    Compiling zerovec v0.11.6
[INFO] [stderr]    Compiling zerotrie v0.2.4
[INFO] [stderr]    Compiling hmac v0.12.1
[INFO] [stderr]    Compiling signature v2.2.0
[INFO] [stderr]    Compiling futures-util v0.3.32
[INFO] [stderr]    Compiling crypto-bigint v0.5.5
[INFO] [stderr]    Compiling tracing-attributes v0.1.31
[INFO] [stderr]    Compiling tinystr v0.8.3
[INFO] [stderr]    Compiling icu_locale_core v2.2.0
[INFO] [stderr]    Compiling spki v0.7.3
[INFO] [stderr]    Compiling potential_utf v0.1.5
[INFO] [stderr]    Compiling icu_collections v2.2.0
[INFO] [stderr]    Compiling pkcs8 v0.10.2
[INFO] [stderr]    Compiling sec1 v0.7.3
[INFO] [stderr]    Compiling thiserror-impl v1.0.69
[INFO] [stderr]    Compiling icu_provider v2.2.0
[INFO] [stderr]    Compiling tracing v0.1.44
[INFO] [stderr]    Compiling elliptic-curve v0.13.8
[INFO] [stderr]    Compiling hex v0.4.3
[INFO] [stderr]    Compiling rfc6979 v0.4.0
[INFO] [stderr]    Compiling enum-ordinalize-derive v4.3.2
[INFO] [stderr]    Compiling icu_properties v2.2.0
[INFO] [stderr]    Compiling icu_normalizer v2.2.0
[INFO] [stderr]    Compiling bs58 v0.5.1
[INFO] [stderr]    Compiling ecdsa v0.16.9
[INFO] [stderr]    Compiling ripemd v0.1.3
[INFO] [stderr]    Compiling enum-ordinalize v4.3.2
[INFO] [stderr]    Compiling sha3 v0.10.9
[INFO] [stderr]    Compiling rustls-pki-types v1.14.1
[INFO] [stderr]    Compiling educe v0.6.0
[INFO] [stderr]    Compiling k256 v0.13.4
[INFO] [stderr]    Compiling thiserror-impl v2.0.18
[INFO] [stderr]    Compiling idna_adapter v1.2.2
[INFO] [stderr]    Compiling coins-core v0.8.7
[INFO] [stderr]    Compiling idna v1.1.0
[INFO] [stderr]    Compiling fuel-derive v0.66.4
[INFO] [stderr]    Compiling curve25519-dalek-derive v0.1.1
[INFO] [stderr]    Compiling heapless v0.7.17
[INFO] [stderr]    Compiling http v0.2.12
[INFO] [stderr]    Compiling rustls v0.23.40
[INFO] [stderr]    Compiling yansi v1.0.1
[INFO] [stderr]    Compiling funty v2.0.0
[INFO] [stderr]    Compiling atomic-waker v1.1.2
[INFO] [stderr]    Compiling hyper v1.9.0
[INFO] [stderr]    Compiling fuel-types v0.66.4
[INFO] [stderr]    Compiling bitvec v1.0.1
[INFO] [stderr]    Compiling url v2.5.8
[INFO] [stderr]    Compiling coins-bip32 v0.8.7
[INFO] [stderr]    Compiling primeorder v0.13.6
[INFO] [stderr]    Compiling ed25519 v2.2.3
[INFO] [stderr]    Compiling pbkdf2 v0.12.2
[INFO] [stderr]    Compiling darling_macro v0.23.0
[INFO] [stderr]    Compiling logos-derive v0.14.4
[INFO] [stderr]    Compiling regex-automata v0.4.14
[INFO] [stderr]    Compiling strum_macros v0.24.3
[INFO] [stderr]    Compiling darling_core v0.20.11
[INFO] [stderr]    Compiling tokio-util v0.7.18
[INFO] [stderr]    Compiling hash32 v0.2.1
[INFO] [stderr]    Compiling sync_wrapper v1.0.2
[INFO] [stderr]    Compiling time-core v0.1.8
[INFO] [stderr]    Compiling ipnet v2.12.0
[INFO] [stderr]    Compiling rustls v0.21.12
[INFO] [stderr]    Compiling tower-layer v0.3.3
[INFO] [stderr]    Compiling powerfmt v0.2.0
[INFO] [stderr]    Compiling num-conv v0.2.1
[INFO] [stderr]    Compiling either v1.15.0
[INFO] [stderr]    Compiling hyper-util v0.1.20
[INFO] [stderr]    Compiling time-macros v0.2.27
[INFO] [stderr]    Compiling deranged v0.5.8
[INFO] [stderr]    Compiling coins-bip39 v0.8.7
[INFO] [stderr]    Compiling strum v0.24.1
[INFO] [stderr]    Compiling h2 v0.3.27
[INFO] [stderr]    Compiling tower v0.5.3
[INFO] [stderr]    Compiling regex v1.12.3
[INFO] [stderr]    Compiling logos v0.14.4
[INFO] [stderr]    Compiling darling v0.23.0
[INFO] [stderr]    Compiling secp256k1 v0.30.0
[INFO] [stderr]    Compiling ed25519-dalek v2.2.0
[INFO] [stderr]    Compiling darling_macro v0.20.11
[INFO] [stderr]    Compiling p256 v0.13.2
[INFO] [stderr]    Compiling cobs v0.3.0
[INFO] [stderr]    Compiling ouroboros_macro v0.18.5
[INFO] [stderr]    Compiling http-body v0.4.6
[INFO] [stderr]    Compiling rustls-webpki v0.101.7
[INFO] [stderr]    Compiling sct v0.7.1
[INFO] [stderr]    Compiling derive_more-impl v1.0.0
[INFO] [stderr]    Compiling derive_more v0.99.20
[INFO] [stderr]    Compiling hashbrown v0.13.2
[INFO] [stderr]    Compiling lalrpop-util v0.22.2
[INFO] [stderr]    Compiling socket2 v0.5.10
[INFO] [stderr]    Compiling cookie v0.18.1
[INFO] [stderr]    Compiling base64ct v1.6.0
[INFO] [stderr]    Compiling libm v0.2.16
[INFO] [stderr]    Compiling unicode-segmentation v1.13.2
[INFO] [stderr]    Compiling aliasable v0.1.3
[INFO] [stderr]    Compiling httpdate v1.0.3
[INFO] [stderr]    Compiling fuel-storage v0.66.4
[INFO] [stderr]    Compiling derive_more v1.0.0
[INFO] [stderr]    Compiling fuel-merkle v0.66.4
[INFO] [stderr]    Compiling ouroboros v0.18.5
[INFO] [stderr]    Compiling fuel-crypto v0.66.4
[INFO] [stderr]    Compiling hashbrown v0.14.5
[INFO] [stderr]    Compiling convert_case v0.10.0
[INFO] [stderr]    Compiling hyper v0.14.32
[INFO] [stderr]    Compiling cynic-parser v0.11.1
[INFO] [stderr]    Compiling schemafy_core v0.5.2
[INFO] [stderr]    Compiling darling v0.20.11
[INFO] [stderr]    Compiling postcard v1.1.3
[INFO] [stderr]    Compiling Inflector v0.11.4
[INFO] [stderr]    Compiling serde_with_macros v3.20.0
[INFO] [stderr]    Compiling time v0.3.47
[INFO] [stderr]    Compiling tower-http v0.6.10
[INFO] [stderr]    Compiling fuel-asm v0.66.4
[INFO] [stderr]    Compiling itertools v0.10.5
[INFO] [stderr]    Compiling uint v0.9.5
[INFO] [stderr]    Compiling http-body-util v0.1.3
[INFO] [stderr]    Compiling fixed-hash v0.8.0
[INFO] [stderr]    Compiling rustls-pemfile v1.0.4
[INFO] [stderr]    Compiling litrs v1.0.0
[INFO] [stderr]    Compiling ref-cast v1.0.25
[INFO] [stderr]    Compiling strsim v0.10.0
[INFO] [stderr]    Compiling openssl-probe v0.1.6
[INFO] [stderr]    Compiling anyhow v1.0.102
[INFO] [stderr]    Compiling openssl-probe v0.2.1
[INFO] [stderr]    Compiling psl-types v2.0.11
[INFO] [stderr]    Compiling rustc-hex v2.1.0
[INFO] [stderr]    Compiling publicsuffix v2.3.0
[INFO] [stderr]    Compiling rustls-native-certs v0.8.3
[INFO] [stderr]    Compiling substrate-bn v0.6.0
[INFO] [stderr]    Compiling cynic-codegen v3.13.2
[INFO] [stderr]    Compiling rustls-native-certs v0.6.3
[INFO] [stderr]    Compiling document-features v0.2.12
[INFO] [stderr]    Compiling serde_urlencoded v0.7.1
[INFO] [stderr]    Compiling tokio-rustls v0.24.1
[INFO] [stderr]    Compiling primitive-types v0.12.2
[INFO] [stderr]    Compiling serde_with v3.20.0
[INFO] [stderr]    Compiling fuel-tx v0.66.4
[INFO] [stderr]    Compiling schemafy_lib v0.5.2
[INFO] [stderr]    Compiling derive_more-impl v2.1.1
[INFO] [stderr]    Compiling parking_lot_core v0.9.12
[INFO] [stderr]    Compiling futures-executor v0.3.32
[INFO] [stderr]    Compiling async-trait v0.1.89
[INFO] [stderr]    Compiling pin-project-internal v1.1.13
[INFO] [stderr]    Compiling ref-cast-impl v1.0.25
[INFO] [stderr]    Compiling tokio-io-timeout v1.2.1
[INFO] [stderr]    Compiling webpki-roots v0.25.4
[INFO] [stderr]    Compiling ethnum v1.5.3
[INFO] [stderr]    Compiling hyper-rustls v0.24.2
[INFO] [stderr]    Compiling hyper-timeout v0.4.1
[INFO] [stderr]    Compiling parking_lot v0.12.5
[INFO] [stderr]    Compiling futures v0.3.32
[INFO] [stderr]    Compiling fuel-core-client v0.48.2 (/opt/rustwide/workdir)
[INFO] [stderr]    Compiling cookie_store v0.22.1
[INFO] [stderr]    Compiling pin-project v1.1.13
[INFO] [stderr]    Compiling reqwest v0.12.28
[INFO] [stderr]    Compiling tai64 v4.0.0
[INFO] [stderr]    Compiling secrecy v0.8.0
[INFO] [stderr]    Compiling eventsource-client v0.13.0
[INFO] [stderr]    Compiling itertools v0.14.0
[INFO] [stderr]    Compiling cynic-proc-macros v3.13.2
[INFO] [stderr]    Compiling cynic v3.12.0
[INFO] [stderr]    Compiling derive_more v2.1.1
[INFO] [stderr]    Compiling fuel-vm v0.66.4
[INFO] [stderr]    Compiling fuel-core-types v0.48.2
[INFO] [stderr]    Compiling rustls-webpki v0.103.13
[INFO] [stderr]    Compiling tokio-rustls v0.26.4
[INFO] [stderr]    Compiling rustls-platform-verifier v0.7.0
[INFO] [stderr]    Compiling hyper-rustls v0.27.9
[INFO] [stderr]    Compiling reqwest v0.13.3
[INFO] [stderr]     Finished `dev` profile [unoptimized + debuginfo] target(s) in 2m 45s
[INFO] running `Command { std: "docker" "inspect" "5f694d87a369c68ed2052d29ab0b52bcd9260f98d1ea7097c836a23ac5520a74", kill_on_drop: false }`
[INFO] running `Command { std: "docker" "exec" "-e" "SOURCE_DIR=/opt/rustwide/workdir" "-e" "CARGO_HOME=/opt/rustwide/cargo-home" "-e" "RUSTUP_HOME=/opt/rustwide/rustup-home" "-e" "CARGO_TARGET_DIR=/opt/rustwide/target" "-e" "CARGO_INCREMENTAL=0" "-e" "RUST_BACKTRACE=full" "-e" "RUSTFLAGS=--cap-lints=warn" "-e" "RUSTDOCFLAGS=--cap-lints=warn" "-w" "/opt/rustwide/workdir" "--user" "0:0" "5f694d87a369c68ed2052d29ab0b52bcd9260f98d1ea7097c836a23ac5520a74" "/opt/rustwide/cargo-home/bin/cargo" "+1.98.0-beta.1" "test" "--frozen" "--no-run" "--message-format=json", kill_on_drop: false }`
[INFO] [stderr]    Compiling regex-syntax v0.8.10
[INFO] [stderr]    Compiling bitflags v2.11.1
[INFO] [stderr]    Compiling getrandom v0.3.4
[INFO] [stderr]    Compiling getrandom v0.4.2
[INFO] [stderr]    Compiling fuel-types v0.66.4
[INFO] [stderr]    Compiling autocfg v1.5.0
[INFO] [stderr]    Compiling wait-timeout v0.2.1
[INFO] [stderr]    Compiling quick-error v1.2.3
[INFO] [stderr]    Compiling rustix v1.1.4
[INFO] [stderr]    Compiling tower-http v0.6.10
[INFO] [stderr]    Compiling bit-vec v0.8.0
[INFO] [stderr]    Compiling rand_core v0.9.5
[INFO] [stderr]    Compiling rand v0.9.4
[INFO] [stderr]    Compiling num-traits v0.2.19
[INFO] [stderr]    Compiling rand_xorshift v0.4.0
[INFO] [stderr]    Compiling rand_chacha v0.9.0
[INFO] [stderr]    Compiling bit-set v0.8.0
[INFO] [stderr]    Compiling unarray v0.1.4
[INFO] [stderr]    Compiling reqwest v0.12.28
[INFO] [stderr]    Compiling reqwest v0.13.3
[INFO] [stderr]    Compiling console v0.16.3
[INFO] [stderr]    Compiling fuel-crypto v0.66.4
[INFO] [stderr]    Compiling fuel-asm v0.66.4
[INFO] [stderr]    Compiling similar v2.7.0
[INFO] [stderr]    Compiling tempfile v3.27.0
[INFO] [stderr]    Compiling rusty-fork v0.3.1
[INFO] [stderr]    Compiling logos-codegen v0.14.4
[INFO] [stderr]    Compiling regex-automata v0.4.14
[INFO] [stderr]    Compiling proptest v1.11.0
[INFO] [stderr]    Compiling insta v1.47.2
[INFO] [stderr]    Compiling logos-derive v0.14.4
[INFO] [stderr]    Compiling logos v0.14.4
[INFO] [stderr]    Compiling cynic-parser v0.11.1
[INFO] [stderr]    Compiling fuel-tx v0.66.4
[INFO] [stderr]    Compiling regex v1.12.3
[INFO] [stderr]    Compiling Inflector v0.11.4
[INFO] [stderr]    Compiling schemafy_lib v0.5.2
[INFO] [stderr]    Compiling fuel-core-client v0.48.2 (/opt/rustwide/workdir)
[INFO] [stderr]    Compiling cynic-codegen v3.13.2
[INFO] [stderr]    Compiling cynic-proc-macros v3.13.2
[INFO] [stderr]    Compiling cynic v3.12.0
[INFO] [stderr]    Compiling fuel-vm v0.66.4
[INFO] [stderr]    Compiling fuel-core-types v0.48.2
[INFO] [stderr]     Finished `test` profile [unoptimized + debuginfo] target(s) in 1m 10s
[INFO] running `Command { std: "docker" "inspect" "5f694d87a369c68ed2052d29ab0b52bcd9260f98d1ea7097c836a23ac5520a74", kill_on_drop: false }`
[INFO] running `Command { std: "docker" "exec" "-e" "SOURCE_DIR=/opt/rustwide/workdir" "-e" "CARGO_HOME=/opt/rustwide/cargo-home" "-e" "RUSTUP_HOME=/opt/rustwide/rustup-home" "-e" "CARGO_TARGET_DIR=/opt/rustwide/target" "-e" "CARGO_INCREMENTAL=0" "-e" "RUST_BACKTRACE=full" "-e" "RUSTFLAGS=--cap-lints=warn" "-e" "RUSTDOCFLAGS=--cap-lints=warn" "-w" "/opt/rustwide/workdir" "--user" "0:0" "5f694d87a369c68ed2052d29ab0b52bcd9260f98d1ea7097c836a23ac5520a74" "/opt/rustwide/cargo-home/bin/cargo" "+1.98.0-beta.1" "test" "--frozen", kill_on_drop: false }`
[INFO] [stderr]     Finished `test` profile [unoptimized + debuginfo] target(s) in 0.69s
[INFO] [stderr]      Running unittests src/lib.rs (/opt/rustwide/target/debug/deps/fuel_core_client-f977842231b65d77)
[INFO] [stdout] 
[INFO] [stdout] running 32 tests
[INFO] [stdout] test client::schema::block::tests::block_by_height_query_gql_output ... ok
[INFO] [stdout] test client::schema::balance::tests::balance_query_gql_output ... ok
[INFO] [stdout] test client::schema::block::tests::block_by_id_query_gql_output ... ok
[INFO] [stdout] test client::schema::block::tests::block_mutation_query_gql_output ... ok
[INFO] [stdout] test client::schema::chain::tests::chain_gql_query_output ... ok
[INFO] [stdout] test client::schema::block::tests::blocks_connection_query_gql_output ... ok
[INFO] [stdout] test client::schema::balance::tests::balances_connection_query_gql_output ... ok
[INFO] [stdout] test client::schema::chain::tests::chain_gql_legacy_query_output ... ok
[INFO] [stdout] test client::schema::chain::tests::unknown_consensus_versions_degrade_to_supported_v2_shape ... ok
[INFO] [stdout] test client::schema::chain::tests::unknown_legacy_gas_costs_version_degrades_to_v6 ... ok
[INFO] [stdout] test client::schema::coins::tests::coin_by_id_query_gql_output ... ok
[INFO] [stdout] test client::schema::da_compressed::tests::block_by_height_query_gql_output ... ok
[INFO] [stdout] test client::schema::coins::tests::coins_connection_query_gql_output ... ok
[INFO] [stdout] test client::schema::gas_price::tests::latest_gas_price_query_gql_output ... ok
[INFO] [stdout] test client::schema::node_info::tests::node_info_query_gql_output ... ok
[INFO] [stdout] test client::schema::gas_price::tests::estimate_gas_price_query_gql_output ... ok
[INFO] [stdout] test client::schema::node_info::tests::peers_info_query_gql_output ... ok
[INFO] [stdout] test client::schema::message::tests::owned_message_query_gql_output ... ok
[INFO] [stdout] test client::schema::storage_read_replay::tests::storage_read_replay_gql_output ... ok
[INFO] [stdout] test client::schema::tx::tests::dry_run_tx_gql_output ... ok
[INFO] [stdout] test client::tests::is_legacy_node_version_detection ... ok
[INFO] [stdout] test client::schema::tx::tests::transactions_by_owner_gql_output ... ok
[INFO] [stdout] test client::schema::tx::tests::submit_tx_gql_output ... ok
[INFO] [stdout] test client::schema::tx::tests::transparent_transaction_by_id_query_gql_output ... ok
[INFO] [stdout] test client::schema::contract::tests::contract_by_id_query_gql_output ... ok
[INFO] [stdout] test client::schema::upgrades::tests::consensus_parameters_legacy_query_output ... ok
[INFO] [stdout] test client::schema::tx::tests::transactions_connection_query_gql_output ... ok
[INFO] [stdout] test client::schema::tx::tests::opaque_transaction_by_id_query_gql_output ... ok
[INFO] [stdout] test client::tests::with_urls_overwrites_existing_path ... ok
[INFO] [stdout] test client::tests::with_urls_adds_http_scheme_if_missing ... ok
[INFO] [stdout] test client::tests::with_urls_normalizes_urls_to_graphql_endpoint ... ok
[INFO] [stdout] test client::tests::new_and_with_urls_produce_same_url ... ok
[INFO] [stdout] 
[INFO] [stdout] test result: ok. 32 passed; 0 failed; 0 ignored; 0 measured; 0 filtered out; finished in 0.30s
[INFO] [stdout] 
[INFO] [stderr]    Doc-tests fuel_core_client
[INFO] [stdout] 
[INFO] [stdout] running 1 test
[INFO] [stdout] test src/reqwest_ext.rs - reqwest_ext::ReqwestExt (line 69) - compile ... FAILED
[INFO] [stdout] 
[INFO] [stdout] failures:
[INFO] [stdout] 
[INFO] [stdout] ---- src/reqwest_ext.rs - reqwest_ext::ReqwestExt (line 69) stdout ----
[INFO] [stdout] error: proc macro panicked
[INFO] [stdout]   --> src/reqwest_ext.rs:71:3
[INFO] [stdout]    |
[INFO] [stdout] 71 |   cynic::use_schema!("../schemas/starwars.schema.graphql");
[INFO] [stdout]    |   ^^^^^^^^^^^^^^^^^^^^^^^^^^^^^^^^^^^^^^^^^^^^^^^^^^^^^^^^
[INFO] [stdout]    |
[INFO] [stdout]    = help: message: called `Result::unwrap()` on an `Err` value: Errors { errors: [Error("Could not find file: ../schemas/starwars.schema.graphql")] }
[INFO] [stdout] 
[INFO] [stdout] error: Could not find file: ../schemas/starwars.schema.graphql
[INFO] [stdout]   --> src/reqwest_ext.rs:76:18
[INFO] [stdout]    |
[INFO] [stdout] 76 |    schema_path = "../schemas/starwars.schema.graphql",
[INFO] [stdout]    |                  ^^^^^^^^^^^^^^^^^^^^^^^^^^^^^^^^^^^^
[INFO] [stdout] 
[INFO] [stdout] error: Could not find file: ../schemas/starwars.schema.graphql
[INFO] [stdout]   --> src/reqwest_ext.rs:86:19
[INFO] [stdout]    |
[INFO] [stdout] 86 |     schema_path = "../schemas/starwars.schema.graphql",
[INFO] [stdout]    |                   ^^^^^^^^^^^^^^^^^^^^^^^^^^^^^^^^^^^^
[INFO] [stdout] 
[INFO] [stdout] error[E0599]: the associated function or constant `build` exists for struct `FilmDirectorQuery`, but its trait bounds were not satisfied
[INFO] [stdout]   --> src/reqwest_ext.rs:97:36
[INFO] [stdout]    |
[INFO] [stdout] 90 | struct FilmDirectorQuery {
[INFO] [stdout]    | ------------------------ associated function or constant `build` not found for this struct because it doesn't satisfy `<_ as QueryFragment>::VariablesFields = _`, `FilmDirectorQuery: QueryBuilder<_>` or `FilmDirectorQuery: QueryFragment`
[INFO] [stdout] ...
[INFO] [stdout] 97 | let operation = FilmDirectorQuery::build(());
[INFO] [stdout]    |                                    ^^^^^ associated function or constant cannot be called on `FilmDirectorQuery` due to unsatisfied trait bounds
[INFO] [stdout]    |
[INFO] [stdout]    = note: the following trait bounds were not satisfied:
[INFO] [stdout]            `<FilmDirectorQuery as QueryFragment>::VariablesFields = _`
[INFO] [stdout]            which is required by `FilmDirectorQuery: QueryBuilder<_>`
[INFO] [stdout]            `FilmDirectorQuery: QueryFragment`
[INFO] [stdout]            which is required by `FilmDirectorQuery: QueryBuilder<_>`
[INFO] [stdout]            `<&FilmDirectorQuery as QueryFragment>::VariablesFields = _`
[INFO] [stdout]            which is required by `&FilmDirectorQuery: QueryBuilder<_>`
[INFO] [stdout]            `&FilmDirectorQuery: QueryFragment`
[INFO] [stdout]            which is required by `&FilmDirectorQuery: QueryBuilder<_>`
[INFO] [stdout]            `<&mut FilmDirectorQuery as QueryFragment>::VariablesFields = _`
[INFO] [stdout]            which is required by `&mut FilmDirectorQuery: QueryBuilder<_>`
[INFO] [stdout]            `&mut FilmDirectorQuery: QueryFragment`
[INFO] [stdout]            which is required by `&mut FilmDirectorQuery: QueryBuilder<_>`
[INFO] [stdout] note: the trait `QueryFragment` must be implemented
[INFO] [stdout]   --> /opt/rustwide/cargo-home/registry/src/index.crates.io-1949cf8c6b5b557f/cynic-3.12.0/src/core.rs:8:1
[INFO] [stdout]    |
[INFO] [stdout]  8 | pub trait QueryFragment: Sized {
[INFO] [stdout]    | ^^^^^^^^^^^^^^^^^^^^^^^^^^^^^^
[INFO] [stdout]    = help: items from traits can only be used if the trait is implemented and in scope
[INFO] [stdout]    = note: the following traits define an item `build`, perhaps you need to implement one of them:
[INFO] [stdout]            candidate #1: `MutationBuilder`
[INFO] [stdout]            candidate #2: `QueryBuilder`
[INFO] [stdout]            candidate #3: `SubscriptionBuilder`
[INFO] [stdout] 
[INFO] [stdout] error[E0599]: no method named `run_graphql` found for struct `RequestBuilder` in the current scope
[INFO] [stdout]    --> src/reqwest_ext.rs:101:6
[INFO] [stdout]     |
[INFO] [stdout] 100 |   let response = client.post("https://swapi-graphql.netlify.app/.netlify/functions/index")
[INFO] [stdout]     |  ________________-
[INFO] [stdout] 101 | |     .run_graphql(operation)
[INFO] [stdout]     | |     -^^^^^^^^^^^ method not found in `RequestBuilder`
[INFO] [stdout]     | |_____|
[INFO] [stdout]     |
[INFO] [stdout] 
[INFO] [stdout] error: aborting due to 5 previous errors
[INFO] [stdout] 
[INFO] [stdout] For more information about this error, try `rustc --explain E0599`.
[INFO] [stdout] Couldn't compile the test.
[INFO] [stdout] 
[INFO] [stdout] failures:
[INFO] [stdout]     src/reqwest_ext.rs - reqwest_ext::ReqwestExt (line 69)
[INFO] [stdout] 
[INFO] [stdout] test result: FAILED. 0 passed; 1 failed; 0 ignored; 0 measured; 0 filtered out; finished in 0.13s
[INFO] [stdout] 
[INFO] [stdout] all doctests ran in 0.40s; merged doctests compilation took 0.27s
[INFO] [stderr] error: doctest failed, to rerun pass `--doc`
[INFO] running `Command { std: "docker" "inspect" "5f694d87a369c68ed2052d29ab0b52bcd9260f98d1ea7097c836a23ac5520a74", kill_on_drop: false }`
[INFO] running `Command { std: "docker" "rm" "-f" "5f694d87a369c68ed2052d29ab0b52bcd9260f98d1ea7097c836a23ac5520a74", kill_on_drop: false }`
[INFO] [stdout] 5f694d87a369c68ed2052d29ab0b52bcd9260f98d1ea7097c836a23ac5520a74
