[INFO] fetching crate cyaxon-authifier 0.1.0...
[INFO] testing cyaxon-authifier-0.1.0 against 1.97.0-beta.6 for beta-1.98-2
[INFO] extracting crate cyaxon-authifier 0.1.0 into /workspace/builds/worker-1-tc1/source
[INFO] started tweaking crates.io crate cyaxon-authifier 0.1.0
[INFO] finished tweaking crates.io crate cyaxon-authifier 0.1.0
[INFO] tweaked toml for crates.io crate cyaxon-authifier 0.1.0 written to /workspace/builds/worker-1-tc1/source/Cargo.toml
[INFO] validating manifest of crates.io crate cyaxon-authifier 0.1.0 on toolchain 1.97.0-beta.6
[INFO] running `Command { std: CARGO_HOME="/workspace/cargo-home" RUSTUP_HOME="/workspace/rustup-home" "/workspace/cargo-home/bin/cargo" "+1.97.0-beta.6" "metadata" "--manifest-path" "Cargo.toml" "--no-deps", kill_on_drop: false }`
[INFO] running `Command { std: CARGO_HOME="/workspace/cargo-home" RUSTUP_HOME="/workspace/rustup-home" "/workspace/cargo-home/bin/cargo" "+1.97.0-beta.6" "generate-lockfile" "--manifest-path" "Cargo.toml", kill_on_drop: false }`
[INFO] [stderr]     Blocking waiting for file lock on package cache
[INFO] [stderr]     Updating crates.io index
[INFO] [stderr]     Blocking waiting for file lock on package cache
[INFO] [stderr]      Locking 393 packages to latest compatible versions
[INFO] [stderr]       Adding base32 v0.4.0 (available: v0.5.1)
[INFO] [stderr]       Adding bcrypt v0.15.1 (available: v0.19.2)
[INFO] [stderr]       Adding bson v2.15.0 (available: v3.1.0)
[INFO] [stderr]       Adding generic-array v0.14.7 (available: v0.14.9)
[INFO] [stderr]       Adding handlebars v4.5.0 (available: v6.4.3)
[INFO] [stderr]       Adding iso8601-timestamp v0.1.11 (available: v0.4.0)
[INFO] [stderr]       Adding lettre v0.10.4 (available: v0.11.22)
[INFO] [stderr]       Adding mongodb v2.6.1 (available: v2.8.2)
[INFO] [stderr]       Adding nanoid v0.4.0 (available: v0.5.0)
[INFO] [stderr]       Adding rand v0.8.7 (available: v0.10.2)
[INFO] [stderr]       Adding reqwest v0.11.27 (available: v0.13.4)
[INFO] [stderr]       Adding schemars v0.8.22 (available: v1.2.1)
[INFO] [stderr]       Adding ulid v0.5.0 (available: v2.0.1)
[INFO] [stderr]       Adding validator v0.15.0 (available: v0.20.0)
[INFO] running `Command { std: CARGO_HOME="/workspace/cargo-home" RUSTUP_HOME="/workspace/rustup-home" "/workspace/cargo-home/bin/cargo" "+1.97.0-beta.6" "fetch" "--manifest-path" "Cargo.toml", kill_on_drop: false }`
[INFO] [stderr]     Blocking waiting for file lock on package cache
[INFO] [stderr]     Blocking waiting for file lock on package cache
[INFO] [stderr]  Downloading crates ...
[INFO] [stderr]   Downloaded validator v0.15.0
[INFO] [stderr]   Downloaded matches v0.1.10
[INFO] [stderr]   Downloaded ulid v0.5.0
[INFO] [stderr]   Downloaded is-terminal v0.4.17
[INFO] [stderr]   Downloaded time-core v0.1.9
[INFO] [stderr]   Downloaded http-body v0.4.6
[INFO] [stderr]   Downloaded devise v0.4.2
[INFO] [stderr]   Downloaded scoped-tls v1.0.1
[INFO] [stderr]   Downloaded async-global-executor v2.4.1
[INFO] [stderr]   Downloaded totp-lite v2.0.1
[INFO] [stderr]   Downloaded ubyte v0.10.4
[INFO] [stderr]   Downloaded uncased v0.9.10
[INFO] [stderr]   Downloaded pear_codegen v0.2.9
[INFO] [stderr]   Downloaded proc-macro2-diagnostics v0.10.1
[INFO] [stderr]   Downloaded httpdate v1.0.3
[INFO] [stderr]   Downloaded devise_codegen v0.4.2
[INFO] [stderr]   Downloaded atomic v0.6.1
[INFO] [stderr]   Downloaded binascii v0.1.4
[INFO] [stderr]   Downloaded atomic v0.5.3
[INFO] [stderr]   Downloaded thread_local v1.1.10
[INFO] [stderr]   Downloaded async-channel v1.9.0
[INFO] [stderr]   Downloaded sha1 v0.10.7
[INFO] [stderr]   Downloaded wasm-bindgen-futures v0.4.76
[INFO] [stderr]   Downloaded system-configuration v0.5.1
[INFO] [stderr]   Downloaded system-configuration-sys v0.5.0
[INFO] [stderr]   Downloaded sync_wrapper v0.1.2
[INFO] [stderr]   Downloaded hyper-tls v0.5.0
[INFO] [stderr]   Downloaded nanoid v0.4.0
[INFO] [stderr]   Downloaded deranged v0.5.8
[INFO] [stderr]   Downloaded generator v0.7.5
[INFO] [stderr]   Downloaded untrusted v0.7.1
[INFO] [stderr]   Downloaded spin v0.5.2
[INFO] [stderr]   Downloaded rustc_version v0.2.3
[INFO] [stderr]   Downloaded convert_case v0.4.0
[INFO] [stderr]   Downloaded hostname v0.3.1
[INFO] [stderr]   Downloaded cyaxon_okapi v0.9.2
[INFO] [stderr]   Downloaded fastrand v1.9.0
[INFO] [stderr]   Downloaded stable-pattern v0.1.0
[INFO] [stderr]   Downloaded devise_core v0.4.2
[INFO] [stderr]   Downloaded multer v3.1.0
[INFO] [stderr]   Downloaded match_cfg v0.1.0
[INFO] [stderr]   Downloaded cyaxon_rocket_okapi_codegen v0.9.2
[INFO] [stderr]   Downloaded bcrypt v0.15.1
[INFO] [stderr]   Downloaded event-listener v2.5.3
[INFO] [stderr]   Downloaded heck v0.4.1
[INFO] [stderr]   Downloaded strsim v0.10.0
[INFO] [stderr]   Downloaded windows-registry v0.6.1
[INFO] [stderr]   Downloaded take_mut v0.2.2
[INFO] [stderr]   Downloaded sha-1 v0.10.1
[INFO] [stderr]   Downloaded darling_macro v0.13.4
[INFO] [stderr]   Downloaded rustc_version_runtime v0.2.1
[INFO] [stderr]   Downloaded pbkdf2 v0.11.0
[INFO] [stderr]   Downloaded serde_bytes v0.11.19
[INFO] [stderr]   Downloaded lru-cache v0.1.2
[INFO] [stderr]   Downloaded gloo-timers v0.3.0
[INFO] [stderr]   Downloaded base32 v0.4.0
[INFO] [stderr]   Downloaded email-encoding v0.2.1
[INFO] [stderr]   Downloaded async-attributes v1.1.2
[INFO] [stderr]   Downloaded num-conv v0.2.2
[INFO] [stderr]   Downloaded state v0.6.0
[INFO] [stderr]   Downloaded pear v0.2.9
[INFO] [stderr]   Downloaded inlinable_string v0.1.15
[INFO] [stderr]   Downloaded schemars_derive v0.8.22
[INFO] [stderr]   Downloaded serde_derive_internals v0.29.1
[INFO] [stderr]   Downloaded async-std-resolver v0.21.2
[INFO] [stderr]   Downloaded winreg v0.50.0
[INFO] [stderr]   Downloaded rustls-pemfile v1.0.4
[INFO] [stderr]   Downloaded ipconfig v0.3.4
[INFO] [stderr]   Downloaded serde_with_macros v1.5.2
[INFO] [stderr]   Downloaded darling v0.13.4
[INFO] [stderr]   Downloaded semver v0.9.0
[INFO] [stderr]   Downloaded time-macros v0.2.31
[INFO] [stderr]   Downloaded nu-ansi-term v0.50.3
[INFO] [stderr]   Downloaded spin v0.9.9
[INFO] [stderr]   Downloaded typed-builder v0.10.0
[INFO] [stderr]   Downloaded enum-as-inner v0.4.0
[INFO] [stderr]   Downloaded resolv-conf v0.7.6
[INFO] [stderr]   Downloaded tokio-rustls v0.23.4
[INFO] [stderr]   Downloaded sct v0.7.1
[INFO] [stderr]   Downloaded stringprep v0.1.5
[INFO] [stderr]   Downloaded semver-parser v0.7.0
[INFO] [stderr]   Downloaded piper v0.2.5
[INFO] [stderr]   Downloaded async-channel v2.5.0
[INFO] [stderr]   Downloaded async-signal v0.2.14
[INFO] [stderr]   Downloaded async-executor v1.14.0
[INFO] [stderr]   Downloaded email_address v0.2.9
[INFO] [stderr]   Downloaded pest_generator v2.8.7
[INFO] [stderr]   Downloaded pin-project-lite v0.1.12
[INFO] [stderr]   Downloaded quoted_printable v0.4.8
[INFO] [stderr]   Downloaded cookie v0.18.1
[INFO] [stderr]   Downloaded async-process v2.5.0
[INFO] [stderr]   Downloaded blocking v1.6.2
[INFO] [stderr]   Downloaded iso8601-timestamp v0.1.11
[INFO] [stderr]   Downloaded blowfish v0.9.1
[INFO] [stderr]   Downloaded socket2 v0.5.10
[INFO] [stderr]   Downloaded kv-log-macro v1.0.7
[INFO] [stderr]   Downloaded derive_more v0.99.20
[INFO] [stderr]   Downloaded pest_meta v2.8.7
[INFO] [stderr]   Downloaded bytemuck v1.25.1
[INFO] [stderr]   Downloaded unicode-properties v0.1.4
[INFO] [stderr]   Downloaded async-task v4.7.1
[INFO] [stderr]   Downloaded value-bag v1.13.0
[INFO] [stderr]   Downloaded schemars v0.8.22
[INFO] [stderr]   Downloaded pest_derive v2.8.7
[INFO] [stderr]   Downloaded webpki v0.22.4
[INFO] [stderr]   Downloaded data-encoding v2.11.0
[INFO] [stderr]   Downloaded socket2 v0.4.10
[INFO] [stderr]   Downloaded darling_core v0.13.4
[INFO] [stderr]   Downloaded futures-lite v2.6.1
[INFO] [stderr]   Downloaded figment v0.10.19
[INFO] [stderr]   Downloaded openssl-sys v0.9.117
[INFO] [stderr]   Downloaded async-io v2.6.0
[INFO] [stderr]   Downloaded polling v3.11.0
[INFO] [stderr]   Downloaded bytes v0.5.6
[INFO] [stderr]   Downloaded handlebars v4.5.0
[INFO] [stderr]   Downloaded trust-dns-resolver v0.21.2
[INFO] [stderr]   Downloaded loom v0.5.6
[INFO] [stderr]   Downloaded rocket_http v0.5.1
[INFO] [stderr]   Downloaded http v0.2.12
[INFO] [stderr]   Downloaded unicode-normalization v0.1.25
[INFO] [stderr]   Downloaded base64 v0.21.7
[INFO] [stderr]   Downloaded rand v0.9.5
[INFO] [stderr]   Downloaded serde_with v1.14.0
[INFO] [stderr]   Downloaded lettre v0.10.4
[INFO] [stderr]   Downloaded rocket_codegen v0.5.1
[INFO] [stderr]   Downloaded bson v2.15.0
[INFO] [stderr]   Downloaded pest v2.8.7
[INFO] [stderr]   Downloaded reqwest v0.11.27
[INFO] [stderr]   Downloaded hyper v0.14.32
[INFO] [stderr]   Downloaded h2 v0.3.27
[INFO] [stderr]   Downloaded async-std v1.13.2
[INFO] [stderr]   Downloaded bitvec v1.1.1
[INFO] [stderr]   Downloaded tracing-subscriber v0.3.23
[INFO] [stderr]   Downloaded idna v0.3.0
[INFO] [stderr]   Downloaded chrono v0.4.45
[INFO] [stderr]   Downloaded webpki-roots v0.22.6
[INFO] [stderr]   Downloaded idna v0.2.3
[INFO] [stderr]   Downloaded rustls v0.20.9
[INFO] [stderr]   Downloaded openssl v0.10.81
[INFO] [stderr]   Downloaded trust-dns-proto v0.21.2
[INFO] [stderr]   Downloaded rocket v0.5.1
[INFO] [stderr]   Downloaded time v0.3.53
[INFO] [stderr]   Downloaded tokio v0.2.25
[INFO] [stderr]   Downloaded cyaxon_rocket_okapi v0.9.2
[INFO] [stderr]   Downloaded mongodb v2.6.1
[INFO] [stderr]   Downloaded ring v0.16.20
[INFO] [stderr]   Downloaded windows v0.48.0
[INFO] running `Command { std: "docker" "create" "-v" "/var/lib/crater-agent-workspace/builds/worker-1-tc1/source:/opt/rustwide/workdir:ro,Z" "-v" "/var/lib/crater-agent-workspace/builds/worker-1-tc1/target:/opt/rustwide/target:rw,Z" "-v" "/var/lib/crater-agent-workspace/cargo-home:/opt/rustwide/cargo-home:ro,Z" "-v" "/var/lib/crater-agent-workspace/rustup-home:/opt/rustwide/rustup-home:ro,Z" "-m" "1610612736" "--network" "none" "ghcr.io/rust-lang/crates-build-env/linux@sha256:3d5ced03c013a94a2f102a4510f48a6e9184255caf5fd8244f58017bde7f5210" "sleep" "infinity", kill_on_drop: false }`
[INFO] [stdout] 2fdc7f2ab3095d29242e6e5448293d2f5c1ce9656689049f6528ee33ba06228b
[INFO] running `Command { std: "docker" "start" "2fdc7f2ab3095d29242e6e5448293d2f5c1ce9656689049f6528ee33ba06228b", kill_on_drop: false }`
[INFO] running `Command { std: "docker" "inspect" "2fdc7f2ab3095d29242e6e5448293d2f5c1ce9656689049f6528ee33ba06228b", kill_on_drop: false }`
[INFO] running `Command { std: "docker" "exec" "-e" "SOURCE_DIR=/opt/rustwide/workdir" "-e" "CARGO_HOME=/opt/rustwide/cargo-home" "-e" "RUSTUP_HOME=/opt/rustwide/rustup-home" "-e" "CARGO_TARGET_DIR=/opt/rustwide/target" "-w" "/opt/rustwide/workdir" "--user" "0:0" "2fdc7f2ab3095d29242e6e5448293d2f5c1ce9656689049f6528ee33ba06228b" "/opt/rustwide/cargo-home/bin/cargo" "+1.97.0-beta.6" "metadata" "--no-deps" "--format-version=1", kill_on_drop: false }`
[INFO] running `Command { std: "docker" "inspect" "2fdc7f2ab3095d29242e6e5448293d2f5c1ce9656689049f6528ee33ba06228b", kill_on_drop: false }`
[INFO] running `Command { std: "docker" "exec" "-e" "SOURCE_DIR=/opt/rustwide/workdir" "-e" "CARGO_HOME=/opt/rustwide/cargo-home" "-e" "RUSTUP_HOME=/opt/rustwide/rustup-home" "-e" "CARGO_TARGET_DIR=/opt/rustwide/target" "-e" "CARGO_INCREMENTAL=0" "-e" "RUST_BACKTRACE=full" "-e" "RUSTFLAGS=--cap-lints=warn" "-e" "RUSTDOCFLAGS=--cap-lints=warn" "-w" "/opt/rustwide/workdir" "--user" "0:0" "2fdc7f2ab3095d29242e6e5448293d2f5c1ce9656689049f6528ee33ba06228b" "/opt/rustwide/cargo-home/bin/cargo" "+1.97.0-beta.6" "build" "--frozen" "--message-format=json", kill_on_drop: false }`
[INFO] [stderr]    Compiling proc-macro2 v1.0.106
[INFO] [stderr]    Compiling unicode-ident v1.0.24
[INFO] [stderr]    Compiling quote v1.0.46
[INFO] [stderr]    Compiling libc v0.2.186
[INFO] [stderr]    Compiling cfg-if v1.0.4
[INFO] [stderr]    Compiling pin-project-lite v0.2.17
[INFO] [stderr]    Compiling memchr v2.8.3
[INFO] [stderr]    Compiling shlex v2.0.1
[INFO] [stderr]    Compiling find-msvc-tools v0.1.9
[INFO] [stderr]    Compiling futures-core v0.3.32
[INFO] [stderr]    Compiling version_check v0.9.5
[INFO] [stderr]    Compiling futures-io v0.3.32
[INFO] [stderr]    Compiling slab v0.4.12
[INFO] [stderr]    Compiling stable_deref_trait v1.2.1
[INFO] [stderr]    Compiling cc v1.2.67
[INFO] [stderr]    Compiling crossbeam-utils v0.8.22
[INFO] [stderr]    Compiling typenum v1.20.1
[INFO] [stderr]    Compiling syn v1.0.109
[INFO] [stderr]    Compiling generic-array v0.14.7
[INFO] [stderr]    Compiling once_cell v1.21.4
[INFO] [stderr]    Compiling bytes v1.12.1
[INFO] [stderr]    Compiling bitflags v2.13.0
[INFO] [stderr]    Compiling zerocopy v0.8.54
[INFO] [stderr]    Compiling value-bag v1.13.0
[INFO] [stderr]    Compiling concurrent-queue v2.5.0
[INFO] [stderr]    Compiling parking v2.2.1
[INFO] [stderr]    Compiling syn v2.0.118
[INFO] [stderr]    Compiling getrandom v0.2.17
[INFO] [stderr]    Compiling log v0.4.33
[INFO] [stderr]    Compiling mio v1.2.2
[INFO] [stderr]    Compiling socket2 v0.6.5
[INFO] [stderr]    Compiling futures-sink v0.3.32
[INFO] [stderr]    Compiling serde_core v1.0.228
[INFO] [stderr]    Compiling autocfg v1.5.1
[INFO] [stderr]    Compiling litemap v0.8.2
[INFO] [stderr]    Compiling writeable v0.6.3
[INFO] [stderr]    Compiling crypto-common v0.1.7
[INFO] [stderr]    Compiling futures-channel v0.3.32
[INFO] [stderr]    Compiling itoa v1.0.18
[INFO] [stderr]    Compiling fnv v1.0.7
[INFO] [stderr]    Compiling icu_normalizer_data v2.2.0
[INFO] [stderr]    Compiling futures-task v0.3.32
[INFO] [stderr]    Compiling icu_properties_data v2.2.0
[INFO] [stderr]    Compiling smallvec v1.15.2
[INFO] [stderr]    Compiling utf8_iter v1.0.4
[INFO] [stderr]    Compiling tinyvec_macros v0.1.1
[INFO] [stderr]    Compiling fastrand v2.4.1
[INFO] [stderr]    Compiling pkg-config v0.3.33
[INFO] [stderr]    Compiling vcpkg v0.2.15
[INFO] [stderr]    Compiling tinyvec v1.12.0
[INFO] [stderr]    Compiling serde v1.0.228
[INFO] [stderr]    Compiling equivalent v1.0.2
[INFO] [stderr]    Compiling hashbrown v0.17.1
[INFO] [stderr]    Compiling rustix v1.1.4
[INFO] [stderr]    Compiling subtle v2.6.1
[INFO] [stderr]    Compiling openssl-sys v0.9.117
[INFO] [stderr]    Compiling unicode-normalization v0.1.25
[INFO] [stderr]    Compiling futures-lite v2.6.1
[INFO] [stderr]    Compiling block-buffer v0.10.4
[INFO] [stderr]    Compiling indexmap v2.14.0
[INFO] [stderr]    Compiling event-listener v5.4.1
[INFO] [stderr]    Compiling unicode-bidi v0.3.18
[INFO] [stderr]    Compiling percent-encoding v2.3.2
[INFO] [stderr]    Compiling linux-raw-sys v0.12.1
[INFO] [stderr]    Compiling form_urlencoded v1.2.2
[INFO] [stderr]    Compiling event-listener-strategy v0.5.4
[INFO] [stderr]    Compiling digest v0.10.7
[INFO] [stderr]    Compiling ring v0.17.14
[INFO] [stderr]    Compiling async-io v2.6.0
[INFO] [stderr]    Compiling rand_core v0.6.4
[INFO] [stderr]    Compiling getrandom v0.3.4
[INFO] [stderr]    Compiling zmij v1.0.23
[INFO] [stderr]    Compiling async-task v4.7.1
[INFO] [stderr]    Compiling untrusted v0.9.0
[INFO] [stderr]    Compiling foreign-types-shared v0.1.1
[INFO] [stderr]    Compiling serde_json v1.0.150
[INFO] [stderr]    Compiling thiserror v1.0.69
[INFO] [stderr]    Compiling openssl v0.10.81
[INFO] [stderr]    Compiling foreign-types v0.3.2
[INFO] [stderr]    Compiling async-channel v2.5.0
[INFO] [stderr]    Compiling synstructure v0.13.2
[INFO] [stderr]    Compiling ring v0.16.20
[INFO] [stderr]    Compiling errno v0.3.14
[INFO] [stderr]    Compiling semver-parser v0.7.0
[INFO] [stderr]    Compiling atomic-waker v1.1.2
[INFO] [stderr]    Compiling native-tls v0.2.18
[INFO] [stderr]    Compiling matches v0.1.10
[INFO] [stderr]    Compiling parking_lot_core v0.9.12
[INFO] [stderr]    Compiling strsim v0.10.0
[INFO] [stderr]    Compiling ident_case v1.0.1
[INFO] [stderr]    Compiling ppv-lite86 v0.2.21
[INFO] [stderr]    Compiling darling_core v0.13.4
[INFO] [stderr]    Compiling idna v0.2.3
[INFO] [stderr]    Compiling semver v0.9.0
[INFO] [stderr]    Compiling rand_chacha v0.3.1
[INFO] [stderr]    Compiling piper v0.2.5
[INFO] [stderr]    Compiling rand v0.8.7
[INFO] [stderr]    Compiling signal-hook-registry v1.4.8
[INFO] [stderr]    Compiling zerofrom-derive v0.1.7
[INFO] [stderr]    Compiling yoke-derive v0.8.2
[INFO] [stderr]    Compiling zerovec-derive v0.11.3
[INFO] [stderr]    Compiling displaydoc v0.2.6
[INFO] [stderr]    Compiling tokio-macros v2.7.0
[INFO] [stderr]    Compiling zerofrom v0.1.8
[INFO] [stderr]    Compiling futures-macro v0.3.32
[INFO] [stderr]    Compiling yoke v0.8.3
[INFO] [stderr]    Compiling serde_derive v1.0.228
[INFO] [stderr]    Compiling zerovec v0.11.6
[INFO] [stderr]    Compiling zerotrie v0.2.4
[INFO] [stderr]    Compiling tokio v1.52.3
[INFO] [stderr]    Compiling futures-util v0.3.32
[INFO] [stderr]    Compiling openssl-macros v0.1.1
[INFO] [stderr]    Compiling tinystr v0.8.3
[INFO] [stderr]    Compiling potential_utf v0.1.5
[INFO] [stderr]    Compiling icu_locale_core v2.2.0
[INFO] [stderr]    Compiling icu_collections v2.2.0
[INFO] [stderr]    Compiling thiserror-impl v1.0.69
[INFO] [stderr]    Compiling icu_provider v2.2.0
[INFO] [stderr]    Compiling polling v3.11.0
[INFO] [stderr]    Compiling icu_properties v2.2.0
[INFO] [stderr]    Compiling icu_normalizer v2.2.0
[INFO] [stderr]    Compiling async-lock v3.4.2
[INFO] [stderr]    Compiling http v0.2.12
[INFO] [stderr]    Compiling idna_adapter v1.2.2
[INFO] [stderr]    Compiling idna v1.1.0
[INFO] [stderr]    Compiling num-traits v0.2.19
[INFO] [stderr]    Compiling tracing-core v0.1.36
[INFO] [stderr]    Compiling radium v0.7.0
[INFO] [stderr]    Compiling ipnet v2.12.0
[INFO] [stderr]    Compiling url v2.5.8
[INFO] [stderr]    Compiling scopeguard v1.2.0
[INFO] [stderr]    Compiling pin-project-lite v0.1.12
[INFO] [stderr]    Compiling ucd-trie v0.1.7
[INFO] [stderr]    Compiling time-core v0.1.9
[INFO] [stderr]    Compiling num-conv v0.2.2
[INFO] [stderr]    Compiling bytes v0.5.6
[INFO] [stderr]    Compiling tokio-util v0.7.18
[INFO] [stderr]    Compiling openssl-probe v0.2.1
[INFO] [stderr]    Compiling cpufeatures v0.2.17
[INFO] [stderr]    Compiling httparse v1.10.1
[INFO] [stderr]    Compiling getrandom v0.4.3
[INFO] [stderr]    Compiling lazy_static v1.5.0
[INFO] [stderr]    Compiling base64 v0.22.1
[INFO] [stderr]    Compiling heck v0.4.1
[INFO] [stderr]    Compiling tokio v0.2.25
[INFO] [stderr]    Compiling time-macros v0.2.31
[INFO] [stderr]    Compiling enum-as-inner v0.4.0
[INFO] [stderr]    Compiling tracing v0.1.44
[INFO] [stderr]    Compiling pest v2.8.7
[INFO] [stderr]    Compiling lock_api v0.4.14
[INFO] [stderr]    Compiling async-signal v0.2.14
[INFO] [stderr]    Compiling webpki v0.22.4
[INFO] [stderr]    Compiling darling_macro v0.13.4
[INFO] [stderr]    Compiling async-trait v0.1.89
[INFO] [stderr]    Compiling blocking v1.6.2
[INFO] [stderr]    Compiling rustc_version v0.2.3
[INFO] [stderr]    Compiling rand_core v0.9.5
[INFO] [stderr]    Compiling async-executor v1.14.0
[INFO] [stderr]    Compiling ahash v0.8.12
[INFO] [stderr]    Compiling data-encoding v2.11.0
[INFO] [stderr]    Compiling event-listener v2.5.3
[INFO] [stderr]    Compiling httpdate v1.0.3
[INFO] [stderr]    Compiling try-lock v0.2.5
[INFO] [stderr]    Compiling rustls v0.20.9
[INFO] [stderr]    Compiling untrusted v0.7.1
[INFO] [stderr]    Compiling base64 v0.21.7
[INFO] [stderr]    Compiling tap v1.0.1
[INFO] [stderr]    Compiling spin v0.5.2
[INFO] [stderr]    Compiling deranged v0.5.8
[INFO] [stderr]    Compiling powerfmt v0.2.0
[INFO] [stderr]    Compiling linked-hash-map v0.5.6
[INFO] [stderr]    Compiling pest_meta v2.8.7
[INFO] [stderr]    Compiling lru-cache v0.1.2
[INFO] [stderr]    Compiling wyz v0.5.1
[INFO] [stderr]    Compiling want v0.3.1
[INFO] [stderr]    Compiling trust-dns-proto v0.21.2
[INFO] [stderr]    Compiling async-channel v1.9.0
[INFO] [stderr]    Compiling async-global-executor v2.4.1
[INFO] [stderr]    Compiling rand_chacha v0.9.0
[INFO] [stderr]    Compiling parking_lot v0.12.5
[INFO] [stderr]    Compiling rustc_version_runtime v0.2.1
[INFO] [stderr]    Compiling darling v0.13.4
[INFO] [stderr]    Compiling async-process v2.5.0
[INFO] [stderr]    Compiling h2 v0.3.27
[INFO] [stderr]    Compiling time v0.3.53
[INFO] [stderr]    Compiling http-body v0.4.6
[INFO] [stderr]    Compiling sct v0.7.1
[INFO] [stderr]    Compiling async-attributes v1.1.2
[INFO] [stderr]    Compiling inout v0.1.4
[INFO] [stderr]    Compiling kv-log-macro v1.0.7
[INFO] [stderr]    Compiling socket2 v0.4.10
[INFO] [stderr]    Compiling socket2 v0.5.10
[INFO] [stderr]    Compiling aho-corasick v1.1.4
[INFO] [stderr]    Compiling pin-utils v0.1.0
[INFO] [stderr]    Compiling resolv-conf v0.7.6
[INFO] [stderr]    Compiling tower-service v0.3.3
[INFO] [stderr]    Compiling funty v2.0.0
[INFO] [stderr]    Compiling iana-time-zone v0.1.65
[INFO] [stderr]    Compiling regex-syntax v0.8.11
[INFO] [stderr]    Compiling chrono v0.4.45
[INFO] [stderr]    Compiling trust-dns-resolver v0.21.2
[INFO] [stderr]    Compiling bitvec v1.1.1
[INFO] [stderr]    Compiling async-std v1.13.2
[INFO] [stderr]    Compiling hyper v0.14.32
[INFO] [stderr]    Compiling cipher v0.4.4
[INFO] [stderr]    Compiling regex-automata v0.4.15
[INFO] [stderr]    Compiling uuid v1.23.5
[INFO] [stderr]    Compiling pest_generator v2.8.7
[INFO] [stderr]    Compiling serde_with_macros v1.5.2
[INFO] [stderr]    Compiling rand v0.9.5
[INFO] [stderr]    Compiling rustls-pemfile v1.0.4
[INFO] [stderr]    Compiling tokio-native-tls v0.3.1
[INFO] [stderr]    Compiling sha2 v0.10.9
[INFO] [stderr]    Compiling futures-executor v0.3.32
[INFO] [stderr]    Compiling serde_bytes v0.11.19
[INFO] [stderr]    Compiling hmac v0.12.1
[INFO] [stderr]    Compiling hex v0.4.3
[INFO] [stderr]    Compiling byteorder v1.5.0
[INFO] [stderr]    Compiling minimal-lexical v0.2.1
[INFO] [stderr]    Compiling mime v0.3.17
[INFO] [stderr]    Compiling convert_case v0.4.0
[INFO] [stderr]    Compiling unicode-properties v0.1.4
[INFO] [stderr]    Compiling match_cfg v0.1.0
[INFO] [stderr]    Compiling ryu v1.0.23
[INFO] [stderr]    Compiling stringprep v0.1.5
[INFO] [stderr]    Compiling hostname v0.3.1
[INFO] [stderr]    Compiling derive_more v0.99.20
[INFO] [stderr]    Compiling serde_urlencoded v0.7.1
[INFO] [stderr]    Compiling regex v1.13.0
[INFO] [stderr]    Compiling nom v7.1.3
[INFO] [stderr]    Compiling bson v2.15.0
[INFO] [stderr]    Compiling blowfish v0.9.1
[INFO] [stderr]    Compiling hyper-tls v0.5.0
[INFO] [stderr]    Compiling tokio-rustls v0.23.4
[INFO] [stderr]    Compiling pest_derive v2.8.7
[INFO] [stderr]    Compiling async-std-resolver v0.21.2
[INFO] [stderr]    Compiling serde_with v1.14.0
[INFO] [stderr]    Compiling webpki-roots v0.22.6
[INFO] [stderr]    Compiling email-encoding v0.2.1
[INFO] [stderr]    Compiling sha1 v0.10.7
[INFO] [stderr]    Compiling sha-1 v0.10.1
[INFO] [stderr]    Compiling typed-builder v0.10.0
[INFO] [stderr]    Compiling derivative v2.2.0
[INFO] [stderr]    Compiling pbkdf2 v0.11.0
[INFO] [stderr]    Compiling md-5 v0.10.6
[INFO] [stderr]    Compiling idna v0.3.0
[INFO] [stderr]    Compiling encoding_rs v0.8.35
[INFO] [stderr]    Compiling zeroize v1.9.0
[INFO] [stderr]    Compiling bitflags v1.3.2
[INFO] [stderr]    Compiling take_mut v0.2.2
[INFO] [stderr]    Compiling quoted_printable v0.4.8
[INFO] [stderr]    Compiling sync_wrapper v0.1.2
[INFO] [stderr]    Compiling email_address v0.2.9
[INFO] [stderr]    Compiling fastrand v1.9.0
[INFO] [stderr]    Compiling base64 v0.13.1
[INFO] [stderr]    Compiling lettre v0.10.4
[INFO] [stderr]    Compiling bcrypt v0.15.1
[INFO] [stderr]    Compiling totp-lite v2.0.1
[INFO] [stderr]    Compiling handlebars v4.5.0
[INFO] [stderr]    Compiling validator v0.15.0
[INFO] [stderr]    Compiling futures v0.3.32
[INFO] [stderr]    Compiling iso8601-timestamp v0.1.11
[INFO] [stderr]    Compiling ulid v0.5.0
[INFO] [stderr]    Compiling nanoid v0.4.0
[INFO] [stderr]    Compiling base32 v0.4.0
[INFO] [stderr]    Compiling reqwest v0.11.27
[INFO] [stderr]    Compiling mongodb v2.6.1
[INFO] [stderr]    Compiling cyaxon-authifier v0.1.0 (/opt/rustwide/workdir)
[INFO] [stdout] warning: use of deprecated method `bson::DateTime::to_rfc3339_string`: Use try_to_rfc3339_string instead.
[INFO] [stdout]    --> src/database/mongo.rs:239:49
[INFO] [stdout]     |
[INFO] [stdout] 239 |                         "$gte": DateTime::now().to_rfc3339_string()
[INFO] [stdout]     |                                                 ^^^^^^^^^^^^^^^^^
[INFO] [stdout]     |
[INFO] [stdout]     = note: `#[warn(deprecated)]` on by default
[INFO] [stdout] 
[INFO] [stdout] 
[INFO] [stdout] warning: use of deprecated method `bson::DateTime::to_rfc3339_string`: Use try_to_rfc3339_string instead.
[INFO] [stdout]    --> src/database/mongo.rs:259:49
[INFO] [stdout]     |
[INFO] [stdout] 259 |                         "$gte": DateTime::now().to_rfc3339_string()
[INFO] [stdout]     |                                                 ^^^^^^^^^^^^^^^^^
[INFO] [stdout] 
[INFO] [stdout] 
[INFO] [stdout] warning: use of deprecated method `bson::DateTime::to_rfc3339_string`: Use try_to_rfc3339_string instead.
[INFO] [stdout]    --> src/database/mongo.rs:279:49
[INFO] [stdout]     |
[INFO] [stdout] 279 |                         "$gte": DateTime::now().to_rfc3339_string()
[INFO] [stdout]     |                                                 ^^^^^^^^^^^^^^^^^
[INFO] [stdout] 
[INFO] [stdout] 
[INFO] [stderr]     Finished `dev` profile [unoptimized + debuginfo] target(s) in 4m 03s
[INFO] running `Command { std: "docker" "inspect" "2fdc7f2ab3095d29242e6e5448293d2f5c1ce9656689049f6528ee33ba06228b", kill_on_drop: false }`
[INFO] running `Command { std: "docker" "exec" "-e" "SOURCE_DIR=/opt/rustwide/workdir" "-e" "CARGO_HOME=/opt/rustwide/cargo-home" "-e" "RUSTUP_HOME=/opt/rustwide/rustup-home" "-e" "CARGO_TARGET_DIR=/opt/rustwide/target" "-e" "CARGO_INCREMENTAL=0" "-e" "RUST_BACKTRACE=full" "-e" "RUSTFLAGS=--cap-lints=warn" "-e" "RUSTDOCFLAGS=--cap-lints=warn" "-w" "/opt/rustwide/workdir" "--user" "0:0" "2fdc7f2ab3095d29242e6e5448293d2f5c1ce9656689049f6528ee33ba06228b" "/opt/rustwide/cargo-home/bin/cargo" "+1.97.0-beta.6" "test" "--frozen" "--no-run" "--message-format=json", kill_on_drop: false }`
[INFO] [stdout] warning: use of deprecated method `bson::DateTime::to_rfc3339_string`: Use try_to_rfc3339_string instead.
[INFO] [stdout]    --> src/database/mongo.rs:239:49
[INFO] [stdout]     |
[INFO] [stdout] 239 |                         "$gte": DateTime::now().to_rfc3339_string()
[INFO] [stdout]     |                                                 ^^^^^^^^^^^^^^^^^
[INFO] [stdout]     |
[INFO] [stdout]     = note: `#[warn(deprecated)]` on by default
[INFO] [stdout] 
[INFO] [stdout] 
[INFO] [stdout] warning: use of deprecated method `bson::DateTime::to_rfc3339_string`: Use try_to_rfc3339_string instead.
[INFO] [stdout]    --> src/database/mongo.rs:259:49
[INFO] [stdout]     |
[INFO] [stdout] 259 |                         "$gte": DateTime::now().to_rfc3339_string()
[INFO] [stdout]     |                                                 ^^^^^^^^^^^^^^^^^
[INFO] [stdout] 
[INFO] [stdout] 
[INFO] [stdout] warning: use of deprecated method `bson::DateTime::to_rfc3339_string`: Use try_to_rfc3339_string instead.
[INFO] [stdout]    --> src/database/mongo.rs:279:49
[INFO] [stdout]     |
[INFO] [stdout] 279 |                         "$gte": DateTime::now().to_rfc3339_string()
[INFO] [stdout]     |                                                 ^^^^^^^^^^^^^^^^^
[INFO] [stdout] 
[INFO] [stdout] 
[INFO] [stderr]    Compiling cyaxon-authifier v0.1.0 (/opt/rustwide/workdir)
[INFO] [stdout] warning: use of deprecated method `bson::DateTime::to_rfc3339_string`: Use try_to_rfc3339_string instead.
[INFO] [stdout]    --> src/database/mongo.rs:239:49
[INFO] [stdout]     |
[INFO] [stdout] 239 |                         "$gte": DateTime::now().to_rfc3339_string()
[INFO] [stdout]     |                                                 ^^^^^^^^^^^^^^^^^
[INFO] [stdout]     |
[INFO] [stdout]     = note: `#[warn(deprecated)]` on by default
[INFO] [stdout] 
[INFO] [stdout] 
[INFO] [stdout] warning: use of deprecated method `bson::DateTime::to_rfc3339_string`: Use try_to_rfc3339_string instead.
[INFO] [stdout]    --> src/database/mongo.rs:259:49
[INFO] [stdout]     |
[INFO] [stdout] 259 |                         "$gte": DateTime::now().to_rfc3339_string()
[INFO] [stdout]     |                                                 ^^^^^^^^^^^^^^^^^
[INFO] [stdout] 
[INFO] [stdout] 
[INFO] [stdout] warning: use of deprecated method `bson::DateTime::to_rfc3339_string`: Use try_to_rfc3339_string instead.
[INFO] [stdout]    --> src/database/mongo.rs:279:49
[INFO] [stdout]     |
[INFO] [stdout] 279 |                         "$gte": DateTime::now().to_rfc3339_string()
[INFO] [stdout]     |                                                 ^^^^^^^^^^^^^^^^^
[INFO] [stdout] 
[INFO] [stdout] 
[INFO] [stderr]     Finished `test` profile [unoptimized + debuginfo] target(s) in 6.71s
[INFO] running `Command { std: "docker" "inspect" "2fdc7f2ab3095d29242e6e5448293d2f5c1ce9656689049f6528ee33ba06228b", kill_on_drop: false }`
[INFO] running `Command { std: "docker" "exec" "-e" "SOURCE_DIR=/opt/rustwide/workdir" "-e" "CARGO_HOME=/opt/rustwide/cargo-home" "-e" "RUSTUP_HOME=/opt/rustwide/rustup-home" "-e" "CARGO_TARGET_DIR=/opt/rustwide/target" "-e" "CARGO_INCREMENTAL=0" "-e" "RUST_BACKTRACE=full" "-e" "RUSTFLAGS=--cap-lints=warn" "-e" "RUSTDOCFLAGS=--cap-lints=warn" "-w" "/opt/rustwide/workdir" "--user" "0:0" "2fdc7f2ab3095d29242e6e5448293d2f5c1ce9656689049f6528ee33ba06228b" "/opt/rustwide/cargo-home/bin/cargo" "+1.97.0-beta.6" "test" "--frozen", kill_on_drop: false }`
[INFO] [stderr] warning: use of deprecated method `bson::DateTime::to_rfc3339_string`: Use try_to_rfc3339_string instead.
[INFO] [stderr]    --> src/database/mongo.rs:239:49
[INFO] [stderr]     |
[INFO] [stderr] 239 |                         "$gte": DateTime::now().to_rfc3339_string()
[INFO] [stderr]     |                                                 ^^^^^^^^^^^^^^^^^
[INFO] [stderr]     |
[INFO] [stderr]     = note: `#[warn(deprecated)]` on by default
[INFO] [stderr] 
[INFO] [stderr] warning: use of deprecated method `bson::DateTime::to_rfc3339_string`: Use try_to_rfc3339_string instead.
[INFO] [stderr]    --> src/database/mongo.rs:259:49
[INFO] [stderr]     |
[INFO] [stderr] 259 |                         "$gte": DateTime::now().to_rfc3339_string()
[INFO] [stderr]     |                                                 ^^^^^^^^^^^^^^^^^
[INFO] [stderr] 
[INFO] [stderr] warning: use of deprecated method `bson::DateTime::to_rfc3339_string`: Use try_to_rfc3339_string instead.
[INFO] [stderr]    --> src/database/mongo.rs:279:49
[INFO] [stderr]     |
[INFO] [stderr] 279 |                         "$gte": DateTime::now().to_rfc3339_string()
[INFO] [stderr]     |                                                 ^^^^^^^^^^^^^^^^^
[INFO] [stderr] 
[INFO] [stderr] warning: `cyaxon-authifier` (lib) generated 3 warnings
[INFO] [stderr] warning: `cyaxon-authifier` (lib test) generated 3 warnings (3 duplicates)
[INFO] [stderr]     Finished `test` profile [unoptimized + debuginfo] target(s) in 0.43s
[INFO] [stderr]      Running unittests src/lib.rs (/opt/rustwide/target/debug/deps/cyaxon_authifier-14e5d724021fada9)
[INFO] [stdout] 
[INFO] [stdout] running 11 tests
[INFO] [stdout] test config::blocklists::tests::it_rejects_invalid_emails ... ok
[INFO] [stdout] test config::captcha::tests::it_rejects_if_no_token ... ok
[INFO] [stdout] test config::captcha::tests::it_accepts_if_no_captcha_service ... ok
[INFO] [stdout] test config::passwords::tests::it_accepts_some_passwords ... ok
[INFO] [stdout] test config::shield::tests::it_accepts_if_no_shield_service ... ok
[INFO] [stdout] test config::passwords::tests::it_rejects_some_passwords ... ok
[INFO] [stdout] test config::blocklists::tests::it_rejects_blocked_emails ... ok
[INFO] [stdout] test config::blocklists::tests::it_accepts_valid_emails ... ok
[INFO] [stdout] test config::passwords::tests::it_accepts_any_passwords ... ok
[INFO] [stdout] test config::captcha::tests::it_rejects_if_hcaptcha_response_is_invalid ... ok
[INFO] [stdout] test config::captcha::tests::it_accepts_if_hcaptcha ... FAILED
[INFO] [stdout] 
[INFO] [stdout] failures:
[INFO] [stdout] 
[INFO] [stdout] ---- config::captcha::tests::it_accepts_if_hcaptcha stdout ----
[INFO] [stdout] 
[INFO] [stdout] thread 'config::captcha::tests::it_accepts_if_hcaptcha' (4110) panicked at src/config/captcha.rs:77:9:
[INFO] [stdout] assertion `left == right` failed
[INFO] [stdout]   left: Err(CaptchaFailed)
[INFO] [stdout]  right: Ok(())
[INFO] [stdout] stack backtrace:
[INFO] [stdout]    0:     0x58ceb812f0c8 - std[10d71ac2c42b111e]::backtrace_rs::backtrace::libunwind::trace
[INFO] [stdout]                                at /rustc/b2282dd5646a57d570fc86fbe8df0e8826665ef6/library/std/src/../../backtrace/src/backtrace/libunwind.rs:117:9
[INFO] [stdout]    1:     0x58ceb812f0c8 - std[10d71ac2c42b111e]::backtrace_rs::backtrace::trace_unsynchronized::<std[10d71ac2c42b111e]::sys::backtrace::_print_fmt::{closure#1}>
[INFO] [stdout]                                at /rustc/b2282dd5646a57d570fc86fbe8df0e8826665ef6/library/std/src/../../backtrace/src/backtrace/mod.rs:66:14
[INFO] [stdout]    2:     0x58ceb812f0c8 - std[10d71ac2c42b111e]::sys::backtrace::_print_fmt
[INFO] [stdout]                                at /rustc/b2282dd5646a57d570fc86fbe8df0e8826665ef6/library/std/src/sys/backtrace.rs:74:9
[INFO] [stdout]    3:     0x58ceb812f0c8 - <<std[10d71ac2c42b111e]::sys::backtrace::BacktraceLock>::print::DisplayBacktrace as core[8fb95b77d25ab6c8]::fmt::Display>::fmt
[INFO] [stdout]                                at /rustc/b2282dd5646a57d570fc86fbe8df0e8826665ef6/library/std/src/sys/backtrace.rs:44:26
[INFO] [stdout]    4:     0x58ceb814543a - <core[8fb95b77d25ab6c8]::fmt::rt::Argument>::fmt
[INFO] [stdout]                                at /rustc/b2282dd5646a57d570fc86fbe8df0e8826665ef6/library/core/src/fmt/rt.rs:152:76
[INFO] [stdout]    5:     0x58ceb814543a - core[8fb95b77d25ab6c8]::fmt::write
[INFO] [stdout]    6:     0x58ceb8133fd2 - std[10d71ac2c42b111e]::io::default_write_fmt::<alloc[a7ee25936407c584]::vec::Vec<u8>>
[INFO] [stdout]                                at /rustc/b2282dd5646a57d570fc86fbe8df0e8826665ef6/library/std/src/io/mod.rs:622:11
[INFO] [stdout]    7:     0x58ceb8133fd2 - <alloc[a7ee25936407c584]::vec::Vec<u8> as std[10d71ac2c42b111e]::io::Write>::write_fmt
[INFO] [stdout]                                at /rustc/b2282dd5646a57d570fc86fbe8df0e8826665ef6/library/std/src/io/mod.rs:1977:13
[INFO] [stdout]    8:     0x58ceb810d576 - <std[10d71ac2c42b111e]::sys::backtrace::BacktraceLock>::print
[INFO] [stdout]                                at /rustc/b2282dd5646a57d570fc86fbe8df0e8826665ef6/library/std/src/sys/backtrace.rs:47:9
[INFO] [stdout]    9:     0x58ceb810d576 - std[10d71ac2c42b111e]::panicking::default_hook::{closure#0}
[INFO] [stdout]                                at /rustc/b2282dd5646a57d570fc86fbe8df0e8826665ef6/library/std/src/panicking.rs:292:27
[INFO] [stdout]   10:     0x58ceb81271e9 - std[10d71ac2c42b111e]::panicking::default_hook
[INFO] [stdout]                                at /rustc/b2282dd5646a57d570fc86fbe8df0e8826665ef6/library/std/src/panicking.rs:316:9
[INFO] [stdout]   11:     0x58ceb7c707cc - <alloc[a7ee25936407c584]::boxed::Box<dyn for<'a, 'b> core[8fb95b77d25ab6c8]::ops::function::Fn<(&'a std[10d71ac2c42b111e]::panic::PanicHookInfo<'b>,), Output = ()> + core[8fb95b77d25ab6c8]::marker::Sync + core[8fb95b77d25ab6c8]::marker::Send> as core[8fb95b77d25ab6c8]::ops::function::Fn<(&std[10d71ac2c42b111e]::panic::PanicHookInfo,)>>::call
[INFO] [stdout]                                at /rustc/b2282dd5646a57d570fc86fbe8df0e8826665ef6/library/alloc/src/boxed.rs:2289:9
[INFO] [stdout]   12:     0x58ceb7c707cc - test[213991da798b1c03]::test_main_inner::<test[213991da798b1c03]::test_main_static::{closure#0}>::{closure#0}
[INFO] [stdout]                                at /rustc/b2282dd5646a57d570fc86fbe8df0e8826665ef6/library/test/src/lib.rs:155:21
[INFO] [stdout]   13:     0x58ceb8127462 - <alloc[a7ee25936407c584]::boxed::Box<dyn for<'a, 'b> core[8fb95b77d25ab6c8]::ops::function::Fn<(&'a std[10d71ac2c42b111e]::panic::PanicHookInfo<'b>,), Output = ()> + core[8fb95b77d25ab6c8]::marker::Sync + core[8fb95b77d25ab6c8]::marker::Send> as core[8fb95b77d25ab6c8]::ops::function::Fn<(&std[10d71ac2c42b111e]::panic::PanicHookInfo,)>>::call
[INFO] [stdout]                                at /rustc/b2282dd5646a57d570fc86fbe8df0e8826665ef6/library/alloc/src/boxed.rs:2289:9
[INFO] [stdout]   14:     0x58ceb8127462 - std[10d71ac2c42b111e]::panicking::panic_with_hook
[INFO] [stdout]                                at /rustc/b2282dd5646a57d570fc86fbe8df0e8826665ef6/library/std/src/panicking.rs:833:13
[INFO] [stdout]   15:     0x58ceb810d632 - std[10d71ac2c42b111e]::panicking::panic_handler::{closure#0}
[INFO] [stdout]                                at /rustc/b2282dd5646a57d570fc86fbe8df0e8826665ef6/library/std/src/panicking.rs:698:13
[INFO] [stdout]   16:     0x58ceb8102759 - std[10d71ac2c42b111e]::sys::backtrace::__rust_end_short_backtrace::<std[10d71ac2c42b111e]::panicking::panic_handler::{closure#0}, !>
[INFO] [stdout]                                at /rustc/b2282dd5646a57d570fc86fbe8df0e8826665ef6/library/std/src/sys/backtrace.rs:182:18
[INFO] [stdout]   17:     0x58ceb810e50d - __rustc[3be9ba60078d4c86]::rust_begin_unwind
[INFO] [stdout]                                at /rustc/b2282dd5646a57d570fc86fbe8df0e8826665ef6/library/std/src/panicking.rs:689:5
[INFO] [stdout]   18:     0x58ceb8145c7c - core[8fb95b77d25ab6c8]::panicking::panic_fmt
[INFO] [stdout]                                at /rustc/b2282dd5646a57d570fc86fbe8df0e8826665ef6/library/core/src/panicking.rs:80:14
[INFO] [stdout]   19:     0x58ceb8145b33 - core[8fb95b77d25ab6c8]::panicking::assert_failed_inner
[INFO] [stdout]                                at /rustc/b2282dd5646a57d570fc86fbe8df0e8826665ef6/library/core/src/panicking.rs:439:17
[INFO] [stdout]   20:     0x58ceb79cc2c4 - core[8fb95b77d25ab6c8]::panicking::assert_failed::<core[8fb95b77d25ab6c8]::result::Result<(), cyaxon_authifier[20ed3f3896e621f7]::result::Error>, core[8fb95b77d25ab6c8]::result::Result<(), cyaxon_authifier[20ed3f3896e621f7]::result::Error>>
[INFO] [stdout]                                at /rustc/b2282dd5646a57d570fc86fbe8df0e8826665ef6/library/core/src/panicking.rs:394:5
[INFO] [stdout]   21:     0x58ceb79dda94 - cyaxon_authifier[20ed3f3896e621f7]::config::captcha::tests::it_accepts_if_hcaptcha::{closure#0}
[INFO] [stdout]                                at /opt/rustwide/workdir/src/config/captcha.rs:77:3
[INFO] [stdout]   22:     0x58ceb79cee30 - <async_std[21a285cf700041f4]::task::builder::SupportTaskLocals<cyaxon_authifier[20ed3f3896e621f7]::config::captcha::tests::it_accepts_if_hcaptcha::{closure#0}> as core[8fb95b77d25ab6c8]::future::future::Future>::poll::{closure#0}
[INFO] [stdout]                                at /opt/rustwide/cargo-home/registry/src/index.crates.io-1949cf8c6b5b557f/async-std-1.13.2/src/task/builder.rs:199:29
[INFO] [stdout]   23:     0x58ceb79e30e8 - <async_std[21a285cf700041f4]::task::task_locals_wrapper::TaskLocalsWrapper>::set_current::<<async_std[21a285cf700041f4]::task::builder::SupportTaskLocals<cyaxon_authifier[20ed3f3896e621f7]::config::captcha::tests::it_accepts_if_hcaptcha::{closure#0}> as core[8fb95b77d25ab6c8]::future::future::Future>::poll::{closure#0}, core[8fb95b77d25ab6c8]::task::poll::Poll<()>>::{closure#0}
[INFO] [stdout]                                at /opt/rustwide/cargo-home/registry/src/index.crates.io-1949cf8c6b5b557f/async-std-1.13.2/src/task/task_locals_wrapper.rs:60:13
[INFO] [stdout]   24:     0x58ceb79b3455 - <std[10d71ac2c42b111e]::thread::local::LocalKey<core[8fb95b77d25ab6c8]::cell::Cell<*const async_std[21a285cf700041f4]::task::task_locals_wrapper::TaskLocalsWrapper>>>::try_with::<<async_std[21a285cf700041f4]::task::task_locals_wrapper::TaskLocalsWrapper>::set_current<<async_std[21a285cf700041f4]::task::builder::SupportTaskLocals<cyaxon_authifier[20ed3f3896e621f7]::config::captcha::tests::it_accepts_if_hcaptcha::{closure#0}> as core[8fb95b77d25ab6c8]::future::future::Future>::poll::{closure#0}, core[8fb95b77d25ab6c8]::task::poll::Poll<()>>::{closure#0}, core[8fb95b77d25ab6c8]::task::poll::Poll<()>>
[INFO] [stdout]                                at /rustc/b2282dd5646a57d570fc86fbe8df0e8826665ef6/library/std/src/thread/local.rs:462:12
[INFO] [stdout]   25:     0x58ceb79b1ede - <std[10d71ac2c42b111e]::thread::local::LocalKey<core[8fb95b77d25ab6c8]::cell::Cell<*const async_std[21a285cf700041f4]::task::task_locals_wrapper::TaskLocalsWrapper>>>::with::<<async_std[21a285cf700041f4]::task::task_locals_wrapper::TaskLocalsWrapper>::set_current<<async_std[21a285cf700041f4]::task::builder::SupportTaskLocals<cyaxon_authifier[20ed3f3896e621f7]::config::captcha::tests::it_accepts_if_hcaptcha::{closure#0}> as core[8fb95b77d25ab6c8]::future::future::Future>::poll::{closure#0}, core[8fb95b77d25ab6c8]::task::poll::Poll<()>>::{closure#0}, core[8fb95b77d25ab6c8]::task::poll::Poll<()>>
[INFO] [stdout]                                at /rustc/b2282dd5646a57d570fc86fbe8df0e8826665ef6/library/std/src/thread/local.rs:426:20
[INFO] [stdout]   26:     0x58ceb79e0498 - <async_std[21a285cf700041f4]::task::task_locals_wrapper::TaskLocalsWrapper>::set_current::<<async_std[21a285cf700041f4]::task::builder::SupportTaskLocals<cyaxon_authifier[20ed3f3896e621f7]::config::captcha::tests::it_accepts_if_hcaptcha::{closure#0}> as core[8fb95b77d25ab6c8]::future::future::Future>::poll::{closure#0}, core[8fb95b77d25ab6c8]::task::poll::Poll<()>>
[INFO] [stdout]                                at /opt/rustwide/cargo-home/registry/src/index.crates.io-1949cf8c6b5b557f/async-std-1.13.2/src/task/task_locals_wrapper.rs:55:17
[INFO] [stdout]   27:     0x58ceb79cfe31 - <async_std[21a285cf700041f4]::task::builder::SupportTaskLocals<cyaxon_authifier[20ed3f3896e621f7]::config::captcha::tests::it_accepts_if_hcaptcha::{closure#0}> as core[8fb95b77d25ab6c8]::future::future::Future>::poll
[INFO] [stdout]                                at /opt/rustwide/cargo-home/registry/src/index.crates.io-1949cf8c6b5b557f/async-std-1.13.2/src/task/builder.rs:197:13
[INFO] [stdout]   28:     0x58ceb79df1a4 - <futures_lite[34c989d332b185d5]::future::Or<async_std[21a285cf700041f4]::task::builder::SupportTaskLocals<cyaxon_authifier[20ed3f3896e621f7]::config::captcha::tests::it_accepts_if_hcaptcha::{closure#0}>, <async_executor[f9ab0fd0e6cbec7a]::State>::run<(), async_std[21a285cf700041f4]::task::builder::SupportTaskLocals<cyaxon_authifier[20ed3f3896e621f7]::config::captcha::tests::it_accepts_if_hcaptcha::{closure#0}>>::{closure#0}::{closure#0}> as core[8fb95b77d25ab6c8]::future::future::Future>::poll
[INFO] [stdout]                                at /opt/rustwide/cargo-home/registry/src/index.crates.io-1949cf8c6b5b557f/futures-lite-2.6.1/src/future.rs:451:46
[INFO] [stdout]   29:     0x58ceb79aa76f - <async_executor[f9ab0fd0e6cbec7a]::State>::run::<(), async_std[21a285cf700041f4]::task::builder::SupportTaskLocals<cyaxon_authifier[20ed3f3896e621f7]::config::captcha::tests::it_accepts_if_hcaptcha::{closure#0}>>::{closure#0}
[INFO] [stdout]                                at /opt/rustwide/cargo-home/registry/src/index.crates.io-1949cf8c6b5b557f/async-executor-1.14.0/src/lib.rs:756:32
[INFO] [stdout]   30:     0x58ceb79a7c30 - <async_executor[f9ab0fd0e6cbec7a]::Executor>::run::<(), async_std[21a285cf700041f4]::task::builder::SupportTaskLocals<cyaxon_authifier[20ed3f3896e621f7]::config::captcha::tests::it_accepts_if_hcaptcha::{closure#0}>>::{closure#0}
[INFO] [stdout]                                at /opt/rustwide/cargo-home/registry/src/index.crates.io-1949cf8c6b5b557f/async-executor-1.14.0/src/lib.rs:353:34
[INFO] [stdout]   31:     0x58ceb79a913a - <async_executor[f9ab0fd0e6cbec7a]::LocalExecutor>::run::<(), async_std[21a285cf700041f4]::task::builder::SupportTaskLocals<cyaxon_authifier[20ed3f3896e621f7]::config::captcha::tests::it_accepts_if_hcaptcha::{closure#0}>>::{closure#0}
[INFO] [stdout]                                at /opt/rustwide/cargo-home/registry/src/index.crates.io-1949cf8c6b5b557f/async-executor-1.14.0/src/lib.rs:640:34
[INFO] [stdout]   32:     0x58ceb79bc384 - async_io[567f9c664cd3ba51]::driver::block_on::<(), <async_executor[f9ab0fd0e6cbec7a]::LocalExecutor>::run<(), async_std[21a285cf700041f4]::task::builder::SupportTaskLocals<cyaxon_authifier[20ed3f3896e621f7]::config::captcha::tests::it_accepts_if_hcaptcha::{closure#0}>>::{closure#0}>::{closure#1}
[INFO] [stdout]                                at /opt/rustwide/cargo-home/registry/src/index.crates.io-1949cf8c6b5b557f/async-io-2.6.0/src/driver.rs:204:53
[INFO] [stdout]   33:     0x58ceb79b81de - <std[10d71ac2c42b111e]::thread::local::LocalKey<core[8fb95b77d25ab6c8]::cell::RefCell<(parking[f935890cd0c6d92d]::Parker, core[8fb95b77d25ab6c8]::task::wake::Waker, alloc[a7ee25936407c584]::sync::Arc<core[8fb95b77d25ab6c8]::sync::atomic::Atomic<bool>>)>>>::try_with::<async_io[567f9c664cd3ba51]::driver::block_on<(), <async_executor[f9ab0fd0e6cbec7a]::LocalExecutor>::run<(), async_std[21a285cf700041f4]::task::builder::SupportTaskLocals<cyaxon_authifier[20ed3f3896e621f7]::config::captcha::tests::it_accepts_if_hcaptcha::{closure#0}>>::{closure#0}>::{closure#1}, ()>
[INFO] [stdout]                                at /rustc/b2282dd5646a57d570fc86fbe8df0e8826665ef6/library/std/src/thread/local.rs:462:12
[INFO] [stdout]   34:     0x58ceb79b7dce - <std[10d71ac2c42b111e]::thread::local::LocalKey<core[8fb95b77d25ab6c8]::cell::RefCell<(parking[f935890cd0c6d92d]::Parker, core[8fb95b77d25ab6c8]::task::wake::Waker, alloc[a7ee25936407c584]::sync::Arc<core[8fb95b77d25ab6c8]::sync::atomic::Atomic<bool>>)>>>::with::<async_io[567f9c664cd3ba51]::driver::block_on<(), <async_executor[f9ab0fd0e6cbec7a]::LocalExecutor>::run<(), async_std[21a285cf700041f4]::task::builder::SupportTaskLocals<cyaxon_authifier[20ed3f3896e621f7]::config::captcha::tests::it_accepts_if_hcaptcha::{closure#0}>>::{closure#0}>::{closure#1}, ()>
[INFO] [stdout]                                at /rustc/b2282dd5646a57d570fc86fbe8df0e8826665ef6/library/std/src/thread/local.rs:426:20
[INFO] [stdout]   35:     0x58ceb79bae80 - async_io[567f9c664cd3ba51]::driver::block_on::<(), <async_executor[f9ab0fd0e6cbec7a]::LocalExecutor>::run<(), async_std[21a285cf700041f4]::task::builder::SupportTaskLocals<cyaxon_authifier[20ed3f3896e621f7]::config::captcha::tests::it_accepts_if_hcaptcha::{closure#0}>>::{closure#0}>
[INFO] [stdout]                                at /opt/rustwide/cargo-home/registry/src/index.crates.io-1949cf8c6b5b557f/async-io-2.6.0/src/driver.rs:180:11
[INFO] [stdout]   36:     0x58ceb79d6bce - async_global_executor[9e3ea13c468c3e4d]::reactor::block_on::<<async_executor[f9ab0fd0e6cbec7a]::LocalExecutor>::run<(), async_std[21a285cf700041f4]::task::builder::SupportTaskLocals<cyaxon_authifier[20ed3f3896e621f7]::config::captcha::tests::it_accepts_if_hcaptcha::{closure#0}>>::{closure#0}, ()>::{closure#0}
[INFO] [stdout]                                at /opt/rustwide/cargo-home/registry/src/index.crates.io-1949cf8c6b5b557f/async-global-executor-2.4.1/src/reactor.rs:3:18
[INFO] [stdout]   37:     0x58ceb79da56b - tokio[c57c043f34f7c43a]::runtime::context::enter::<async_global_executor[9e3ea13c468c3e4d]::reactor::block_on<<async_executor[f9ab0fd0e6cbec7a]::LocalExecutor>::run<(), async_std[21a285cf700041f4]::task::builder::SupportTaskLocals<cyaxon_authifier[20ed3f3896e621f7]::config::captcha::tests::it_accepts_if_hcaptcha::{closure#0}>>::{closure#0}, ()>::{closure#0}, ()>
[INFO] [stdout]                                at /opt/rustwide/cargo-home/registry/src/index.crates.io-1949cf8c6b5b557f/tokio-0.2.25/src/runtime/context.rs:72:5
[INFO] [stdout]   38:     0x58ceb79d99c5 - <tokio[c57c043f34f7c43a]::runtime::handle::Handle>::enter::<async_global_executor[9e3ea13c468c3e4d]::reactor::block_on<<async_executor[f9ab0fd0e6cbec7a]::LocalExecutor>::run<(), async_std[21a285cf700041f4]::task::builder::SupportTaskLocals<cyaxon_authifier[20ed3f3896e621f7]::config::captcha::tests::it_accepts_if_hcaptcha::{closure#0}>>::{closure#0}, ()>::{closure#0}, ()>
[INFO] [stdout]                                at /opt/rustwide/cargo-home/registry/src/index.crates.io-1949cf8c6b5b557f/tokio-0.2.25/src/runtime/handle.rs:76:9
[INFO] [stdout]   39:     0x58ceb79d6126 - async_global_executor[9e3ea13c468c3e4d]::tokio02::enter::<async_global_executor[9e3ea13c468c3e4d]::reactor::block_on<<async_executor[f9ab0fd0e6cbec7a]::LocalExecutor>::run<(), async_std[21a285cf700041f4]::task::builder::SupportTaskLocals<cyaxon_authifier[20ed3f3896e621f7]::config::captcha::tests::it_accepts_if_hcaptcha::{closure#0}>>::{closure#0}, ()>::{closure#0}, ()>
[INFO] [stdout]                                at /opt/rustwide/cargo-home/registry/src/index.crates.io-1949cf8c6b5b557f/async-global-executor-2.4.1/src/tokio02.rs:5:13
[INFO] [stdout]   40:     0x58ceb79d6c0e - async_global_executor[9e3ea13c468c3e4d]::reactor::block_on::<<async_executor[f9ab0fd0e6cbec7a]::LocalExecutor>::run<(), async_std[21a285cf700041f4]::task::builder::SupportTaskLocals<cyaxon_authifier[20ed3f3896e621f7]::config::captcha::tests::it_accepts_if_hcaptcha::{closure#0}>>::{closure#0}, ()>::{closure#1}
[INFO] [stdout]                                at /opt/rustwide/cargo-home/registry/src/index.crates.io-1949cf8c6b5b557f/async-global-executor-2.4.1/src/reactor.rs:9:18
[INFO] [stdout]   41:     0x58ceb79d577e - async_global_executor[9e3ea13c468c3e4d]::reactor::block_on::<<async_executor[f9ab0fd0e6cbec7a]::LocalExecutor>::run<(), async_std[21a285cf700041f4]::task::builder::SupportTaskLocals<cyaxon_authifier[20ed3f3896e621f7]::config::captcha::tests::it_accepts_if_hcaptcha::{closure#0}>>::{closure#0}, ()>
[INFO] [stdout]                                at /opt/rustwide/cargo-home/registry/src/index.crates.io-1949cf8c6b5b557f/async-global-executor-2.4.1/src/reactor.rs:12:5
[INFO] [stdout]   42:     0x58ceb79e377c - async_global_executor[9e3ea13c468c3e4d]::executor::block_on::<async_std[21a285cf700041f4]::task::builder::SupportTaskLocals<cyaxon_authifier[20ed3f3896e621f7]::config::captcha::tests::it_accepts_if_hcaptcha::{closure#0}>, ()>::{closure#0}
[INFO] [stdout]                                at /opt/rustwide/cargo-home/registry/src/index.crates.io-1949cf8c6b5b557f/async-global-executor-2.4.1/src/executor.rs:26:36
[INFO] [stdout]   43:     0x58ceb79b8e0f - <std[10d71ac2c42b111e]::thread::local::LocalKey<async_executor[f9ab0fd0e6cbec7a]::LocalExecutor>>::try_with::<async_global_executor[9e3ea13c468c3e4d]::executor::block_on<async_std[21a285cf700041f4]::task::builder::SupportTaskLocals<cyaxon_authifier[20ed3f3896e621f7]::config::captcha::tests::it_accepts_if_hcaptcha::{closure#0}>, ()>::{closure#0}, ()>
[INFO] [stdout]                                at /rustc/b2282dd5646a57d570fc86fbe8df0e8826665ef6/library/std/src/thread/local.rs:462:12
[INFO] [stdout]   44:     0x58ceb79b8a1e - <std[10d71ac2c42b111e]::thread::local::LocalKey<async_executor[f9ab0fd0e6cbec7a]::LocalExecutor>>::with::<async_global_executor[9e3ea13c468c3e4d]::executor::block_on<async_std[21a285cf700041f4]::task::builder::SupportTaskLocals<cyaxon_authifier[20ed3f3896e621f7]::config::captcha::tests::it_accepts_if_hcaptcha::{closure#0}>, ()>::{closure#0}, ()>
[INFO] [stdout]                                at /rustc/b2282dd5646a57d570fc86fbe8df0e8826665ef6/library/std/src/thread/local.rs:426:20
[INFO] [stdout]   45:     0x58ceb79e0f46 - async_global_executor[9e3ea13c468c3e4d]::executor::block_on::<async_std[21a285cf700041f4]::task::builder::SupportTaskLocals<cyaxon_authifier[20ed3f3896e621f7]::config::captcha::tests::it_accepts_if_hcaptcha::{closure#0}>, ()>
[INFO] [stdout]                                at /opt/rustwide/cargo-home/registry/src/index.crates.io-1949cf8c6b5b557f/async-global-executor-2.4.1/src/executor.rs:26:20
[INFO] [stdout]   46:     0x58ceb79ce490 - <async_std[21a285cf700041f4]::task::builder::Builder>::blocking::<cyaxon_authifier[20ed3f3896e621f7]::config::captcha::tests::it_accepts_if_hcaptcha::{closure#0}, ()>::{closure#0}::{closure#0}
[INFO] [stdout]                                at /opt/rustwide/cargo-home/registry/src/index.crates.io-1949cf8c6b5b557f/async-std-1.13.2/src/task/builder.rs:171:25
[INFO] [stdout]   47:     0x58ceb79e2854 - <async_std[21a285cf700041f4]::task::task_locals_wrapper::TaskLocalsWrapper>::set_current::<<async_std[21a285cf700041f4]::task::builder::Builder>::blocking<cyaxon_authifier[20ed3f3896e621f7]::config::captcha::tests::it_accepts_if_hcaptcha::{closure#0}, ()>::{closure#0}::{closure#0}, ()>::{closure#0}
[INFO] [stdout]                                at /opt/rustwide/cargo-home/registry/src/index.crates.io-1949cf8c6b5b557f/async-std-1.13.2/src/task/task_locals_wrapper.rs:60:13
[INFO] [stdout]   48:     0x58ceb79b2abd - <std[10d71ac2c42b111e]::thread::local::LocalKey<core[8fb95b77d25ab6c8]::cell::Cell<*const async_std[21a285cf700041f4]::task::task_locals_wrapper::TaskLocalsWrapper>>>::try_with::<<async_std[21a285cf700041f4]::task::task_locals_wrapper::TaskLocalsWrapper>::set_current<<async_std[21a285cf700041f4]::task::builder::Builder>::blocking<cyaxon_authifier[20ed3f3896e621f7]::config::captcha::tests::it_accepts_if_hcaptcha::{closure#0}, ()>::{closure#0}::{closure#0}, ()>::{closure#0}, ()>
[INFO] [stdout]                                at /rustc/b2282dd5646a57d570fc86fbe8df0e8826665ef6/library/std/src/thread/local.rs:462:12
[INFO] [stdout]   49:     0x58ceb79b1cce - <std[10d71ac2c42b111e]::thread::local::LocalKey<core[8fb95b77d25ab6c8]::cell::Cell<*const async_std[21a285cf700041f4]::task::task_locals_wrapper::TaskLocalsWrapper>>>::with::<<async_std[21a285cf700041f4]::task::task_locals_wrapper::TaskLocalsWrapper>::set_current<<async_std[21a285cf700041f4]::task::builder::Builder>::blocking<cyaxon_authifier[20ed3f3896e621f7]::config::captcha::tests::it_accepts_if_hcaptcha::{closure#0}, ()>::{closure#0}::{closure#0}, ()>::{closure#0}, ()>
[INFO] [stdout]                                at /rustc/b2282dd5646a57d570fc86fbe8df0e8826665ef6/library/std/src/thread/local.rs:426:20
[INFO] [stdout]   50:     0x58ceb79e0297 - <async_std[21a285cf700041f4]::task::task_locals_wrapper::TaskLocalsWrapper>::set_current::<<async_std[21a285cf700041f4]::task::builder::Builder>::blocking<cyaxon_authifier[20ed3f3896e621f7]::config::captcha::tests::it_accepts_if_hcaptcha::{closure#0}, ()>::{closure#0}::{closure#0}, ()>
[INFO] [stdout]                                at /opt/rustwide/cargo-home/registry/src/index.crates.io-1949cf8c6b5b557f/async-std-1.13.2/src/task/task_locals_wrapper.rs:55:17
[INFO] [stdout]   51:     0x58ceb79cd1de - <async_std[21a285cf700041f4]::task::builder::Builder>::blocking::<cyaxon_authifier[20ed3f3896e621f7]::config::captcha::tests::it_accepts_if_hcaptcha::{closure#0}, ()>::{closure#0}
[INFO] [stdout]                                at /opt/rustwide/cargo-home/registry/src/index.crates.io-1949cf8c6b5b557f/async-std-1.13.2/src/task/builder.rs:168:17
[INFO] [stdout]   52:     0x58ceb79b60bf - <std[10d71ac2c42b111e]::thread::local::LocalKey<core[8fb95b77d25ab6c8]::cell::Cell<usize>>>::try_with::<<async_std[21a285cf700041f4]::task::builder::Builder>::blocking<cyaxon_authifier[20ed3f3896e621f7]::config::captcha::tests::it_accepts_if_hcaptcha::{closure#0}, ()>::{closure#0}, ()>
[INFO] [stdout]                                at /rustc/b2282dd5646a57d570fc86fbe8df0e8826665ef6/library/std/src/thread/local.rs:462:12
[INFO] [stdout]   53:     0x58ceb79b5cce - <std[10d71ac2c42b111e]::thread::local::LocalKey<core[8fb95b77d25ab6c8]::cell::Cell<usize>>>::with::<<async_std[21a285cf700041f4]::task::builder::Builder>::blocking<cyaxon_authifier[20ed3f3896e621f7]::config::captcha::tests::it_accepts_if_hcaptcha::{closure#0}, ()>::{closure#0}, ()>
[INFO] [stdout]                                at /rustc/b2282dd5646a57d570fc86fbe8df0e8826665ef6/library/std/src/thread/local.rs:426:20
[INFO] [stdout]   54:     0x58ceb79c99e5 - <async_std[21a285cf700041f4]::task::builder::Builder>::blocking::<cyaxon_authifier[20ed3f3896e621f7]::config::captcha::tests::it_accepts_if_hcaptcha::{closure#0}, ()>
[INFO] [stdout]                                at /opt/rustwide/cargo-home/registry/src/index.crates.io-1949cf8c6b5b557f/async-std-1.13.2/src/task/builder.rs:161:29
[INFO] [stdout]   55:     0x58ceb79cc3fe - async_std[21a285cf700041f4]::task::block_on::block_on::<cyaxon_authifier[20ed3f3896e621f7]::config::captcha::tests::it_accepts_if_hcaptcha::{closure#0}, ()>
[INFO] [stdout]                                at /opt/rustwide/cargo-home/registry/src/index.crates.io-1949cf8c6b5b557f/async-std-1.13.2/src/task/block_on.rs:31:20
[INFO] [stdout]   56:     0x58ceb79dec49 - cyaxon_authifier[20ed3f3896e621f7]::config::captcha::tests::it_accepts_if_hcaptcha
[INFO] [stdout]                                at /opt/rustwide/workdir/src/config/captcha.rs:71:2
[INFO] [stdout]   57:     0x58ceb79dd707 - cyaxon_authifier[20ed3f3896e621f7]::config::captcha::tests::it_accepts_if_hcaptcha::{closure#0}
[INFO] [stdout]                                at /opt/rustwide/workdir/src/config/captcha.rs:71:20
[INFO] [stdout]   58:     0x58ceb79d4056 - <cyaxon_authifier[20ed3f3896e621f7]::config::captcha::tests::it_accepts_if_hcaptcha::{closure#0} as core[8fb95b77d25ab6c8]::ops::function::FnOnce<()>>::call_once
[INFO] [stdout]                                at /rustc/b2282dd5646a57d570fc86fbe8df0e8826665ef6/library/core/src/ops/function.rs:250:5
[INFO] [stdout]   59:     0x58ceb7c638ab - <fn() -> core[8fb95b77d25ab6c8]::result::Result<(), alloc[a7ee25936407c584]::string::String> as core[8fb95b77d25ab6c8]::ops::function::FnOnce<()>>::call_once
[INFO] [stdout]                                at /rustc/b2282dd5646a57d570fc86fbe8df0e8826665ef6/library/core/src/ops/function.rs:250:5
[INFO] [stdout]   60:     0x58ceb7c638ab - test[213991da798b1c03]::__rust_begin_short_backtrace::<core[8fb95b77d25ab6c8]::result::Result<(), alloc[a7ee25936407c584]::string::String>, fn() -> core[8fb95b77d25ab6c8]::result::Result<(), alloc[a7ee25936407c584]::string::String>>
[INFO] [stdout]                                at /rustc/b2282dd5646a57d570fc86fbe8df0e8826665ef6/library/test/src/lib.rs:724:18
[INFO] [stdout]   61:     0x58ceb7c71125 - test[213991da798b1c03]::run_test_in_process::{closure#0}
[INFO] [stdout]                                at /rustc/b2282dd5646a57d570fc86fbe8df0e8826665ef6/library/test/src/lib.rs:747:74
[INFO] [stdout]   62:     0x58ceb7c71125 - <core[8fb95b77d25ab6c8]::panic::unwind_safe::AssertUnwindSafe<test[213991da798b1c03]::run_test_in_process::{closure#0}> as core[8fb95b77d25ab6c8]::ops::function::FnOnce<()>>::call_once
[INFO] [stdout]                                at /rustc/b2282dd5646a57d570fc86fbe8df0e8826665ef6/library/core/src/panic/unwind_safe.rs:275:9
[INFO] [stdout]   63:     0x58ceb7c71125 - std[10d71ac2c42b111e]::panicking::catch_unwind::do_call::<core[8fb95b77d25ab6c8]::panic::unwind_safe::AssertUnwindSafe<test[213991da798b1c03]::run_test_in_process::{closure#0}>, core[8fb95b77d25ab6c8]::result::Result<(), alloc[a7ee25936407c584]::string::String>>
[INFO] [stdout]                                at /rustc/b2282dd5646a57d570fc86fbe8df0e8826665ef6/library/std/src/panicking.rs:581:40
[INFO] [stdout]   64:     0x58ceb7c71125 - std[10d71ac2c42b111e]::panicking::catch_unwind::<core[8fb95b77d25ab6c8]::result::Result<(), alloc[a7ee25936407c584]::string::String>, core[8fb95b77d25ab6c8]::panic::unwind_safe::AssertUnwindSafe<test[213991da798b1c03]::run_test_in_process::{closure#0}>>
[INFO] [stdout]                                at /rustc/b2282dd5646a57d570fc86fbe8df0e8826665ef6/library/std/src/panicking.rs:544:19
[INFO] [stdout]   65:     0x58ceb7c71125 - std[10d71ac2c42b111e]::panic::catch_unwind::<core[8fb95b77d25ab6c8]::panic::unwind_safe::AssertUnwindSafe<test[213991da798b1c03]::run_test_in_process::{closure#0}>, core[8fb95b77d25ab6c8]::result::Result<(), alloc[a7ee25936407c584]::string::String>>
[INFO] [stdout]                                at /rustc/b2282dd5646a57d570fc86fbe8df0e8826665ef6/library/std/src/panic.rs:359:14
[INFO] [stdout]   66:     0x58ceb7c71125 - test[213991da798b1c03]::run_test_in_process
[INFO] [stdout]                                at /rustc/b2282dd5646a57d570fc86fbe8df0e8826665ef6/library/test/src/lib.rs:747:27
[INFO] [stdout]   67:     0x58ceb7c71125 - test[213991da798b1c03]::run_test::{closure#0}
[INFO] [stdout]                                at /rustc/b2282dd5646a57d570fc86fbe8df0e8826665ef6/library/test/src/lib.rs:668:43
[INFO] [stdout]   68:     0x58ceb7c6aa34 - test[213991da798b1c03]::run_test::{closure#1}
[INFO] [stdout]                                at /rustc/b2282dd5646a57d570fc86fbe8df0e8826665ef6/library/test/src/lib.rs:698:41
[INFO] [stdout]   69:     0x58ceb7c6aa34 - std[10d71ac2c42b111e]::sys::backtrace::__rust_begin_short_backtrace::<test[213991da798b1c03]::run_test::{closure#1}, ()>
[INFO] [stdout]                                at /rustc/b2282dd5646a57d570fc86fbe8df0e8826665ef6/library/std/src/sys/backtrace.rs:166:18
[INFO] [stdout]   70:     0x58ceb7c741a2 - std[10d71ac2c42b111e]::thread::lifecycle::spawn_unchecked::<test[213991da798b1c03]::run_test::{closure#1}, ()>::{closure#1}::{closure#0}
[INFO] [stdout]                                at /rustc/b2282dd5646a57d570fc86fbe8df0e8826665ef6/library/std/src/thread/lifecycle.rs:70:13
[INFO] [stdout]   71:     0x58ceb7c741a2 - <core[8fb95b77d25ab6c8]::panic::unwind_safe::AssertUnwindSafe<std[10d71ac2c42b111e]::thread::lifecycle::spawn_unchecked<test[213991da798b1c03]::run_test::{closure#1}, ()>::{closure#1}::{closure#0}> as core[8fb95b77d25ab6c8]::ops::function::FnOnce<()>>::call_once
[INFO] [stdout]                                at /rustc/b2282dd5646a57d570fc86fbe8df0e8826665ef6/library/core/src/panic/unwind_safe.rs:275:9
[INFO] [stdout]   72:     0x58ceb7c741a2 - std[10d71ac2c42b111e]::panicking::catch_unwind::do_call::<core[8fb95b77d25ab6c8]::panic::unwind_safe::AssertUnwindSafe<std[10d71ac2c42b111e]::thread::lifecycle::spawn_unchecked<test[213991da798b1c03]::run_test::{closure#1}, ()>::{closure#1}::{closure#0}>, ()>
[INFO] [stdout]                                at /rustc/b2282dd5646a57d570fc86fbe8df0e8826665ef6/library/std/src/panicking.rs:581:40
[INFO] [stdout]   73:     0x58ceb7c741a2 - std[10d71ac2c42b111e]::panicking::catch_unwind::<(), core[8fb95b77d25ab6c8]::panic::unwind_safe::AssertUnwindSafe<std[10d71ac2c42b111e]::thread::lifecycle::spawn_unchecked<test[213991da798b1c03]::run_test::{closure#1}, ()>::{closure#1}::{closure#0}>>
[INFO] [stdout]                                at /rustc/b2282dd5646a57d570fc86fbe8df0e8826665ef6/library/std/src/panicking.rs:544:19
[INFO] [stdout]   74:     0x58ceb7c741a2 - std[10d71ac2c42b111e]::panic::catch_unwind::<core[8fb95b77d25ab6c8]::panic::unwind_safe::AssertUnwindSafe<std[10d71ac2c42b111e]::thread::lifecycle::spawn_unchecked<test[213991da798b1c03]::run_test::{closure#1}, ()>::{closure#1}::{closure#0}>, ()>
[INFO] [stdout]                                at /rustc/b2282dd5646a57d570fc86fbe8df0e8826665ef6/library/std/src/panic.rs:359:14
[INFO] [stdout]   75:     0x58ceb7c741a2 - std[10d71ac2c42b111e]::thread::lifecycle::spawn_unchecked::<test[213991da798b1c03]::run_test::{closure#1}, ()>::{closure#1}
[INFO] [stdout]                                at /rustc/b2282dd5646a57d570fc86fbe8df0e8826665ef6/library/std/src/thread/lifecycle.rs:68:26
[INFO] [stdout]   76:     0x58ceb7c741a2 - <std[10d71ac2c42b111e]::thread::lifecycle::spawn_unchecked<test[213991da798b1c03]::run_test::{closure#1}, ()>::{closure#1} as core[8fb95b77d25ab6c8]::ops::function::FnOnce<()>>::call_once::{shim:vtable#0}
[INFO] [stdout]                                at /rustc/b2282dd5646a57d570fc86fbe8df0e8826665ef6/library/core/src/ops/function.rs:250:5
[INFO] [stdout]   77:     0x58ceb812e82f - <alloc[a7ee25936407c584]::boxed::Box<dyn core[8fb95b77d25ab6c8]::ops::function::FnOnce<(), Output = ()> + core[8fb95b77d25ab6c8]::marker::Send> as core[8fb95b77d25ab6c8]::ops::function::FnOnce<()>>::call_once
[INFO] [stdout]                                at /rustc/b2282dd5646a57d570fc86fbe8df0e8826665ef6/library/alloc/src/boxed.rs:2275:9
[INFO] [stdout]   78:     0x58ceb812e82f - <std[10d71ac2c42b111e]::sys::thread::unix::Thread>::new::thread_start
[INFO] [stdout]                                at /rustc/b2282dd5646a57d570fc86fbe8df0e8826665ef6/library/std/src/sys/thread/unix.rs:118:17
[INFO] [stdout]   79:     0x7123ae124aa4 - <unknown>
[INFO] [stdout]   80:     0x7123ae1b1a64 - clone
[INFO] [stdout]   81:                0x0 - <unknown>
[INFO] [stdout] 
[INFO] [stdout] 
[INFO] [stdout] failures:
[INFO] [stdout]     config::captcha::tests::it_accepts_if_hcaptcha
[INFO] [stdout] 
[INFO] [stdout] test result: FAILED. 10 passed; 1 failed; 0 ignored; 0 measured; 0 filtered out; finished in 0.46s
[INFO] [stdout] 
[INFO] [stderr] error: test failed, to rerun pass `--lib`
[INFO] running `Command { std: "docker" "inspect" "2fdc7f2ab3095d29242e6e5448293d2f5c1ce9656689049f6528ee33ba06228b", kill_on_drop: false }`
[INFO] running `Command { std: "docker" "rm" "-f" "2fdc7f2ab3095d29242e6e5448293d2f5c1ce9656689049f6528ee33ba06228b", kill_on_drop: false }`
[INFO] [stdout] 2fdc7f2ab3095d29242e6e5448293d2f5c1ce9656689049f6528ee33ba06228b
