[INFO] cloning repository https://github.com/rywng/idacast
[INFO] running `Command { std: "git" "-c" "credential.helper=" "-c" "credential.helper=/workspace/cargo-home/bin/git-credential-null" "clone" "--bare" "https://github.com/rywng/idacast" "/workspace/cache/git-repos/https%3A%2F%2Fgithub.com%2Frywng%2Fidacast", kill_on_drop: false }`
[INFO] [stderr] Cloning into bare repository '/workspace/cache/git-repos/https%3A%2F%2Fgithub.com%2Frywng%2Fidacast'...
[INFO] running `Command { std: "git" "rev-parse" "HEAD", kill_on_drop: false }`
[INFO] [stdout] 142ac94ecfd33eca9faf11da3bc3114dc16d4010
[INFO] testing rywng/idacast against 1.98.0-beta.1 for beta-1.98-2
[INFO] running `Command { std: "git" "clone" "/workspace/cache/git-repos/https%3A%2F%2Fgithub.com%2Frywng%2Fidacast" "/workspace/builds/worker-6-tc2/source", kill_on_drop: false }`
[INFO] [stderr] Cloning into '/workspace/builds/worker-6-tc2/source'...
[INFO] [stderr] done.
[INFO] started tweaking git repo https://github.com/rywng/idacast
[INFO] finished tweaking git repo https://github.com/rywng/idacast
[INFO] tweaked toml for git repo https://github.com/rywng/idacast written to /workspace/builds/worker-6-tc2/source/Cargo.toml
[INFO] validating manifest of git repo https://github.com/rywng/idacast on toolchain 1.98.0-beta.1
[INFO] running `Command { std: CARGO_HOME="/workspace/cargo-home" RUSTUP_HOME="/workspace/rustup-home" "/workspace/cargo-home/bin/cargo" "+1.98.0-beta.1" "metadata" "--manifest-path" "Cargo.toml" "--no-deps", kill_on_drop: false }`
[INFO] crate git repo https://github.com/rywng/idacast already has a lockfile, it will not be regenerated
[INFO] running `Command { std: CARGO_HOME="/workspace/cargo-home" RUSTUP_HOME="/workspace/rustup-home" "/workspace/cargo-home/bin/cargo" "+1.98.0-beta.1" "fetch" "--manifest-path" "Cargo.toml", kill_on_drop: false }`
[INFO] running `Command { std: "docker" "create" "-v" "/var/lib/crater-agent-workspace/builds/worker-6-tc2/source:/opt/rustwide/workdir:ro,Z" "-v" "/var/lib/crater-agent-workspace/builds/worker-6-tc2/target:/opt/rustwide/target:rw,Z" "-v" "/var/lib/crater-agent-workspace/cargo-home:/opt/rustwide/cargo-home:ro,Z" "-v" "/var/lib/crater-agent-workspace/rustup-home:/opt/rustwide/rustup-home:ro,Z" "-m" "1610612736" "--network" "none" "ghcr.io/rust-lang/crates-build-env/linux@sha256:3d5ced03c013a94a2f102a4510f48a6e9184255caf5fd8244f58017bde7f5210" "sleep" "infinity", kill_on_drop: false }`
[INFO] [stdout] 2944f45cb0ae05536f0e574ee7f780deb3953f4049d909d7dc7265ed9e97bb11
[INFO] running `Command { std: "docker" "start" "2944f45cb0ae05536f0e574ee7f780deb3953f4049d909d7dc7265ed9e97bb11", kill_on_drop: false }`
[INFO] running `Command { std: "docker" "inspect" "2944f45cb0ae05536f0e574ee7f780deb3953f4049d909d7dc7265ed9e97bb11", kill_on_drop: false }`
[INFO] running `Command { std: "docker" "exec" "-e" "SOURCE_DIR=/opt/rustwide/workdir" "-e" "CARGO_HOME=/opt/rustwide/cargo-home" "-e" "RUSTUP_HOME=/opt/rustwide/rustup-home" "-e" "CARGO_TARGET_DIR=/opt/rustwide/target" "-w" "/opt/rustwide/workdir" "--user" "0:0" "2944f45cb0ae05536f0e574ee7f780deb3953f4049d909d7dc7265ed9e97bb11" "/opt/rustwide/cargo-home/bin/cargo" "+1.98.0-beta.1" "metadata" "--no-deps" "--format-version=1", kill_on_drop: false }`
[INFO] running `Command { std: "docker" "inspect" "2944f45cb0ae05536f0e574ee7f780deb3953f4049d909d7dc7265ed9e97bb11", kill_on_drop: false }`
[INFO] running `Command { std: "docker" "exec" "-e" "SOURCE_DIR=/opt/rustwide/workdir" "-e" "CARGO_HOME=/opt/rustwide/cargo-home" "-e" "RUSTUP_HOME=/opt/rustwide/rustup-home" "-e" "CARGO_TARGET_DIR=/opt/rustwide/target" "-e" "CARGO_INCREMENTAL=0" "-e" "RUST_BACKTRACE=full" "-e" "RUSTFLAGS=--cap-lints=warn" "-e" "RUSTDOCFLAGS=--cap-lints=warn" "-w" "/opt/rustwide/workdir" "--user" "0:0" "2944f45cb0ae05536f0e574ee7f780deb3953f4049d909d7dc7265ed9e97bb11" "/opt/rustwide/cargo-home/bin/cargo" "+1.98.0-beta.1" "build" "--frozen" "--message-format=json", kill_on_drop: false }`
[INFO] [stderr]    Compiling once_cell v1.21.4
[INFO] [stderr]    Compiling mio v1.2.0
[INFO] [stderr]    Compiling strsim v0.11.1
[INFO] [stderr]    Compiling tokio-macros v2.6.1
[INFO] [stderr]    Compiling zerofrom v0.1.7
[INFO] [stderr]    Compiling bitflags v2.11.1
[INFO] [stderr]    Compiling ident_case v1.0.1
[INFO] [stderr]    Compiling cc v1.2.62
[INFO] [stderr]    Compiling serde_core v1.0.228
[INFO] [stderr]    Compiling yoke v0.8.2
[INFO] [stderr]    Compiling tracing-core v0.1.36
[INFO] [stderr]    Compiling serde v1.0.228
[INFO] [stderr]    Compiling zerovec v0.11.6
[INFO] [stderr]    Compiling tracing v0.1.44
[INFO] [stderr]    Compiling zerotrie v0.2.4
[INFO] [stderr]    Compiling num-traits v0.2.19
[INFO] [stderr]    Compiling unicode-segmentation v1.13.2
[INFO] [stderr]    Compiling tokio v1.48.0
[INFO] [stderr]    Compiling rustix v1.1.4
[INFO] [stderr]    Compiling signal-hook v0.3.18
[INFO] [stderr]    Compiling linux-raw-sys v0.12.1
[INFO] [stderr]    Compiling parking_lot_core v0.8.6
[INFO] [stderr]    Compiling tinystr v0.8.3
[INFO] [stderr]    Compiling potential_utf v0.1.5
[INFO] [stderr]    Compiling rustls v0.23.40
[INFO] [stderr]    Compiling icu_collections v2.2.0
[INFO] [stderr]    Compiling sharded-slab v0.1.7
[INFO] [stderr]    Compiling icu_locale_core v2.2.0
[INFO] [stderr]    Compiling ring v0.17.14
[INFO] [stderr]    Compiling darling_core v0.23.0
[INFO] [stderr]    Compiling darling_core v0.20.11
[INFO] [stderr]    Compiling thread_local v1.1.9
[INFO] [stderr]    Compiling allocator-api2 v0.2.21
[INFO] [stderr]    Compiling icu_provider v2.2.0
[INFO] [stderr]    Compiling icu_normalizer v2.2.0
[INFO] [stderr]    Compiling icu_properties v2.2.0
[INFO] [stderr]    Compiling owo-colors v4.3.0
[INFO] [stderr]    Compiling object v0.37.3
[INFO] [stderr]    Compiling foldhash v0.1.5
[INFO] [stderr]    Compiling rustix v0.38.44
[INFO] [stderr]    Compiling utf8parse v0.2.2
[INFO] [stderr]    Compiling anstyle-parse v0.2.7
[INFO] [stderr]    Compiling hashbrown v0.15.5
[INFO] [stderr]    Compiling tracing-subscriber v0.3.23
[INFO] [stderr]    Compiling idna_adapter v1.2.2
[INFO] [stderr]    Compiling idna v1.1.0
[INFO] [stderr]    Compiling signal-hook-mio v0.2.5
[INFO] [stderr]    Compiling convert_case v0.10.0
[INFO] [stderr]    Compiling is_terminal_polyfill v1.70.2
[INFO] [stderr]    Compiling anstyle v1.0.14
[INFO] [stderr]    Compiling color-spantrace v0.3.0
[INFO] [stderr]    Compiling either v1.15.0
[INFO] [stderr]    Compiling darling_macro v0.20.11
[INFO] [stderr]    Compiling instability v0.3.12
[INFO] [stderr]    Compiling linux-raw-sys v0.4.15
[INFO] [stderr]    Compiling gimli v0.32.3
[INFO] [stderr]    Compiling paste v1.0.15
[INFO] [stderr]    Compiling unicode-width v0.2.0
[INFO] [stderr]    Compiling anstyle-query v1.1.5
[INFO] [stderr]    Compiling colorchoice v1.0.5
[INFO] [stderr]    Compiling miniz_oxide v0.8.9
[INFO] [stderr]    Compiling anstream v0.6.21
[INFO] [stderr]    Compiling dirs-sys v0.5.0
[INFO] [stderr]    Compiling rustls-webpki v0.103.13
[INFO] [stderr]    Compiling darling v0.20.11
[INFO] [stderr]    Compiling itertools v0.13.0
[INFO] [stderr]    Compiling darling_macro v0.23.0
[INFO] [stderr]    Compiling tracing-error v0.2.1
[INFO] [stderr]    Compiling tokio-util v0.7.18
[INFO] [stderr]    Compiling darling v0.23.0
[INFO] [stderr]    Compiling tower v0.5.3
[INFO] [stderr]    Compiling derive_more-impl v2.1.1
[INFO] [stderr]    Compiling h2 v0.4.14
[INFO] [stderr]    Compiling url v2.5.8
[INFO] [stderr]    Compiling parking_lot v0.11.2
[INFO] [stderr]    Compiling addr2line v0.25.1
[INFO] [stderr]    Compiling terminal_size v0.4.4
[INFO] [stderr]    Compiling rmp v0.8.15
[INFO] [stderr]    Compiling strum_macros v0.26.4
[INFO] [stderr]    Compiling castaway v0.2.4
[INFO] [stderr]    Compiling fs2 v0.4.3
[INFO] [stderr]    Compiling rustc-demangle v0.1.27
[INFO] [stderr]    Compiling clap_lex v1.1.0
[INFO] [stderr]    Compiling indoc v2.0.7
[INFO] [stderr]    Compiling unicode-width v0.1.14
[INFO] [stderr]    Compiling eyre v0.6.12
[INFO] [stderr]    Compiling unicode-truncate v1.1.0
[INFO] [stderr]    Compiling compact_str v0.8.1
[INFO] [stderr]    Compiling clap_builder v4.5.60
[INFO] [stderr]    Compiling rmp-serde v1.3.1
[INFO] [stderr]    Compiling sled v0.34.7
[INFO] [stderr]    Compiling hyper v1.9.0
[INFO] [stderr]    Compiling strum v0.26.3
[INFO] [stderr]    Compiling ahash v0.8.12
[INFO] [stderr]    Compiling tower-http v0.6.10
[INFO] [stderr]    Compiling derive_more v2.1.1
[INFO] [stderr]    Compiling crossterm v0.28.1
[INFO] [stderr]    Compiling cached_proc_macro v0.25.0
[INFO] [stderr]    Compiling tokio-rustls v0.26.4
[INFO] [stderr]    Compiling hyper-util v0.1.20
[INFO] [stderr]    Compiling directories v6.0.0
[INFO] [stderr]    Compiling backtrace v0.3.76
[INFO] [stderr]    Compiling lru v0.12.5
[INFO] [stderr]    Compiling serde_urlencoded v0.7.1
[INFO] [stderr]    Compiling clap_derive v4.5.55
[INFO] [stderr]    Compiling strum_macros v0.27.2
[INFO] [stderr]    Compiling hyper-rustls v0.27.9
[INFO] [stderr]    Compiling cassowary v0.3.0
[INFO] [stderr]    Compiling cached_proc_macro_types v0.1.1
[INFO] [stderr]    Compiling web-time v1.1.0
[INFO] [stderr]    Compiling cached v0.56.0
[INFO] [stderr]    Compiling ratatui v0.29.0
[INFO] [stderr]    Compiling chrono v0.4.44
[INFO] [stderr]    Compiling reqwest v0.12.28
[INFO] [stderr]    Compiling clap v4.5.60
[INFO] [stderr]    Compiling strum v0.27.2
[INFO] [stderr]    Compiling color-eyre v0.6.5
[INFO] [stderr]    Compiling serde_json v1.0.149
[INFO] [stderr]    Compiling crossterm v0.29.0
[INFO] [stderr]    Compiling tokio-stream v0.1.18
[INFO] [stderr]    Compiling sys-locale v0.3.2
[INFO] [stderr]    Compiling idacast v0.1.10 (/opt/rustwide/workdir)
[INFO] [stderr]     Finished `dev` profile [unoptimized + debuginfo] target(s) in 1m 22s
[INFO] running `Command { std: "docker" "inspect" "2944f45cb0ae05536f0e574ee7f780deb3953f4049d909d7dc7265ed9e97bb11", kill_on_drop: false }`
[INFO] running `Command { std: "docker" "exec" "-e" "SOURCE_DIR=/opt/rustwide/workdir" "-e" "CARGO_HOME=/opt/rustwide/cargo-home" "-e" "RUSTUP_HOME=/opt/rustwide/rustup-home" "-e" "CARGO_TARGET_DIR=/opt/rustwide/target" "-e" "CARGO_INCREMENTAL=0" "-e" "RUST_BACKTRACE=full" "-e" "RUSTFLAGS=--cap-lints=warn" "-e" "RUSTDOCFLAGS=--cap-lints=warn" "-w" "/opt/rustwide/workdir" "--user" "0:0" "2944f45cb0ae05536f0e574ee7f780deb3953f4049d909d7dc7265ed9e97bb11" "/opt/rustwide/cargo-home/bin/cargo" "+1.98.0-beta.1" "test" "--frozen" "--no-run" "--message-format=json", kill_on_drop: false }`
[INFO] [stderr]    Compiling idacast v0.1.10 (/opt/rustwide/workdir)
[INFO] [stderr]     Finished `test` profile [unoptimized + debuginfo] target(s) in 3.30s
[INFO] running `Command { std: "docker" "inspect" "2944f45cb0ae05536f0e574ee7f780deb3953f4049d909d7dc7265ed9e97bb11", kill_on_drop: false }`
[INFO] running `Command { std: "docker" "exec" "-e" "SOURCE_DIR=/opt/rustwide/workdir" "-e" "CARGO_HOME=/opt/rustwide/cargo-home" "-e" "RUSTUP_HOME=/opt/rustwide/rustup-home" "-e" "CARGO_TARGET_DIR=/opt/rustwide/target" "-e" "CARGO_INCREMENTAL=0" "-e" "RUST_BACKTRACE=full" "-e" "RUSTFLAGS=--cap-lints=warn" "-e" "RUSTDOCFLAGS=--cap-lints=warn" "-w" "/opt/rustwide/workdir" "--user" "0:0" "2944f45cb0ae05536f0e574ee7f780deb3953f4049d909d7dc7265ed9e97bb11" "/opt/rustwide/cargo-home/bin/cargo" "+1.98.0-beta.1" "test" "--frozen", kill_on_drop: false }`
[INFO] [stderr]     Finished `test` profile [unoptimized + debuginfo] target(s) in 0.28s
[INFO] [stderr]      Running unittests src/main.rs (/opt/rustwide/target/debug/deps/idacast-fe4b59c449b48d34)
[INFO] [stdout] 
[INFO] [stdout] running 15 tests
[INFO] [stdout] test app::ui::test::test_fill_mid_spaces ... ok
[INFO] [stdout] test data::raw_data::test::test_deserialize_coop_regular ... ok
[INFO] [stdout] test data::raw_data::test::test_deserialize_coop_big_run ... ok
[INFO] [stdout] test data::raw_data::test::test_deserialize_regular_match ... ok
[INFO] [stdout] test data::raw_data::test::test_deserialize_coop_team_contest ... ok
[INFO] [stdout] test data::raw_data::test::test_deserialize_league_match ... ok
[INFO] [stdout] test data::raw_data::test::test_deserialize_bankara_match ... ok
[INFO] [stdout] test data::raw_data::test::test_deserialize_x_match ... ok
[INFO] [stdout] test data::translation::test::test_translation_lookup_with_dictionary ... ok
[INFO] [stdout] test data::test::test_filter_schedule_by_time ... ok
[INFO] [stdout] test data::translation::test::test_translation_map ... ok
[INFO] [stdout] test data::test::test_get_schedules_online ... FAILED
[INFO] [stdout] test data::test::test_get_dictionary_online ... FAILED
[INFO] [stdout] test data::raw_data::test::test_parsing_online ... FAILED
[INFO] [stdout] test data::test::test_get_schedules_online_with_translation ... FAILED
[INFO] [stdout] 
[INFO] [stdout] failures:
[INFO] [stdout] 
[INFO] [stdout] ---- data::test::test_get_schedules_online stdout ----
[INFO] [stdout] 
[INFO] [stdout] thread 'data::test::test_get_schedules_online' (2052) panicked at src/data/mod.rs:229:63:
[INFO] [stdout] called `Result::unwrap()` on an `Err` value: error sending request for url (https://splatoon3.ink/data/schedules.json)
[INFO] [stdout] 
[INFO] [stdout] Caused by:
[INFO] [stdout]    0: client error (Connect)
[INFO] [stdout]    1: dns error
[INFO] [stdout]    2: failed to lookup address information: Temporary failure in name resolution
[INFO] [stdout] 
[INFO] [stdout] Location:
[INFO] [stdout]     src/data/mod.rs:43:23
[INFO] [stdout] stack backtrace:
[INFO] [stdout]    0:     0x6207019943d1 - std[73adb7dc35730857]::backtrace_rs::backtrace::libunwind::trace
[INFO] [stdout]                                at /rustc/6b3fa26749ab40e159b2dd5cf577acaaf5902772/library/std/src/../../backtrace/src/backtrace/libunwind.rs:117:9
[INFO] [stdout]    1:     0x6207019943d1 - std[73adb7dc35730857]::backtrace_rs::backtrace::trace_unsynchronized::<std[73adb7dc35730857]::sys::backtrace::_print_fmt::{closure#1}>
[INFO] [stdout]                                at /rustc/6b3fa26749ab40e159b2dd5cf577acaaf5902772/library/std/src/../../backtrace/src/backtrace/mod.rs:66:14
[INFO] [stdout]    2:     0x6207019943d1 - std[73adb7dc35730857]::sys::backtrace::_print_fmt
[INFO] [stdout]                                at /rustc/6b3fa26749ab40e159b2dd5cf577acaaf5902772/library/std/src/sys/backtrace.rs:74:9
[INFO] [stdout]    3:     0x6207019943d1 - <<std[73adb7dc35730857]::sys::backtrace::BacktraceLock>::print::DisplayBacktrace as core[6883ba1bc0fe4ed1]::fmt::Display>::fmt
[INFO] [stdout]                                at /rustc/6b3fa26749ab40e159b2dd5cf577acaaf5902772/library/std/src/sys/backtrace.rs:44:26
[INFO] [stdout]    4:     0x6207019aa3da - <core[6883ba1bc0fe4ed1]::fmt::rt::Argument>::fmt
[INFO] [stdout]                                at /rustc/6b3fa26749ab40e159b2dd5cf577acaaf5902772/library/core/src/fmt/rt.rs:152:76
[INFO] [stdout]    5:     0x6207019aa3da - core[6883ba1bc0fe4ed1]::fmt::write
[INFO] [stdout]    6:     0x620701998f9c - std[73adb7dc35730857]::io::default_write_fmt::<alloc[55a36b64bcbf2c0d]::vec::Vec<u8>>
[INFO] [stdout]                                at /rustc/6b3fa26749ab40e159b2dd5cf577acaaf5902772/library/std/src/io/mod.rs:626:11
[INFO] [stdout]    7:     0x620701998f9c - <alloc[55a36b64bcbf2c0d]::vec::Vec<u8> as std[73adb7dc35730857]::io::Write>::write_fmt
[INFO] [stdout]                                at /rustc/6b3fa26749ab40e159b2dd5cf577acaaf5902772/library/std/src/io/mod.rs:1730:13
[INFO] [stdout]    8:     0x620701970db6 - <std[73adb7dc35730857]::sys::backtrace::BacktraceLock>::print
[INFO] [stdout]                                at /rustc/6b3fa26749ab40e159b2dd5cf577acaaf5902772/library/std/src/sys/backtrace.rs:47:9
[INFO] [stdout]    9:     0x620701970db6 - std[73adb7dc35730857]::panicking::default_hook::{closure#0}
[INFO] [stdout]                                at /rustc/6b3fa26749ab40e159b2dd5cf577acaaf5902772/library/std/src/panicking.rs:292:27
[INFO] [stdout]   10:     0x62070198b4d9 - std[73adb7dc35730857]::panicking::default_hook
[INFO] [stdout]                                at /rustc/6b3fa26749ab40e159b2dd5cf577acaaf5902772/library/std/src/panicking.rs:316:9
[INFO] [stdout]   11:     0x6207012d9b20 - <alloc[55a36b64bcbf2c0d]::boxed::Box<dyn for<'a, 'b> core[6883ba1bc0fe4ed1]::ops::function::Fn<(&'a std[73adb7dc35730857]::panic::PanicHookInfo<'b>,), Output = ()> + core[6883ba1bc0fe4ed1]::marker::Send + core[6883ba1bc0fe4ed1]::marker::Sync> as core[6883ba1bc0fe4ed1]::ops::function::Fn<(&std[73adb7dc35730857]::panic::PanicHookInfo,)>>::call
[INFO] [stdout]                                at /rustc/6b3fa26749ab40e159b2dd5cf577acaaf5902772/library/alloc/src/boxed.rs:2333:9
[INFO] [stdout]   12:     0x6207012d9b20 - test[980ffaebd391d06d]::test_main_inner::<test[980ffaebd391d06d]::test_main_static::{closure#0}>::{closure#0}
[INFO] [stdout]                                at /rustc/6b3fa26749ab40e159b2dd5cf577acaaf5902772/library/test/src/lib.rs:155:21
[INFO] [stdout]   13:     0x62070198b802 - <alloc[55a36b64bcbf2c0d]::boxed::Box<dyn for<'a, 'b> core[6883ba1bc0fe4ed1]::ops::function::Fn<(&'a std[73adb7dc35730857]::panic::PanicHookInfo<'b>,), Output = ()> + core[6883ba1bc0fe4ed1]::marker::Send + core[6883ba1bc0fe4ed1]::marker::Sync> as core[6883ba1bc0fe4ed1]::ops::function::Fn<(&std[73adb7dc35730857]::panic::PanicHookInfo,)>>::call
[INFO] [stdout]                                at /rustc/6b3fa26749ab40e159b2dd5cf577acaaf5902772/library/alloc/src/boxed.rs:2333:9
[INFO] [stdout]   14:     0x62070198b802 - std[73adb7dc35730857]::panicking::panic_with_hook
[INFO] [stdout]                                at /rustc/6b3fa26749ab40e159b2dd5cf577acaaf5902772/library/std/src/panicking.rs:823:13
[INFO] [stdout]   15:     0x620701970e62 - std[73adb7dc35730857]::panicking::panic_handler::{closure#0}
[INFO] [stdout]                                at /rustc/6b3fa26749ab40e159b2dd5cf577acaaf5902772/library/std/src/panicking.rs:688:13
[INFO] [stdout]   16:     0x620701968559 - std[73adb7dc35730857]::sys::backtrace::__rust_end_short_backtrace::<std[73adb7dc35730857]::panicking::panic_handler::{closure#0}, !>
[INFO] [stdout]                                at /rustc/6b3fa26749ab40e159b2dd5cf577acaaf5902772/library/std/src/sys/backtrace.rs:182:18
[INFO] [stdout]   17:     0x620701971c4d - __rustc[a7b7b02e776dd976]::rust_begin_unwind
[INFO] [stdout]                                at /rustc/6b3fa26749ab40e159b2dd5cf577acaaf5902772/library/std/src/panicking.rs:679:5
[INFO] [stdout]   18:     0x6207019aabdc - core[6883ba1bc0fe4ed1]::panicking::panic_fmt
[INFO] [stdout]                                at /rustc/6b3fa26749ab40e159b2dd5cf577acaaf5902772/library/core/src/panicking.rs:80:14
[INFO] [stdout]   19:     0x6207019aa952 - core[6883ba1bc0fe4ed1]::result::unwrap_failed
[INFO] [stdout]                                at /rustc/6b3fa26749ab40e159b2dd5cf577acaaf5902772/library/core/src/result.rs:1870:5
[INFO] [stdout]   20:     0x6207012c240e - <core[6883ba1bc0fe4ed1]::result::Result<idacast[3991e4bcc57e294f]::data::schedules::Schedules, eyre[c627fa40d546b714]::Report>>::unwrap
[INFO] [stdout]                                at /rustc/6b3fa26749ab40e159b2dd5cf577acaaf5902772/library/core/src/result.rs:1231:23
[INFO] [stdout]   21:     0x6207012c240e - idacast[3991e4bcc57e294f]::data::test::test_get_schedules_online::{closure#0}
[INFO] [stdout]                                at /opt/rustwide/workdir/src/data/mod.rs:229:63
[INFO] [stdout]   22:     0x620701281fd2 - <core[6883ba1bc0fe4ed1]::pin::Pin<&mut dyn core[6883ba1bc0fe4ed1]::future::future::Future<Output = ()>> as core[6883ba1bc0fe4ed1]::future::future::Future>::poll
[INFO] [stdout]                                at /rustc/6b3fa26749ab40e159b2dd5cf577acaaf5902772/library/core/src/future/future.rs:133:9
[INFO] [stdout]   23:     0x62070128204d - <core[6883ba1bc0fe4ed1]::pin::Pin<&mut core[6883ba1bc0fe4ed1]::pin::Pin<&mut dyn core[6883ba1bc0fe4ed1]::future::future::Future<Output = ()>>> as core[6883ba1bc0fe4ed1]::future::future::Future>::poll
[INFO] [stdout]                                at /rustc/6b3fa26749ab40e159b2dd5cf577acaaf5902772/library/core/src/future/future.rs:133:9
[INFO] [stdout]   24:     0x62070128cc9d - <tokio[4cbc8b535844b571]::runtime::scheduler::current_thread::CoreGuard>::block_on::<core[6883ba1bc0fe4ed1]::pin::Pin<&mut core[6883ba1bc0fe4ed1]::pin::Pin<&mut dyn core[6883ba1bc0fe4ed1]::future::future::Future<Output = ()>>>>::{closure#0}::{closure#0}::{closure#0}
[INFO] [stdout]                                at /opt/rustwide/cargo-home/registry/src/index.crates.io-1949cf8c6b5b557f/tokio-1.48.0/src/runtime/scheduler/current_thread/mod.rs:742:70
[INFO] [stdout]   25:     0x62070128cb9b - tokio[4cbc8b535844b571]::task::coop::with_budget::<core[6883ba1bc0fe4ed1]::task::poll::Poll<()>, <tokio[4cbc8b535844b571]::runtime::scheduler::current_thread::CoreGuard>::block_on<core[6883ba1bc0fe4ed1]::pin::Pin<&mut core[6883ba1bc0fe4ed1]::pin::Pin<&mut dyn core[6883ba1bc0fe4ed1]::future::future::Future<Output = ()>>>>::{closure#0}::{closure#0}::{closure#0}>
[INFO] [stdout]                                at /opt/rustwide/cargo-home/registry/src/index.crates.io-1949cf8c6b5b557f/tokio-1.48.0/src/task/coop/mod.rs:167:5
[INFO] [stdout]   26:     0x62070128cb9b - tokio[4cbc8b535844b571]::task::coop::budget::<core[6883ba1bc0fe4ed1]::task::poll::Poll<()>, <tokio[4cbc8b535844b571]::runtime::scheduler::current_thread::CoreGuard>::block_on<core[6883ba1bc0fe4ed1]::pin::Pin<&mut core[6883ba1bc0fe4ed1]::pin::Pin<&mut dyn core[6883ba1bc0fe4ed1]::future::future::Future<Output = ()>>>>::{closure#0}::{closure#0}::{closure#0}>
[INFO] [stdout]                                at /opt/rustwide/cargo-home/registry/src/index.crates.io-1949cf8c6b5b557f/tokio-1.48.0/src/task/coop/mod.rs:133:5
[INFO] [stdout]   27:     0x62070128cb9b - <tokio[4cbc8b535844b571]::runtime::scheduler::current_thread::CoreGuard>::block_on::<core[6883ba1bc0fe4ed1]::pin::Pin<&mut core[6883ba1bc0fe4ed1]::pin::Pin<&mut dyn core[6883ba1bc0fe4ed1]::future::future::Future<Output = ()>>>>::{closure#0}::{closure#0}
[INFO] [stdout]                                at /opt/rustwide/cargo-home/registry/src/index.crates.io-1949cf8c6b5b557f/tokio-1.48.0/src/runtime/scheduler/current_thread/mod.rs:742:25
[INFO] [stdout]   28:     0x620701288740 - <tokio[4cbc8b535844b571]::runtime::scheduler::current_thread::Context>::enter::<core[6883ba1bc0fe4ed1]::task::poll::Poll<()>, <tokio[4cbc8b535844b571]::runtime::scheduler::current_thread::CoreGuard>::block_on<core[6883ba1bc0fe4ed1]::pin::Pin<&mut core[6883ba1bc0fe4ed1]::pin::Pin<&mut dyn core[6883ba1bc0fe4ed1]::future::future::Future<Output = ()>>>>::{closure#0}::{closure#0}>
[INFO] [stdout]                                at /opt/rustwide/cargo-home/registry/src/index.crates.io-1949cf8c6b5b557f/tokio-1.48.0/src/runtime/scheduler/current_thread/mod.rs:432:19
[INFO] [stdout]   29:     0x62070128bdfd - <tokio[4cbc8b535844b571]::runtime::scheduler::current_thread::CoreGuard>::block_on::<core[6883ba1bc0fe4ed1]::pin::Pin<&mut core[6883ba1bc0fe4ed1]::pin::Pin<&mut dyn core[6883ba1bc0fe4ed1]::future::future::Future<Output = ()>>>>::{closure#0}
[INFO] [stdout]                                at /opt/rustwide/cargo-home/registry/src/index.crates.io-1949cf8c6b5b557f/tokio-1.48.0/src/runtime/scheduler/current_thread/mod.rs:741:44
[INFO] [stdout]   30:     0x62070128b0f4 - <tokio[4cbc8b535844b571]::runtime::scheduler::current_thread::CoreGuard>::enter::<<tokio[4cbc8b535844b571]::runtime::scheduler::current_thread::CoreGuard>::block_on<core[6883ba1bc0fe4ed1]::pin::Pin<&mut core[6883ba1bc0fe4ed1]::pin::Pin<&mut dyn core[6883ba1bc0fe4ed1]::future::future::Future<Output = ()>>>>::{closure#0}, core[6883ba1bc0fe4ed1]::option::Option<()>>::{closure#0}
[INFO] [stdout]                                at /opt/rustwide/cargo-home/registry/src/index.crates.io-1949cf8c6b5b557f/tokio-1.48.0/src/runtime/scheduler/current_thread/mod.rs:829:68
[INFO] [stdout]   31:     0x6207012c10eb - <tokio[4cbc8b535844b571]::runtime::context::scoped::Scoped<tokio[4cbc8b535844b571]::runtime::scheduler::Context>>::set::<<tokio[4cbc8b535844b571]::runtime::scheduler::current_thread::CoreGuard>::enter<<tokio[4cbc8b535844b571]::runtime::scheduler::current_thread::CoreGuard>::block_on<core[6883ba1bc0fe4ed1]::pin::Pin<&mut core[6883ba1bc0fe4ed1]::pin::Pin<&mut dyn core[6883ba1bc0fe4ed1]::future::future::Future<Output = ()>>>>::{closure#0}, core[6883ba1bc0fe4ed1]::option::Option<()>>::{closure#0}, (alloc[55a36b64bcbf2c0d]::boxed::Box<tokio[4cbc8b535844b571]::runtime::scheduler::current_thread::Core>, core[6883ba1bc0fe4ed1]::option::Option<()>)>
[INFO] [stdout]                                at /opt/rustwide/cargo-home/registry/src/index.crates.io-1949cf8c6b5b557f/tokio-1.48.0/src/runtime/context/scoped.rs:40:9
[INFO] [stdout]   32:     0x6207012a5539 - tokio[4cbc8b535844b571]::runtime::context::set_scheduler::<(alloc[55a36b64bcbf2c0d]::boxed::Box<tokio[4cbc8b535844b571]::runtime::scheduler::current_thread::Core>, core[6883ba1bc0fe4ed1]::option::Option<()>), <tokio[4cbc8b535844b571]::runtime::scheduler::current_thread::CoreGuard>::enter<<tokio[4cbc8b535844b571]::runtime::scheduler::current_thread::CoreGuard>::block_on<core[6883ba1bc0fe4ed1]::pin::Pin<&mut core[6883ba1bc0fe4ed1]::pin::Pin<&mut dyn core[6883ba1bc0fe4ed1]::future::future::Future<Output = ()>>>>::{closure#0}, core[6883ba1bc0fe4ed1]::option::Option<()>>::{closure#0}>::{closure#0}
[INFO] [stdout]                                at /opt/rustwide/cargo-home/registry/src/index.crates.io-1949cf8c6b5b557f/tokio-1.48.0/src/runtime/context.rs:176:38
[INFO] [stdout]   33:     0x6207012afee2 - <std[73adb7dc35730857]::thread::local::LocalKey<tokio[4cbc8b535844b571]::runtime::context::Context>>::try_with::<tokio[4cbc8b535844b571]::runtime::context::set_scheduler<(alloc[55a36b64bcbf2c0d]::boxed::Box<tokio[4cbc8b535844b571]::runtime::scheduler::current_thread::Core>, core[6883ba1bc0fe4ed1]::option::Option<()>), <tokio[4cbc8b535844b571]::runtime::scheduler::current_thread::CoreGuard>::enter<<tokio[4cbc8b535844b571]::runtime::scheduler::current_thread::CoreGuard>::block_on<core[6883ba1bc0fe4ed1]::pin::Pin<&mut core[6883ba1bc0fe4ed1]::pin::Pin<&mut dyn core[6883ba1bc0fe4ed1]::future::future::Future<Output = ()>>>>::{closure#0}, core[6883ba1bc0fe4ed1]::option::Option<()>>::{closure#0}>::{closure#0}, (alloc[55a36b64bcbf2c0d]::boxed::Box<tokio[4cbc8b535844b571]::runtime::scheduler::current_thread::Core>, core[6883ba1bc0fe4ed1]::option::Option<()>)>
[INFO] [stdout]                                at /rustc/6b3fa26749ab40e159b2dd5cf577acaaf5902772/library/std/src/thread/local.rs:463:12
[INFO] [stdout]   34:     0x6207012afa6e - <std[73adb7dc35730857]::thread::local::LocalKey<tokio[4cbc8b535844b571]::runtime::context::Context>>::with::<tokio[4cbc8b535844b571]::runtime::context::set_scheduler<(alloc[55a36b64bcbf2c0d]::boxed::Box<tokio[4cbc8b535844b571]::runtime::scheduler::current_thread::Core>, core[6883ba1bc0fe4ed1]::option::Option<()>), <tokio[4cbc8b535844b571]::runtime::scheduler::current_thread::CoreGuard>::enter<<tokio[4cbc8b535844b571]::runtime::scheduler::current_thread::CoreGuard>::block_on<core[6883ba1bc0fe4ed1]::pin::Pin<&mut core[6883ba1bc0fe4ed1]::pin::Pin<&mut dyn core[6883ba1bc0fe4ed1]::future::future::Future<Output = ()>>>>::{closure#0}, core[6883ba1bc0fe4ed1]::option::Option<()>>::{closure#0}>::{closure#0}, (alloc[55a36b64bcbf2c0d]::boxed::Box<tokio[4cbc8b535844b571]::runtime::scheduler::current_thread::Core>, core[6883ba1bc0fe4ed1]::option::Option<()>)>
[INFO] [stdout]                                at /rustc/6b3fa26749ab40e159b2dd5cf577acaaf5902772/library/std/src/thread/local.rs:427:20
[INFO] [stdout]   35:     0x6207012a1bed - tokio[4cbc8b535844b571]::runtime::context::set_scheduler::<(alloc[55a36b64bcbf2c0d]::boxed::Box<tokio[4cbc8b535844b571]::runtime::scheduler::current_thread::Core>, core[6883ba1bc0fe4ed1]::option::Option<()>), <tokio[4cbc8b535844b571]::runtime::scheduler::current_thread::CoreGuard>::enter<<tokio[4cbc8b535844b571]::runtime::scheduler::current_thread::CoreGuard>::block_on<core[6883ba1bc0fe4ed1]::pin::Pin<&mut core[6883ba1bc0fe4ed1]::pin::Pin<&mut dyn core[6883ba1bc0fe4ed1]::future::future::Future<Output = ()>>>>::{closure#0}, core[6883ba1bc0fe4ed1]::option::Option<()>>::{closure#0}>
[INFO] [stdout]                                at /opt/rustwide/cargo-home/registry/src/index.crates.io-1949cf8c6b5b557f/tokio-1.48.0/src/runtime/context.rs:176:17
[INFO] [stdout]   36:     0x620701289ec0 - <tokio[4cbc8b535844b571]::runtime::scheduler::current_thread::CoreGuard>::enter::<<tokio[4cbc8b535844b571]::runtime::scheduler::current_thread::CoreGuard>::block_on<core[6883ba1bc0fe4ed1]::pin::Pin<&mut core[6883ba1bc0fe4ed1]::pin::Pin<&mut dyn core[6883ba1bc0fe4ed1]::future::future::Future<Output = ()>>>>::{closure#0}, core[6883ba1bc0fe4ed1]::option::Option<()>>
[INFO] [stdout]                                at /opt/rustwide/cargo-home/registry/src/index.crates.io-1949cf8c6b5b557f/tokio-1.48.0/src/runtime/scheduler/current_thread/mod.rs:829:27
[INFO] [stdout]   37:     0x62070128a1b6 - <tokio[4cbc8b535844b571]::runtime::scheduler::current_thread::CoreGuard>::block_on::<core[6883ba1bc0fe4ed1]::pin::Pin<&mut core[6883ba1bc0fe4ed1]::pin::Pin<&mut dyn core[6883ba1bc0fe4ed1]::future::future::Future<Output = ()>>>>
[INFO] [stdout]                                at /opt/rustwide/cargo-home/registry/src/index.crates.io-1949cf8c6b5b557f/tokio-1.48.0/src/runtime/scheduler/current_thread/mod.rs:729:24
[INFO] [stdout]   38:     0x62070128abe0 - <tokio[4cbc8b535844b571]::runtime::scheduler::current_thread::CurrentThread>::block_on::<core[6883ba1bc0fe4ed1]::pin::Pin<&mut dyn core[6883ba1bc0fe4ed1]::future::future::Future<Output = ()>>>::{closure#0}
[INFO] [stdout]                                at /opt/rustwide/cargo-home/registry/src/index.crates.io-1949cf8c6b5b557f/tokio-1.48.0/src/runtime/scheduler/current_thread/mod.rs:200:33
[INFO] [stdout]   39:     0x6207012997a3 - tokio[4cbc8b535844b571]::runtime::context::runtime::enter_runtime::<<tokio[4cbc8b535844b571]::runtime::scheduler::current_thread::CurrentThread>::block_on<core[6883ba1bc0fe4ed1]::pin::Pin<&mut dyn core[6883ba1bc0fe4ed1]::future::future::Future<Output = ()>>>::{closure#0}, ()>
[INFO] [stdout]                                at /opt/rustwide/cargo-home/registry/src/index.crates.io-1949cf8c6b5b557f/tokio-1.48.0/src/runtime/context/runtime.rs:65:16
[INFO] [stdout]   40:     0x620701287ec1 - <tokio[4cbc8b535844b571]::runtime::scheduler::current_thread::CurrentThread>::block_on::<core[6883ba1bc0fe4ed1]::pin::Pin<&mut dyn core[6883ba1bc0fe4ed1]::future::future::Future<Output = ()>>>
[INFO] [stdout]                                at /opt/rustwide/cargo-home/registry/src/index.crates.io-1949cf8c6b5b557f/tokio-1.48.0/src/runtime/scheduler/current_thread/mod.rs:188:9
[INFO] [stdout]   41:     0x62070127da34 - <tokio[4cbc8b535844b571]::runtime::runtime::Runtime>::block_on_inner::<core[6883ba1bc0fe4ed1]::pin::Pin<&mut dyn core[6883ba1bc0fe4ed1]::future::future::Future<Output = ()>>>
[INFO] [stdout]                                at /opt/rustwide/cargo-home/registry/src/index.crates.io-1949cf8c6b5b557f/tokio-1.48.0/src/runtime/runtime.rs:368:52
[INFO] [stdout]   42:     0x62070127dbff - <tokio[4cbc8b535844b571]::runtime::runtime::Runtime>::block_on::<core[6883ba1bc0fe4ed1]::pin::Pin<&mut dyn core[6883ba1bc0fe4ed1]::future::future::Future<Output = ()>>>
[INFO] [stdout]                                at /opt/rustwide/cargo-home/registry/src/index.crates.io-1949cf8c6b5b557f/tokio-1.48.0/src/runtime/runtime.rs:342:18
[INFO] [stdout]   43:     0x6207012c47a2 - idacast[3991e4bcc57e294f]::data::test::test_get_schedules_online
[INFO] [stdout]                                at /opt/rustwide/workdir/src/data/mod.rs:230:26
[INFO] [stdout]   44:     0x6207012c2107 - idacast[3991e4bcc57e294f]::data::test::test_get_schedules_online::{closure#0}
[INFO] [stdout]                                at /opt/rustwide/workdir/src/data/mod.rs:228:41
[INFO] [stdout]   45:     0x6207012a1676 - <idacast[3991e4bcc57e294f]::data::test::test_get_schedules_online::{closure#0} as core[6883ba1bc0fe4ed1]::ops::function::FnOnce<()>>::call_once
[INFO] [stdout]                                at /rustc/6b3fa26749ab40e159b2dd5cf577acaaf5902772/library/core/src/ops/function.rs:250:5
[INFO] [stdout]   46:     0x6207012cce5b - <fn() -> core[6883ba1bc0fe4ed1]::result::Result<(), alloc[55a36b64bcbf2c0d]::string::String> as core[6883ba1bc0fe4ed1]::ops::function::FnOnce<()>>::call_once
[INFO] [stdout]                                at /rustc/6b3fa26749ab40e159b2dd5cf577acaaf5902772/library/core/src/ops/function.rs:250:5
[INFO] [stdout]   47:     0x6207012cce5b - test[980ffaebd391d06d]::__rust_begin_short_backtrace::<core[6883ba1bc0fe4ed1]::result::Result<(), alloc[55a36b64bcbf2c0d]::string::String>, fn() -> core[6883ba1bc0fe4ed1]::result::Result<(), alloc[55a36b64bcbf2c0d]::string::String>>
[INFO] [stdout]                                at /rustc/6b3fa26749ab40e159b2dd5cf577acaaf5902772/library/test/src/lib.rs:724:18
[INFO] [stdout]   48:     0x6207012da4a5 - test[980ffaebd391d06d]::run_test_in_process::{closure#0}
[INFO] [stdout]                                at /rustc/6b3fa26749ab40e159b2dd5cf577acaaf5902772/library/test/src/lib.rs:747:74
[INFO] [stdout]   49:     0x6207012da4a5 - <core[6883ba1bc0fe4ed1]::panic::unwind_safe::AssertUnwindSafe<test[980ffaebd391d06d]::run_test_in_process::{closure#0}> as core[6883ba1bc0fe4ed1]::ops::function::FnOnce<()>>::call_once
[INFO] [stdout]                                at /rustc/6b3fa26749ab40e159b2dd5cf577acaaf5902772/library/core/src/panic/unwind_safe.rs:275:9
[INFO] [stdout]   50:     0x6207012da4a5 - std[73adb7dc35730857]::panicking::catch_unwind::do_call::<core[6883ba1bc0fe4ed1]::panic::unwind_safe::AssertUnwindSafe<test[980ffaebd391d06d]::run_test_in_process::{closure#0}>, core[6883ba1bc0fe4ed1]::result::Result<(), alloc[55a36b64bcbf2c0d]::string::String>>
[INFO] [stdout]                                at /rustc/6b3fa26749ab40e159b2dd5cf577acaaf5902772/library/std/src/panicking.rs:576:43
[INFO] [stdout]   51:     0x6207012da4a5 - std[73adb7dc35730857]::panicking::catch_unwind::<core[6883ba1bc0fe4ed1]::result::Result<(), alloc[55a36b64bcbf2c0d]::string::String>, core[6883ba1bc0fe4ed1]::panic::unwind_safe::AssertUnwindSafe<test[980ffaebd391d06d]::run_test_in_process::{closure#0}>>
[INFO] [stdout]                                at /rustc/6b3fa26749ab40e159b2dd5cf577acaaf5902772/library/std/src/panicking.rs:544:19
[INFO] [stdout]   52:     0x6207012da4a5 - std[73adb7dc35730857]::panic::catch_unwind::<core[6883ba1bc0fe4ed1]::panic::unwind_safe::AssertUnwindSafe<test[980ffaebd391d06d]::run_test_in_process::{closure#0}>, core[6883ba1bc0fe4ed1]::result::Result<(), alloc[55a36b64bcbf2c0d]::string::String>>
[INFO] [stdout]                                at /rustc/6b3fa26749ab40e159b2dd5cf577acaaf5902772/library/std/src/panic.rs:359:14
[INFO] [stdout]   53:     0x6207012da4a5 - test[980ffaebd391d06d]::run_test_in_process
[INFO] [stdout]                                at /rustc/6b3fa26749ab40e159b2dd5cf577acaaf5902772/library/test/src/lib.rs:747:27
[INFO] [stdout]   54:     0x6207012da4a5 - test[980ffaebd391d06d]::run_test::{closure#0}
[INFO] [stdout]                                at /rustc/6b3fa26749ab40e159b2dd5cf577acaaf5902772/library/test/src/lib.rs:668:43
[INFO] [stdout]   55:     0x6207012d4f54 - test[980ffaebd391d06d]::run_test::{closure#1}
[INFO] [stdout]                                at /rustc/6b3fa26749ab40e159b2dd5cf577acaaf5902772/library/test/src/lib.rs:698:41
[INFO] [stdout]   56:     0x6207012d4f54 - std[73adb7dc35730857]::sys::backtrace::__rust_begin_short_backtrace::<test[980ffaebd391d06d]::run_test::{closure#1}, ()>
[INFO] [stdout]                                at /rustc/6b3fa26749ab40e159b2dd5cf577acaaf5902772/library/std/src/sys/backtrace.rs:166:18
[INFO] [stdout]   57:     0x6207012dd5f2 - std[73adb7dc35730857]::thread::lifecycle::spawn_unchecked::<test[980ffaebd391d06d]::run_test::{closure#1}, ()>::{closure#1}::{closure#0}
[INFO] [stdout]                                at /rustc/6b3fa26749ab40e159b2dd5cf577acaaf5902772/library/std/src/thread/lifecycle.rs:70:13
[INFO] [stdout]   58:     0x6207012dd5f2 - <core[6883ba1bc0fe4ed1]::panic::unwind_safe::AssertUnwindSafe<std[73adb7dc35730857]::thread::lifecycle::spawn_unchecked<test[980ffaebd391d06d]::run_test::{closure#1}, ()>::{closure#1}::{closure#0}> as core[6883ba1bc0fe4ed1]::ops::function::FnOnce<()>>::call_once
[INFO] [stdout]                                at /rustc/6b3fa26749ab40e159b2dd5cf577acaaf5902772/library/core/src/panic/unwind_safe.rs:275:9
[INFO] [stdout]   59:     0x6207012dd5f2 - std[73adb7dc35730857]::panicking::catch_unwind::do_call::<core[6883ba1bc0fe4ed1]::panic::unwind_safe::AssertUnwindSafe<std[73adb7dc35730857]::thread::lifecycle::spawn_unchecked<test[980ffaebd391d06d]::run_test::{closure#1}, ()>::{closure#1}::{closure#0}>, ()>
[INFO] [stdout]                                at /rustc/6b3fa26749ab40e159b2dd5cf577acaaf5902772/library/std/src/panicking.rs:576:43
[INFO] [stdout]   60:     0x6207012dd5f2 - std[73adb7dc35730857]::panicking::catch_unwind::<(), core[6883ba1bc0fe4ed1]::panic::unwind_safe::AssertUnwindSafe<std[73adb7dc35730857]::thread::lifecycle::spawn_unchecked<test[980ffaebd391d06d]::run_test::{closure#1}, ()>::{closure#1}::{closure#0}>>
[INFO] [stdout]                                at /rustc/6b3fa26749ab40e159b2dd5cf577acaaf5902772/library/std/src/panicking.rs:544:19
[INFO] [stdout]   61:     0x6207012dd5f2 - std[73adb7dc35730857]::panic::catch_unwind::<core[6883ba1bc0fe4ed1]::panic::unwind_safe::AssertUnwindSafe<std[73adb7dc35730857]::thread::lifecycle::spawn_unchecked<test[980ffaebd391d06d]::run_test::{closure#1}, ()>::{closure#1}::{closure#0}>, ()>
[INFO] [stdout]                                at /rustc/6b3fa26749ab40e159b2dd5cf577acaaf5902772/library/std/src/panic.rs:359:14
[INFO] [stdout]   62:     0x6207012dd5f2 - std[73adb7dc35730857]::thread::lifecycle::spawn_unchecked::<test[980ffaebd391d06d]::run_test::{closure#1}, ()>::{closure#1}
[INFO] [stdout]                                at /rustc/6b3fa26749ab40e159b2dd5cf577acaaf5902772/library/std/src/thread/lifecycle.rs:68:26
[INFO] [stdout]   63:     0x6207012dd5f2 - <std[73adb7dc35730857]::thread::lifecycle::spawn_unchecked<test[980ffaebd391d06d]::run_test::{closure#1}, ()>::{closure#1} as core[6883ba1bc0fe4ed1]::ops::function::FnOnce<()>>::call_once::{shim:vtable#0}
[INFO] [stdout]                                at /rustc/6b3fa26749ab40e159b2dd5cf577acaaf5902772/library/core/src/ops/function.rs:250:5
[INFO] [stdout]   64:     0x62070199320f - <alloc[55a36b64bcbf2c0d]::boxed::Box<dyn core[6883ba1bc0fe4ed1]::ops::function::FnOnce<(), Output = ()> + core[6883ba1bc0fe4ed1]::marker::Send> as core[6883ba1bc0fe4ed1]::ops::function::FnOnce<()>>::call_once
[INFO] [stdout]                                at /rustc/6b3fa26749ab40e159b2dd5cf577acaaf5902772/library/alloc/src/boxed.rs:2319:9
[INFO] [stdout]   65:     0x62070199320f - <std[73adb7dc35730857]::sys::thread::unix::Thread>::new::thread_start
[INFO] [stdout]                                at /rustc/6b3fa26749ab40e159b2dd5cf577acaaf5902772/library/std/src/sys/thread/unix.rs:123:17
[INFO] [stdout]   66:     0x7fb7def66aa4 - <unknown>
[INFO] [stdout]   67:     0x7fb7deff3a64 - clone
[INFO] [stdout]   68:                0x0 - <unknown>
[INFO] [stdout] 
[INFO] [stdout] ---- data::test::test_get_dictionary_online stdout ----
[INFO] [stdout] 
[INFO] [stdout] thread 'data::test::test_get_dictionary_online' (2051) panicked at src/data/mod.rs:236:57:
[INFO] [stdout] called `Result::unwrap()` on an `Err` value: error sending request for url (https://splatoon3.ink/data/locale/zh-CN.json)
[INFO] [stdout] 
[INFO] [stdout] Caused by:
[INFO] [stdout]    0: client error (Connect)
[INFO] [stdout]    1: dns error
[INFO] [stdout]    2: failed to lookup address information: Temporary failure in name resolution
[INFO] [stdout] 
[INFO] [stdout] Location:
[INFO] [stdout]     src/data/mod.rs:61:23
[INFO] [stdout] stack backtrace:
[INFO] [stdout]    0:     0x6207019943d1 - std[73adb7dc35730857]::backtrace_rs::backtrace::libunwind::trace
[INFO] [stdout]                                at /rustc/6b3fa26749ab40e159b2dd5cf577acaaf5902772/library/std/src/../../backtrace/src/backtrace/libunwind.rs:117:9
[INFO] [stdout]    1:     0x6207019943d1 - std[73adb7dc35730857]::backtrace_rs::backtrace::trace_unsynchronized::<std[73adb7dc35730857]::sys::backtrace::_print_fmt::{closure#1}>
[INFO] [stdout]                                at /rustc/6b3fa26749ab40e159b2dd5cf577acaaf5902772/library/std/src/../../backtrace/src/backtrace/mod.rs:66:14
[INFO] [stdout]    2:     0x6207019943d1 - std[73adb7dc35730857]::sys::backtrace::_print_fmt
[INFO] [stdout]                                at /rustc/6b3fa26749ab40e159b2dd5cf577acaaf5902772/library/std/src/sys/backtrace.rs:74:9
[INFO] [stdout]    3:     0x6207019943d1 - <<std[73adb7dc35730857]::sys::backtrace::BacktraceLock>::print::DisplayBacktrace as core[6883ba1bc0fe4ed1]::fmt::Display>::fmt
[INFO] [stdout]                                at /rustc/6b3fa26749ab40e159b2dd5cf577acaaf5902772/library/std/src/sys/backtrace.rs:44:26
[INFO] [stdout]    4:     0x6207019aa3da - <core[6883ba1bc0fe4ed1]::fmt::rt::Argument>::fmt
[INFO] [stdout]                                at /rustc/6b3fa26749ab40e159b2dd5cf577acaaf5902772/library/core/src/fmt/rt.rs:152:76
[INFO] [stdout]    5:     0x6207019aa3da - core[6883ba1bc0fe4ed1]::fmt::write
[INFO] [stdout]    6:     0x620701998f9c - std[73adb7dc35730857]::io::default_write_fmt::<alloc[55a36b64bcbf2c0d]::vec::Vec<u8>>
[INFO] [stdout]                                at /rustc/6b3fa26749ab40e159b2dd5cf577acaaf5902772/library/std/src/io/mod.rs:626:11
[INFO] [stdout]    7:     0x620701998f9c - <alloc[55a36b64bcbf2c0d]::vec::Vec<u8> as std[73adb7dc35730857]::io::Write>::write_fmt
[INFO] [stdout]                                at /rustc/6b3fa26749ab40e159b2dd5cf577acaaf5902772/library/std/src/io/mod.rs:1730:13
[INFO] [stdout]    8:     0x620701970db6 - <std[73adb7dc35730857]::sys::backtrace::BacktraceLock>::print
[INFO] [stdout]                                at /rustc/6b3fa26749ab40e159b2dd5cf577acaaf5902772/library/std/src/sys/backtrace.rs:47:9
[INFO] [stdout]    9:     0x620701970db6 - std[73adb7dc35730857]::panicking::default_hook::{closure#0}
[INFO] [stdout]                                at /rustc/6b3fa26749ab40e159b2dd5cf577acaaf5902772/library/std/src/panicking.rs:292:27
[INFO] [stdout]   10:     0x62070198b4d9 - std[73adb7dc35730857]::panicking::default_hook
[INFO] [stdout]                                at /rustc/6b3fa26749ab40e159b2dd5cf577acaaf5902772/library/std/src/panicking.rs:316:9
[INFO] [stdout]   11:     0x6207012d9b20 - <alloc[55a36b64bcbf2c0d]::boxed::Box<dyn for<'a, 'b> core[6883ba1bc0fe4ed1]::ops::function::Fn<(&'a std[73adb7dc35730857]::panic::PanicHookInfo<'b>,), Output = ()> + core[6883ba1bc0fe4ed1]::marker::Send + core[6883ba1bc0fe4ed1]::marker::Sync> as core[6883ba1bc0fe4ed1]::ops::function::Fn<(&std[73adb7dc35730857]::panic::PanicHookInfo,)>>::call
[INFO] [stdout]                                at /rustc/6b3fa26749ab40e159b2dd5cf577acaaf5902772/library/alloc/src/boxed.rs:2333:9
[INFO] [stdout]   12:     0x6207012d9b20 - test[980ffaebd391d06d]::test_main_inner::<test[980ffaebd391d06d]::test_main_static::{closure#0}>::{closure#0}
[INFO] [stdout]                                at /rustc/6b3fa26749ab40e159b2dd5cf577acaaf5902772/library/test/src/lib.rs:155:21
[INFO] [stdout]   13:     0x62070198b802 - <alloc[55a36b64bcbf2c0d]::boxed::Box<dyn for<'a, 'b> core[6883ba1bc0fe4ed1]::ops::function::Fn<(&'a std[73adb7dc35730857]::panic::PanicHookInfo<'b>,), Output = ()> + core[6883ba1bc0fe4ed1]::marker::Send + core[6883ba1bc0fe4ed1]::marker::Sync> as core[6883ba1bc0fe4ed1]::ops::function::Fn<(&std[73adb7dc35730857]::panic::PanicHookInfo,)>>::call
[INFO] [stdout]                                at /rustc/6b3fa26749ab40e159b2dd5cf577acaaf5902772/library/alloc/src/boxed.rs:2333:9
[INFO] [stdout]   14:     0x62070198b802 - std[73adb7dc35730857]::panicking::panic_with_hook
[INFO] [stdout]                                at /rustc/6b3fa26749ab40e159b2dd5cf577acaaf5902772/library/std/src/panicking.rs:823:13
[INFO] [stdout]   15:     0x620701970e62 - std[73adb7dc35730857]::panicking::panic_handler::{closure#0}
[INFO] [stdout]                                at /rustc/6b3fa26749ab40e159b2dd5cf577acaaf5902772/library/std/src/panicking.rs:688:13
[INFO] [stdout]   16:     0x620701968559 - std[73adb7dc35730857]::sys::backtrace::__rust_end_short_backtrace::<std[73adb7dc35730857]::panicking::panic_handler::{closure#0}, !>
[INFO] [stdout]                                at /rustc/6b3fa26749ab40e159b2dd5cf577acaaf5902772/library/std/src/sys/backtrace.rs:182:18
[INFO] [stdout]   17:     0x620701971c4d - __rustc[a7b7b02e776dd976]::rust_begin_unwind
[INFO] [stdout]                                at /rustc/6b3fa26749ab40e159b2dd5cf577acaaf5902772/library/std/src/panicking.rs:679:5
[INFO] [stdout]   18:     0x6207019aabdc - core[6883ba1bc0fe4ed1]::panicking::panic_fmt
[INFO] [stdout]                                at /rustc/6b3fa26749ab40e159b2dd5cf577acaaf5902772/library/core/src/panicking.rs:80:14
[INFO] [stdout]   19:     0x6207019aa952 - core[6883ba1bc0fe4ed1]::result::unwrap_failed
[INFO] [stdout]                                at /rustc/6b3fa26749ab40e159b2dd5cf577acaaf5902772/library/core/src/result.rs:1870:5
[INFO] [stdout]   20:     0x6207012c284c - <core[6883ba1bc0fe4ed1]::result::Result<std[73adb7dc35730857]::collections::hash::map::HashMap<alloc[55a36b64bcbf2c0d]::string::String, alloc[55a36b64bcbf2c0d]::string::String>, eyre[c627fa40d546b714]::Report>>::unwrap
[INFO] [stdout]                                at /rustc/6b3fa26749ab40e159b2dd5cf577acaaf5902772/library/core/src/result.rs:1231:23
[INFO] [stdout]   21:     0x6207012c284c - idacast[3991e4bcc57e294f]::data::test::test_get_dictionary_online::{closure#0}
[INFO] [stdout]                                at /opt/rustwide/workdir/src/data/mod.rs:236:57
[INFO] [stdout]   22:     0x620701281fd2 - <core[6883ba1bc0fe4ed1]::pin::Pin<&mut dyn core[6883ba1bc0fe4ed1]::future::future::Future<Output = ()>> as core[6883ba1bc0fe4ed1]::future::future::Future>::poll
[INFO] [stdout]                                at /rustc/6b3fa26749ab40e159b2dd5cf577acaaf5902772/library/core/src/future/future.rs:133:9
[INFO] [stdout]   23:     0x62070128204d - <core[6883ba1bc0fe4ed1]::pin::Pin<&mut core[6883ba1bc0fe4ed1]::pin::Pin<&mut dyn core[6883ba1bc0fe4ed1]::future::future::Future<Output = ()>>> as core[6883ba1bc0fe4ed1]::future::future::Future>::poll
[INFO] [stdout]                                at /rustc/6b3fa26749ab40e159b2dd5cf577acaaf5902772/library/core/src/future/future.rs:133:9
[INFO] [stdout]   24:     0x62070128cc9d - <tokio[4cbc8b535844b571]::runtime::scheduler::current_thread::CoreGuard>::block_on::<core[6883ba1bc0fe4ed1]::pin::Pin<&mut core[6883ba1bc0fe4ed1]::pin::Pin<&mut dyn core[6883ba1bc0fe4ed1]::future::future::Future<Output = ()>>>>::{closure#0}::{closure#0}::{closure#0}
[INFO] [stdout]                                at /opt/rustwide/cargo-home/registry/src/index.crates.io-1949cf8c6b5b557f/tokio-1.48.0/src/runtime/scheduler/current_thread/mod.rs:742:70
[INFO] [stdout]   25:     0x62070128cb9b - tokio[4cbc8b535844b571]::task::coop::with_budget::<core[6883ba1bc0fe4ed1]::task::poll::Poll<()>, <tokio[4cbc8b535844b571]::runtime::scheduler::current_thread::CoreGuard>::block_on<core[6883ba1bc0fe4ed1]::pin::Pin<&mut core[6883ba1bc0fe4ed1]::pin::Pin<&mut dyn core[6883ba1bc0fe4ed1]::future::future::Future<Output = ()>>>>::{closure#0}::{closure#0}::{closure#0}>
[INFO] [stdout]                                at /opt/rustwide/cargo-home/registry/src/index.crates.io-1949cf8c6b5b557f/tokio-1.48.0/src/task/coop/mod.rs:167:5
[INFO] [stdout]   26:     0x62070128cb9b - tokio[4cbc8b535844b571]::task::coop::budget::<core[6883ba1bc0fe4ed1]::task::poll::Poll<()>, <tokio[4cbc8b535844b571]::runtime::scheduler::current_thread::CoreGuard>::block_on<core[6883ba1bc0fe4ed1]::pin::Pin<&mut core[6883ba1bc0fe4ed1]::pin::Pin<&mut dyn core[6883ba1bc0fe4ed1]::future::future::Future<Output = ()>>>>::{closure#0}::{closure#0}::{closure#0}>
[INFO] [stdout]                                at /opt/rustwide/cargo-home/registry/src/index.crates.io-1949cf8c6b5b557f/tokio-1.48.0/src/task/coop/mod.rs:133:5
[INFO] [stdout]   27:     0x62070128cb9b - <tokio[4cbc8b535844b571]::runtime::scheduler::current_thread::CoreGuard>::block_on::<core[6883ba1bc0fe4ed1]::pin::Pin<&mut core[6883ba1bc0fe4ed1]::pin::Pin<&mut dyn core[6883ba1bc0fe4ed1]::future::future::Future<Output = ()>>>>::{closure#0}::{closure#0}
[INFO] [stdout]                                at /opt/rustwide/cargo-home/registry/src/index.crates.io-1949cf8c6b5b557f/tokio-1.48.0/src/runtime/scheduler/current_thread/mod.rs:742:25
[INFO] [stdout]   28:     0x620701288740 - <tokio[4cbc8b535844b571]::runtime::scheduler::current_thread::Context>::enter::<core[6883ba1bc0fe4ed1]::task::poll::Poll<()>, <tokio[4cbc8b535844b571]::runtime::scheduler::current_thread::CoreGuard>::block_on<core[6883ba1bc0fe4ed1]::pin::Pin<&mut core[6883ba1bc0fe4ed1]::pin::Pin<&mut dyn core[6883ba1bc0fe4ed1]::future::future::Future<Output = ()>>>>::{closure#0}::{closure#0}>
[INFO] [stdout]                                at /opt/rustwide/cargo-home/registry/src/index.crates.io-1949cf8c6b5b557f/tokio-1.48.0/src/runtime/scheduler/current_thread/mod.rs:432:19
[INFO] [stdout]   29:     0x62070128bdfd - <tokio[4cbc8b535844b571]::runtime::scheduler::current_thread::CoreGuard>::block_on::<core[6883ba1bc0fe4ed1]::pin::Pin<&mut core[6883ba1bc0fe4ed1]::pin::Pin<&mut dyn core[6883ba1bc0fe4ed1]::future::future::Future<Output = ()>>>>::{closure#0}
[INFO] [stdout]                                at /opt/rustwide/cargo-home/registry/src/index.crates.io-1949cf8c6b5b557f/tokio-1.48.0/src/runtime/scheduler/current_thread/mod.rs:741:44
[INFO] [stdout]   30:     0x62070128b0f4 - <tokio[4cbc8b535844b571]::runtime::scheduler::current_thread::CoreGuard>::enter::<<tokio[4cbc8b535844b571]::runtime::scheduler::current_thread::CoreGuard>::block_on<core[6883ba1bc0fe4ed1]::pin::Pin<&mut core[6883ba1bc0fe4ed1]::pin::Pin<&mut dyn core[6883ba1bc0fe4ed1]::future::future::Future<Output = ()>>>>::{closure#0}, core[6883ba1bc0fe4ed1]::option::Option<()>>::{closure#0}
[INFO] [stdout]                                at /opt/rustwide/cargo-home/registry/src/index.crates.io-1949cf8c6b5b557f/tokio-1.48.0/src/runtime/scheduler/current_thread/mod.rs:829:68
[INFO] [stdout]   31:     0x6207012c10eb - <tokio[4cbc8b535844b571]::runtime::context::scoped::Scoped<tokio[4cbc8b535844b571]::runtime::scheduler::Context>>::set::<<tokio[4cbc8b535844b571]::runtime::scheduler::current_thread::CoreGuard>::enter<<tokio[4cbc8b535844b571]::runtime::scheduler::current_thread::CoreGuard>::block_on<core[6883ba1bc0fe4ed1]::pin::Pin<&mut core[6883ba1bc0fe4ed1]::pin::Pin<&mut dyn core[6883ba1bc0fe4ed1]::future::future::Future<Output = ()>>>>::{closure#0}, core[6883ba1bc0fe4ed1]::option::Option<()>>::{closure#0}, (alloc[55a36b64bcbf2c0d]::boxed::Box<tokio[4cbc8b535844b571]::runtime::scheduler::current_thread::Core>, core[6883ba1bc0fe4ed1]::option::Option<()>)>
[INFO] [stdout]                                at /opt/rustwide/cargo-home/registry/src/index.crates.io-1949cf8c6b5b557f/tokio-1.48.0/src/runtime/context/scoped.rs:40:9
[INFO] [stdout]   32:     0x6207012a5539 - tokio[4cbc8b535844b571]::runtime::context::set_scheduler::<(alloc[55a36b64bcbf2c0d]::boxed::Box<tokio[4cbc8b535844b571]::runtime::scheduler::current_thread::Core>, core[6883ba1bc0fe4ed1]::option::Option<()>), <tokio[4cbc8b535844b571]::runtime::scheduler::current_thread::CoreGuard>::enter<<tokio[4cbc8b535844b571]::runtime::scheduler::current_thread::CoreGuard>::block_on<core[6883ba1bc0fe4ed1]::pin::Pin<&mut core[6883ba1bc0fe4ed1]::pin::Pin<&mut dyn core[6883ba1bc0fe4ed1]::future::future::Future<Output = ()>>>>::{closure#0}, core[6883ba1bc0fe4ed1]::option::Option<()>>::{closure#0}>::{closure#0}
[INFO] [stdout]                                at /opt/rustwide/cargo-home/registry/src/index.crates.io-1949cf8c6b5b557f/tokio-1.48.0/src/runtime/context.rs:176:38
[INFO] [stdout]   33:     0x6207012afee2 - <std[73adb7dc35730857]::thread::local::LocalKey<tokio[4cbc8b535844b571]::runtime::context::Context>>::try_with::<tokio[4cbc8b535844b571]::runtime::context::set_scheduler<(alloc[55a36b64bcbf2c0d]::boxed::Box<tokio[4cbc8b535844b571]::runtime::scheduler::current_thread::Core>, core[6883ba1bc0fe4ed1]::option::Option<()>), <tokio[4cbc8b535844b571]::runtime::scheduler::current_thread::CoreGuard>::enter<<tokio[4cbc8b535844b571]::runtime::scheduler::current_thread::CoreGuard>::block_on<core[6883ba1bc0fe4ed1]::pin::Pin<&mut core[6883ba1bc0fe4ed1]::pin::Pin<&mut dyn core[6883ba1bc0fe4ed1]::future::future::Future<Output = ()>>>>::{closure#0}, core[6883ba1bc0fe4ed1]::option::Option<()>>::{closure#0}>::{closure#0}, (alloc[55a36b64bcbf2c0d]::boxed::Box<tokio[4cbc8b535844b571]::runtime::scheduler::current_thread::Core>, core[6883ba1bc0fe4ed1]::option::Option<()>)>
[INFO] [stdout]                                at /rustc/6b3fa26749ab40e159b2dd5cf577acaaf5902772/library/std/src/thread/local.rs:463:12
[INFO] [stdout]   34:     0x6207012afa6e - <std[73adb7dc35730857]::thread::local::LocalKey<tokio[4cbc8b535844b571]::runtime::context::Context>>::with::<tokio[4cbc8b535844b571]::runtime::context::set_scheduler<(alloc[55a36b64bcbf2c0d]::boxed::Box<tokio[4cbc8b535844b571]::runtime::scheduler::current_thread::Core>, core[6883ba1bc0fe4ed1]::option::Option<()>), <tokio[4cbc8b535844b571]::runtime::scheduler::current_thread::CoreGuard>::enter<<tokio[4cbc8b535844b571]::runtime::scheduler::current_thread::CoreGuard>::block_on<core[6883ba1bc0fe4ed1]::pin::Pin<&mut core[6883ba1bc0fe4ed1]::pin::Pin<&mut dyn core[6883ba1bc0fe4ed1]::future::future::Future<Output = ()>>>>::{closure#0}, core[6883ba1bc0fe4ed1]::option::Option<()>>::{closure#0}>::{closure#0}, (alloc[55a36b64bcbf2c0d]::boxed::Box<tokio[4cbc8b535844b571]::runtime::scheduler::current_thread::Core>, core[6883ba1bc0fe4ed1]::option::Option<()>)>
[INFO] [stdout]                                at /rustc/6b3fa26749ab40e159b2dd5cf577acaaf5902772/library/std/src/thread/local.rs:427:20
[INFO] [stdout]   35:     0x6207012a1bed - tokio[4cbc8b535844b571]::runtime::context::set_scheduler::<(alloc[55a36b64bcbf2c0d]::boxed::Box<tokio[4cbc8b535844b571]::runtime::scheduler::current_thread::Core>, core[6883ba1bc0fe4ed1]::option::Option<()>), <tokio[4cbc8b535844b571]::runtime::scheduler::current_thread::CoreGuard>::enter<<tokio[4cbc8b535844b571]::runtime::scheduler::current_thread::CoreGuard>::block_on<core[6883ba1bc0fe4ed1]::pin::Pin<&mut core[6883ba1bc0fe4ed1]::pin::Pin<&mut dyn core[6883ba1bc0fe4ed1]::future::future::Future<Output = ()>>>>::{closure#0}, core[6883ba1bc0fe4ed1]::option::Option<()>>::{closure#0}>
[INFO] [stdout]                                at /opt/rustwide/cargo-home/registry/src/index.crates.io-1949cf8c6b5b557f/tokio-1.48.0/src/runtime/context.rs:176:17
[INFO] [stdout]   36:     0x620701289ec0 - <tokio[4cbc8b535844b571]::runtime::scheduler::current_thread::CoreGuard>::enter::<<tokio[4cbc8b535844b571]::runtime::scheduler::current_thread::CoreGuard>::block_on<core[6883ba1bc0fe4ed1]::pin::Pin<&mut core[6883ba1bc0fe4ed1]::pin::Pin<&mut dyn core[6883ba1bc0fe4ed1]::future::future::Future<Output = ()>>>>::{closure#0}, core[6883ba1bc0fe4ed1]::option::Option<()>>
[INFO] [stdout]                                at /opt/rustwide/cargo-home/registry/src/index.crates.io-1949cf8c6b5b557f/tokio-1.48.0/src/runtime/scheduler/current_thread/mod.rs:829:27
[INFO] [stdout]   37:     0x62070128a1b6 - <tokio[4cbc8b535844b571]::runtime::scheduler::current_thread::CoreGuard>::block_on::<core[6883ba1bc0fe4ed1]::pin::Pin<&mut core[6883ba1bc0fe4ed1]::pin::Pin<&mut dyn core[6883ba1bc0fe4ed1]::future::future::Future<Output = ()>>>>
[INFO] [stdout]                                at /opt/rustwide/cargo-home/registry/src/index.crates.io-1949cf8c6b5b557f/tokio-1.48.0/src/runtime/scheduler/current_thread/mod.rs:729:24
[INFO] [stdout]   38:     0x62070128abe0 - <tokio[4cbc8b535844b571]::runtime::scheduler::current_thread::CurrentThread>::block_on::<core[6883ba1bc0fe4ed1]::pin::Pin<&mut dyn core[6883ba1bc0fe4ed1]::future::future::Future<Output = ()>>>::{closure#0}
[INFO] [stdout]                                at /opt/rustwide/cargo-home/registry/src/index.crates.io-1949cf8c6b5b557f/tokio-1.48.0/src/runtime/scheduler/current_thread/mod.rs:200:33
[INFO] [stdout]   39:     0x6207012997a3 - tokio[4cbc8b535844b571]::runtime::context::runtime::enter_runtime::<<tokio[4cbc8b535844b571]::runtime::scheduler::current_thread::CurrentThread>::block_on<core[6883ba1bc0fe4ed1]::pin::Pin<&mut dyn core[6883ba1bc0fe4ed1]::future::future::Future<Output = ()>>>::{closure#0}, ()>
[INFO] [stdout]                                at /opt/rustwide/cargo-home/registry/src/index.crates.io-1949cf8c6b5b557f/tokio-1.48.0/src/runtime/context/runtime.rs:65:16
[INFO] [stdout]   40:     0x620701287ec1 - <tokio[4cbc8b535844b571]::runtime::scheduler::current_thread::CurrentThread>::block_on::<core[6883ba1bc0fe4ed1]::pin::Pin<&mut dyn core[6883ba1bc0fe4ed1]::future::future::Future<Output = ()>>>
[INFO] [stdout]                                at /opt/rustwide/cargo-home/registry/src/index.crates.io-1949cf8c6b5b557f/tokio-1.48.0/src/runtime/scheduler/current_thread/mod.rs:188:9
[INFO] [stdout]   41:     0x62070127da34 - <tokio[4cbc8b535844b571]::runtime::runtime::Runtime>::block_on_inner::<core[6883ba1bc0fe4ed1]::pin::Pin<&mut dyn core[6883ba1bc0fe4ed1]::future::future::Future<Output = ()>>>
[INFO] [stdout]                                at /opt/rustwide/cargo-home/registry/src/index.crates.io-1949cf8c6b5b557f/tokio-1.48.0/src/runtime/runtime.rs:368:52
[INFO] [stdout]   42:     0x62070127dbff - <tokio[4cbc8b535844b571]::runtime::runtime::Runtime>::block_on::<core[6883ba1bc0fe4ed1]::pin::Pin<&mut dyn core[6883ba1bc0fe4ed1]::future::future::Future<Output = ()>>>
[INFO] [stdout]                                at /opt/rustwide/cargo-home/registry/src/index.crates.io-1949cf8c6b5b557f/tokio-1.48.0/src/runtime/runtime.rs:342:18
[INFO] [stdout]   43:     0x6207012c4960 - idacast[3991e4bcc57e294f]::data::test::test_get_dictionary_online
[INFO] [stdout]                                at /opt/rustwide/workdir/src/data/mod.rs:245:55
[INFO] [stdout]   44:     0x6207012c2137 - idacast[3991e4bcc57e294f]::data::test::test_get_dictionary_online::{closure#0}
[INFO] [stdout]                                at /opt/rustwide/workdir/src/data/mod.rs:234:42
[INFO] [stdout]   45:     0x6207012a16b6 - <idacast[3991e4bcc57e294f]::data::test::test_get_dictionary_online::{closure#0} as core[6883ba1bc0fe4ed1]::ops::function::FnOnce<()>>::call_once
[INFO] [stdout]                                at /rustc/6b3fa26749ab40e159b2dd5cf577acaaf5902772/library/core/src/ops/function.rs:250:5
[INFO] [stdout]   46:     0x6207012cce5b - <fn() -> core[6883ba1bc0fe4ed1]::result::Result<(), alloc[55a36b64bcbf2c0d]::string::String> as core[6883ba1bc0fe4ed1]::ops::function::FnOnce<()>>::call_once
[INFO] [stdout]                                at /rustc/6b3fa26749ab40e159b2dd5cf577acaaf5902772/library/core/src/ops/function.rs:250:5
[INFO] [stdout]   47:     0x6207012cce5b - test[980ffaebd391d06d]::__rust_begin_short_backtrace::<core[6883ba1bc0fe4ed1]::result::Result<(), alloc[55a36b64bcbf2c0d]::string::String>, fn() -> core[6883ba1bc0fe4ed1]::result::Result<(), alloc[55a36b64bcbf2c0d]::string::String>>
[INFO] [stdout]                                at /rustc/6b3fa26749ab40e159b2dd5cf577acaaf5902772/library/test/src/lib.rs:724:18
[INFO] [stdout]   48:     0x6207012da4a5 - test[980ffaebd391d06d]::run_test_in_process::{closure#0}
[INFO] [stdout]                                at /rustc/6b3fa26749ab40e159b2dd5cf577acaaf5902772/library/test/src/lib.rs:747:74
[INFO] [stdout]   49:     0x6207012da4a5 - <core[6883ba1bc0fe4ed1]::panic::unwind_safe::AssertUnwindSafe<test[980ffaebd391d06d]::run_test_in_process::{closure#0}> as core[6883ba1bc0fe4ed1]::ops::function::FnOnce<()>>::call_once
[INFO] [stdout]                                at /rustc/6b3fa26749ab40e159b2dd5cf577acaaf5902772/library/core/src/panic/unwind_safe.rs:275:9
[INFO] [stdout]   50:     0x6207012da4a5 - std[73adb7dc35730857]::panicking::catch_unwind::do_call::<core[6883ba1bc0fe4ed1]::panic::unwind_safe::AssertUnwindSafe<test[980ffaebd391d06d]::run_test_in_process::{closure#0}>, core[6883ba1bc0fe4ed1]::result::Result<(), alloc[55a36b64bcbf2c0d]::string::String>>
[INFO] [stdout]                                at /rustc/6b3fa26749ab40e159b2dd5cf577acaaf5902772/library/std/src/panicking.rs:576:43
[INFO] [stdout]   51:     0x6207012da4a5 - std[73adb7dc35730857]::panicking::catch_unwind::<core[6883ba1bc0fe4ed1]::result::Result<(), alloc[55a36b64bcbf2c0d]::string::String>, core[6883ba1bc0fe4ed1]::panic::unwind_safe::AssertUnwindSafe<test[980ffaebd391d06d]::run_test_in_process::{closure#0}>>
[INFO] [stdout]                                at /rustc/6b3fa26749ab40e159b2dd5cf577acaaf5902772/library/std/src/panicking.rs:544:19
[INFO] [stdout]   52:     0x6207012da4a5 - std[73adb7dc35730857]::panic::catch_unwind::<core[6883ba1bc0fe4ed1]::panic::unwind_safe::AssertUnwindSafe<test[980ffaebd391d06d]::run_test_in_process::{closure#0}>, core[6883ba1bc0fe4ed1]::result::Result<(), alloc[55a36b64bcbf2c0d]::string::String>>
[INFO] [stdout]                                at /rustc/6b3fa26749ab40e159b2dd5cf577acaaf5902772/library/std/src/panic.rs:359:14
[INFO] [stdout]   53:     0x6207012da4a5 - test[980ffaebd391d06d]::run_test_in_process
[INFO] [stdout]                                at /rustc/6b3fa26749ab40e159b2dd5cf577acaaf5902772/library/test/src/lib.rs:747:27
[INFO] [stdout]   54:     0x6207012da4a5 - test[980ffaebd391d06d]::run_test::{closure#0}
[INFO] [stdout]                                at /rustc/6b3fa26749ab40e159b2dd5cf577acaaf5902772/library/test/src/lib.rs:668:43
[INFO] [stdout]   55:     0x6207012d4f54 - test[980ffaebd391d06d]::run_test::{closure#1}
[INFO] [stdout]                                at /rustc/6b3fa26749ab40e159b2dd5cf577acaaf5902772/library/test/src/lib.rs:698:41
[INFO] [stdout]   56:     0x6207012d4f54 - std[73adb7dc35730857]::sys::backtrace::__rust_begin_short_backtrace::<test[980ffaebd391d06d]::run_test::{closure#1}, ()>
[INFO] [stdout]                                at /rustc/6b3fa26749ab40e159b2dd5cf577acaaf5902772/library/std/src/sys/backtrace.rs:166:18
[INFO] [stdout]   57:     0x6207012dd5f2 - std[73adb7dc35730857]::thread::lifecycle::spawn_unchecked::<test[980ffaebd391d06d]::run_test::{closure#1}, ()>::{closure#1}::{closure#0}
[INFO] [stdout]                                at /rustc/6b3fa26749ab40e159b2dd5cf577acaaf5902772/library/std/src/thread/lifecycle.rs:70:13
[INFO] [stdout]   58:     0x6207012dd5f2 - <core[6883ba1bc0fe4ed1]::panic::unwind_safe::AssertUnwindSafe<std[73adb7dc35730857]::thread::lifecycle::spawn_unchecked<test[980ffaebd391d06d]::run_test::{closure#1}, ()>::{closure#1}::{closure#0}> as core[6883ba1bc0fe4ed1]::ops::function::FnOnce<()>>::call_once
[INFO] [stdout]                                at /rustc/6b3fa26749ab40e159b2dd5cf577acaaf5902772/library/core/src/panic/unwind_safe.rs:275:9
[INFO] [stdout]   59:     0x6207012dd5f2 - std[73adb7dc35730857]::panicking::catch_unwind::do_call::<core[6883ba1bc0fe4ed1]::panic::unwind_safe::AssertUnwindSafe<std[73adb7dc35730857]::thread::lifecycle::spawn_unchecked<test[980ffaebd391d06d]::run_test::{closure#1}, ()>::{closure#1}::{closure#0}>, ()>
[INFO] [stdout]                                at /rustc/6b3fa26749ab40e159b2dd5cf577acaaf5902772/library/std/src/panicking.rs:576:43
[INFO] [stdout]   60:     0x6207012dd5f2 - std[73adb7dc35730857]::panicking::catch_unwind::<(), core[6883ba1bc0fe4ed1]::panic::unwind_safe::AssertUnwindSafe<std[73adb7dc35730857]::thread::lifecycle::spawn_unchecked<test[980ffaebd391d06d]::run_test::{closure#1}, ()>::{closure#1}::{closure#0}>>
[INFO] [stdout]                                at /rustc/6b3fa26749ab40e159b2dd5cf577acaaf5902772/library/std/src/panicking.rs:544:19
[INFO] [stdout]   61:     0x6207012dd5f2 - std[73adb7dc35730857]::panic::catch_unwind::<core[6883ba1bc0fe4ed1]::panic::unwind_safe::AssertUnwindSafe<std[73adb7dc35730857]::thread::lifecycle::spawn_unchecked<test[980ffaebd391d06d]::run_test::{closure#1}, ()>::{closure#1}::{closure#0}>, ()>
[INFO] [stdout]                                at /rustc/6b3fa26749ab40e159b2dd5cf577acaaf5902772/library/std/src/panic.rs:359:14
[INFO] [stdout]   62:     0x6207012dd5f2 - std[73adb7dc35730857]::thread::lifecycle::spawn_unchecked::<test[980ffaebd391d06d]::run_test::{closure#1}, ()>::{closure#1}
[INFO] [stdout]                                at /rustc/6b3fa26749ab40e159b2dd5cf577acaaf5902772/library/std/src/thread/lifecycle.rs:68:26
[INFO] [stdout]   63:     0x6207012dd5f2 - <std[73adb7dc35730857]::thread::lifecycle::spawn_unchecked<test[980ffaebd391d06d]::run_test::{closure#1}, ()>::{closure#1} as core[6883ba1bc0fe4ed1]::ops::function::FnOnce<()>>::call_once::{shim:vtable#0}
[INFO] [stdout]                                at /rustc/6b3fa26749ab40e159b2dd5cf577acaaf5902772/library/core/src/ops/function.rs:250:5
[INFO] [stdout]   64:     0x62070199320f - <alloc[55a36b64bcbf2c0d]::boxed::Box<dyn core[6883ba1bc0fe4ed1]::ops::function::FnOnce<(), Output = ()> + core[6883ba1bc0fe4ed1]::marker::Send> as core[6883ba1bc0fe4ed1]::ops::function::FnOnce<()>>::call_once
[INFO] [stdout]                                at /rustc/6b3fa26749ab40e159b2dd5cf577acaaf5902772/library/alloc/src/boxed.rs:2319:9
[INFO] [stdout]   65:     0x62070199320f - <std[73adb7dc35730857]::sys::thread::unix::Thread>::new::thread_start
[INFO] [stdout]                                at /rustc/6b3fa26749ab40e159b2dd5cf577acaaf5902772/library/std/src/sys/thread/unix.rs:123:17
[INFO] [stdout]   66:     0x7fb7def66aa4 - <unknown>
[INFO] [stdout]   67:     0x7fb7deff3a64 - clone
[INFO] [stdout]   68:                0x0 - <unknown>
[INFO] [stdout] 
[INFO] [stdout] ---- data::raw_data::test::test_parsing_online stdout ----
[INFO] [stdout] 
[INFO] [stdout] thread 'data::raw_data::test::test_parsing_online' (2049) panicked at src/data/raw_data.rs:313:14:
[INFO] [stdout] called `Result::unwrap()` on an `Err` value: reqwest::Error { kind: Request, url: "https://splatoon3.ink/data/schedules.json", source: hyper_util::client::legacy::Error(Connect, ConnectError("dns error", Custom { kind: Uncategorized, error: "failed to lookup address information: Temporary failure in name resolution" })) }
[INFO] [stdout] stack backtrace:
[INFO] [stdout]    0:     0x6207019943d1 - std[73adb7dc35730857]::backtrace_rs::backtrace::libunwind::trace
[INFO] [stdout]                                at /rustc/6b3fa26749ab40e159b2dd5cf577acaaf5902772/library/std/src/../../backtrace/src/backtrace/libunwind.rs:117:9
[INFO] [stdout]    1:     0x6207019943d1 - std[73adb7dc35730857]::backtrace_rs::backtrace::trace_unsynchronized::<std[73adb7dc35730857]::sys::backtrace::_print_fmt::{closure#1}>
[INFO] [stdout]                                at /rustc/6b3fa26749ab40e159b2dd5cf577acaaf5902772/library/std/src/../../backtrace/src/backtrace/mod.rs:66:14
[INFO] [stdout]    2:     0x6207019943d1 - std[73adb7dc35730857]::sys::backtrace::_print_fmt
[INFO] [stdout]                                at /rustc/6b3fa26749ab40e159b2dd5cf577acaaf5902772/library/std/src/sys/backtrace.rs:74:9
[INFO] [stdout]    3:     0x6207019943d1 - <<std[73adb7dc35730857]::sys::backtrace::BacktraceLock>::print::DisplayBacktrace as core[6883ba1bc0fe4ed1]::fmt::Display>::fmt
[INFO] [stdout]                                at /rustc/6b3fa26749ab40e159b2dd5cf577acaaf5902772/library/std/src/sys/backtrace.rs:44:26
[INFO] [stdout]    4:     0x6207019aa3da - <core[6883ba1bc0fe4ed1]::fmt::rt::Argument>::fmt
[INFO] [stdout]                                at /rustc/6b3fa26749ab40e159b2dd5cf577acaaf5902772/library/core/src/fmt/rt.rs:152:76
[INFO] [stdout]    5:     0x6207019aa3da - core[6883ba1bc0fe4ed1]::fmt::write
[INFO] [stdout]    6:     0x620701998f9c - std[73adb7dc35730857]::io::default_write_fmt::<alloc[55a36b64bcbf2c0d]::vec::Vec<u8>>
[INFO] [stdout]                                at /rustc/6b3fa26749ab40e159b2dd5cf577acaaf5902772/library/std/src/io/mod.rs:626:11
[INFO] [stdout]    7:     0x620701998f9c - <alloc[55a36b64bcbf2c0d]::vec::Vec<u8> as std[73adb7dc35730857]::io::Write>::write_fmt
[INFO] [stdout]                                at /rustc/6b3fa26749ab40e159b2dd5cf577acaaf5902772/library/std/src/io/mod.rs:1730:13
[INFO] [stdout]    8:     0x620701970db6 - <std[73adb7dc35730857]::sys::backtrace::BacktraceLock>::print
[INFO] [stdout]                                at /rustc/6b3fa26749ab40e159b2dd5cf577acaaf5902772/library/std/src/sys/backtrace.rs:47:9
[INFO] [stdout]    9:     0x620701970db6 - std[73adb7dc35730857]::panicking::default_hook::{closure#0}
[INFO] [stdout]                                at /rustc/6b3fa26749ab40e159b2dd5cf577acaaf5902772/library/std/src/panicking.rs:292:27
[INFO] [stdout]   10:     0x62070198b4d9 - std[73adb7dc35730857]::panicking::default_hook
[INFO] [stdout]                                at /rustc/6b3fa26749ab40e159b2dd5cf577acaaf5902772/library/std/src/panicking.rs:316:9
[INFO] [stdout]   11:     0x6207012d9b20 - <alloc[55a36b64bcbf2c0d]::boxed::Box<dyn for<'a, 'b> core[6883ba1bc0fe4ed1]::ops::function::Fn<(&'a std[73adb7dc35730857]::panic::PanicHookInfo<'b>,), Output = ()> + core[6883ba1bc0fe4ed1]::marker::Send + core[6883ba1bc0fe4ed1]::marker::Sync> as core[6883ba1bc0fe4ed1]::ops::function::Fn<(&std[73adb7dc35730857]::panic::PanicHookInfo,)>>::call
[INFO] [stdout]                                at /rustc/6b3fa26749ab40e159b2dd5cf577acaaf5902772/library/alloc/src/boxed.rs:2333:9
[INFO] [stdout]   12:     0x6207012d9b20 - test[980ffaebd391d06d]::test_main_inner::<test[980ffaebd391d06d]::test_main_static::{closure#0}>::{closure#0}
[INFO] [stdout]                                at /rustc/6b3fa26749ab40e159b2dd5cf577acaaf5902772/library/test/src/lib.rs:155:21
[INFO] [stdout]   13:     0x62070198b802 - <alloc[55a36b64bcbf2c0d]::boxed::Box<dyn for<'a, 'b> core[6883ba1bc0fe4ed1]::ops::function::Fn<(&'a std[73adb7dc35730857]::panic::PanicHookInfo<'b>,), Output = ()> + core[6883ba1bc0fe4ed1]::marker::Send + core[6883ba1bc0fe4ed1]::marker::Sync> as core[6883ba1bc0fe4ed1]::ops::function::Fn<(&std[73adb7dc35730857]::panic::PanicHookInfo,)>>::call
[INFO] [stdout]                                at /rustc/6b3fa26749ab40e159b2dd5cf577acaaf5902772/library/alloc/src/boxed.rs:2333:9
[INFO] [stdout]   14:     0x62070198b802 - std[73adb7dc35730857]::panicking::panic_with_hook
[INFO] [stdout]                                at /rustc/6b3fa26749ab40e159b2dd5cf577acaaf5902772/library/std/src/panicking.rs:823:13
[INFO] [stdout]   15:     0x620701970e62 - std[73adb7dc35730857]::panicking::panic_handler::{closure#0}
[INFO] [stdout]                                at /rustc/6b3fa26749ab40e159b2dd5cf577acaaf5902772/library/std/src/panicking.rs:688:13
[INFO] [stdout]   16:     0x620701968559 - std[73adb7dc35730857]::sys::backtrace::__rust_end_short_backtrace::<std[73adb7dc35730857]::panicking::panic_handler::{closure#0}, !>
[INFO] [stdout]                                at /rustc/6b3fa26749ab40e159b2dd5cf577acaaf5902772/library/std/src/sys/backtrace.rs:182:18
[INFO] [stdout]   17:     0x620701971c4d - __rustc[a7b7b02e776dd976]::rust_begin_unwind
[INFO] [stdout]                                at /rustc/6b3fa26749ab40e159b2dd5cf577acaaf5902772/library/std/src/panicking.rs:679:5
[INFO] [stdout]   18:     0x6207019aabdc - core[6883ba1bc0fe4ed1]::panicking::panic_fmt
[INFO] [stdout]                                at /rustc/6b3fa26749ab40e159b2dd5cf577acaaf5902772/library/core/src/panicking.rs:80:14
[INFO] [stdout]   19:     0x6207019aa952 - core[6883ba1bc0fe4ed1]::result::unwrap_failed
[INFO] [stdout]                                at /rustc/6b3fa26749ab40e159b2dd5cf577acaaf5902772/library/core/src/result.rs:1870:5
[INFO] [stdout]   20:     0x6207012a85ff - <core[6883ba1bc0fe4ed1]::result::Result<reqwest[c16cdb3568c7e9e9]::async_impl::response::Response, reqwest[c16cdb3568c7e9e9]::error::Error>>::unwrap
[INFO] [stdout]                                at /rustc/6b3fa26749ab40e159b2dd5cf577acaaf5902772/library/core/src/result.rs:1231:23
[INFO] [stdout]   21:     0x6207012a85ff - idacast[3991e4bcc57e294f]::data::raw_data::test::test_parsing_online::{closure#0}
[INFO] [stdout]                                at /opt/rustwide/workdir/src/data/raw_data.rs:313:14
[INFO] [stdout]   22:     0x620701281fd2 - <core[6883ba1bc0fe4ed1]::pin::Pin<&mut dyn core[6883ba1bc0fe4ed1]::future::future::Future<Output = ()>> as core[6883ba1bc0fe4ed1]::future::future::Future>::poll
[INFO] [stdout]                                at /rustc/6b3fa26749ab40e159b2dd5cf577acaaf5902772/library/core/src/future/future.rs:133:9
[INFO] [stdout]   23:     0x62070128204d - <core[6883ba1bc0fe4ed1]::pin::Pin<&mut core[6883ba1bc0fe4ed1]::pin::Pin<&mut dyn core[6883ba1bc0fe4ed1]::future::future::Future<Output = ()>>> as core[6883ba1bc0fe4ed1]::future::future::Future>::poll
[INFO] [stdout]                                at /rustc/6b3fa26749ab40e159b2dd5cf577acaaf5902772/library/core/src/future/future.rs:133:9
[INFO] [stdout]   24:     0x62070128cc9d - <tokio[4cbc8b535844b571]::runtime::scheduler::current_thread::CoreGuard>::block_on::<core[6883ba1bc0fe4ed1]::pin::Pin<&mut core[6883ba1bc0fe4ed1]::pin::Pin<&mut dyn core[6883ba1bc0fe4ed1]::future::future::Future<Output = ()>>>>::{closure#0}::{closure#0}::{closure#0}
[INFO] [stdout]                                at /opt/rustwide/cargo-home/registry/src/index.crates.io-1949cf8c6b5b557f/tokio-1.48.0/src/runtime/scheduler/current_thread/mod.rs:742:70
[INFO] [stdout]   25:     0x62070128cb9b - tokio[4cbc8b535844b571]::task::coop::with_budget::<core[6883ba1bc0fe4ed1]::task::poll::Poll<()>, <tokio[4cbc8b535844b571]::runtime::scheduler::current_thread::CoreGuard>::block_on<core[6883ba1bc0fe4ed1]::pin::Pin<&mut core[6883ba1bc0fe4ed1]::pin::Pin<&mut dyn core[6883ba1bc0fe4ed1]::future::future::Future<Output = ()>>>>::{closure#0}::{closure#0}::{closure#0}>
[INFO] [stdout]                                at /opt/rustwide/cargo-home/registry/src/index.crates.io-1949cf8c6b5b557f/tokio-1.48.0/src/task/coop/mod.rs:167:5
[INFO] [stdout]   26:     0x62070128cb9b - tokio[4cbc8b535844b571]::task::coop::budget::<core[6883ba1bc0fe4ed1]::task::poll::Poll<()>, <tokio[4cbc8b535844b571]::runtime::scheduler::current_thread::CoreGuard>::block_on<core[6883ba1bc0fe4ed1]::pin::Pin<&mut core[6883ba1bc0fe4ed1]::pin::Pin<&mut dyn core[6883ba1bc0fe4ed1]::future::future::Future<Output = ()>>>>::{closure#0}::{closure#0}::{closure#0}>
[INFO] [stdout]                                at /opt/rustwide/cargo-home/registry/src/index.crates.io-1949cf8c6b5b557f/tokio-1.48.0/src/task/coop/mod.rs:133:5
[INFO] [stdout]   27:     0x62070128cb9b - <tokio[4cbc8b535844b571]::runtime::scheduler::current_thread::CoreGuard>::block_on::<core[6883ba1bc0fe4ed1]::pin::Pin<&mut core[6883ba1bc0fe4ed1]::pin::Pin<&mut dyn core[6883ba1bc0fe4ed1]::future::future::Future<Output = ()>>>>::{closure#0}::{closure#0}
[INFO] [stdout]                                at /opt/rustwide/cargo-home/registry/src/index.crates.io-1949cf8c6b5b557f/tokio-1.48.0/src/runtime/scheduler/current_thread/mod.rs:742:25
[INFO] [stdout]   28:     0x620701288740 - <tokio[4cbc8b535844b571]::runtime::scheduler::current_thread::Context>::enter::<core[6883ba1bc0fe4ed1]::task::poll::Poll<()>, <tokio[4cbc8b535844b571]::runtime::scheduler::current_thread::CoreGuard>::block_on<core[6883ba1bc0fe4ed1]::pin::Pin<&mut core[6883ba1bc0fe4ed1]::pin::Pin<&mut dyn core[6883ba1bc0fe4ed1]::future::future::Future<Output = ()>>>>::{closure#0}::{closure#0}>
[INFO] [stdout]                                at /opt/rustwide/cargo-home/registry/src/index.crates.io-1949cf8c6b5b557f/tokio-1.48.0/src/runtime/scheduler/current_thread/mod.rs:432:19
[INFO] [stdout]   29:     0x62070128bdfd - <tokio[4cbc8b535844b571]::runtime::scheduler::current_thread::CoreGuard>::block_on::<core[6883ba1bc0fe4ed1]::pin::Pin<&mut core[6883ba1bc0fe4ed1]::pin::Pin<&mut dyn core[6883ba1bc0fe4ed1]::future::future::Future<Output = ()>>>>::{closure#0}
[INFO] [stdout]                                at /opt/rustwide/cargo-home/registry/src/index.crates.io-1949cf8c6b5b557f/tokio-1.48.0/src/runtime/scheduler/current_thread/mod.rs:741:44
[INFO] [stdout]   30:     0x62070128b0f4 - <tokio[4cbc8b535844b571]::runtime::scheduler::current_thread::CoreGuard>::enter::<<tokio[4cbc8b535844b571]::runtime::scheduler::current_thread::CoreGuard>::block_on<core[6883ba1bc0fe4ed1]::pin::Pin<&mut core[6883ba1bc0fe4ed1]::pin::Pin<&mut dyn core[6883ba1bc0fe4ed1]::future::future::Future<Output = ()>>>>::{closure#0}, core[6883ba1bc0fe4ed1]::option::Option<()>>::{closure#0}
[INFO] [stdout]                                at /opt/rustwide/cargo-home/registry/src/index.crates.io-1949cf8c6b5b557f/tokio-1.48.0/src/runtime/scheduler/current_thread/mod.rs:829:68
[INFO] [stdout]   31:     0x6207012c10eb - <tokio[4cbc8b535844b571]::runtime::context::scoped::Scoped<tokio[4cbc8b535844b571]::runtime::scheduler::Context>>::set::<<tokio[4cbc8b535844b571]::runtime::scheduler::current_thread::CoreGuard>::enter<<tokio[4cbc8b535844b571]::runtime::scheduler::current_thread::CoreGuard>::block_on<core[6883ba1bc0fe4ed1]::pin::Pin<&mut core[6883ba1bc0fe4ed1]::pin::Pin<&mut dyn core[6883ba1bc0fe4ed1]::future::future::Future<Output = ()>>>>::{closure#0}, core[6883ba1bc0fe4ed1]::option::Option<()>>::{closure#0}, (alloc[55a36b64bcbf2c0d]::boxed::Box<tokio[4cbc8b535844b571]::runtime::scheduler::current_thread::Core>, core[6883ba1bc0fe4ed1]::option::Option<()>)>
[INFO] [stdout]                                at /opt/rustwide/cargo-home/registry/src/index.crates.io-1949cf8c6b5b557f/tokio-1.48.0/src/runtime/context/scoped.rs:40:9
[INFO] [stdout]   32:     0x6207012a5539 - tokio[4cbc8b535844b571]::runtime::context::set_scheduler::<(alloc[55a36b64bcbf2c0d]::boxed::Box<tokio[4cbc8b535844b571]::runtime::scheduler::current_thread::Core>, core[6883ba1bc0fe4ed1]::option::Option<()>), <tokio[4cbc8b535844b571]::runtime::scheduler::current_thread::CoreGuard>::enter<<tokio[4cbc8b535844b571]::runtime::scheduler::current_thread::CoreGuard>::block_on<core[6883ba1bc0fe4ed1]::pin::Pin<&mut core[6883ba1bc0fe4ed1]::pin::Pin<&mut dyn core[6883ba1bc0fe4ed1]::future::future::Future<Output = ()>>>>::{closure#0}, core[6883ba1bc0fe4ed1]::option::Option<()>>::{closure#0}>::{closure#0}
[INFO] [stdout]                                at /opt/rustwide/cargo-home/registry/src/index.crates.io-1949cf8c6b5b557f/tokio-1.48.0/src/runtime/context.rs:176:38
[INFO] [stdout]   33:     0x6207012afee2 - <std[73adb7dc35730857]::thread::local::LocalKey<tokio[4cbc8b535844b571]::runtime::context::Context>>::try_with::<tokio[4cbc8b535844b571]::runtime::context::set_scheduler<(alloc[55a36b64bcbf2c0d]::boxed::Box<tokio[4cbc8b535844b571]::runtime::scheduler::current_thread::Core>, core[6883ba1bc0fe4ed1]::option::Option<()>), <tokio[4cbc8b535844b571]::runtime::scheduler::current_thread::CoreGuard>::enter<<tokio[4cbc8b535844b571]::runtime::scheduler::current_thread::CoreGuard>::block_on<core[6883ba1bc0fe4ed1]::pin::Pin<&mut core[6883ba1bc0fe4ed1]::pin::Pin<&mut dyn core[6883ba1bc0fe4ed1]::future::future::Future<Output = ()>>>>::{closure#0}, core[6883ba1bc0fe4ed1]::option::Option<()>>::{closure#0}>::{closure#0}, (alloc[55a36b64bcbf2c0d]::boxed::Box<tokio[4cbc8b535844b571]::runtime::scheduler::current_thread::Core>, core[6883ba1bc0fe4ed1]::option::Option<()>)>
[INFO] [stdout]                                at /rustc/6b3fa26749ab40e159b2dd5cf577acaaf5902772/library/std/src/thread/local.rs:463:12
[INFO] [stdout]   34:     0x6207012afa6e - <std[73adb7dc35730857]::thread::local::LocalKey<tokio[4cbc8b535844b571]::runtime::context::Context>>::with::<tokio[4cbc8b535844b571]::runtime::context::set_scheduler<(alloc[55a36b64bcbf2c0d]::boxed::Box<tokio[4cbc8b535844b571]::runtime::scheduler::current_thread::Core>, core[6883ba1bc0fe4ed1]::option::Option<()>), <tokio[4cbc8b535844b571]::runtime::scheduler::current_thread::CoreGuard>::enter<<tokio[4cbc8b535844b571]::runtime::scheduler::current_thread::CoreGuard>::block_on<core[6883ba1bc0fe4ed1]::pin::Pin<&mut core[6883ba1bc0fe4ed1]::pin::Pin<&mut dyn core[6883ba1bc0fe4ed1]::future::future::Future<Output = ()>>>>::{closure#0}, core[6883ba1bc0fe4ed1]::option::Option<()>>::{closure#0}>::{closure#0}, (alloc[55a36b64bcbf2c0d]::boxed::Box<tokio[4cbc8b535844b571]::runtime::scheduler::current_thread::Core>, core[6883ba1bc0fe4ed1]::option::Option<()>)>
[INFO] [stdout]                                at /rustc/6b3fa26749ab40e159b2dd5cf577acaaf5902772/library/std/src/thread/local.rs:427:20
[INFO] [stdout]   35:     0x6207012a1bed - tokio[4cbc8b535844b571]::runtime::context::set_scheduler::<(alloc[55a36b64bcbf2c0d]::boxed::Box<tokio[4cbc8b535844b571]::runtime::scheduler::current_thread::Core>, core[6883ba1bc0fe4ed1]::option::Option<()>), <tokio[4cbc8b535844b571]::runtime::scheduler::current_thread::CoreGuard>::enter<<tokio[4cbc8b535844b571]::runtime::scheduler::current_thread::CoreGuard>::block_on<core[6883ba1bc0fe4ed1]::pin::Pin<&mut core[6883ba1bc0fe4ed1]::pin::Pin<&mut dyn core[6883ba1bc0fe4ed1]::future::future::Future<Output = ()>>>>::{closure#0}, core[6883ba1bc0fe4ed1]::option::Option<()>>::{closure#0}>
[INFO] [stdout]                                at /opt/rustwide/cargo-home/registry/src/index.crates.io-1949cf8c6b5b557f/tokio-1.48.0/src/runtime/context.rs:176:17
[INFO] [stdout]   36:     0x620701289ec0 - <tokio[4cbc8b535844b571]::runtime::scheduler::current_thread::CoreGuard>::enter::<<tokio[4cbc8b535844b571]::runtime::scheduler::current_thread::CoreGuard>::block_on<core[6883ba1bc0fe4ed1]::pin::Pin<&mut core[6883ba1bc0fe4ed1]::pin::Pin<&mut dyn core[6883ba1bc0fe4ed1]::future::future::Future<Output = ()>>>>::{closure#0}, core[6883ba1bc0fe4ed1]::option::Option<()>>
[INFO] [stdout]                                at /opt/rustwide/cargo-home/registry/src/index.crates.io-1949cf8c6b5b557f/tokio-1.48.0/src/runtime/scheduler/current_thread/mod.rs:829:27
[INFO] [stdout]   37:     0x62070128a1b6 - <tokio[4cbc8b535844b571]::runtime::scheduler::current_thread::CoreGuard>::block_on::<core[6883ba1bc0fe4ed1]::pin::Pin<&mut core[6883ba1bc0fe4ed1]::pin::Pin<&mut dyn core[6883ba1bc0fe4ed1]::future::future::Future<Output = ()>>>>
[INFO] [stdout]                                at /opt/rustwide/cargo-home/registry/src/index.crates.io-1949cf8c6b5b557f/tokio-1.48.0/src/runtime/scheduler/current_thread/mod.rs:729:24
[INFO] [stdout]   38:     0x62070128abe0 - <tokio[4cbc8b535844b571]::runtime::scheduler::current_thread::CurrentThread>::block_on::<core[6883ba1bc0fe4ed1]::pin::Pin<&mut dyn core[6883ba1bc0fe4ed1]::future::future::Future<Output = ()>>>::{closure#0}
[INFO] [stdout]                                at /opt/rustwide/cargo-home/registry/src/index.crates.io-1949cf8c6b5b557f/tokio-1.48.0/src/runtime/scheduler/current_thread/mod.rs:200:33
[INFO] [stdout]   39:     0x6207012997a3 - tokio[4cbc8b535844b571]::runtime::context::runtime::enter_runtime::<<tokio[4cbc8b535844b571]::runtime::scheduler::current_thread::CurrentThread>::block_on<core[6883ba1bc0fe4ed1]::pin::Pin<&mut dyn core[6883ba1bc0fe4ed1]::future::future::Future<Output = ()>>>::{closure#0}, ()>
[INFO] [stdout]                                at /opt/rustwide/cargo-home/registry/src/index.crates.io-1949cf8c6b5b557f/tokio-1.48.0/src/runtime/context/runtime.rs:65:16
[INFO] [stdout]   40:     0x620701287ec1 - <tokio[4cbc8b535844b571]::runtime::scheduler::current_thread::CurrentThread>::block_on::<core[6883ba1bc0fe4ed1]::pin::Pin<&mut dyn core[6883ba1bc0fe4ed1]::future::future::Future<Output = ()>>>
[INFO] [stdout]                                at /opt/rustwide/cargo-home/registry/src/index.crates.io-1949cf8c6b5b557f/tokio-1.48.0/src/runtime/scheduler/current_thread/mod.rs:188:9
[INFO] [stdout]   41:     0x62070127da34 - <tokio[4cbc8b535844b571]::runtime::runtime::Runtime>::block_on_inner::<core[6883ba1bc0fe4ed1]::pin::Pin<&mut dyn core[6883ba1bc0fe4ed1]::future::future::Future<Output = ()>>>
[INFO] [stdout]                                at /opt/rustwide/cargo-home/registry/src/index.crates.io-1949cf8c6b5b557f/tokio-1.48.0/src/runtime/runtime.rs:368:52
[INFO] [stdout]   42:     0x62070127dbff - <tokio[4cbc8b535844b571]::runtime::runtime::Runtime>::block_on::<core[6883ba1bc0fe4ed1]::pin::Pin<&mut dyn core[6883ba1bc0fe4ed1]::future::future::Future<Output = ()>>>
[INFO] [stdout]                                at /opt/rustwide/cargo-home/registry/src/index.crates.io-1949cf8c6b5b557f/tokio-1.48.0/src/runtime/runtime.rs:342:18
[INFO] [stdout]   43:     0x6207012aa890 - idacast[3991e4bcc57e294f]::data::raw_data::test::test_parsing_online
[INFO] [stdout]                                at /opt/rustwide/workdir/src/data/raw_data.rs:317:72
[INFO] [stdout]   44:     0x6207012a8217 - idacast[3991e4bcc57e294f]::data::raw_data::test::test_parsing_online::{closure#0}
[INFO] [stdout]                                at /opt/rustwide/workdir/src/data/raw_data.rs:310:35
[INFO] [stdout]   45:     0x6207012a1836 - <idacast[3991e4bcc57e294f]::data::raw_data::test::test_parsing_online::{closure#0} as core[6883ba1bc0fe4ed1]::ops::function::FnOnce<()>>::call_once
[INFO] [stdout]                                at /rustc/6b3fa26749ab40e159b2dd5cf577acaaf5902772/library/core/src/ops/function.rs:250:5
[INFO] [stdout]   46:     0x6207012cce5b - <fn() -> core[6883ba1bc0fe4ed1]::result::Result<(), alloc[55a36b64bcbf2c0d]::string::String> as core[6883ba1bc0fe4ed1]::ops::function::FnOnce<()>>::call_once
[INFO] [stdout]                                at /rustc/6b3fa26749ab40e159b2dd5cf577acaaf5902772/library/core/src/ops/function.rs:250:5
[INFO] [stdout]   47:     0x6207012cce5b - test[980ffaebd391d06d]::__rust_begin_short_backtrace::<core[6883ba1bc0fe4ed1]::result::Result<(), alloc[55a36b64bcbf2c0d]::string::String>, fn() -> core[6883ba1bc0fe4ed1]::result::Result<(), alloc[55a36b64bcbf2c0d]::string::String>>
[INFO] [stdout]                                at /rustc/6b3fa26749ab40e159b2dd5cf577acaaf5902772/library/test/src/lib.rs:724:18
[INFO] [stdout]   48:     0x6207012da4a5 - test[980ffaebd391d06d]::run_test_in_process::{closure#0}
[INFO] [stdout]                                at /rustc/6b3fa26749ab40e159b2dd5cf577acaaf5902772/library/test/src/lib.rs:747:74
[INFO] [stdout]   49:     0x6207012da4a5 - <core[6883ba1bc0fe4ed1]::panic::unwind_safe::AssertUnwindSafe<test[980ffaebd391d06d]::run_test_in_process::{closure#0}> as core[6883ba1bc0fe4ed1]::ops::function::FnOnce<()>>::call_once
[INFO] [stdout]                                at /rustc/6b3fa26749ab40e159b2dd5cf577acaaf5902772/library/core/src/panic/unwind_safe.rs:275:9
[INFO] [stdout]   50:     0x6207012da4a5 - std[73adb7dc35730857]::panicking::catch_unwind::do_call::<core[6883ba1bc0fe4ed1]::panic::unwind_safe::AssertUnwindSafe<test[980ffaebd391d06d]::run_test_in_process::{closure#0}>, core[6883ba1bc0fe4ed1]::result::Result<(), alloc[55a36b64bcbf2c0d]::string::String>>
[INFO] [stdout]                                at /rustc/6b3fa26749ab40e159b2dd5cf577acaaf5902772/library/std/src/panicking.rs:576:43
[INFO] [stdout]   51:     0x6207012da4a5 - std[73adb7dc35730857]::panicking::catch_unwind::<core[6883ba1bc0fe4ed1]::result::Result<(), alloc[55a36b64bcbf2c0d]::string::String>, core[6883ba1bc0fe4ed1]::panic::unwind_safe::AssertUnwindSafe<test[980ffaebd391d06d]::run_test_in_process::{closure#0}>>
[INFO] [stdout]                                at /rustc/6b3fa26749ab40e159b2dd5cf577acaaf5902772/library/std/src/panicking.rs:544:19
[INFO] [stdout]   52:     0x6207012da4a5 - std[73adb7dc35730857]::panic::catch_unwind::<core[6883ba1bc0fe4ed1]::panic::unwind_safe::AssertUnwindSafe<test[980ffaebd391d06d]::run_test_in_process::{closure#0}>, core[6883ba1bc0fe4ed1]::result::Result<(), alloc[55a36b64bcbf2c0d]::string::String>>
[INFO] [stdout]                                at /rustc/6b3fa26749ab40e159b2dd5cf577acaaf5902772/library/std/src/panic.rs:359:14
[INFO] [stdout]   53:     0x6207012da4a5 - test[980ffaebd391d06d]::run_test_in_process
[INFO] [stdout]                                at /rustc/6b3fa26749ab40e159b2dd5cf577acaaf5902772/library/test/src/lib.rs:747:27
[INFO] [stdout]   54:     0x6207012da4a5 - test[980ffaebd391d06d]::run_test::{closure#0}
[INFO] [stdout]                                at /rustc/6b3fa26749ab40e159b2dd5cf577acaaf5902772/library/test/src/lib.rs:668:43
[INFO] [stdout]   55:     0x6207012d4f54 - test[980ffaebd391d06d]::run_test::{closure#1}
[INFO] [stdout]                                at /rustc/6b3fa26749ab40e159b2dd5cf577acaaf5902772/library/test/src/lib.rs:698:41
[INFO] [stdout]   56:     0x6207012d4f54 - std[73adb7dc35730857]::sys::backtrace::__rust_begin_short_backtrace::<test[980ffaebd391d06d]::run_test::{closure#1}, ()>
[INFO] [stdout]                                at /rustc/6b3fa26749ab40e159b2dd5cf577acaaf5902772/library/std/src/sys/backtrace.rs:166:18
[INFO] [stdout]   57:     0x6207012dd5f2 - std[73adb7dc35730857]::thread::lifecycle::spawn_unchecked::<test[980ffaebd391d06d]::run_test::{closure#1}, ()>::{closure#1}::{closure#0}
[INFO] [stdout]                                at /rustc/6b3fa26749ab40e159b2dd5cf577acaaf5902772/library/std/src/thread/lifecycle.rs:70:13
[INFO] [stdout]   58:     0x6207012dd5f2 - <core[6883ba1bc0fe4ed1]::panic::unwind_safe::AssertUnwindSafe<std[73adb7dc35730857]::thread::lifecycle::spawn_unchecked<test[980ffaebd391d06d]::run_test::{closure#1}, ()>::{closure#1}::{closure#0}> as core[6883ba1bc0fe4ed1]::ops::function::FnOnce<()>>::call_once
[INFO] [stdout]                                at /rustc/6b3fa26749ab40e159b2dd5cf577acaaf5902772/library/core/src/panic/unwind_safe.rs:275:9
[INFO] [stdout]   59:     0x6207012dd5f2 - std[73adb7dc35730857]::panicking::catch_unwind::do_call::<core[6883ba1bc0fe4ed1]::panic::unwind_safe::AssertUnwindSafe<std[73adb7dc35730857]::thread::lifecycle::spawn_unchecked<test[980ffaebd391d06d]::run_test::{closure#1}, ()>::{closure#1}::{closure#0}>, ()>
[INFO] [stdout]                                at /rustc/6b3fa26749ab40e159b2dd5cf577acaaf5902772/library/std/src/panicking.rs:576:43
[INFO] [stdout]   60:     0x6207012dd5f2 - std[73adb7dc35730857]::panicking::catch_unwind::<(), core[6883ba1bc0fe4ed1]::panic::unwind_safe::AssertUnwindSafe<std[73adb7dc35730857]::thread::lifecycle::spawn_unchecked<test[980ffaebd391d06d]::run_test::{closure#1}, ()>::{closure#1}::{closure#0}>>
[INFO] [stdout]                                at /rustc/6b3fa26749ab40e159b2dd5cf577acaaf5902772/library/std/src/panicking.rs:544:19
[INFO] [stdout]   61:     0x6207012dd5f2 - std[73adb7dc35730857]::panic::catch_unwind::<core[6883ba1bc0fe4ed1]::panic::unwind_safe::AssertUnwindSafe<std[73adb7dc35730857]::thread::lifecycle::spawn_unchecked<test[980ffaebd391d06d]::run_test::{closure#1}, ()>::{closure#1}::{closure#0}>, ()>
[INFO] [stdout]                                at /rustc/6b3fa26749ab40e159b2dd5cf577acaaf5902772/library/std/src/panic.rs:359:14
[INFO] [stdout]   62:     0x6207012dd5f2 - std[73adb7dc35730857]::thread::lifecycle::spawn_unchecked::<test[980ffaebd391d06d]::run_test::{closure#1}, ()>::{closure#1}
[INFO] [stdout]                                at /rustc/6b3fa26749ab40e159b2dd5cf577acaaf5902772/library/std/src/thread/lifecycle.rs:68:26
[INFO] [stdout]   63:     0x6207012dd5f2 - <std[73adb7dc35730857]::thread::lifecycle::spawn_unchecked<test[980ffaebd391d06d]::run_test::{closure#1}, ()>::{closure#1} as core[6883ba1bc0fe4ed1]::ops::function::FnOnce<()>>::call_once::{shim:vtable#0}
[INFO] [stdout]                                at /rustc/6b3fa26749ab40e159b2dd5cf577acaaf5902772/library/core/src/ops/function.rs:250:5
[INFO] [stdout]   64:     0x62070199320f - <alloc[55a36b64bcbf2c0d]::boxed::Box<dyn core[6883ba1bc0fe4ed1]::ops::function::FnOnce<(), Output = ()> + core[6883ba1bc0fe4ed1]::marker::Send> as core[6883ba1bc0fe4ed1]::ops::function::FnOnce<()>>::call_once
[INFO] [stdout]                                at /rustc/6b3fa26749ab40e159b2dd5cf577acaaf5902772/library/alloc/src/boxed.rs:2319:9
[INFO] [stdout]   65:     0x62070199320f - <std[73adb7dc35730857]::sys::thread::unix::Thread>::new::thread_start
[INFO] [stdout]                                at /rustc/6b3fa26749ab40e159b2dd5cf577acaaf5902772/library/std/src/sys/thread/unix.rs:123:17
[INFO] [stdout]   66:     0x7fb7def66aa4 - <unknown>
[INFO] [stdout]   67:     0x7fb7deff3a64 - clone
[INFO] [stdout]   68:                0x0 - <unknown>
[INFO] [stdout] 
[INFO] [stdout] ---- data::test::test_get_schedules_online_with_translation stdout ----
[INFO] [stdout] 
[INFO] [stdout] thread 'data::test::test_get_schedules_online_with_translation' (2053) panicked at src/data/mod.rs:251:59:
[INFO] [stdout] called `Result::unwrap()` on an `Err` value: error sending request for url (https://splatoon3.ink/data/schedules.json)
[INFO] [stdout] 
[INFO] [stdout] Caused by:
[INFO] [stdout]    0: client error (Connect)
[INFO] [stdout]    1: dns error
[INFO] [stdout]    2: failed to lookup address information: Temporary failure in name resolution
[INFO] [stdout] 
[INFO] [stdout] Location:
[INFO] [stdout]     src/data/mod.rs:43:23
[INFO] [stdout] stack backtrace:
[INFO] [stdout]    0:     0x6207019943d1 - std[73adb7dc35730857]::backtrace_rs::backtrace::libunwind::trace
[INFO] [stdout]                                at /rustc/6b3fa26749ab40e159b2dd5cf577acaaf5902772/library/std/src/../../backtrace/src/backtrace/libunwind.rs:117:9
[INFO] [stdout]    1:     0x6207019943d1 - std[73adb7dc35730857]::backtrace_rs::backtrace::trace_unsynchronized::<std[73adb7dc35730857]::sys::backtrace::_print_fmt::{closure#1}>
[INFO] [stdout]                                at /rustc/6b3fa26749ab40e159b2dd5cf577acaaf5902772/library/std/src/../../backtrace/src/backtrace/mod.rs:66:14
[INFO] [stdout]    2:     0x6207019943d1 - std[73adb7dc35730857]::sys::backtrace::_print_fmt
[INFO] [stdout]                                at /rustc/6b3fa26749ab40e159b2dd5cf577acaaf5902772/library/std/src/sys/backtrace.rs:74:9
[INFO] [stdout]    3:     0x6207019943d1 - <<std[73adb7dc35730857]::sys::backtrace::BacktraceLock>::print::DisplayBacktrace as core[6883ba1bc0fe4ed1]::fmt::Display>::fmt
[INFO] [stdout]                                at /rustc/6b3fa26749ab40e159b2dd5cf577acaaf5902772/library/std/src/sys/backtrace.rs:44:26
[INFO] [stdout]    4:     0x6207019aa3da - <core[6883ba1bc0fe4ed1]::fmt::rt::Argument>::fmt
[INFO] [stdout]                                at /rustc/6b3fa26749ab40e159b2dd5cf577acaaf5902772/library/core/src/fmt/rt.rs:152:76
[INFO] [stdout]    5:     0x6207019aa3da - core[6883ba1bc0fe4ed1]::fmt::write
[INFO] [stdout]    6:     0x620701998f9c - std[73adb7dc35730857]::io::default_write_fmt::<alloc[55a36b64bcbf2c0d]::vec::Vec<u8>>
[INFO] [stdout]                                at /rustc/6b3fa26749ab40e159b2dd5cf577acaaf5902772/library/std/src/io/mod.rs:626:11
[INFO] [stdout]    7:     0x620701998f9c - <alloc[55a36b64bcbf2c0d]::vec::Vec<u8> as std[73adb7dc35730857]::io::Write>::write_fmt
[INFO] [stdout]                                at /rustc/6b3fa26749ab40e159b2dd5cf577acaaf5902772/library/std/src/io/mod.rs:1730:13
[INFO] [stdout]    8:     0x620701970db6 - <std[73adb7dc35730857]::sys::backtrace::BacktraceLock>::print
[INFO] [stdout]                                at /rustc/6b3fa26749ab40e159b2dd5cf577acaaf5902772/library/std/src/sys/backtrace.rs:47:9
[INFO] [stdout]    9:     0x620701970db6 - std[73adb7dc35730857]::panicking::default_hook::{closure#0}
[INFO] [stdout]                                at /rustc/6b3fa26749ab40e159b2dd5cf577acaaf5902772/library/std/src/panicking.rs:292:27
[INFO] [stderr] error: test failed, to rerun pass `--bin idacast`
[INFO] [stdout]   10:     0x62070198b4d9 - std[73adb7dc35730857]::panicking::default_hook
[INFO] [stdout]                                at /rustc/6b3fa26749ab40e159b2dd5cf577acaaf5902772/library/std/src/panicking.rs:316:9
[INFO] [stdout]   11:     0x6207012d9b20 - <alloc[55a36b64bcbf2c0d]::boxed::Box<dyn for<'a, 'b> core[6883ba1bc0fe4ed1]::ops::function::Fn<(&'a std[73adb7dc35730857]::panic::PanicHookInfo<'b>,), Output = ()> + core[6883ba1bc0fe4ed1]::marker::Send + core[6883ba1bc0fe4ed1]::marker::Sync> as core[6883ba1bc0fe4ed1]::ops::function::Fn<(&std[73adb7dc35730857]::panic::PanicHookInfo,)>>::call
[INFO] [stdout]                                at /rustc/6b3fa26749ab40e159b2dd5cf577acaaf5902772/library/alloc/src/boxed.rs:2333:9
[INFO] [stdout]   12:     0x6207012d9b20 - test[980ffaebd391d06d]::test_main_inner::<test[980ffaebd391d06d]::test_main_static::{closure#0}>::{closure#0}
[INFO] [stdout]                                at /rustc/6b3fa26749ab40e159b2dd5cf577acaaf5902772/library/test/src/lib.rs:155:21
[INFO] [stdout]   13:     0x62070198b802 - <alloc[55a36b64bcbf2c0d]::boxed::Box<dyn for<'a, 'b> core[6883ba1bc0fe4ed1]::ops::function::Fn<(&'a std[73adb7dc35730857]::panic::PanicHookInfo<'b>,), Output = ()> + core[6883ba1bc0fe4ed1]::marker::Send + core[6883ba1bc0fe4ed1]::marker::Sync> as core[6883ba1bc0fe4ed1]::ops::function::Fn<(&std[73adb7dc35730857]::panic::PanicHookInfo,)>>::call
[INFO] [stdout]                                at /rustc/6b3fa26749ab40e159b2dd5cf577acaaf5902772/library/alloc/src/boxed.rs:2333:9
[INFO] [stdout]   14:     0x62070198b802 - std[73adb7dc35730857]::panicking::panic_with_hook
[INFO] [stdout]                                at /rustc/6b3fa26749ab40e159b2dd5cf577acaaf5902772/library/std/src/panicking.rs:823:13
[INFO] [stdout]   15:     0x620701970e62 - std[73adb7dc35730857]::panicking::panic_handler::{closure#0}
[INFO] [stdout]                                at /rustc/6b3fa26749ab40e159b2dd5cf577acaaf5902772/library/std/src/panicking.rs:688:13
[INFO] [stdout]   16:     0x620701968559 - std[73adb7dc35730857]::sys::backtrace::__rust_end_short_backtrace::<std[73adb7dc35730857]::panicking::panic_handler::{closure#0}, !>
[INFO] [stdout]                                at /rustc/6b3fa26749ab40e159b2dd5cf577acaaf5902772/library/std/src/sys/backtrace.rs:182:18
[INFO] [stdout]   17:     0x620701971c4d - __rustc[a7b7b02e776dd976]::rust_begin_unwind
[INFO] [stdout]                                at /rustc/6b3fa26749ab40e159b2dd5cf577acaaf5902772/library/std/src/panicking.rs:679:5
[INFO] [stdout]   18:     0x6207019aabdc - core[6883ba1bc0fe4ed1]::panicking::panic_fmt
[INFO] [stdout]                                at /rustc/6b3fa26749ab40e159b2dd5cf577acaaf5902772/library/core/src/panicking.rs:80:14
[INFO] [stdout]   19:     0x6207019aa952 - core[6883ba1bc0fe4ed1]::result::unwrap_failed
[INFO] [stdout]                                at /rustc/6b3fa26749ab40e159b2dd5cf577acaaf5902772/library/core/src/result.rs:1870:5
[INFO] [stdout]   20:     0x6207012c3280 - <core[6883ba1bc0fe4ed1]::result::Result<idacast[3991e4bcc57e294f]::data::schedules::Schedules, eyre[c627fa40d546b714]::Report>>::unwrap
[INFO] [stdout]                                at /rustc/6b3fa26749ab40e159b2dd5cf577acaaf5902772/library/core/src/result.rs:1231:23
[INFO] [stdout]   21:     0x6207012c3280 - idacast[3991e4bcc57e294f]::data::test::test_get_schedules_online_with_translation::{closure#0}
[INFO] [stdout]                                at /opt/rustwide/workdir/src/data/mod.rs:251:59
[INFO] [stdout]   22:     0x620701281fd2 - <core[6883ba1bc0fe4ed1]::pin::Pin<&mut dyn core[6883ba1bc0fe4ed1]::future::future::Future<Output = ()>> as core[6883ba1bc0fe4ed1]::future::future::Future>::poll
[INFO] [stdout]                                at /rustc/6b3fa26749ab40e159b2dd5cf577acaaf5902772/library/core/src/future/future.rs:133:9
[INFO] [stdout]   23:     0x62070128204d - <core[6883ba1bc0fe4ed1]::pin::Pin<&mut core[6883ba1bc0fe4ed1]::pin::Pin<&mut dyn core[6883ba1bc0fe4ed1]::future::future::Future<Output = ()>>> as core[6883ba1bc0fe4ed1]::future::future::Future>::poll
[INFO] [stdout]                                at /rustc/6b3fa26749ab40e159b2dd5cf577acaaf5902772/library/core/src/future/future.rs:133:9
[INFO] [stdout]   24:     0x62070128cc9d - <tokio[4cbc8b535844b571]::runtime::scheduler::current_thread::CoreGuard>::block_on::<core[6883ba1bc0fe4ed1]::pin::Pin<&mut core[6883ba1bc0fe4ed1]::pin::Pin<&mut dyn core[6883ba1bc0fe4ed1]::future::future::Future<Output = ()>>>>::{closure#0}::{closure#0}::{closure#0}
[INFO] [stdout]                                at /opt/rustwide/cargo-home/registry/src/index.crates.io-1949cf8c6b5b557f/tokio-1.48.0/src/runtime/scheduler/current_thread/mod.rs:742:70
[INFO] [stdout]   25:     0x62070128cb9b - tokio[4cbc8b535844b571]::task::coop::with_budget::<core[6883ba1bc0fe4ed1]::task::poll::Poll<()>, <tokio[4cbc8b535844b571]::runtime::scheduler::current_thread::CoreGuard>::block_on<core[6883ba1bc0fe4ed1]::pin::Pin<&mut core[6883ba1bc0fe4ed1]::pin::Pin<&mut dyn core[6883ba1bc0fe4ed1]::future::future::Future<Output = ()>>>>::{closure#0}::{closure#0}::{closure#0}>
[INFO] [stdout]                                at /opt/rustwide/cargo-home/registry/src/index.crates.io-1949cf8c6b5b557f/tokio-1.48.0/src/task/coop/mod.rs:167:5
[INFO] [stdout]   26:     0x62070128cb9b - tokio[4cbc8b535844b571]::task::coop::budget::<core[6883ba1bc0fe4ed1]::task::poll::Poll<()>, <tokio[4cbc8b535844b571]::runtime::scheduler::current_thread::CoreGuard>::block_on<core[6883ba1bc0fe4ed1]::pin::Pin<&mut core[6883ba1bc0fe4ed1]::pin::Pin<&mut dyn core[6883ba1bc0fe4ed1]::future::future::Future<Output = ()>>>>::{closure#0}::{closure#0}::{closure#0}>
[INFO] [stdout]                                at /opt/rustwide/cargo-home/registry/src/index.crates.io-1949cf8c6b5b557f/tokio-1.48.0/src/task/coop/mod.rs:133:5
[INFO] [stdout]   27:     0x62070128cb9b - <tokio[4cbc8b535844b571]::runtime::scheduler::current_thread::CoreGuard>::block_on::<core[6883ba1bc0fe4ed1]::pin::Pin<&mut core[6883ba1bc0fe4ed1]::pin::Pin<&mut dyn core[6883ba1bc0fe4ed1]::future::future::Future<Output = ()>>>>::{closure#0}::{closure#0}
[INFO] [stdout]                                at /opt/rustwide/cargo-home/registry/src/index.crates.io-1949cf8c6b5b557f/tokio-1.48.0/src/runtime/scheduler/current_thread/mod.rs:742:25
[INFO] [stdout]   28:     0x620701288740 - <tokio[4cbc8b535844b571]::runtime::scheduler::current_thread::Context>::enter::<core[6883ba1bc0fe4ed1]::task::poll::Poll<()>, <tokio[4cbc8b535844b571]::runtime::scheduler::current_thread::CoreGuard>::block_on<core[6883ba1bc0fe4ed1]::pin::Pin<&mut core[6883ba1bc0fe4ed1]::pin::Pin<&mut dyn core[6883ba1bc0fe4ed1]::future::future::Future<Output = ()>>>>::{closure#0}::{closure#0}>
[INFO] [stdout]                                at /opt/rustwide/cargo-home/registry/src/index.crates.io-1949cf8c6b5b557f/tokio-1.48.0/src/runtime/scheduler/current_thread/mod.rs:432:19
[INFO] [stdout]   29:     0x62070128bdfd - <tokio[4cbc8b535844b571]::runtime::scheduler::current_thread::CoreGuard>::block_on::<core[6883ba1bc0fe4ed1]::pin::Pin<&mut core[6883ba1bc0fe4ed1]::pin::Pin<&mut dyn core[6883ba1bc0fe4ed1]::future::future::Future<Output = ()>>>>::{closure#0}
[INFO] [stdout]                                at /opt/rustwide/cargo-home/registry/src/index.crates.io-1949cf8c6b5b557f/tokio-1.48.0/src/runtime/scheduler/current_thread/mod.rs:741:44
[INFO] [stdout]   30:     0x62070128b0f4 - <tokio[4cbc8b535844b571]::runtime::scheduler::current_thread::CoreGuard>::enter::<<tokio[4cbc8b535844b571]::runtime::scheduler::current_thread::CoreGuard>::block_on<core[6883ba1bc0fe4ed1]::pin::Pin<&mut core[6883ba1bc0fe4ed1]::pin::Pin<&mut dyn core[6883ba1bc0fe4ed1]::future::future::Future<Output = ()>>>>::{closure#0}, core[6883ba1bc0fe4ed1]::option::Option<()>>::{closure#0}
[INFO] [stdout]                                at /opt/rustwide/cargo-home/registry/src/index.crates.io-1949cf8c6b5b557f/tokio-1.48.0/src/runtime/scheduler/current_thread/mod.rs:829:68
[INFO] [stdout]   31:     0x6207012c10eb - <tokio[4cbc8b535844b571]::runtime::context::scoped::Scoped<tokio[4cbc8b535844b571]::runtime::scheduler::Context>>::set::<<tokio[4cbc8b535844b571]::runtime::scheduler::current_thread::CoreGuard>::enter<<tokio[4cbc8b535844b571]::runtime::scheduler::current_thread::CoreGuard>::block_on<core[6883ba1bc0fe4ed1]::pin::Pin<&mut core[6883ba1bc0fe4ed1]::pin::Pin<&mut dyn core[6883ba1bc0fe4ed1]::future::future::Future<Output = ()>>>>::{closure#0}, core[6883ba1bc0fe4ed1]::option::Option<()>>::{closure#0}, (alloc[55a36b64bcbf2c0d]::boxed::Box<tokio[4cbc8b535844b571]::runtime::scheduler::current_thread::Core>, core[6883ba1bc0fe4ed1]::option::Option<()>)>
[INFO] [stdout]                                at /opt/rustwide/cargo-home/registry/src/index.crates.io-1949cf8c6b5b557f/tokio-1.48.0/src/runtime/context/scoped.rs:40:9
[INFO] [stdout]   32:     0x6207012a5539 - tokio[4cbc8b535844b571]::runtime::context::set_scheduler::<(alloc[55a36b64bcbf2c0d]::boxed::Box<tokio[4cbc8b535844b571]::runtime::scheduler::current_thread::Core>, core[6883ba1bc0fe4ed1]::option::Option<()>), <tokio[4cbc8b535844b571]::runtime::scheduler::current_thread::CoreGuard>::enter<<tokio[4cbc8b535844b571]::runtime::scheduler::current_thread::CoreGuard>::block_on<core[6883ba1bc0fe4ed1]::pin::Pin<&mut core[6883ba1bc0fe4ed1]::pin::Pin<&mut dyn core[6883ba1bc0fe4ed1]::future::future::Future<Output = ()>>>>::{closure#0}, core[6883ba1bc0fe4ed1]::option::Option<()>>::{closure#0}>::{closure#0}
[INFO] [stdout]                                at /opt/rustwide/cargo-home/registry/src/index.crates.io-1949cf8c6b5b557f/tokio-1.48.0/src/runtime/context.rs:176:38
[INFO] [stdout]   33:     0x6207012afee2 - <std[73adb7dc35730857]::thread::local::LocalKey<tokio[4cbc8b535844b571]::runtime::context::Context>>::try_with::<tokio[4cbc8b535844b571]::runtime::context::set_scheduler<(alloc[55a36b64bcbf2c0d]::boxed::Box<tokio[4cbc8b535844b571]::runtime::scheduler::current_thread::Core>, core[6883ba1bc0fe4ed1]::option::Option<()>), <tokio[4cbc8b535844b571]::runtime::scheduler::current_thread::CoreGuard>::enter<<tokio[4cbc8b535844b571]::runtime::scheduler::current_thread::CoreGuard>::block_on<core[6883ba1bc0fe4ed1]::pin::Pin<&mut core[6883ba1bc0fe4ed1]::pin::Pin<&mut dyn core[6883ba1bc0fe4ed1]::future::future::Future<Output = ()>>>>::{closure#0}, core[6883ba1bc0fe4ed1]::option::Option<()>>::{closure#0}>::{closure#0}, (alloc[55a36b64bcbf2c0d]::boxed::Box<tokio[4cbc8b535844b571]::runtime::scheduler::current_thread::Core>, core[6883ba1bc0fe4ed1]::option::Option<()>)>
[INFO] [stdout]                                at /rustc/6b3fa26749ab40e159b2dd5cf577acaaf5902772/library/std/src/thread/local.rs:463:12
[INFO] [stdout]   34:     0x6207012afa6e - <std[73adb7dc35730857]::thread::local::LocalKey<tokio[4cbc8b535844b571]::runtime::context::Context>>::with::<tokio[4cbc8b535844b571]::runtime::context::set_scheduler<(alloc[55a36b64bcbf2c0d]::boxed::Box<tokio[4cbc8b535844b571]::runtime::scheduler::current_thread::Core>, core[6883ba1bc0fe4ed1]::option::Option<()>), <tokio[4cbc8b535844b571]::runtime::scheduler::current_thread::CoreGuard>::enter<<tokio[4cbc8b535844b571]::runtime::scheduler::current_thread::CoreGuard>::block_on<core[6883ba1bc0fe4ed1]::pin::Pin<&mut core[6883ba1bc0fe4ed1]::pin::Pin<&mut dyn core[6883ba1bc0fe4ed1]::future::future::Future<Output = ()>>>>::{closure#0}, core[6883ba1bc0fe4ed1]::option::Option<()>>::{closure#0}>::{closure#0}, (alloc[55a36b64bcbf2c0d]::boxed::Box<tokio[4cbc8b535844b571]::runtime::scheduler::current_thread::Core>, core[6883ba1bc0fe4ed1]::option::Option<()>)>
[INFO] [stdout]                                at /rustc/6b3fa26749ab40e159b2dd5cf577acaaf5902772/library/std/src/thread/local.rs:427:20
[INFO] [stdout]   35:     0x6207012a1bed - tokio[4cbc8b535844b571]::runtime::context::set_scheduler::<(alloc[55a36b64bcbf2c0d]::boxed::Box<tokio[4cbc8b535844b571]::runtime::scheduler::current_thread::Core>, core[6883ba1bc0fe4ed1]::option::Option<()>), <tokio[4cbc8b535844b571]::runtime::scheduler::current_thread::CoreGuard>::enter<<tokio[4cbc8b535844b571]::runtime::scheduler::current_thread::CoreGuard>::block_on<core[6883ba1bc0fe4ed1]::pin::Pin<&mut core[6883ba1bc0fe4ed1]::pin::Pin<&mut dyn core[6883ba1bc0fe4ed1]::future::future::Future<Output = ()>>>>::{closure#0}, core[6883ba1bc0fe4ed1]::option::Option<()>>::{closure#0}>
[INFO] [stdout]                                at /opt/rustwide/cargo-home/registry/src/index.crates.io-1949cf8c6b5b557f/tokio-1.48.0/src/runtime/context.rs:176:17
[INFO] [stdout]   36:     0x620701289ec0 - <tokio[4cbc8b535844b571]::runtime::scheduler::current_thread::CoreGuard>::enter::<<tokio[4cbc8b535844b571]::runtime::scheduler::current_thread::CoreGuard>::block_on<core[6883ba1bc0fe4ed1]::pin::Pin<&mut core[6883ba1bc0fe4ed1]::pin::Pin<&mut dyn core[6883ba1bc0fe4ed1]::future::future::Future<Output = ()>>>>::{closure#0}, core[6883ba1bc0fe4ed1]::option::Option<()>>
[INFO] [stdout]                                at /opt/rustwide/cargo-home/registry/src/index.crates.io-1949cf8c6b5b557f/tokio-1.48.0/src/runtime/scheduler/current_thread/mod.rs:829:27
[INFO] [stdout]   37:     0x62070128a1b6 - <tokio[4cbc8b535844b571]::runtime::scheduler::current_thread::CoreGuard>::block_on::<core[6883ba1bc0fe4ed1]::pin::Pin<&mut core[6883ba1bc0fe4ed1]::pin::Pin<&mut dyn core[6883ba1bc0fe4ed1]::future::future::Future<Output = ()>>>>
[INFO] [stdout]                                at /opt/rustwide/cargo-home/registry/src/index.crates.io-1949cf8c6b5b557f/tokio-1.48.0/src/runtime/scheduler/current_thread/mod.rs:729:24
[INFO] [stdout]   38:     0x62070128abe0 - <tokio[4cbc8b535844b571]::runtime::scheduler::current_thread::CurrentThread>::block_on::<core[6883ba1bc0fe4ed1]::pin::Pin<&mut dyn core[6883ba1bc0fe4ed1]::future::future::Future<Output = ()>>>::{closure#0}
[INFO] [stdout]                                at /opt/rustwide/cargo-home/registry/src/index.crates.io-1949cf8c6b5b557f/tokio-1.48.0/src/runtime/scheduler/current_thread/mod.rs:200:33
[INFO] [stdout]   39:     0x6207012997a3 - tokio[4cbc8b535844b571]::runtime::context::runtime::enter_runtime::<<tokio[4cbc8b535844b571]::runtime::scheduler::current_thread::CurrentThread>::block_on<core[6883ba1bc0fe4ed1]::pin::Pin<&mut dyn core[6883ba1bc0fe4ed1]::future::future::Future<Output = ()>>>::{closure#0}, ()>
[INFO] [stdout]                                at /opt/rustwide/cargo-home/registry/src/index.crates.io-1949cf8c6b5b557f/tokio-1.48.0/src/runtime/context/runtime.rs:65:16
[INFO] [stdout]   40:     0x620701287ec1 - <tokio[4cbc8b535844b571]::runtime::scheduler::current_thread::CurrentThread>::block_on::<core[6883ba1bc0fe4ed1]::pin::Pin<&mut dyn core[6883ba1bc0fe4ed1]::future::future::Future<Output = ()>>>
[INFO] [stdout]                                at /opt/rustwide/cargo-home/registry/src/index.crates.io-1949cf8c6b5b557f/tokio-1.48.0/src/runtime/scheduler/current_thread/mod.rs:188:9
[INFO] [stdout]   41:     0x62070127da34 - <tokio[4cbc8b535844b571]::runtime::runtime::Runtime>::block_on_inner::<core[6883ba1bc0fe4ed1]::pin::Pin<&mut dyn core[6883ba1bc0fe4ed1]::future::future::Future<Output = ()>>>
[INFO] [stdout]                                at /opt/rustwide/cargo-home/registry/src/index.crates.io-1949cf8c6b5b557f/tokio-1.48.0/src/runtime/runtime.rs:368:52
[INFO] [stdout]   42:     0x62070127dbff - <tokio[4cbc8b535844b571]::runtime::runtime::Runtime>::block_on::<core[6883ba1bc0fe4ed1]::pin::Pin<&mut dyn core[6883ba1bc0fe4ed1]::future::future::Future<Output = ()>>>
[INFO] [stdout]                                at /opt/rustwide/cargo-home/registry/src/index.crates.io-1949cf8c6b5b557f/tokio-1.48.0/src/runtime/runtime.rs:342:18
[INFO] [stdout]   43:     0x6207012c5ab2 - idacast[3991e4bcc57e294f]::data::test::test_get_schedules_online_with_translation
[INFO] [stdout]                                at /opt/rustwide/workdir/src/data/mod.rs:252:37
[INFO] [stdout]   44:     0x6207012c2197 - idacast[3991e4bcc57e294f]::data::test::test_get_schedules_online_with_translation::{closure#0}
[INFO] [stdout]                                at /opt/rustwide/workdir/src/data/mod.rs:249:58
[INFO] [stdout]   45:     0x6207012a1736 - <idacast[3991e4bcc57e294f]::data::test::test_get_schedules_online_with_translation::{closure#0} as core[6883ba1bc0fe4ed1]::ops::function::FnOnce<()>>::call_once
[INFO] [stdout]                                at /rustc/6b3fa26749ab40e159b2dd5cf577acaaf5902772/library/core/src/ops/function.rs:250:5
[INFO] [stdout]   46:     0x6207012cce5b - <fn() -> core[6883ba1bc0fe4ed1]::result::Result<(), alloc[55a36b64bcbf2c0d]::string::String> as core[6883ba1bc0fe4ed1]::ops::function::FnOnce<()>>::call_once
[INFO] [stdout]                                at /rustc/6b3fa26749ab40e159b2dd5cf577acaaf5902772/library/core/src/ops/function.rs:250:5
[INFO] [stdout]   47:     0x6207012cce5b - test[980ffaebd391d06d]::__rust_begin_short_backtrace::<core[6883ba1bc0fe4ed1]::result::Result<(), alloc[55a36b64bcbf2c0d]::string::String>, fn() -> core[6883ba1bc0fe4ed1]::result::Result<(), alloc[55a36b64bcbf2c0d]::string::String>>
[INFO] [stdout]                                at /rustc/6b3fa26749ab40e159b2dd5cf577acaaf5902772/library/test/src/lib.rs:724:18
[INFO] [stdout]   48:     0x6207012da4a5 - test[980ffaebd391d06d]::run_test_in_process::{closure#0}
[INFO] [stdout]                                at /rustc/6b3fa26749ab40e159b2dd5cf577acaaf5902772/library/test/src/lib.rs:747:74
[INFO] [stdout]   49:     0x6207012da4a5 - <core[6883ba1bc0fe4ed1]::panic::unwind_safe::AssertUnwindSafe<test[980ffaebd391d06d]::run_test_in_process::{closure#0}> as core[6883ba1bc0fe4ed1]::ops::function::FnOnce<()>>::call_once
[INFO] [stdout]                                at /rustc/6b3fa26749ab40e159b2dd5cf577acaaf5902772/library/core/src/panic/unwind_safe.rs:275:9
[INFO] [stdout]   50:     0x6207012da4a5 - std[73adb7dc35730857]::panicking::catch_unwind::do_call::<core[6883ba1bc0fe4ed1]::panic::unwind_safe::AssertUnwindSafe<test[980ffaebd391d06d]::run_test_in_process::{closure#0}>, core[6883ba1bc0fe4ed1]::result::Result<(), alloc[55a36b64bcbf2c0d]::string::String>>
[INFO] [stdout]                                at /rustc/6b3fa26749ab40e159b2dd5cf577acaaf5902772/library/std/src/panicking.rs:576:43
[INFO] [stdout]   51:     0x6207012da4a5 - std[73adb7dc35730857]::panicking::catch_unwind::<core[6883ba1bc0fe4ed1]::result::Result<(), alloc[55a36b64bcbf2c0d]::string::String>, core[6883ba1bc0fe4ed1]::panic::unwind_safe::AssertUnwindSafe<test[980ffaebd391d06d]::run_test_in_process::{closure#0}>>
[INFO] [stdout]                                at /rustc/6b3fa26749ab40e159b2dd5cf577acaaf5902772/library/std/src/panicking.rs:544:19
[INFO] [stdout]   52:     0x6207012da4a5 - std[73adb7dc35730857]::panic::catch_unwind::<core[6883ba1bc0fe4ed1]::panic::unwind_safe::AssertUnwindSafe<test[980ffaebd391d06d]::run_test_in_process::{closure#0}>, core[6883ba1bc0fe4ed1]::result::Result<(), alloc[55a36b64bcbf2c0d]::string::String>>
[INFO] [stdout]                                at /rustc/6b3fa26749ab40e159b2dd5cf577acaaf5902772/library/std/src/panic.rs:359:14
[INFO] [stdout]   53:     0x6207012da4a5 - test[980ffaebd391d06d]::run_test_in_process
[INFO] [stdout]                                at /rustc/6b3fa26749ab40e159b2dd5cf577acaaf5902772/library/test/src/lib.rs:747:27
[INFO] [stdout]   54:     0x6207012da4a5 - test[980ffaebd391d06d]::run_test::{closure#0}
[INFO] [stdout]                                at /rustc/6b3fa26749ab40e159b2dd5cf577acaaf5902772/library/test/src/lib.rs:668:43
[INFO] [stdout]   55:     0x6207012d4f54 - test[980ffaebd391d06d]::run_test::{closure#1}
[INFO] [stdout]                                at /rustc/6b3fa26749ab40e159b2dd5cf577acaaf5902772/library/test/src/lib.rs:698:41
[INFO] [stdout]   56:     0x6207012d4f54 - std[73adb7dc35730857]::sys::backtrace::__rust_begin_short_backtrace::<test[980ffaebd391d06d]::run_test::{closure#1}, ()>
[INFO] [stdout]                                at /rustc/6b3fa26749ab40e159b2dd5cf577acaaf5902772/library/std/src/sys/backtrace.rs:166:18
[INFO] [stdout]   57:     0x6207012dd5f2 - std[73adb7dc35730857]::thread::lifecycle::spawn_unchecked::<test[980ffaebd391d06d]::run_test::{closure#1}, ()>::{closure#1}::{closure#0}
[INFO] [stdout]                                at /rustc/6b3fa26749ab40e159b2dd5cf577acaaf5902772/library/std/src/thread/lifecycle.rs:70:13
[INFO] [stdout]   58:     0x6207012dd5f2 - <core[6883ba1bc0fe4ed1]::panic::unwind_safe::AssertUnwindSafe<std[73adb7dc35730857]::thread::lifecycle::spawn_unchecked<test[980ffaebd391d06d]::run_test::{closure#1}, ()>::{closure#1}::{closure#0}> as core[6883ba1bc0fe4ed1]::ops::function::FnOnce<()>>::call_once
[INFO] [stdout]                                at /rustc/6b3fa26749ab40e159b2dd5cf577acaaf5902772/library/core/src/panic/unwind_safe.rs:275:9
[INFO] [stdout]   59:     0x6207012dd5f2 - std[73adb7dc35730857]::panicking::catch_unwind::do_call::<core[6883ba1bc0fe4ed1]::panic::unwind_safe::AssertUnwindSafe<std[73adb7dc35730857]::thread::lifecycle::spawn_unchecked<test[980ffaebd391d06d]::run_test::{closure#1}, ()>::{closure#1}::{closure#0}>, ()>
[INFO] [stdout]                                at /rustc/6b3fa26749ab40e159b2dd5cf577acaaf5902772/library/std/src/panicking.rs:576:43
[INFO] [stdout]   60:     0x6207012dd5f2 - std[73adb7dc35730857]::panicking::catch_unwind::<(), core[6883ba1bc0fe4ed1]::panic::unwind_safe::AssertUnwindSafe<std[73adb7dc35730857]::thread::lifecycle::spawn_unchecked<test[980ffaebd391d06d]::run_test::{closure#1}, ()>::{closure#1}::{closure#0}>>
[INFO] [stdout]                                at /rustc/6b3fa26749ab40e159b2dd5cf577acaaf5902772/library/std/src/panicking.rs:544:19
[INFO] [stdout]   61:     0x6207012dd5f2 - std[73adb7dc35730857]::panic::catch_unwind::<core[6883ba1bc0fe4ed1]::panic::unwind_safe::AssertUnwindSafe<std[73adb7dc35730857]::thread::lifecycle::spawn_unchecked<test[980ffaebd391d06d]::run_test::{closure#1}, ()>::{closure#1}::{closure#0}>, ()>
[INFO] [stdout]                                at /rustc/6b3fa26749ab40e159b2dd5cf577acaaf5902772/library/std/src/panic.rs:359:14
[INFO] [stdout]   62:     0x6207012dd5f2 - std[73adb7dc35730857]::thread::lifecycle::spawn_unchecked::<test[980ffaebd391d06d]::run_test::{closure#1}, ()>::{closure#1}
[INFO] [stdout]                                at /rustc/6b3fa26749ab40e159b2dd5cf577acaaf5902772/library/std/src/thread/lifecycle.rs:68:26
[INFO] [stdout]   63:     0x6207012dd5f2 - <std[73adb7dc35730857]::thread::lifecycle::spawn_unchecked<test[980ffaebd391d06d]::run_test::{closure#1}, ()>::{closure#1} as core[6883ba1bc0fe4ed1]::ops::function::FnOnce<()>>::call_once::{shim:vtable#0}
[INFO] [stdout]                                at /rustc/6b3fa26749ab40e159b2dd5cf577acaaf5902772/library/core/src/ops/function.rs:250:5
[INFO] [stdout]   64:     0x62070199320f - <alloc[55a36b64bcbf2c0d]::boxed::Box<dyn core[6883ba1bc0fe4ed1]::ops::function::FnOnce<(), Output = ()> + core[6883ba1bc0fe4ed1]::marker::Send> as core[6883ba1bc0fe4ed1]::ops::function::FnOnce<()>>::call_once
[INFO] [stdout]                                at /rustc/6b3fa26749ab40e159b2dd5cf577acaaf5902772/library/alloc/src/boxed.rs:2319:9
[INFO] [stdout]   65:     0x62070199320f - <std[73adb7dc35730857]::sys::thread::unix::Thread>::new::thread_start
[INFO] [stdout]                                at /rustc/6b3fa26749ab40e159b2dd5cf577acaaf5902772/library/std/src/sys/thread/unix.rs:123:17
[INFO] [stdout]   66:     0x7fb7def66aa4 - <unknown>
[INFO] [stdout]   67:     0x7fb7deff3a64 - clone
[INFO] [stdout]   68:                0x0 - <unknown>
[INFO] [stdout] 
[INFO] [stdout] 
[INFO] [stdout] failures:
[INFO] [stdout]     data::raw_data::test::test_parsing_online
[INFO] [stdout]     data::test::test_get_dictionary_online
[INFO] [stdout]     data::test::test_get_schedules_online
[INFO] [stdout]     data::test::test_get_schedules_online_with_translation
[INFO] [stdout] 
[INFO] [stdout] test result: FAILED. 11 passed; 4 failed; 0 ignored; 0 measured; 0 filtered out; finished in 0.12s
[INFO] [stdout] 
[INFO] running `Command { std: "docker" "inspect" "2944f45cb0ae05536f0e574ee7f780deb3953f4049d909d7dc7265ed9e97bb11", kill_on_drop: false }`
[INFO] running `Command { std: "docker" "rm" "-f" "2944f45cb0ae05536f0e574ee7f780deb3953f4049d909d7dc7265ed9e97bb11", kill_on_drop: false }`
[INFO] [stdout] 2944f45cb0ae05536f0e574ee7f780deb3953f4049d909d7dc7265ed9e97bb11
