[INFO] cloning repository https://github.com/raidichu/orderbook
[INFO] running `Command { std: "git" "-c" "credential.helper=" "-c" "credential.helper=/workspace/cargo-home/bin/git-credential-null" "clone" "--bare" "https://github.com/raidichu/orderbook" "/workspace/cache/git-repos/https%3A%2F%2Fgithub.com%2Fraidichu%2Forderbook", kill_on_drop: false }`
[INFO] [stderr] Cloning into bare repository '/workspace/cache/git-repos/https%3A%2F%2Fgithub.com%2Fraidichu%2Forderbook'...
[INFO] running `Command { std: "git" "rev-parse" "HEAD", kill_on_drop: false }`
[INFO] [stdout] 84cff3e7eec201459dc2719d1f11807a79580eba
[INFO] testing raidichu/orderbook/84cff3e7eec201459dc2719d1f11807a79580eba against 1.98.0-beta.1 for beta-1.98-2
[INFO] running `Command { std: "git" "clone" "/workspace/cache/git-repos/https%3A%2F%2Fgithub.com%2Fraidichu%2Forderbook" "/workspace/builds/worker-7-tc2/source", kill_on_drop: false }`
[INFO] [stderr] Cloning into '/workspace/builds/worker-7-tc2/source'...
[INFO] [stderr] done.
[INFO] started tweaking git repo https://github.com/raidichu/orderbook
[INFO] finished tweaking git repo https://github.com/raidichu/orderbook
[INFO] tweaked toml for git repo https://github.com/raidichu/orderbook written to /workspace/builds/worker-7-tc2/source/Cargo.toml
[INFO] validating manifest of git repo https://github.com/raidichu/orderbook on toolchain 1.98.0-beta.1
[INFO] running `Command { std: CARGO_HOME="/workspace/cargo-home" RUSTUP_HOME="/workspace/rustup-home" "/workspace/cargo-home/bin/cargo" "+1.98.0-beta.1" "metadata" "--manifest-path" "Cargo.toml" "--no-deps", kill_on_drop: false }`
[INFO] crate git repo https://github.com/raidichu/orderbook already has a lockfile, it will not be regenerated
[INFO] running `Command { std: CARGO_HOME="/workspace/cargo-home" RUSTUP_HOME="/workspace/rustup-home" "/workspace/cargo-home/bin/cargo" "+1.98.0-beta.1" "fetch" "--manifest-path" "Cargo.toml", kill_on_drop: false }`
[INFO] running `Command { std: "docker" "create" "-v" "/var/lib/crater-agent-workspace/builds/worker-7-tc2/source:/opt/rustwide/workdir:ro,Z" "-v" "/var/lib/crater-agent-workspace/builds/worker-7-tc2/target:/opt/rustwide/target:rw,Z" "-v" "/var/lib/crater-agent-workspace/cargo-home:/opt/rustwide/cargo-home:ro,Z" "-v" "/var/lib/crater-agent-workspace/rustup-home:/opt/rustwide/rustup-home:ro,Z" "-m" "1610612736" "--network" "none" "ghcr.io/rust-lang/crates-build-env/linux@sha256:3d5ced03c013a94a2f102a4510f48a6e9184255caf5fd8244f58017bde7f5210" "sleep" "infinity", kill_on_drop: false }`
[INFO] [stdout] 7d458bf4eea5925d2d10d64e3b07a362935b94f2fb25a48971e53926db366299
[INFO] running `Command { std: "docker" "start" "7d458bf4eea5925d2d10d64e3b07a362935b94f2fb25a48971e53926db366299", kill_on_drop: false }`
[INFO] running `Command { std: "docker" "inspect" "7d458bf4eea5925d2d10d64e3b07a362935b94f2fb25a48971e53926db366299", kill_on_drop: false }`
[INFO] running `Command { std: "docker" "exec" "-e" "SOURCE_DIR=/opt/rustwide/workdir" "-e" "CARGO_HOME=/opt/rustwide/cargo-home" "-e" "RUSTUP_HOME=/opt/rustwide/rustup-home" "-e" "CARGO_TARGET_DIR=/opt/rustwide/target" "-w" "/opt/rustwide/workdir" "--user" "0:0" "7d458bf4eea5925d2d10d64e3b07a362935b94f2fb25a48971e53926db366299" "/opt/rustwide/cargo-home/bin/cargo" "+1.98.0-beta.1" "metadata" "--no-deps" "--format-version=1", kill_on_drop: false }`
[INFO] running `Command { std: "docker" "inspect" "7d458bf4eea5925d2d10d64e3b07a362935b94f2fb25a48971e53926db366299", kill_on_drop: false }`
[INFO] running `Command { std: "docker" "exec" "-e" "SOURCE_DIR=/opt/rustwide/workdir" "-e" "CARGO_HOME=/opt/rustwide/cargo-home" "-e" "RUSTUP_HOME=/opt/rustwide/rustup-home" "-e" "CARGO_TARGET_DIR=/opt/rustwide/target" "-e" "CARGO_INCREMENTAL=0" "-e" "RUST_BACKTRACE=full" "-e" "RUSTFLAGS=--cap-lints=warn" "-e" "RUSTDOCFLAGS=--cap-lints=warn" "-w" "/opt/rustwide/workdir" "--user" "0:0" "7d458bf4eea5925d2d10d64e3b07a362935b94f2fb25a48971e53926db366299" "/opt/rustwide/cargo-home/bin/cargo" "+1.98.0-beta.1" "build" "--frozen" "--message-format=json", kill_on_drop: false }`
[INFO] [stderr]    Compiling proc-macro2 v1.0.106
[INFO] [stderr]    Compiling unicode-ident v1.0.24
[INFO] [stderr]    Compiling quote v1.0.45
[INFO] [stderr]    Compiling libc v0.2.186
[INFO] [stderr]    Compiling pin-project-lite v0.2.17
[INFO] [stderr]    Compiling bytes v1.11.1
[INFO] [stderr]    Compiling futures-core v0.3.32
[INFO] [stderr]    Compiling once_cell v1.21.4
[INFO] [stderr]    Compiling memchr v2.8.1
[INFO] [stderr]    Compiling itoa v1.0.18
[INFO] [stderr]    Compiling serde_core v1.0.228
[INFO] [stderr]    Compiling litemap v0.8.2
[INFO] [stderr]    Compiling futures-sink v0.3.32
[INFO] [stderr]    Compiling writeable v0.6.3
[INFO] [stderr]    Compiling futures-io v0.3.32
[INFO] [stderr]    Compiling icu_normalizer_data v2.2.0
[INFO] [stderr]    Compiling futures-task v0.3.32
[INFO] [stderr]    Compiling typenum v1.20.1
[INFO] [stderr]    Compiling icu_properties_data v2.2.0
[INFO] [stderr]    Compiling find-msvc-tools v0.1.9
[INFO] [stderr]    Compiling shlex v2.0.1
[INFO] [stderr]    Compiling autocfg v1.5.1
[INFO] [stderr]    Compiling log v0.4.30
[INFO] [stderr]    Compiling serde v1.0.228
[INFO] [stderr]    Compiling tracing-core v0.1.36
[INFO] [stderr]    Compiling slab v0.4.12
[INFO] [stderr]    Compiling futures-channel v0.3.32
[INFO] [stderr]    Compiling zerocopy v0.8.50
[INFO] [stderr]    Compiling hashbrown v0.17.1
[INFO] [stderr]    Compiling zmij v1.0.21
[INFO] [stderr]    Compiling cc v1.2.63
[INFO] [stderr]    Compiling smallvec v1.15.1
[INFO] [stderr]    Compiling serde_json v1.0.150
[INFO] [stderr]    Compiling getrandom v0.3.4
[INFO] [stderr]    Compiling ahash v0.8.12
[INFO] [stderr]    Compiling crossbeam-utils v0.8.21
[INFO] [stderr]    Compiling pkg-config v0.3.33
[INFO] [stderr]    Compiling iana-time-zone v0.1.65
[INFO] [stderr]    Compiling num-traits v0.2.19
[INFO] [stderr]    Compiling bitflags v2.11.1
[INFO] [stderr]    Compiling getrandom v0.4.2
[INFO] [stderr]    Compiling syn v2.0.117
[INFO] [stderr]    Compiling indexmap v2.14.0
[INFO] [stderr]    Compiling http v1.4.1
[INFO] [stderr]    Compiling generic-array v0.14.7
[INFO] [stderr]    Compiling minimal-lexical v0.2.1
[INFO] [stderr]    Compiling allocator-api2 v0.2.21
[INFO] [stderr]    Compiling arrayvec v0.7.6
[INFO] [stderr]    Compiling rustls-pki-types v1.14.1
[INFO] [stderr]    Compiling crc-catalog v2.5.0
[INFO] [stderr]    Compiling mio v1.2.1
[INFO] [stderr]    Compiling socket2 v0.6.4
[INFO] [stderr]    Compiling parking_lot_core v0.9.12
[INFO] [stderr]    Compiling errno v0.3.14
[INFO] [stderr]    Compiling getrandom v0.2.17
[INFO] [stderr]    Compiling signal-hook-registry v1.4.8
[INFO] [stderr]    Compiling rand_core v0.6.4
[INFO] [stderr]    Compiling nom v7.1.3
[INFO] [stderr]    Compiling parking_lot v0.12.5
[INFO] [stderr]    Compiling unicode_categories v0.1.1
[INFO] [stderr]    Compiling crc v3.4.0
[INFO] [stderr]    Compiling block-buffer v0.10.4
[INFO] [stderr]    Compiling crypto-common v0.1.7
[INFO] [stderr]    Compiling crossbeam-queue v0.3.12
[INFO] [stderr]    Compiling digest v0.10.7
[INFO] [stderr]    Compiling tinyvec v1.11.0
[INFO] [stderr]    Compiling byteorder v1.5.0
[INFO] [stderr]    Compiling atoi v2.0.0
[INFO] [stderr]    Compiling rustversion v1.0.22
[INFO] [stderr]    Compiling rust_decimal v1.42.0
[INFO] [stderr]    Compiling event-listener v2.5.3
[INFO] [stderr]    Compiling http-body v1.0.1
[INFO] [stderr]    Compiling tokio v1.52.3
[INFO] [stderr]    Compiling form_urlencoded v1.2.2
[INFO] [stderr]    Compiling foreign-types-shared v0.1.1
[INFO] [stderr]    Compiling openssl v0.10.80
[INFO] [stderr]    Compiling rustix v1.1.4
[INFO] [stderr]    Compiling unicode-properties v0.1.4
[INFO] [stderr]    Compiling openssl-sys v0.9.116
[INFO] [stderr]    Compiling ring v0.17.14
[INFO] [stderr]    Compiling unicode-bidi v0.3.18
[INFO] [stderr]    Compiling futures-intrusive v0.5.0
[INFO] [stderr]    Compiling futures-util v0.3.32
[INFO] [stderr]    Compiling unicode-normalization v0.1.25
[INFO] [stderr]    Compiling foreign-types v0.3.2
[INFO] [stderr]    Compiling http-body-util v0.1.3
[INFO] [stderr]    Compiling hmac v0.12.1
[INFO] [stderr]    Compiling sha2 v0.10.9
[INFO] [stderr]    Compiling chrono v0.4.44
[INFO] [stderr]    Compiling sync_wrapper v1.0.2
[INFO] [stderr]    Compiling base64 v0.21.7
[INFO] [stderr]    Compiling dotenvy v0.15.7
[INFO] [stderr]    Compiling ryu v1.0.23
[INFO] [stderr]    Compiling syn v1.0.109
[INFO] [stderr]    Compiling rustls v0.23.40
[INFO] [stderr]    Compiling stringprep v0.1.5
[INFO] [stderr]    Compiling native-tls v0.2.18
[INFO] [stderr]    Compiling linux-raw-sys v0.12.1
[INFO] [stderr]    Compiling whoami v1.6.1
[INFO] [stderr]    Compiling uuid v1.23.2
[INFO] [stderr]    Compiling home v0.5.12
[INFO] [stderr]    Compiling hkdf v0.12.4
[INFO] [stderr]    Compiling md-5 v0.10.6
[INFO] [stderr]    Compiling ipnet v2.12.0
[INFO] [stderr]    Compiling unicode-segmentation v1.13.2
[INFO] [stderr]    Compiling openssl-probe v0.2.1
[INFO] [stderr]    Compiling simd-adler32 v0.3.9
[INFO] [stderr]    Compiling fastrand v2.4.1
[INFO] [stderr]    Compiling sqlformat v0.2.6
[INFO] [stderr]    Compiling miniz_oxide v0.8.9
[INFO] [stderr]    Compiling crc32fast v1.5.0
[INFO] [stderr]    Compiling heck v0.4.1
[INFO] [stderr]    Compiling num-integer v0.1.46
[INFO] [stderr]    Compiling rustls-pemfile v2.2.0
[INFO] [stderr]    Compiling openssl-probe v0.1.6
[INFO] [stderr]    Compiling semver v1.0.28
[INFO] [stderr]    Compiling flate2 v1.1.9
[INFO] [stderr]    Compiling rustls-native-certs v0.7.3
[INFO] [stderr]    Compiling num-bigint v0.4.6
[INFO] [stderr]    Compiling rustc_version v0.4.1
[INFO] [stderr]    Compiling arc-swap v1.9.1
[INFO] [stderr]    Compiling num_cpus v1.17.0
[INFO] [stderr]    Compiling compression-core v0.4.32
[INFO] [stderr]    Compiling anyhow v1.0.102
[INFO] [stderr]    Compiling regex-syntax v0.8.10
[INFO] [stderr]    Compiling crc32c v0.6.8
[INFO] [stderr]    Compiling serde_path_to_error v0.1.20
[INFO] [stderr]    Compiling compression-codecs v0.4.38
[INFO] [stderr]    Compiling encoding_rs v0.8.35
[INFO] [stderr]    Compiling matchit v0.7.3
[INFO] [stderr]    Compiling sharded-slab v0.1.7
[INFO] [stderr]    Compiling ppv-lite86 v0.2.21
[INFO] [stderr]    Compiling hashbrown v0.14.5
[INFO] [stderr]    Compiling tempfile v3.27.0
[INFO] [stderr]    Compiling tracing-log v0.2.0
[INFO] [stderr]    Compiling thread_local v1.1.9
[INFO] [stderr]    Compiling nu-ansi-term v0.50.3
[INFO] [stderr]    Compiling rand_chacha v0.3.1
[INFO] [stderr]    Compiling tokio-stream v0.1.18
[INFO] [stderr]    Compiling integer-encoding v3.0.4
[INFO] [stderr]    Compiling rand v0.8.6
[INFO] [stderr]    Compiling regex-automata v0.4.14
[INFO] [stderr]    Compiling hashlink v0.8.4
[INFO] [stderr]    Compiling synstructure v0.13.2
[INFO] [stderr]    Compiling zerofrom-derive v0.1.7
[INFO] [stderr]    Compiling yoke-derive v0.8.2
[INFO] [stderr]    Compiling zerovec-derive v0.11.3
[INFO] [stderr]    Compiling displaydoc v0.2.6
[INFO] [stderr]    Compiling tokio-macros v2.7.0
[INFO] [stderr]    Compiling tracing-attributes v0.1.31
[INFO] [stderr]    Compiling serde_derive v1.0.228
[INFO] [stderr]    Compiling futures-macro v0.3.32
[INFO] [stderr]    Compiling thiserror-impl v1.0.69
[INFO] [stderr]    Compiling openssl-macros v0.1.1
[INFO] [stderr]    Compiling async-trait v0.1.89
[INFO] [stderr]    Compiling axum-macros v0.4.2
[INFO] [stderr]    Compiling rust_decimal_macros v1.40.0
[INFO] [stderr]    Compiling rustls-webpki v0.103.13
[INFO] [stderr]    Compiling thiserror v1.0.69
[INFO] [stderr]    Compiling tracing v0.1.44
[INFO] [stderr]    Compiling matchers v0.2.0
[INFO] [stderr]    Compiling zerofrom v0.1.8
[INFO] [stderr]    Compiling yoke v0.8.2
[INFO] [stderr]    Compiling zerovec v0.11.6
[INFO] [stderr]    Compiling zerotrie v0.2.4
[INFO] [stderr]    Compiling tinystr v0.8.3
[INFO] [stderr]    Compiling potential_utf v0.1.5
[INFO] [stderr]    Compiling icu_collections v2.2.0
[INFO] [stderr]    Compiling icu_locale_core v2.2.0
[INFO] [stderr]    Compiling icu_provider v2.2.0
[INFO] [stderr]    Compiling icu_properties v2.2.0
[INFO] [stderr]    Compiling icu_normalizer v2.2.0
[INFO] [stderr]    Compiling either v1.16.0
[INFO] [stderr]    Compiling serde_urlencoded v0.7.1
[INFO] [stderr]    Compiling tracing-serde v0.2.0
[INFO] [stderr]    Compiling tracing-subscriber v0.3.23
[INFO] [stderr]    Compiling idna_adapter v1.2.2
[INFO] [stderr]    Compiling idna v1.1.0
[INFO] [stderr]    Compiling axum-core v0.4.5
[INFO] [stderr]    Compiling futures-executor v0.3.32
[INFO] [stderr]    Compiling url v2.5.8
[INFO] [stderr]    Compiling futures v0.3.32
[INFO] [stderr]    Compiling sqlx-core v0.7.4
[INFO] [stderr]    Compiling tokio-util v0.7.18
[INFO] [stderr]    Compiling tower v0.5.3
[INFO] [stderr]    Compiling tokio-rustls v0.26.4
[INFO] [stderr]    Compiling deadpool-runtime v0.1.4
[INFO] [stderr]    Compiling tokio-native-tls v0.3.1
[INFO] [stderr]    Compiling async-compression v0.4.42
[INFO] [stderr]    Compiling rskafka v0.4.0
[INFO] [stderr]    Compiling deadpool v0.12.3
[INFO] [stderr]    Compiling h2 v0.4.14
[INFO] [stderr]    Compiling combine v4.6.7
[INFO] [stderr]    Compiling tower-http v0.5.2
[INFO] [stderr]    Compiling tower-http v0.6.11
[INFO] [stderr]    Compiling sqlx-postgres v0.7.4
[INFO] [stderr]    Compiling hyper v1.10.1
[INFO] [stderr]    Compiling redis v0.26.1
[INFO] [stderr]    Compiling hyper-util v0.1.20
[INFO] [stderr]    Compiling sqlx-macros-core v0.7.4
[INFO] [stderr]    Compiling sqlx-macros v0.7.4
[INFO] [stderr]    Compiling sqlx v0.7.4
[INFO] [stderr]    Compiling hyper-tls v0.6.0
[INFO] [stderr]    Compiling axum v0.7.9
[INFO] [stderr]    Compiling reqwest v0.12.28
[INFO] [stderr]    Compiling deadpool-redis v0.16.0
[INFO] [stderr]    Compiling shared v0.1.0 (/opt/rustwide/workdir/crates/shared)
[INFO] [stderr]    Compiling portfolio-service v0.1.0 (/opt/rustwide/workdir/crates/portfolio-service)
[INFO] [stderr]    Compiling market-service v0.1.0 (/opt/rustwide/workdir/crates/market-service)
[INFO] [stderr]    Compiling audit-service v0.1.0 (/opt/rustwide/workdir/crates/audit-service)
[INFO] [stderr]     Finished `dev` profile [unoptimized + debuginfo] target(s) in 2m 09s
[INFO] [stderr] warning: the following packages contain code that will be rejected by a future version of Rust: sqlx-postgres v0.7.4
[INFO] [stderr] note: to see what the problems were, use the option `--future-incompat-report`, or run `cargo report future-incompatibilities --id 1`
[INFO] running `Command { std: "docker" "inspect" "7d458bf4eea5925d2d10d64e3b07a362935b94f2fb25a48971e53926db366299", kill_on_drop: false }`
[INFO] running `Command { std: "docker" "exec" "-e" "SOURCE_DIR=/opt/rustwide/workdir" "-e" "CARGO_HOME=/opt/rustwide/cargo-home" "-e" "RUSTUP_HOME=/opt/rustwide/rustup-home" "-e" "CARGO_TARGET_DIR=/opt/rustwide/target" "-e" "CARGO_INCREMENTAL=0" "-e" "RUST_BACKTRACE=full" "-e" "RUSTFLAGS=--cap-lints=warn" "-e" "RUSTDOCFLAGS=--cap-lints=warn" "-w" "/opt/rustwide/workdir" "--user" "0:0" "7d458bf4eea5925d2d10d64e3b07a362935b94f2fb25a48971e53926db366299" "/opt/rustwide/cargo-home/bin/cargo" "+1.98.0-beta.1" "test" "--frozen" "--no-run" "--message-format=json", kill_on_drop: false }`
[INFO] [stderr]    Compiling hyper v1.10.1
[INFO] [stderr]    Compiling deadpool v0.12.3
[INFO] [stderr]    Compiling aho-corasick v1.1.4
[INFO] [stderr]    Compiling regex-syntax v0.8.10
[INFO] [stderr]    Compiling assert-json-diff v2.0.2
[INFO] [stderr]    Compiling deadpool-redis v0.16.0
[INFO] [stderr]    Compiling hyper-util v0.1.20
[INFO] [stderr]    Compiling regex-automata v0.4.14
[INFO] [stderr]    Compiling hyper-tls v0.6.0
[INFO] [stderr]    Compiling axum v0.7.9
[INFO] [stderr]    Compiling reqwest v0.12.28
[INFO] [stderr]    Compiling matchers v0.2.0
[INFO] [stderr]    Compiling regex v1.12.3
[INFO] [stderr]    Compiling tracing-subscriber v0.3.23
[INFO] [stderr]    Compiling wiremock v0.6.5
[INFO] [stderr]    Compiling shared v0.1.0 (/opt/rustwide/workdir/crates/shared)
[INFO] [stderr]    Compiling portfolio-service v0.1.0 (/opt/rustwide/workdir/crates/portfolio-service)
[INFO] [stderr]    Compiling audit-service v0.1.0 (/opt/rustwide/workdir/crates/audit-service)
[INFO] [stderr]    Compiling market-service v0.1.0 (/opt/rustwide/workdir/crates/market-service)
[INFO] [stderr]     Finished `test` profile [unoptimized + debuginfo] target(s) in 14.69s
[INFO] [stderr] warning: the following packages contain code that will be rejected by a future version of Rust: sqlx-postgres v0.7.4
[INFO] [stderr] note: to see what the problems were, use the option `--future-incompat-report`, or run `cargo report future-incompatibilities --id 1`
[INFO] running `Command { std: "docker" "inspect" "7d458bf4eea5925d2d10d64e3b07a362935b94f2fb25a48971e53926db366299", kill_on_drop: false }`
[INFO] running `Command { std: "docker" "exec" "-e" "SOURCE_DIR=/opt/rustwide/workdir" "-e" "CARGO_HOME=/opt/rustwide/cargo-home" "-e" "RUSTUP_HOME=/opt/rustwide/rustup-home" "-e" "CARGO_TARGET_DIR=/opt/rustwide/target" "-e" "CARGO_INCREMENTAL=0" "-e" "RUST_BACKTRACE=full" "-e" "RUSTFLAGS=--cap-lints=warn" "-e" "RUSTDOCFLAGS=--cap-lints=warn" "-w" "/opt/rustwide/workdir" "--user" "0:0" "7d458bf4eea5925d2d10d64e3b07a362935b94f2fb25a48971e53926db366299" "/opt/rustwide/cargo-home/bin/cargo" "+1.98.0-beta.1" "test" "--frozen", kill_on_drop: false }`
[INFO] [stderr]     Finished `test` profile [unoptimized + debuginfo] target(s) in 0.44s
[INFO] [stderr] warning: the following packages contain code that will be rejected by a future version of Rust: sqlx-postgres v0.7.4
[INFO] [stderr] note: to see what the problems were, use the option `--future-incompat-report`, or run `cargo report future-incompatibilities --id 1`
[INFO] [stderr]      Running unittests src/main.rs (/opt/rustwide/target/debug/deps/audit_service-54604aa4a93b9f16)
[INFO] [stdout] 
[INFO] [stdout] running 0 tests
[INFO] [stdout] 
[INFO] [stdout] test result: ok. 0 passed; 0 failed; 0 ignored; 0 measured; 0 filtered out; finished in 0.00s
[INFO] [stdout] 
[INFO] [stderr]      Running unittests src/main.rs (/opt/rustwide/target/debug/deps/market_service-bd2ca722dad56a1c)
[INFO] [stdout] 
[INFO] [stdout] running 0 tests
[INFO] [stdout] 
[INFO] [stdout] test result: ok. 0 passed; 0 failed; 0 ignored; 0 measured; 0 filtered out; finished in 0.00s
[INFO] [stdout] 
[INFO] [stderr]      Running unittests src/main.rs (/opt/rustwide/target/debug/deps/portfolio_service-19f713914e7fe14b)
[INFO] [stdout] 
[INFO] [stdout] running 0 tests
[INFO] [stdout] 
[INFO] [stdout] test result: ok. 0 passed; 0 failed; 0 ignored; 0 measured; 0 filtered out; finished in 0.00s
[INFO] [stdout] 
[INFO] [stderr]      Running tests/integration_test.rs (/opt/rustwide/target/debug/deps/integration_test-ad01ecf605fb80c9)
[INFO] [stdout] 
[INFO] [stdout] running 6 tests
[INFO] [stdout] test test_market_service_down ... ok
[INFO] [stdout] test test_portfolio_cash_updated_after_buy ... FAILED
[INFO] [stdout] test test_sell_insufficient_holdings ... FAILED
[INFO] [stdout] test test_buy_insufficient_balance ... FAILED
[INFO] [stdout] test test_buy_success ... FAILED
[INFO] [stdout] test test_sell_success ... FAILED
[INFO] [stdout] 
[INFO] [stdout] failures:
[INFO] [stdout] 
[INFO] [stdout] ---- test_portfolio_cash_updated_after_buy stdout ----
[INFO] [stdout] 
[INFO] [stdout] thread 'test_portfolio_cash_updated_after_buy' (4369) panicked at crates/portfolio-service/tests/integration_test.rs:46:10:
[INFO] [stdout] Connect to test DB: PoolTimedOut
[INFO] [stdout] stack backtrace:
[INFO] [stdout]    0:     0x5e2560f5fd71 - std[73adb7dc35730857]::backtrace_rs::backtrace::libunwind::trace
[INFO] [stdout]                                at /rustc/6b3fa26749ab40e159b2dd5cf577acaaf5902772/library/std/src/../../backtrace/src/backtrace/libunwind.rs:117:9
[INFO] [stdout]    1:     0x5e2560f5fd71 - std[73adb7dc35730857]::backtrace_rs::backtrace::trace_unsynchronized::<std[73adb7dc35730857]::sys::backtrace::_print_fmt::{closure#1}>
[INFO] [stdout]                                at /rustc/6b3fa26749ab40e159b2dd5cf577acaaf5902772/library/std/src/../../backtrace/src/backtrace/mod.rs:66:14
[INFO] [stdout]    2:     0x5e2560f5fd71 - std[73adb7dc35730857]::sys::backtrace::_print_fmt
[INFO] [stdout]                                at /rustc/6b3fa26749ab40e159b2dd5cf577acaaf5902772/library/std/src/sys/backtrace.rs:74:9
[INFO] [stdout]    3:     0x5e2560f5fd71 - <<std[73adb7dc35730857]::sys::backtrace::BacktraceLock>::print::DisplayBacktrace as core[6883ba1bc0fe4ed1]::fmt::Display>::fmt
[INFO] [stdout]                                at /rustc/6b3fa26749ab40e159b2dd5cf577acaaf5902772/library/std/src/sys/backtrace.rs:44:26
[INFO] [stdout]    4:     0x5e2560f78c0a - <core[6883ba1bc0fe4ed1]::fmt::rt::Argument>::fmt
[INFO] [stdout]                                at /rustc/6b3fa26749ab40e159b2dd5cf577acaaf5902772/library/core/src/fmt/rt.rs:152:76
[INFO] [stdout]    5:     0x5e2560f78c0a - core[6883ba1bc0fe4ed1]::fmt::write
[INFO] [stdout]    6:     0x5e2560f64fec - std[73adb7dc35730857]::io::default_write_fmt::<alloc[55a36b64bcbf2c0d]::vec::Vec<u8>>
[INFO] [stdout]                                at /rustc/6b3fa26749ab40e159b2dd5cf577acaaf5902772/library/std/src/io/mod.rs:626:11
[INFO] [stdout]    7:     0x5e2560f64fec - <alloc[55a36b64bcbf2c0d]::vec::Vec<u8> as std[73adb7dc35730857]::io::Write>::write_fmt
[INFO] [stdout]                                at /rustc/6b3fa26749ab40e159b2dd5cf577acaaf5902772/library/std/src/io/mod.rs:1730:13
[INFO] [stdout]    8:     0x5e2560f3c046 - <std[73adb7dc35730857]::sys::backtrace::BacktraceLock>::print
[INFO] [stdout]                                at /rustc/6b3fa26749ab40e159b2dd5cf577acaaf5902772/library/std/src/sys/backtrace.rs:47:9
[INFO] [stdout]    9:     0x5e2560f3c046 - std[73adb7dc35730857]::panicking::default_hook::{closure#0}
[INFO] [stdout]                                at /rustc/6b3fa26749ab40e159b2dd5cf577acaaf5902772/library/std/src/panicking.rs:292:27
[INFO] [stdout]   10:     0x5e2560f571a9 - std[73adb7dc35730857]::panicking::default_hook
[INFO] [stdout]                                at /rustc/6b3fa26749ab40e159b2dd5cf577acaaf5902772/library/std/src/panicking.rs:316:9
[INFO] [stdout]   11:     0x5e25609c4e70 - <alloc[55a36b64bcbf2c0d]::boxed::Box<dyn for<'a, 'b> core[6883ba1bc0fe4ed1]::ops::function::Fn<(&'a std[73adb7dc35730857]::panic::PanicHookInfo<'b>,), Output = ()> + core[6883ba1bc0fe4ed1]::marker::Send + core[6883ba1bc0fe4ed1]::marker::Sync> as core[6883ba1bc0fe4ed1]::ops::function::Fn<(&std[73adb7dc35730857]::panic::PanicHookInfo,)>>::call
[INFO] [stdout]                                at /rustc/6b3fa26749ab40e159b2dd5cf577acaaf5902772/library/alloc/src/boxed.rs:2333:9
[INFO] [stdout]   12:     0x5e25609c4e70 - test[980ffaebd391d06d]::test_main_inner::<test[980ffaebd391d06d]::test_main_static::{closure#0}>::{closure#0}
[INFO] [stdout]                                at /rustc/6b3fa26749ab40e159b2dd5cf577acaaf5902772/library/test/src/lib.rs:155:21
[INFO] [stdout]   13:     0x5e2560f574d2 - <alloc[55a36b64bcbf2c0d]::boxed::Box<dyn for<'a, 'b> core[6883ba1bc0fe4ed1]::ops::function::Fn<(&'a std[73adb7dc35730857]::panic::PanicHookInfo<'b>,), Output = ()> + core[6883ba1bc0fe4ed1]::marker::Send + core[6883ba1bc0fe4ed1]::marker::Sync> as core[6883ba1bc0fe4ed1]::ops::function::Fn<(&std[73adb7dc35730857]::panic::PanicHookInfo,)>>::call
[INFO] [stdout]                                at /rustc/6b3fa26749ab40e159b2dd5cf577acaaf5902772/library/alloc/src/boxed.rs:2333:9
[INFO] [stdout]   14:     0x5e2560f574d2 - std[73adb7dc35730857]::panicking::panic_with_hook
[INFO] [stdout]                                at /rustc/6b3fa26749ab40e159b2dd5cf577acaaf5902772/library/std/src/panicking.rs:823:13
[INFO] [stdout]   15:     0x5e2560f3c0f2 - std[73adb7dc35730857]::panicking::panic_handler::{closure#0}
[INFO] [stdout]                                at /rustc/6b3fa26749ab40e159b2dd5cf577acaaf5902772/library/std/src/panicking.rs:688:13
[INFO] [stdout]   16:     0x5e2560f33699 - std[73adb7dc35730857]::sys::backtrace::__rust_end_short_backtrace::<std[73adb7dc35730857]::panicking::panic_handler::{closure#0}, !>
[INFO] [stdout]                                at /rustc/6b3fa26749ab40e159b2dd5cf577acaaf5902772/library/std/src/sys/backtrace.rs:182:18
[INFO] [stdout]   17:     0x5e2560f3cf7d - __rustc[a7b7b02e776dd976]::rust_begin_unwind
[INFO] [stdout]                                at /rustc/6b3fa26749ab40e159b2dd5cf577acaaf5902772/library/std/src/panicking.rs:679:5
[INFO] [stdout]   18:     0x5e2560f7943c - core[6883ba1bc0fe4ed1]::panicking::panic_fmt
[INFO] [stdout]                                at /rustc/6b3fa26749ab40e159b2dd5cf577acaaf5902772/library/core/src/panicking.rs:80:14
[INFO] [stdout]   19:     0x5e2560f79182 - core[6883ba1bc0fe4ed1]::result::unwrap_failed
[INFO] [stdout]                                at /rustc/6b3fa26749ab40e159b2dd5cf577acaaf5902772/library/core/src/result.rs:1870:5
[INFO] [stdout]   20:     0x5e25605171aa - <core[6883ba1bc0fe4ed1]::result::Result<sqlx_core[5a68f7b38b8c6251]::pool::Pool<sqlx_postgres[f6ffa8ea015f69c7]::database::Postgres>, sqlx_core[5a68f7b38b8c6251]::error::Error>>::expect
[INFO] [stdout]                                at /rustc/6b3fa26749ab40e159b2dd5cf577acaaf5902772/library/core/src/result.rs:1183:23
[INFO] [stdout]   21:     0x5e25604d54fe - integration_test[a33e3c39bad5ed7]::test_pool::{closure#0}
[INFO] [stdout]                                at /opt/rustwide/workdir/crates/portfolio-service/tests/integration_test.rs:46:10
[INFO] [stdout]   22:     0x5e25604db5b5 - integration_test[a33e3c39bad5ed7]::test_portfolio_cash_updated_after_buy::{closure#0}
[INFO] [stdout]                                at /opt/rustwide/workdir/crates/portfolio-service/tests/integration_test.rs:308:28
[INFO] [stdout]   23:     0x5e25605469a2 - <core[6883ba1bc0fe4ed1]::pin::Pin<&mut dyn core[6883ba1bc0fe4ed1]::future::future::Future<Output = ()>> as core[6883ba1bc0fe4ed1]::future::future::Future>::poll
[INFO] [stdout]                                at /rustc/6b3fa26749ab40e159b2dd5cf577acaaf5902772/library/core/src/future/future.rs:133:9
[INFO] [stdout]   24:     0x5e2560546a5d - <core[6883ba1bc0fe4ed1]::pin::Pin<&mut core[6883ba1bc0fe4ed1]::pin::Pin<&mut dyn core[6883ba1bc0fe4ed1]::future::future::Future<Output = ()>>> as core[6883ba1bc0fe4ed1]::future::future::Future>::poll
[INFO] [stdout]                                at /rustc/6b3fa26749ab40e159b2dd5cf577acaaf5902772/library/core/src/future/future.rs:133:9
[INFO] [stdout]   25:     0x5e25604ec0bd - <tokio[3cae23e081335d20]::runtime::scheduler::current_thread::CoreGuard>::block_on::<core[6883ba1bc0fe4ed1]::pin::Pin<&mut core[6883ba1bc0fe4ed1]::pin::Pin<&mut dyn core[6883ba1bc0fe4ed1]::future::future::Future<Output = ()>>>>::{closure#0}::{closure#0}::{closure#0}
[INFO] [stdout]                                at /opt/rustwide/cargo-home/registry/src/index.crates.io-1949cf8c6b5b557f/tokio-1.52.3/src/runtime/scheduler/current_thread/mod.rs:778:70
[INFO] [stdout]   26:     0x5e25604ebddb - tokio[3cae23e081335d20]::task::coop::with_budget::<core[6883ba1bc0fe4ed1]::task::poll::Poll<()>, <tokio[3cae23e081335d20]::runtime::scheduler::current_thread::CoreGuard>::block_on<core[6883ba1bc0fe4ed1]::pin::Pin<&mut core[6883ba1bc0fe4ed1]::pin::Pin<&mut dyn core[6883ba1bc0fe4ed1]::future::future::Future<Output = ()>>>>::{closure#0}::{closure#0}::{closure#0}>
[INFO] [stdout]                                at /opt/rustwide/cargo-home/registry/src/index.crates.io-1949cf8c6b5b557f/tokio-1.52.3/src/task/coop/mod.rs:167:5
[INFO] [stdout]   27:     0x5e25604ebddb - tokio[3cae23e081335d20]::task::coop::budget::<core[6883ba1bc0fe4ed1]::task::poll::Poll<()>, <tokio[3cae23e081335d20]::runtime::scheduler::current_thread::CoreGuard>::block_on<core[6883ba1bc0fe4ed1]::pin::Pin<&mut core[6883ba1bc0fe4ed1]::pin::Pin<&mut dyn core[6883ba1bc0fe4ed1]::future::future::Future<Output = ()>>>>::{closure#0}::{closure#0}::{closure#0}>
[INFO] [stdout]                                at /opt/rustwide/cargo-home/registry/src/index.crates.io-1949cf8c6b5b557f/tokio-1.52.3/src/task/coop/mod.rs:133:5
[INFO] [stdout]   28:     0x5e25604ebddb - <tokio[3cae23e081335d20]::runtime::scheduler::current_thread::CoreGuard>::block_on::<core[6883ba1bc0fe4ed1]::pin::Pin<&mut core[6883ba1bc0fe4ed1]::pin::Pin<&mut dyn core[6883ba1bc0fe4ed1]::future::future::Future<Output = ()>>>>::{closure#0}::{closure#0}
[INFO] [stdout]                                at /opt/rustwide/cargo-home/registry/src/index.crates.io-1949cf8c6b5b557f/tokio-1.52.3/src/runtime/scheduler/current_thread/mod.rs:778:25
[INFO] [stdout]   29:     0x5e25604e04b0 - <tokio[3cae23e081335d20]::runtime::scheduler::current_thread::Context>::enter::<core[6883ba1bc0fe4ed1]::task::poll::Poll<()>, <tokio[3cae23e081335d20]::runtime::scheduler::current_thread::CoreGuard>::block_on<core[6883ba1bc0fe4ed1]::pin::Pin<&mut core[6883ba1bc0fe4ed1]::pin::Pin<&mut dyn core[6883ba1bc0fe4ed1]::future::future::Future<Output = ()>>>>::{closure#0}::{closure#0}>
[INFO] [stdout]                                at /opt/rustwide/cargo-home/registry/src/index.crates.io-1949cf8c6b5b557f/tokio-1.52.3/src/runtime/scheduler/current_thread/mod.rs:451:19
[INFO] [stdout]   30:     0x5e25604ea0ed - <tokio[3cae23e081335d20]::runtime::scheduler::current_thread::CoreGuard>::block_on::<core[6883ba1bc0fe4ed1]::pin::Pin<&mut core[6883ba1bc0fe4ed1]::pin::Pin<&mut dyn core[6883ba1bc0fe4ed1]::future::future::Future<Output = ()>>>>::{closure#0}
[INFO] [stdout]                                at /opt/rustwide/cargo-home/registry/src/index.crates.io-1949cf8c6b5b557f/tokio-1.52.3/src/runtime/scheduler/current_thread/mod.rs:777:44
[INFO] [stdout]   31:     0x5e25604e8894 - <tokio[3cae23e081335d20]::runtime::scheduler::current_thread::CoreGuard>::enter::<<tokio[3cae23e081335d20]::runtime::scheduler::current_thread::CoreGuard>::block_on<core[6883ba1bc0fe4ed1]::pin::Pin<&mut core[6883ba1bc0fe4ed1]::pin::Pin<&mut dyn core[6883ba1bc0fe4ed1]::future::future::Future<Output = ()>>>>::{closure#0}, core[6883ba1bc0fe4ed1]::option::Option<()>>::{closure#0}
[INFO] [stdout]                                at /opt/rustwide/cargo-home/registry/src/index.crates.io-1949cf8c6b5b557f/tokio-1.52.3/src/runtime/scheduler/current_thread/mod.rs:865:68
[INFO] [stdout]   32:     0x5e2560520e0b - <tokio[3cae23e081335d20]::runtime::context::scoped::Scoped<tokio[3cae23e081335d20]::runtime::scheduler::Context>>::set::<<tokio[3cae23e081335d20]::runtime::scheduler::current_thread::CoreGuard>::enter<<tokio[3cae23e081335d20]::runtime::scheduler::current_thread::CoreGuard>::block_on<core[6883ba1bc0fe4ed1]::pin::Pin<&mut core[6883ba1bc0fe4ed1]::pin::Pin<&mut dyn core[6883ba1bc0fe4ed1]::future::future::Future<Output = ()>>>>::{closure#0}, core[6883ba1bc0fe4ed1]::option::Option<()>>::{closure#0}, (alloc[55a36b64bcbf2c0d]::boxed::Box<tokio[3cae23e081335d20]::runtime::scheduler::current_thread::Core>, core[6883ba1bc0fe4ed1]::option::Option<()>)>
[INFO] [stdout]                                at /opt/rustwide/cargo-home/registry/src/index.crates.io-1949cf8c6b5b557f/tokio-1.52.3/src/runtime/context/scoped.rs:40:9
[INFO] [stdout]   33:     0x5e2560589729 - tokio[3cae23e081335d20]::runtime::context::set_scheduler::<(alloc[55a36b64bcbf2c0d]::boxed::Box<tokio[3cae23e081335d20]::runtime::scheduler::current_thread::Core>, core[6883ba1bc0fe4ed1]::option::Option<()>), <tokio[3cae23e081335d20]::runtime::scheduler::current_thread::CoreGuard>::enter<<tokio[3cae23e081335d20]::runtime::scheduler::current_thread::CoreGuard>::block_on<core[6883ba1bc0fe4ed1]::pin::Pin<&mut core[6883ba1bc0fe4ed1]::pin::Pin<&mut dyn core[6883ba1bc0fe4ed1]::future::future::Future<Output = ()>>>>::{closure#0}, core[6883ba1bc0fe4ed1]::option::Option<()>>::{closure#0}>::{closure#0}
[INFO] [stdout]                                at /opt/rustwide/cargo-home/registry/src/index.crates.io-1949cf8c6b5b557f/tokio-1.52.3/src/runtime/context.rs:181:38
[INFO] [stdout]   34:     0x5e256052fe22 - <std[73adb7dc35730857]::thread::local::LocalKey<tokio[3cae23e081335d20]::runtime::context::Context>>::try_with::<tokio[3cae23e081335d20]::runtime::context::set_scheduler<(alloc[55a36b64bcbf2c0d]::boxed::Box<tokio[3cae23e081335d20]::runtime::scheduler::current_thread::Core>, core[6883ba1bc0fe4ed1]::option::Option<()>), <tokio[3cae23e081335d20]::runtime::scheduler::current_thread::CoreGuard>::enter<<tokio[3cae23e081335d20]::runtime::scheduler::current_thread::CoreGuard>::block_on<core[6883ba1bc0fe4ed1]::pin::Pin<&mut core[6883ba1bc0fe4ed1]::pin::Pin<&mut dyn core[6883ba1bc0fe4ed1]::future::future::Future<Output = ()>>>>::{closure#0}, core[6883ba1bc0fe4ed1]::option::Option<()>>::{closure#0}>::{closure#0}, (alloc[55a36b64bcbf2c0d]::boxed::Box<tokio[3cae23e081335d20]::runtime::scheduler::current_thread::Core>, core[6883ba1bc0fe4ed1]::option::Option<()>)>
[INFO] [stdout]                                at /rustc/6b3fa26749ab40e159b2dd5cf577acaaf5902772/library/std/src/thread/local.rs:463:12
[INFO] [stdout]   35:     0x5e256052f60e - <std[73adb7dc35730857]::thread::local::LocalKey<tokio[3cae23e081335d20]::runtime::context::Context>>::with::<tokio[3cae23e081335d20]::runtime::context::set_scheduler<(alloc[55a36b64bcbf2c0d]::boxed::Box<tokio[3cae23e081335d20]::runtime::scheduler::current_thread::Core>, core[6883ba1bc0fe4ed1]::option::Option<()>), <tokio[3cae23e081335d20]::runtime::scheduler::current_thread::CoreGuard>::enter<<tokio[3cae23e081335d20]::runtime::scheduler::current_thread::CoreGuard>::block_on<core[6883ba1bc0fe4ed1]::pin::Pin<&mut core[6883ba1bc0fe4ed1]::pin::Pin<&mut dyn core[6883ba1bc0fe4ed1]::future::future::Future<Output = ()>>>>::{closure#0}, core[6883ba1bc0fe4ed1]::option::Option<()>>::{closure#0}>::{closure#0}, (alloc[55a36b64bcbf2c0d]::boxed::Box<tokio[3cae23e081335d20]::runtime::scheduler::current_thread::Core>, core[6883ba1bc0fe4ed1]::option::Option<()>)>
[INFO] [stdout]                                at /rustc/6b3fa26749ab40e159b2dd5cf577acaaf5902772/library/std/src/thread/local.rs:427:20
[INFO] [stdout]   36:     0x5e2560584bbd - tokio[3cae23e081335d20]::runtime::context::set_scheduler::<(alloc[55a36b64bcbf2c0d]::boxed::Box<tokio[3cae23e081335d20]::runtime::scheduler::current_thread::Core>, core[6883ba1bc0fe4ed1]::option::Option<()>), <tokio[3cae23e081335d20]::runtime::scheduler::current_thread::CoreGuard>::enter<<tokio[3cae23e081335d20]::runtime::scheduler::current_thread::CoreGuard>::block_on<core[6883ba1bc0fe4ed1]::pin::Pin<&mut core[6883ba1bc0fe4ed1]::pin::Pin<&mut dyn core[6883ba1bc0fe4ed1]::future::future::Future<Output = ()>>>>::{closure#0}, core[6883ba1bc0fe4ed1]::option::Option<()>>::{closure#0}>
[INFO] [stdout]                                at /opt/rustwide/cargo-home/registry/src/index.crates.io-1949cf8c6b5b557f/tokio-1.52.3/src/runtime/context.rs:181:17
[INFO] [stdout]   37:     0x5e25604e3550 - <tokio[3cae23e081335d20]::runtime::scheduler::current_thread::CoreGuard>::enter::<<tokio[3cae23e081335d20]::runtime::scheduler::current_thread::CoreGuard>::block_on<core[6883ba1bc0fe4ed1]::pin::Pin<&mut core[6883ba1bc0fe4ed1]::pin::Pin<&mut dyn core[6883ba1bc0fe4ed1]::future::future::Future<Output = ()>>>>::{closure#0}, core[6883ba1bc0fe4ed1]::option::Option<()>>
[INFO] [stdout]                                at /opt/rustwide/cargo-home/registry/src/index.crates.io-1949cf8c6b5b557f/tokio-1.52.3/src/runtime/scheduler/current_thread/mod.rs:865:27
[INFO] [stdout]   38:     0x5e25604e3ce6 - <tokio[3cae23e081335d20]::runtime::scheduler::current_thread::CoreGuard>::block_on::<core[6883ba1bc0fe4ed1]::pin::Pin<&mut core[6883ba1bc0fe4ed1]::pin::Pin<&mut dyn core[6883ba1bc0fe4ed1]::future::future::Future<Output = ()>>>>
[INFO] [stdout]                                at /opt/rustwide/cargo-home/registry/src/index.crates.io-1949cf8c6b5b557f/tokio-1.52.3/src/runtime/scheduler/current_thread/mod.rs:765:24
[INFO] [stdout]   39:     0x5e25604e7e90 - <tokio[3cae23e081335d20]::runtime::scheduler::current_thread::CurrentThread>::block_on::<core[6883ba1bc0fe4ed1]::pin::Pin<&mut dyn core[6883ba1bc0fe4ed1]::future::future::Future<Output = ()>>>::{closure#0}
[INFO] [stdout]                                at /opt/rustwide/cargo-home/registry/src/index.crates.io-1949cf8c6b5b557f/tokio-1.52.3/src/runtime/scheduler/current_thread/mod.rs:205:33
[INFO] [stdout]   40:     0x5e25604ce503 - tokio[3cae23e081335d20]::runtime::context::runtime::enter_runtime::<<tokio[3cae23e081335d20]::runtime::scheduler::current_thread::CurrentThread>::block_on<core[6883ba1bc0fe4ed1]::pin::Pin<&mut dyn core[6883ba1bc0fe4ed1]::future::future::Future<Output = ()>>>::{closure#0}, ()>
[INFO] [stdout]                                at /opt/rustwide/cargo-home/registry/src/index.crates.io-1949cf8c6b5b557f/tokio-1.52.3/src/runtime/context/runtime.rs:65:16
[INFO] [stdout]   41:     0x5e25604df4e1 - <tokio[3cae23e081335d20]::runtime::scheduler::current_thread::CurrentThread>::block_on::<core[6883ba1bc0fe4ed1]::pin::Pin<&mut dyn core[6883ba1bc0fe4ed1]::future::future::Future<Output = ()>>>
[INFO] [stdout]                                at /opt/rustwide/cargo-home/registry/src/index.crates.io-1949cf8c6b5b557f/tokio-1.52.3/src/runtime/scheduler/current_thread/mod.rs:193:9
[INFO] [stdout]   42:     0x5e25604cd134 - <tokio[3cae23e081335d20]::runtime::runtime::Runtime>::block_on_inner::<core[6883ba1bc0fe4ed1]::pin::Pin<&mut dyn core[6883ba1bc0fe4ed1]::future::future::Future<Output = ()>>>
[INFO] [stdout]                                at /opt/rustwide/cargo-home/registry/src/index.crates.io-1949cf8c6b5b557f/tokio-1.52.3/src/runtime/runtime.rs:371:52
[INFO] [stdout]   43:     0x5e25604cd4af - <tokio[3cae23e081335d20]::runtime::runtime::Runtime>::block_on::<core[6883ba1bc0fe4ed1]::pin::Pin<&mut dyn core[6883ba1bc0fe4ed1]::future::future::Future<Output = ()>>>
[INFO] [stdout]                                at /opt/rustwide/cargo-home/registry/src/index.crates.io-1949cf8c6b5b557f/tokio-1.52.3/src/runtime/runtime.rs:345:18
[INFO] [stdout]   44:     0x5e25604dd6eb - integration_test[a33e3c39bad5ed7]::test_portfolio_cash_updated_after_buy
[INFO] [stdout]                                at /opt/rustwide/workdir/crates/portfolio-service/tests/integration_test.rs:325:34
[INFO] [stdout]   45:     0x5e25604d3f57 - integration_test[a33e3c39bad5ed7]::test_portfolio_cash_updated_after_buy::{closure#0}
[INFO] [stdout]                                at /opt/rustwide/workdir/crates/portfolio-service/tests/integration_test.rs:307:49
[INFO] [stdout]   46:     0x5e25604c2736 - <integration_test[a33e3c39bad5ed7]::test_portfolio_cash_updated_after_buy::{closure#0} as core[6883ba1bc0fe4ed1]::ops::function::FnOnce<()>>::call_once
[INFO] [stdout]                                at /rustc/6b3fa26749ab40e159b2dd5cf577acaaf5902772/library/core/src/ops/function.rs:250:5
[INFO] [stdout]   47:     0x5e25609b81ab - <fn() -> core[6883ba1bc0fe4ed1]::result::Result<(), alloc[55a36b64bcbf2c0d]::string::String> as core[6883ba1bc0fe4ed1]::ops::function::FnOnce<()>>::call_once
[INFO] [stdout]                                at /rustc/6b3fa26749ab40e159b2dd5cf577acaaf5902772/library/core/src/ops/function.rs:250:5
[INFO] [stdout]   48:     0x5e25609b81ab - test[980ffaebd391d06d]::__rust_begin_short_backtrace::<core[6883ba1bc0fe4ed1]::result::Result<(), alloc[55a36b64bcbf2c0d]::string::String>, fn() -> core[6883ba1bc0fe4ed1]::result::Result<(), alloc[55a36b64bcbf2c0d]::string::String>>
[INFO] [stdout]                                at /rustc/6b3fa26749ab40e159b2dd5cf577acaaf5902772/library/test/src/lib.rs:724:18
[INFO] [stdout]   49:     0x5e25609c57f5 - test[980ffaebd391d06d]::run_test_in_process::{closure#0}
[INFO] [stdout]                                at /rustc/6b3fa26749ab40e159b2dd5cf577acaaf5902772/library/test/src/lib.rs:747:74
[INFO] [stdout]   50:     0x5e25609c57f5 - <core[6883ba1bc0fe4ed1]::panic::unwind_safe::AssertUnwindSafe<test[980ffaebd391d06d]::run_test_in_process::{closure#0}> as core[6883ba1bc0fe4ed1]::ops::function::FnOnce<()>>::call_once
[INFO] [stdout]                                at /rustc/6b3fa26749ab40e159b2dd5cf577acaaf5902772/library/core/src/panic/unwind_safe.rs:275:9
[INFO] [stdout]   51:     0x5e25609c57f5 - std[73adb7dc35730857]::panicking::catch_unwind::do_call::<core[6883ba1bc0fe4ed1]::panic::unwind_safe::AssertUnwindSafe<test[980ffaebd391d06d]::run_test_in_process::{closure#0}>, core[6883ba1bc0fe4ed1]::result::Result<(), alloc[55a36b64bcbf2c0d]::string::String>>
[INFO] [stdout]                                at /rustc/6b3fa26749ab40e159b2dd5cf577acaaf5902772/library/std/src/panicking.rs:576:43
[INFO] [stdout]   52:     0x5e25609c57f5 - std[73adb7dc35730857]::panicking::catch_unwind::<core[6883ba1bc0fe4ed1]::result::Result<(), alloc[55a36b64bcbf2c0d]::string::String>, core[6883ba1bc0fe4ed1]::panic::unwind_safe::AssertUnwindSafe<test[980ffaebd391d06d]::run_test_in_process::{closure#0}>>
[INFO] [stdout]                                at /rustc/6b3fa26749ab40e159b2dd5cf577acaaf5902772/library/std/src/panicking.rs:544:19
[INFO] [stdout]   53:     0x5e25609c57f5 - std[73adb7dc35730857]::panic::catch_unwind::<core[6883ba1bc0fe4ed1]::panic::unwind_safe::AssertUnwindSafe<test[980ffaebd391d06d]::run_test_in_process::{closure#0}>, core[6883ba1bc0fe4ed1]::result::Result<(), alloc[55a36b64bcbf2c0d]::string::String>>
[INFO] [stdout]                                at /rustc/6b3fa26749ab40e159b2dd5cf577acaaf5902772/library/std/src/panic.rs:359:14
[INFO] [stdout]   54:     0x5e25609c57f5 - test[980ffaebd391d06d]::run_test_in_process
[INFO] [stdout]                                at /rustc/6b3fa26749ab40e159b2dd5cf577acaaf5902772/library/test/src/lib.rs:747:27
[INFO] [stdout]   55:     0x5e25609c57f5 - test[980ffaebd391d06d]::run_test::{closure#0}
[INFO] [stdout]                                at /rustc/6b3fa26749ab40e159b2dd5cf577acaaf5902772/library/test/src/lib.rs:668:43
[INFO] [stdout]   56:     0x5e25609c02a4 - test[980ffaebd391d06d]::run_test::{closure#1}
[INFO] [stdout]                                at /rustc/6b3fa26749ab40e159b2dd5cf577acaaf5902772/library/test/src/lib.rs:698:41
[INFO] [stdout]   57:     0x5e25609c02a4 - std[73adb7dc35730857]::sys::backtrace::__rust_begin_short_backtrace::<test[980ffaebd391d06d]::run_test::{closure#1}, ()>
[INFO] [stdout]                                at /rustc/6b3fa26749ab40e159b2dd5cf577acaaf5902772/library/std/src/sys/backtrace.rs:166:18
[INFO] [stdout]   58:     0x5e25609c8942 - std[73adb7dc35730857]::thread::lifecycle::spawn_unchecked::<test[980ffaebd391d06d]::run_test::{closure#1}, ()>::{closure#1}::{closure#0}
[INFO] [stdout]                                at /rustc/6b3fa26749ab40e159b2dd5cf577acaaf5902772/library/std/src/thread/lifecycle.rs:70:13
[INFO] [stdout]   59:     0x5e25609c8942 - <core[6883ba1bc0fe4ed1]::panic::unwind_safe::AssertUnwindSafe<std[73adb7dc35730857]::thread::lifecycle::spawn_unchecked<test[980ffaebd391d06d]::run_test::{closure#1}, ()>::{closure#1}::{closure#0}> as core[6883ba1bc0fe4ed1]::ops::function::FnOnce<()>>::call_once
[INFO] [stdout]                                at /rustc/6b3fa26749ab40e159b2dd5cf577acaaf5902772/library/core/src/panic/unwind_safe.rs:275:9
[INFO] [stdout]   60:     0x5e25609c8942 - std[73adb7dc35730857]::panicking::catch_unwind::do_call::<core[6883ba1bc0fe4ed1]::panic::unwind_safe::AssertUnwindSafe<std[73adb7dc35730857]::thread::lifecycle::spawn_unchecked<test[980ffaebd391d06d]::run_test::{closure#1}, ()>::{closure#1}::{closure#0}>, ()>
[INFO] [stdout]                                at /rustc/6b3fa26749ab40e159b2dd5cf577acaaf5902772/library/std/src/panicking.rs:576:43
[INFO] [stdout]   61:     0x5e25609c8942 - std[73adb7dc35730857]::panicking::catch_unwind::<(), core[6883ba1bc0fe4ed1]::panic::unwind_safe::AssertUnwindSafe<std[73adb7dc35730857]::thread::lifecycle::spawn_unchecked<test[980ffaebd391d06d]::run_test::{closure#1}, ()>::{closure#1}::{closure#0}>>
[INFO] [stdout]                                at /rustc/6b3fa26749ab40e159b2dd5cf577acaaf5902772/library/std/src/panicking.rs:544:19
[INFO] [stdout]   62:     0x5e25609c8942 - std[73adb7dc35730857]::panic::catch_unwind::<core[6883ba1bc0fe4ed1]::panic::unwind_safe::AssertUnwindSafe<std[73adb7dc35730857]::thread::lifecycle::spawn_unchecked<test[980ffaebd391d06d]::run_test::{closure#1}, ()>::{closure#1}::{closure#0}>, ()>
[INFO] [stdout]                                at /rustc/6b3fa26749ab40e159b2dd5cf577acaaf5902772/library/std/src/panic.rs:359:14
[INFO] [stdout]   63:     0x5e25609c8942 - std[73adb7dc35730857]::thread::lifecycle::spawn_unchecked::<test[980ffaebd391d06d]::run_test::{closure#1}, ()>::{closure#1}
[INFO] [stdout]                                at /rustc/6b3fa26749ab40e159b2dd5cf577acaaf5902772/library/std/src/thread/lifecycle.rs:68:26
[INFO] [stdout]   64:     0x5e25609c8942 - <std[73adb7dc35730857]::thread::lifecycle::spawn_unchecked<test[980ffaebd391d06d]::run_test::{closure#1}, ()>::{closure#1} as core[6883ba1bc0fe4ed1]::ops::function::FnOnce<()>>::call_once::{shim:vtable#0}
[INFO] [stdout]                                at /rustc/6b3fa26749ab40e159b2dd5cf577acaaf5902772/library/core/src/ops/function.rs:250:5
[INFO] [stdout]   65:     0x5e2560f5efff - <alloc[55a36b64bcbf2c0d]::boxed::Box<dyn core[6883ba1bc0fe4ed1]::ops::function::FnOnce<(), Output = ()> + core[6883ba1bc0fe4ed1]::marker::Send> as core[6883ba1bc0fe4ed1]::ops::function::FnOnce<()>>::call_once
[INFO] [stdout]                                at /rustc/6b3fa26749ab40e159b2dd5cf577acaaf5902772/library/alloc/src/boxed.rs:2319:9
[INFO] [stdout]   66:     0x5e2560f5efff - <std[73adb7dc35730857]::sys::thread::unix::Thread>::new::thread_start
[INFO] [stdout]                                at /rustc/6b3fa26749ab40e159b2dd5cf577acaaf5902772/library/std/src/sys/thread/unix.rs:123:17
[INFO] [stdout]   67:     0x75549b721aa4 - <unknown>
[INFO] [stdout]   68:     0x75549b7aea64 - clone
[INFO] [stdout]   69:                0x0 - <unknown>
[INFO] [stdout] 
[INFO] [stdout] ---- test_sell_insufficient_holdings stdout ----
[INFO] [stdout] 
[INFO] [stdout] thread 'test_sell_insufficient_holdings' (4370) panicked at crates/portfolio-service/tests/integration_test.rs:46:10:
[INFO] [stdout] Connect to test DB: PoolTimedOut
[INFO] [stdout] stack backtrace:
[INFO] [stdout]    0:     0x5e2560f5fd71 - std[73adb7dc35730857]::backtrace_rs::backtrace::libunwind::trace
[INFO] [stdout]                                at /rustc/6b3fa26749ab40e159b2dd5cf577acaaf5902772/library/std/src/../../backtrace/src/backtrace/libunwind.rs:117:9
[INFO] [stdout]    1:     0x5e2560f5fd71 - std[73adb7dc35730857]::backtrace_rs::backtrace::trace_unsynchronized::<std[73adb7dc35730857]::sys::backtrace::_print_fmt::{closure#1}>
[INFO] [stdout]                                at /rustc/6b3fa26749ab40e159b2dd5cf577acaaf5902772/library/std/src/../../backtrace/src/backtrace/mod.rs:66:14
[INFO] [stdout]    2:     0x5e2560f5fd71 - std[73adb7dc35730857]::sys::backtrace::_print_fmt
[INFO] [stdout]                                at /rustc/6b3fa26749ab40e159b2dd5cf577acaaf5902772/library/std/src/sys/backtrace.rs:74:9
[INFO] [stdout]    3:     0x5e2560f5fd71 - <<std[73adb7dc35730857]::sys::backtrace::BacktraceLock>::print::DisplayBacktrace as core[6883ba1bc0fe4ed1]::fmt::Display>::fmt
[INFO] [stdout]                                at /rustc/6b3fa26749ab40e159b2dd5cf577acaaf5902772/library/std/src/sys/backtrace.rs:44:26
[INFO] [stdout]    4:     0x5e2560f78c0a - <core[6883ba1bc0fe4ed1]::fmt::rt::Argument>::fmt
[INFO] [stdout]                                at /rustc/6b3fa26749ab40e159b2dd5cf577acaaf5902772/library/core/src/fmt/rt.rs:152:76
[INFO] [stdout]    5:     0x5e2560f78c0a - core[6883ba1bc0fe4ed1]::fmt::write
[INFO] [stdout]    6:     0x5e2560f64fec - std[73adb7dc35730857]::io::default_write_fmt::<alloc[55a36b64bcbf2c0d]::vec::Vec<u8>>
[INFO] [stdout]                                at /rustc/6b3fa26749ab40e159b2dd5cf577acaaf5902772/library/std/src/io/mod.rs:626:11
[INFO] [stdout]    7:     0x5e2560f64fec - <alloc[55a36b64bcbf2c0d]::vec::Vec<u8> as std[73adb7dc35730857]::io::Write>::write_fmt
[INFO] [stdout]                                at /rustc/6b3fa26749ab40e159b2dd5cf577acaaf5902772/library/std/src/io/mod.rs:1730:13
[INFO] [stdout]    8:     0x5e2560f3c046 - <std[73adb7dc35730857]::sys::backtrace::BacktraceLock>::print
[INFO] [stdout]                                at /rustc/6b3fa26749ab40e159b2dd5cf577acaaf5902772/library/std/src/sys/backtrace.rs:47:9
[INFO] [stdout]    9:     0x5e2560f3c046 - std[73adb7dc35730857]::panicking::default_hook::{closure#0}
[INFO] [stdout]                                at /rustc/6b3fa26749ab40e159b2dd5cf577acaaf5902772/library/std/src/panicking.rs:292:27
[INFO] [stdout]   10:     0x5e2560f571a9 - std[73adb7dc35730857]::panicking::default_hook
[INFO] [stdout]                                at /rustc/6b3fa26749ab40e159b2dd5cf577acaaf5902772/library/std/src/panicking.rs:316:9
[INFO] [stdout]   11:     0x5e25609c4e70 - <alloc[55a36b64bcbf2c0d]::boxed::Box<dyn for<'a, 'b> core[6883ba1bc0fe4ed1]::ops::function::Fn<(&'a std[73adb7dc35730857]::panic::PanicHookInfo<'b>,), Output = ()> + core[6883ba1bc0fe4ed1]::marker::Send + core[6883ba1bc0fe4ed1]::marker::Sync> as core[6883ba1bc0fe4ed1]::ops::function::Fn<(&std[73adb7dc35730857]::panic::PanicHookInfo,)>>::call
[INFO] [stdout]                                at /rustc/6b3fa26749ab40e159b2dd5cf577acaaf5902772/library/alloc/src/boxed.rs:2333:9
[INFO] [stdout]   12:     0x5e25609c4e70 - test[980ffaebd391d06d]::test_main_inner::<test[980ffaebd391d06d]::test_main_static::{closure#0}>::{closure#0}
[INFO] [stdout]                                at /rustc/6b3fa26749ab40e159b2dd5cf577acaaf5902772/library/test/src/lib.rs:155:21
[INFO] [stdout]   13:     0x5e2560f574d2 - <alloc[55a36b64bcbf2c0d]::boxed::Box<dyn for<'a, 'b> core[6883ba1bc0fe4ed1]::ops::function::Fn<(&'a std[73adb7dc35730857]::panic::PanicHookInfo<'b>,), Output = ()> + core[6883ba1bc0fe4ed1]::marker::Send + core[6883ba1bc0fe4ed1]::marker::Sync> as core[6883ba1bc0fe4ed1]::ops::function::Fn<(&std[73adb7dc35730857]::panic::PanicHookInfo,)>>::call
[INFO] [stdout]                                at /rustc/6b3fa26749ab40e159b2dd5cf577acaaf5902772/library/alloc/src/boxed.rs:2333:9
[INFO] [stdout]   14:     0x5e2560f574d2 - std[73adb7dc35730857]::panicking::panic_with_hook
[INFO] [stdout]                                at /rustc/6b3fa26749ab40e159b2dd5cf577acaaf5902772/library/std/src/panicking.rs:823:13
[INFO] [stdout]   15:     0x5e2560f3c0f2 - std[73adb7dc35730857]::panicking::panic_handler::{closure#0}
[INFO] [stdout]                                at /rustc/6b3fa26749ab40e159b2dd5cf577acaaf5902772/library/std/src/panicking.rs:688:13
[INFO] [stdout]   16:     0x5e2560f33699 - std[73adb7dc35730857]::sys::backtrace::__rust_end_short_backtrace::<std[73adb7dc35730857]::panicking::panic_handler::{closure#0}, !>
[INFO] [stdout]                                at /rustc/6b3fa26749ab40e159b2dd5cf577acaaf5902772/library/std/src/sys/backtrace.rs:182:18
[INFO] [stdout]   17:     0x5e2560f3cf7d - __rustc[a7b7b02e776dd976]::rust_begin_unwind
[INFO] [stdout]                                at /rustc/6b3fa26749ab40e159b2dd5cf577acaaf5902772/library/std/src/panicking.rs:679:5
[INFO] [stdout]   18:     0x5e2560f7943c - core[6883ba1bc0fe4ed1]::panicking::panic_fmt
[INFO] [stdout]                                at /rustc/6b3fa26749ab40e159b2dd5cf577acaaf5902772/library/core/src/panicking.rs:80:14
[INFO] [stdout]   19:     0x5e2560f79182 - core[6883ba1bc0fe4ed1]::result::unwrap_failed
[INFO] [stdout]                                at /rustc/6b3fa26749ab40e159b2dd5cf577acaaf5902772/library/core/src/result.rs:1870:5
[INFO] [stdout]   20:     0x5e25605171aa - <core[6883ba1bc0fe4ed1]::result::Result<sqlx_core[5a68f7b38b8c6251]::pool::Pool<sqlx_postgres[f6ffa8ea015f69c7]::database::Postgres>, sqlx_core[5a68f7b38b8c6251]::error::Error>>::expect
[INFO] [stdout]                                at /rustc/6b3fa26749ab40e159b2dd5cf577acaaf5902772/library/core/src/result.rs:1183:23
[INFO] [stdout]   21:     0x5e25604d54fe - integration_test[a33e3c39bad5ed7]::test_pool::{closure#0}
[INFO] [stdout]                                at /opt/rustwide/workdir/crates/portfolio-service/tests/integration_test.rs:46:10
[INFO] [stdout]   22:     0x5e25604dadff - integration_test[a33e3c39bad5ed7]::test_sell_insufficient_holdings::{closure#0}
[INFO] [stdout]                                at /opt/rustwide/workdir/crates/portfolio-service/tests/integration_test.rs:272:28
[INFO] [stdout]   23:     0x5e25605469a2 - <core[6883ba1bc0fe4ed1]::pin::Pin<&mut dyn core[6883ba1bc0fe4ed1]::future::future::Future<Output = ()>> as core[6883ba1bc0fe4ed1]::future::future::Future>::poll
[INFO] [stdout]                                at /rustc/6b3fa26749ab40e159b2dd5cf577acaaf5902772/library/core/src/future/future.rs:133:9
[INFO] [stdout]   24:     0x5e2560546a5d - <core[6883ba1bc0fe4ed1]::pin::Pin<&mut core[6883ba1bc0fe4ed1]::pin::Pin<&mut dyn core[6883ba1bc0fe4ed1]::future::future::Future<Output = ()>>> as core[6883ba1bc0fe4ed1]::future::future::Future>::poll
[INFO] [stdout]                                at /rustc/6b3fa26749ab40e159b2dd5cf577acaaf5902772/library/core/src/future/future.rs:133:9
[INFO] [stdout]   25:     0x5e25604ec0bd - <tokio[3cae23e081335d20]::runtime::scheduler::current_thread::CoreGuard>::block_on::<core[6883ba1bc0fe4ed1]::pin::Pin<&mut core[6883ba1bc0fe4ed1]::pin::Pin<&mut dyn core[6883ba1bc0fe4ed1]::future::future::Future<Output = ()>>>>::{closure#0}::{closure#0}::{closure#0}
[INFO] [stdout]                                at /opt/rustwide/cargo-home/registry/src/index.crates.io-1949cf8c6b5b557f/tokio-1.52.3/src/runtime/scheduler/current_thread/mod.rs:778:70
[INFO] [stdout]   26:     0x5e25604ebddb - tokio[3cae23e081335d20]::task::coop::with_budget::<core[6883ba1bc0fe4ed1]::task::poll::Poll<()>, <tokio[3cae23e081335d20]::runtime::scheduler::current_thread::CoreGuard>::block_on<core[6883ba1bc0fe4ed1]::pin::Pin<&mut core[6883ba1bc0fe4ed1]::pin::Pin<&mut dyn core[6883ba1bc0fe4ed1]::future::future::Future<Output = ()>>>>::{closure#0}::{closure#0}::{closure#0}>
[INFO] [stdout]                                at /opt/rustwide/cargo-home/registry/src/index.crates.io-1949cf8c6b5b557f/tokio-1.52.3/src/task/coop/mod.rs:167:5
[INFO] [stdout]   27:     0x5e25604ebddb - tokio[3cae23e081335d20]::task::coop::budget::<core[6883ba1bc0fe4ed1]::task::poll::Poll<()>, <tokio[3cae23e081335d20]::runtime::scheduler::current_thread::CoreGuard>::block_on<core[6883ba1bc0fe4ed1]::pin::Pin<&mut core[6883ba1bc0fe4ed1]::pin::Pin<&mut dyn core[6883ba1bc0fe4ed1]::future::future::Future<Output = ()>>>>::{closure#0}::{closure#0}::{closure#0}>
[INFO] [stdout]                                at /opt/rustwide/cargo-home/registry/src/index.crates.io-1949cf8c6b5b557f/tokio-1.52.3/src/task/coop/mod.rs:133:5
[INFO] [stdout]   28:     0x5e25604ebddb - <tokio[3cae23e081335d20]::runtime::scheduler::current_thread::CoreGuard>::block_on::<core[6883ba1bc0fe4ed1]::pin::Pin<&mut core[6883ba1bc0fe4ed1]::pin::Pin<&mut dyn core[6883ba1bc0fe4ed1]::future::future::Future<Output = ()>>>>::{closure#0}::{closure#0}
[INFO] [stdout]                                at /opt/rustwide/cargo-home/registry/src/index.crates.io-1949cf8c6b5b557f/tokio-1.52.3/src/runtime/scheduler/current_thread/mod.rs:778:25
[INFO] [stdout]   29:     0x5e25604e04b0 - <tokio[3cae23e081335d20]::runtime::scheduler::current_thread::Context>::enter::<core[6883ba1bc0fe4ed1]::task::poll::Poll<()>, <tokio[3cae23e081335d20]::runtime::scheduler::current_thread::CoreGuard>::block_on<core[6883ba1bc0fe4ed1]::pin::Pin<&mut core[6883ba1bc0fe4ed1]::pin::Pin<&mut dyn core[6883ba1bc0fe4ed1]::future::future::Future<Output = ()>>>>::{closure#0}::{closure#0}>
[INFO] [stdout]                                at /opt/rustwide/cargo-home/registry/src/index.crates.io-1949cf8c6b5b557f/tokio-1.52.3/src/runtime/scheduler/current_thread/mod.rs:451:19
[INFO] [stdout]   30:     0x5e25604ea0ed - <tokio[3cae23e081335d20]::runtime::scheduler::current_thread::CoreGuard>::block_on::<core[6883ba1bc0fe4ed1]::pin::Pin<&mut core[6883ba1bc0fe4ed1]::pin::Pin<&mut dyn core[6883ba1bc0fe4ed1]::future::future::Future<Output = ()>>>>::{closure#0}
[INFO] [stdout]                                at /opt/rustwide/cargo-home/registry/src/index.crates.io-1949cf8c6b5b557f/tokio-1.52.3/src/runtime/scheduler/current_thread/mod.rs:777:44
[INFO] [stdout]   31:     0x5e25604e8894 - <tokio[3cae23e081335d20]::runtime::scheduler::current_thread::CoreGuard>::enter::<<tokio[3cae23e081335d20]::runtime::scheduler::current_thread::CoreGuard>::block_on<core[6883ba1bc0fe4ed1]::pin::Pin<&mut core[6883ba1bc0fe4ed1]::pin::Pin<&mut dyn core[6883ba1bc0fe4ed1]::future::future::Future<Output = ()>>>>::{closure#0}, core[6883ba1bc0fe4ed1]::option::Option<()>>::{closure#0}
[INFO] [stdout]                                at /opt/rustwide/cargo-home/registry/src/index.crates.io-1949cf8c6b5b557f/tokio-1.52.3/src/runtime/scheduler/current_thread/mod.rs:865:68
[INFO] [stdout]   32:     0x5e2560520e0b - <tokio[3cae23e081335d20]::runtime::context::scoped::Scoped<tokio[3cae23e081335d20]::runtime::scheduler::Context>>::set::<<tokio[3cae23e081335d20]::runtime::scheduler::current_thread::CoreGuard>::enter<<tokio[3cae23e081335d20]::runtime::scheduler::current_thread::CoreGuard>::block_on<core[6883ba1bc0fe4ed1]::pin::Pin<&mut core[6883ba1bc0fe4ed1]::pin::Pin<&mut dyn core[6883ba1bc0fe4ed1]::future::future::Future<Output = ()>>>>::{closure#0}, core[6883ba1bc0fe4ed1]::option::Option<()>>::{closure#0}, (alloc[55a36b64bcbf2c0d]::boxed::Box<tokio[3cae23e081335d20]::runtime::scheduler::current_thread::Core>, core[6883ba1bc0fe4ed1]::option::Option<()>)>
[INFO] [stdout]                                at /opt/rustwide/cargo-home/registry/src/index.crates.io-1949cf8c6b5b557f/tokio-1.52.3/src/runtime/context/scoped.rs:40:9
[INFO] [stdout]   33:     0x5e2560589729 - tokio[3cae23e081335d20]::runtime::context::set_scheduler::<(alloc[55a36b64bcbf2c0d]::boxed::Box<tokio[3cae23e081335d20]::runtime::scheduler::current_thread::Core>, core[6883ba1bc0fe4ed1]::option::Option<()>), <tokio[3cae23e081335d20]::runtime::scheduler::current_thread::CoreGuard>::enter<<tokio[3cae23e081335d20]::runtime::scheduler::current_thread::CoreGuard>::block_on<core[6883ba1bc0fe4ed1]::pin::Pin<&mut core[6883ba1bc0fe4ed1]::pin::Pin<&mut dyn core[6883ba1bc0fe4ed1]::future::future::Future<Output = ()>>>>::{closure#0}, core[6883ba1bc0fe4ed1]::option::Option<()>>::{closure#0}>::{closure#0}
[INFO] [stdout]                                at /opt/rustwide/cargo-home/registry/src/index.crates.io-1949cf8c6b5b557f/tokio-1.52.3/src/runtime/context.rs:181:38
[INFO] [stdout]   34:     0x5e256052fe22 - <std[73adb7dc35730857]::thread::local::LocalKey<tokio[3cae23e081335d20]::runtime::context::Context>>::try_with::<tokio[3cae23e081335d20]::runtime::context::set_scheduler<(alloc[55a36b64bcbf2c0d]::boxed::Box<tokio[3cae23e081335d20]::runtime::scheduler::current_thread::Core>, core[6883ba1bc0fe4ed1]::option::Option<()>), <tokio[3cae23e081335d20]::runtime::scheduler::current_thread::CoreGuard>::enter<<tokio[3cae23e081335d20]::runtime::scheduler::current_thread::CoreGuard>::block_on<core[6883ba1bc0fe4ed1]::pin::Pin<&mut core[6883ba1bc0fe4ed1]::pin::Pin<&mut dyn core[6883ba1bc0fe4ed1]::future::future::Future<Output = ()>>>>::{closure#0}, core[6883ba1bc0fe4ed1]::option::Option<()>>::{closure#0}>::{closure#0}, (alloc[55a36b64bcbf2c0d]::boxed::Box<tokio[3cae23e081335d20]::runtime::scheduler::current_thread::Core>, core[6883ba1bc0fe4ed1]::option::Option<()>)>
[INFO] [stdout]                                at /rustc/6b3fa26749ab40e159b2dd5cf577acaaf5902772/library/std/src/thread/local.rs:463:12
[INFO] [stdout]   35:     0x5e256052f60e - <std[73adb7dc35730857]::thread::local::LocalKey<tokio[3cae23e081335d20]::runtime::context::Context>>::with::<tokio[3cae23e081335d20]::runtime::context::set_scheduler<(alloc[55a36b64bcbf2c0d]::boxed::Box<tokio[3cae23e081335d20]::runtime::scheduler::current_thread::Core>, core[6883ba1bc0fe4ed1]::option::Option<()>), <tokio[3cae23e081335d20]::runtime::scheduler::current_thread::CoreGuard>::enter<<tokio[3cae23e081335d20]::runtime::scheduler::current_thread::CoreGuard>::block_on<core[6883ba1bc0fe4ed1]::pin::Pin<&mut core[6883ba1bc0fe4ed1]::pin::Pin<&mut dyn core[6883ba1bc0fe4ed1]::future::future::Future<Output = ()>>>>::{closure#0}, core[6883ba1bc0fe4ed1]::option::Option<()>>::{closure#0}>::{closure#0}, (alloc[55a36b64bcbf2c0d]::boxed::Box<tokio[3cae23e081335d20]::runtime::scheduler::current_thread::Core>, core[6883ba1bc0fe4ed1]::option::Option<()>)>
[INFO] [stdout]                                at /rustc/6b3fa26749ab40e159b2dd5cf577acaaf5902772/library/std/src/thread/local.rs:427:20
[INFO] [stdout]   36:     0x5e2560584bbd - tokio[3cae23e081335d20]::runtime::context::set_scheduler::<(alloc[55a36b64bcbf2c0d]::boxed::Box<tokio[3cae23e081335d20]::runtime::scheduler::current_thread::Core>, core[6883ba1bc0fe4ed1]::option::Option<()>), <tokio[3cae23e081335d20]::runtime::scheduler::current_thread::CoreGuard>::enter<<tokio[3cae23e081335d20]::runtime::scheduler::current_thread::CoreGuard>::block_on<core[6883ba1bc0fe4ed1]::pin::Pin<&mut core[6883ba1bc0fe4ed1]::pin::Pin<&mut dyn core[6883ba1bc0fe4ed1]::future::future::Future<Output = ()>>>>::{closure#0}, core[6883ba1bc0fe4ed1]::option::Option<()>>::{closure#0}>
[INFO] [stdout]                                at /opt/rustwide/cargo-home/registry/src/index.crates.io-1949cf8c6b5b557f/tokio-1.52.3/src/runtime/context.rs:181:17
[INFO] [stdout]   37:     0x5e25604e3550 - <tokio[3cae23e081335d20]::runtime::scheduler::current_thread::CoreGuard>::enter::<<tokio[3cae23e081335d20]::runtime::scheduler::current_thread::CoreGuard>::block_on<core[6883ba1bc0fe4ed1]::pin::Pin<&mut core[6883ba1bc0fe4ed1]::pin::Pin<&mut dyn core[6883ba1bc0fe4ed1]::future::future::Future<Output = ()>>>>::{closure#0}, core[6883ba1bc0fe4ed1]::option::Option<()>>
[INFO] [stdout]                                at /opt/rustwide/cargo-home/registry/src/index.crates.io-1949cf8c6b5b557f/tokio-1.52.3/src/runtime/scheduler/current_thread/mod.rs:865:27
[INFO] [stdout]   38:     0x5e25604e3ce6 - <tokio[3cae23e081335d20]::runtime::scheduler::current_thread::CoreGuard>::block_on::<core[6883ba1bc0fe4ed1]::pin::Pin<&mut core[6883ba1bc0fe4ed1]::pin::Pin<&mut dyn core[6883ba1bc0fe4ed1]::future::future::Future<Output = ()>>>>
[INFO] [stdout]                                at /opt/rustwide/cargo-home/registry/src/index.crates.io-1949cf8c6b5b557f/tokio-1.52.3/src/runtime/scheduler/current_thread/mod.rs:765:24
[INFO] [stdout]   39:     0x5e25604e7e90 - <tokio[3cae23e081335d20]::runtime::scheduler::current_thread::CurrentThread>::block_on::<core[6883ba1bc0fe4ed1]::pin::Pin<&mut dyn core[6883ba1bc0fe4ed1]::future::future::Future<Output = ()>>>::{closure#0}
[INFO] [stdout]                                at /opt/rustwide/cargo-home/registry/src/index.crates.io-1949cf8c6b5b557f/tokio-1.52.3/src/runtime/scheduler/current_thread/mod.rs:205:33
[INFO] [stdout]   40:     0x5e25604ce503 - tokio[3cae23e081335d20]::runtime::context::runtime::enter_runtime::<<tokio[3cae23e081335d20]::runtime::scheduler::current_thread::CurrentThread>::block_on<core[6883ba1bc0fe4ed1]::pin::Pin<&mut dyn core[6883ba1bc0fe4ed1]::future::future::Future<Output = ()>>>::{closure#0}, ()>
[INFO] [stdout]                                at /opt/rustwide/cargo-home/registry/src/index.crates.io-1949cf8c6b5b557f/tokio-1.52.3/src/runtime/context/runtime.rs:65:16
[INFO] [stdout]   41:     0x5e25604df4e1 - <tokio[3cae23e081335d20]::runtime::scheduler::current_thread::CurrentThread>::block_on::<core[6883ba1bc0fe4ed1]::pin::Pin<&mut dyn core[6883ba1bc0fe4ed1]::future::future::Future<Output = ()>>>
[INFO] [stdout]                                at /opt/rustwide/cargo-home/registry/src/index.crates.io-1949cf8c6b5b557f/tokio-1.52.3/src/runtime/scheduler/current_thread/mod.rs:193:9
[INFO] [stdout]   42:     0x5e25604cd134 - <tokio[3cae23e081335d20]::runtime::runtime::Runtime>::block_on_inner::<core[6883ba1bc0fe4ed1]::pin::Pin<&mut dyn core[6883ba1bc0fe4ed1]::future::future::Future<Output = ()>>>
[INFO] [stdout]                                at /opt/rustwide/cargo-home/registry/src/index.crates.io-1949cf8c6b5b557f/tokio-1.52.3/src/runtime/runtime.rs:371:52
[INFO] [stdout]   43:     0x5e25604cd4af - <tokio[3cae23e081335d20]::runtime::runtime::Runtime>::block_on::<core[6883ba1bc0fe4ed1]::pin::Pin<&mut dyn core[6883ba1bc0fe4ed1]::future::future::Future<Output = ()>>>
[INFO] [stdout]                                at /opt/rustwide/cargo-home/registry/src/index.crates.io-1949cf8c6b5b557f/tokio-1.52.3/src/runtime/runtime.rs:345:18
[INFO] [stdout]   44:     0x5e25604dd4fb - integration_test[a33e3c39bad5ed7]::test_sell_insufficient_holdings
[INFO] [stdout]                                at /opt/rustwide/workdir/crates/portfolio-service/tests/integration_test.rs:281:34
[INFO] [stdout]   45:     0x5e25604d3f27 - integration_test[a33e3c39bad5ed7]::test_sell_insufficient_holdings::{closure#0}
[INFO] [stdout]                                at /opt/rustwide/workdir/crates/portfolio-service/tests/integration_test.rs:271:43
[INFO] [stdout]   46:     0x5e25604c26f6 - <integration_test[a33e3c39bad5ed7]::test_sell_insufficient_holdings::{closure#0} as core[6883ba1bc0fe4ed1]::ops::function::FnOnce<()>>::call_once
[INFO] [stdout]                                at /rustc/6b3fa26749ab40e159b2dd5cf577acaaf5902772/library/core/src/ops/function.rs:250:5
[INFO] [stdout]   47:     0x5e25609b81ab - <fn() -> core[6883ba1bc0fe4ed1]::result::Result<(), alloc[55a36b64bcbf2c0d]::string::String> as core[6883ba1bc0fe4ed1]::ops::function::FnOnce<()>>::call_once
[INFO] [stdout]                                at /rustc/6b3fa26749ab40e159b2dd5cf577acaaf5902772/library/core/src/ops/function.rs:250:5
[INFO] [stdout]   48:     0x5e25609b81ab - test[980ffaebd391d06d]::__rust_begin_short_backtrace::<core[6883ba1bc0fe4ed1]::result::Result<(), alloc[55a36b64bcbf2c0d]::string::String>, fn() -> core[6883ba1bc0fe4ed1]::result::Result<(), alloc[55a36b64bcbf2c0d]::string::String>>
[INFO] [stdout]                                at /rustc/6b3fa26749ab40e159b2dd5cf577acaaf5902772/library/test/src/lib.rs:724:18
[INFO] [stdout]   49:     0x5e25609c57f5 - test[980ffaebd391d06d]::run_test_in_process::{closure#0}
[INFO] [stdout]                                at /rustc/6b3fa26749ab40e159b2dd5cf577acaaf5902772/library/test/src/lib.rs:747:74
[INFO] [stdout]   50:     0x5e25609c57f5 - <core[6883ba1bc0fe4ed1]::panic::unwind_safe::AssertUnwindSafe<test[980ffaebd391d06d]::run_test_in_process::{closure#0}> as core[6883ba1bc0fe4ed1]::ops::function::FnOnce<()>>::call_once
[INFO] [stdout]                                at /rustc/6b3fa26749ab40e159b2dd5cf577acaaf5902772/library/core/src/panic/unwind_safe.rs:275:9
[INFO] [stdout]   51:     0x5e25609c57f5 - std[73adb7dc35730857]::panicking::catch_unwind::do_call::<core[6883ba1bc0fe4ed1]::panic::unwind_safe::AssertUnwindSafe<test[980ffaebd391d06d]::run_test_in_process::{closure#0}>, core[6883ba1bc0fe4ed1]::result::Result<(), alloc[55a36b64bcbf2c0d]::string::String>>
[INFO] [stdout]                                at /rustc/6b3fa26749ab40e159b2dd5cf577acaaf5902772/library/std/src/panicking.rs:576:43
[INFO] [stdout]   52:     0x5e25609c57f5 - std[73adb7dc35730857]::panicking::catch_unwind::<core[6883ba1bc0fe4ed1]::result::Result<(), alloc[55a36b64bcbf2c0d]::string::String>, core[6883ba1bc0fe4ed1]::panic::unwind_safe::AssertUnwindSafe<test[980ffaebd391d06d]::run_test_in_process::{closure#0}>>
[INFO] [stdout]                                at /rustc/6b3fa26749ab40e159b2dd5cf577acaaf5902772/library/std/src/panicking.rs:544:19
[INFO] [stdout]   53:     0x5e25609c57f5 - std[73adb7dc35730857]::panic::catch_unwind::<core[6883ba1bc0fe4ed1]::panic::unwind_safe::AssertUnwindSafe<test[980ffaebd391d06d]::run_test_in_process::{closure#0}>, core[6883ba1bc0fe4ed1]::result::Result<(), alloc[55a36b64bcbf2c0d]::string::String>>
[INFO] [stdout]                                at /rustc/6b3fa26749ab40e159b2dd5cf577acaaf5902772/library/std/src/panic.rs:359:14
[INFO] [stdout]   54:     0x5e25609c57f5 - test[980ffaebd391d06d]::run_test_in_process
[INFO] [stdout]                                at /rustc/6b3fa26749ab40e159b2dd5cf577acaaf5902772/library/test/src/lib.rs:747:27
[INFO] [stdout]   55:     0x5e25609c57f5 - test[980ffaebd391d06d]::run_test::{closure#0}
[INFO] [stdout]                                at /rustc/6b3fa26749ab40e159b2dd5cf577acaaf5902772/library/test/src/lib.rs:668:43
[INFO] [stdout]   56:     0x5e25609c02a4 - test[980ffaebd391d06d]::run_test::{closure#1}
[INFO] [stdout]                                at /rustc/6b3fa26749ab40e159b2dd5cf577acaaf5902772/library/test/src/lib.rs:698:41
[INFO] [stdout]   57:     0x5e25609c02a4 - std[73adb7dc35730857]::sys::backtrace::__rust_begin_short_backtrace::<test[980ffaebd391d06d]::run_test::{closure#1}, ()>
[INFO] [stdout]                                at /rustc/6b3fa26749ab40e159b2dd5cf577acaaf5902772/library/std/src/sys/backtrace.rs:166:18
[INFO] [stdout]   58:     0x5e25609c8942 - std[73adb7dc35730857]::thread::lifecycle::spawn_unchecked::<test[980ffaebd391d06d]::run_test::{closure#1}, ()>::{closure#1}::{closure#0}
[INFO] [stdout]                                at /rustc/6b3fa26749ab40e159b2dd5cf577acaaf5902772/library/std/src/thread/lifecycle.rs:70:13
[INFO] [stdout]   59:     0x5e25609c8942 - <core[6883ba1bc0fe4ed1]::panic::unwind_safe::AssertUnwindSafe<std[73adb7dc35730857]::thread::lifecycle::spawn_unchecked<test[980ffaebd391d06d]::run_test::{closure#1}, ()>::{closure#1}::{closure#0}> as core[6883ba1bc0fe4ed1]::ops::function::FnOnce<()>>::call_once
[INFO] [stdout]                                at /rustc/6b3fa26749ab40e159b2dd5cf577acaaf5902772/library/core/src/panic/unwind_safe.rs:275:9
[INFO] [stdout]   60:     0x5e25609c8942 - std[73adb7dc35730857]::panicking::catch_unwind::do_call::<core[6883ba1bc0fe4ed1]::panic::unwind_safe::AssertUnwindSafe<std[73adb7dc35730857]::thread::lifecycle::spawn_unchecked<test[980ffaebd391d06d]::run_test::{closure#1}, ()>::{closure#1}::{closure#0}>, ()>
[INFO] [stdout]                                at /rustc/6b3fa26749ab40e159b2dd5cf577acaaf5902772/library/std/src/panicking.rs:576:43
[INFO] [stdout]   61:     0x5e25609c8942 - std[73adb7dc35730857]::panicking::catch_unwind::<(), core[6883ba1bc0fe4ed1]::panic::unwind_safe::AssertUnwindSafe<std[73adb7dc35730857]::thread::lifecycle::spawn_unchecked<test[980ffaebd391d06d]::run_test::{closure#1}, ()>::{closure#1}::{closure#0}>>
[INFO] [stdout]                                at /rustc/6b3fa26749ab40e159b2dd5cf577acaaf5902772/library/std/src/panicking.rs:544:19
[INFO] [stdout]   62:     0x5e25609c8942 - std[73adb7dc35730857]::panic::catch_unwind::<core[6883ba1bc0fe4ed1]::panic::unwind_safe::AssertUnwindSafe<std[73adb7dc35730857]::thread::lifecycle::spawn_unchecked<test[980ffaebd391d06d]::run_test::{closure#1}, ()>::{closure#1}::{closure#0}>, ()>
[INFO] [stdout]                                at /rustc/6b3fa26749ab40e159b2dd5cf577acaaf5902772/library/std/src/panic.rs:359:14
[INFO] [stdout]   63:     0x5e25609c8942 - std[73adb7dc35730857]::thread::lifecycle::spawn_unchecked::<test[980ffaebd391d06d]::run_test::{closure#1}, ()>::{closure#1}
[INFO] [stdout]                                at /rustc/6b3fa26749ab40e159b2dd5cf577acaaf5902772/library/std/src/thread/lifecycle.rs:68:26
[INFO] [stdout]   64:     0x5e25609c8942 - <std[73adb7dc35730857]::thread::lifecycle::spawn_unchecked<test[980ffaebd391d06d]::run_test::{closure#1}, ()>::{closure#1} as core[6883ba1bc0fe4ed1]::ops::function::FnOnce<()>>::call_once::{shim:vtable#0}
[INFO] [stdout]                                at /rustc/6b3fa26749ab40e159b2dd5cf577acaaf5902772/library/core/src/ops/function.rs:250:5
[INFO] [stdout]   65:     0x5e2560f5efff - <alloc[55a36b64bcbf2c0d]::boxed::Box<dyn core[6883ba1bc0fe4ed1]::ops::function::FnOnce<(), Output = ()> + core[6883ba1bc0fe4ed1]::marker::Send> as core[6883ba1bc0fe4ed1]::ops::function::FnOnce<()>>::call_once
[INFO] [stdout]                                at /rustc/6b3fa26749ab40e159b2dd5cf577acaaf5902772/library/alloc/src/boxed.rs:2319:9
[INFO] [stdout]   66:     0x5e2560f5efff - <std[73adb7dc35730857]::sys::thread::unix::Thread>::new::thread_start
[INFO] [stdout]                                at /rustc/6b3fa26749ab40e159b2dd5cf577acaaf5902772/library/std/src/sys/thread/unix.rs:123:17
[INFO] [stdout]   67:     0x75549b721aa4 - <unknown>
[INFO] [stdout]   68:     0x75549b7aea64 - clone
[INFO] [stdout]   69:                0x0 - <unknown>
[INFO] [stdout] 
[INFO] [stdout] ---- test_buy_insufficient_balance stdout ----
[INFO] [stdout] 
[INFO] [stdout] thread 'test_buy_insufficient_balance' (4366) panicked at crates/portfolio-service/tests/integration_test.rs:46:10:
[INFO] [stdout] Connect to test DB: PoolTimedOut
[INFO] [stdout] stack backtrace:
[INFO] [stdout]    0:     0x5e2560f5fd71 - std[73adb7dc35730857]::backtrace_rs::backtrace::libunwind::trace
[INFO] [stdout]                                at /rustc/6b3fa26749ab40e159b2dd5cf577acaaf5902772/library/std/src/../../backtrace/src/backtrace/libunwind.rs:117:9
[INFO] [stdout]    1:     0x5e2560f5fd71 - std[73adb7dc35730857]::backtrace_rs::backtrace::trace_unsynchronized::<std[73adb7dc35730857]::sys::backtrace::_print_fmt::{closure#1}>
[INFO] [stdout]                                at /rustc/6b3fa26749ab40e159b2dd5cf577acaaf5902772/library/std/src/../../backtrace/src/backtrace/mod.rs:66:14
[INFO] [stdout]    2:     0x5e2560f5fd71 - std[73adb7dc35730857]::sys::backtrace::_print_fmt
[INFO] [stdout]                                at /rustc/6b3fa26749ab40e159b2dd5cf577acaaf5902772/library/std/src/sys/backtrace.rs:74:9
[INFO] [stdout]    3:     0x5e2560f5fd71 - <<std[73adb7dc35730857]::sys::backtrace::BacktraceLock>::print::DisplayBacktrace as core[6883ba1bc0fe4ed1]::fmt::Display>::fmt
[INFO] [stdout]                                at /rustc/6b3fa26749ab40e159b2dd5cf577acaaf5902772/library/std/src/sys/backtrace.rs:44:26
[INFO] [stdout]    4:     0x5e2560f78c0a - <core[6883ba1bc0fe4ed1]::fmt::rt::Argument>::fmt
[INFO] [stdout]                                at /rustc/6b3fa26749ab40e159b2dd5cf577acaaf5902772/library/core/src/fmt/rt.rs:152:76
[INFO] [stdout]    5:     0x5e2560f78c0a - core[6883ba1bc0fe4ed1]::fmt::write
[INFO] [stdout]    6:     0x5e2560f64fec - std[73adb7dc35730857]::io::default_write_fmt::<alloc[55a36b64bcbf2c0d]::vec::Vec<u8>>
[INFO] [stdout]                                at /rustc/6b3fa26749ab40e159b2dd5cf577acaaf5902772/library/std/src/io/mod.rs:626:11
[INFO] [stdout]    7:     0x5e2560f64fec - <alloc[55a36b64bcbf2c0d]::vec::Vec<u8> as std[73adb7dc35730857]::io::Write>::write_fmt
[INFO] [stdout]                                at /rustc/6b3fa26749ab40e159b2dd5cf577acaaf5902772/library/std/src/io/mod.rs:1730:13
[INFO] [stdout]    8:     0x5e2560f3c046 - <std[73adb7dc35730857]::sys::backtrace::BacktraceLock>::print
[INFO] [stdout]                                at /rustc/6b3fa26749ab40e159b2dd5cf577acaaf5902772/library/std/src/sys/backtrace.rs:47:9
[INFO] [stdout]    9:     0x5e2560f3c046 - std[73adb7dc35730857]::panicking::default_hook::{closure#0}
[INFO] [stdout]                                at /rustc/6b3fa26749ab40e159b2dd5cf577acaaf5902772/library/std/src/panicking.rs:292:27
[INFO] [stdout]   10:     0x5e2560f571a9 - std[73adb7dc35730857]::panicking::default_hook
[INFO] [stdout]                                at /rustc/6b3fa26749ab40e159b2dd5cf577acaaf5902772/library/std/src/panicking.rs:316:9
[INFO] [stdout]   11:     0x5e25609c4e70 - <alloc[55a36b64bcbf2c0d]::boxed::Box<dyn for<'a, 'b> core[6883ba1bc0fe4ed1]::ops::function::Fn<(&'a std[73adb7dc35730857]::panic::PanicHookInfo<'b>,), Output = ()> + core[6883ba1bc0fe4ed1]::marker::Send + core[6883ba1bc0fe4ed1]::marker::Sync> as core[6883ba1bc0fe4ed1]::ops::function::Fn<(&std[73adb7dc35730857]::panic::PanicHookInfo,)>>::call
[INFO] [stdout]                                at /rustc/6b3fa26749ab40e159b2dd5cf577acaaf5902772/library/alloc/src/boxed.rs:2333:9
[INFO] [stdout]   12:     0x5e25609c4e70 - test[980ffaebd391d06d]::test_main_inner::<test[980ffaebd391d06d]::test_main_static::{closure#0}>::{closure#0}
[INFO] [stdout]                                at /rustc/6b3fa26749ab40e159b2dd5cf577acaaf5902772/library/test/src/lib.rs:155:21
[INFO] [stdout]   13:     0x5e2560f574d2 - <alloc[55a36b64bcbf2c0d]::boxed::Box<dyn for<'a, 'b> core[6883ba1bc0fe4ed1]::ops::function::Fn<(&'a std[73adb7dc35730857]::panic::PanicHookInfo<'b>,), Output = ()> + core[6883ba1bc0fe4ed1]::marker::Send + core[6883ba1bc0fe4ed1]::marker::Sync> as core[6883ba1bc0fe4ed1]::ops::function::Fn<(&std[73adb7dc35730857]::panic::PanicHookInfo,)>>::call
[INFO] [stdout]                                at /rustc/6b3fa26749ab40e159b2dd5cf577acaaf5902772/library/alloc/src/boxed.rs:2333:9
[INFO] [stdout]   14:     0x5e2560f574d2 - std[73adb7dc35730857]::panicking::panic_with_hook
[INFO] [stdout]                                at /rustc/6b3fa26749ab40e159b2dd5cf577acaaf5902772/library/std/src/panicking.rs:823:13
[INFO] [stdout]   15:     0x5e2560f3c0f2 - std[73adb7dc35730857]::panicking::panic_handler::{closure#0}
[INFO] [stdout]                                at /rustc/6b3fa26749ab40e159b2dd5cf577acaaf5902772/library/std/src/panicking.rs:688:13
[INFO] [stdout]   16:     0x5e2560f33699 - std[73adb7dc35730857]::sys::backtrace::__rust_end_short_backtrace::<std[73adb7dc35730857]::panicking::panic_handler::{closure#0}, !>
[INFO] [stdout]                                at /rustc/6b3fa26749ab40e159b2dd5cf577acaaf5902772/library/std/src/sys/backtrace.rs:182:18
[INFO] [stdout]   17:     0x5e2560f3cf7d - __rustc[a7b7b02e776dd976]::rust_begin_unwind
[INFO] [stdout]                                at /rustc/6b3fa26749ab40e159b2dd5cf577acaaf5902772/library/std/src/panicking.rs:679:5
[INFO] [stdout]   18:     0x5e2560f7943c - core[6883ba1bc0fe4ed1]::panicking::panic_fmt
[INFO] [stdout]                                at /rustc/6b3fa26749ab40e159b2dd5cf577acaaf5902772/library/core/src/panicking.rs:80:14
[INFO] [stdout]   19:     0x5e2560f79182 - core[6883ba1bc0fe4ed1]::result::unwrap_failed
[INFO] [stdout]                                at /rustc/6b3fa26749ab40e159b2dd5cf577acaaf5902772/library/core/src/result.rs:1870:5
[INFO] [stdout]   20:     0x5e25605171aa - <core[6883ba1bc0fe4ed1]::result::Result<sqlx_core[5a68f7b38b8c6251]::pool::Pool<sqlx_postgres[f6ffa8ea015f69c7]::database::Postgres>, sqlx_core[5a68f7b38b8c6251]::error::Error>>::expect
[INFO] [stdout]                                at /rustc/6b3fa26749ab40e159b2dd5cf577acaaf5902772/library/core/src/result.rs:1183:23
[INFO] [stdout]   21:     0x5e25604d54fe - integration_test[a33e3c39bad5ed7]::test_pool::{closure#0}
[INFO] [stdout]                                at /opt/rustwide/workdir/crates/portfolio-service/tests/integration_test.rs:46:10
[INFO] [stdout]   22:     0x5e25604d9d1b - integration_test[a33e3c39bad5ed7]::test_buy_insufficient_balance::{closure#0}
[INFO] [stdout]                                at /opt/rustwide/workdir/crates/portfolio-service/tests/integration_test.rs:200:28
[INFO] [stdout]   23:     0x5e25605469a2 - <core[6883ba1bc0fe4ed1]::pin::Pin<&mut dyn core[6883ba1bc0fe4ed1]::future::future::Future<Output = ()>> as core[6883ba1bc0fe4ed1]::future::future::Future>::poll
[INFO] [stdout]                                at /rustc/6b3fa26749ab40e159b2dd5cf577acaaf5902772/library/core/src/future/future.rs:133:9
[INFO] [stdout]   24:     0x5e2560546a5d - <core[6883ba1bc0fe4ed1]::pin::Pin<&mut core[6883ba1bc0fe4ed1]::pin::Pin<&mut dyn core[6883ba1bc0fe4ed1]::future::future::Future<Output = ()>>> as core[6883ba1bc0fe4ed1]::future::future::Future>::poll
[INFO] [stdout]                                at /rustc/6b3fa26749ab40e159b2dd5cf577acaaf5902772/library/core/src/future/future.rs:133:9
[INFO] [stdout]   25:     0x5e25604ec0bd - <tokio[3cae23e081335d20]::runtime::scheduler::current_thread::CoreGuard>::block_on::<core[6883ba1bc0fe4ed1]::pin::Pin<&mut core[6883ba1bc0fe4ed1]::pin::Pin<&mut dyn core[6883ba1bc0fe4ed1]::future::future::Future<Output = ()>>>>::{closure#0}::{closure#0}::{closure#0}
[INFO] [stdout]                                at /opt/rustwide/cargo-home/registry/src/index.crates.io-1949cf8c6b5b557f/tokio-1.52.3/src/runtime/scheduler/current_thread/mod.rs:778:70
[INFO] [stdout]   26:     0x5e25604ebddb - tokio[3cae23e081335d20]::task::coop::with_budget::<core[6883ba1bc0fe4ed1]::task::poll::Poll<()>, <tokio[3cae23e081335d20]::runtime::scheduler::current_thread::CoreGuard>::block_on<core[6883ba1bc0fe4ed1]::pin::Pin<&mut core[6883ba1bc0fe4ed1]::pin::Pin<&mut dyn core[6883ba1bc0fe4ed1]::future::future::Future<Output = ()>>>>::{closure#0}::{closure#0}::{closure#0}>
[INFO] [stdout]                                at /opt/rustwide/cargo-home/registry/src/index.crates.io-1949cf8c6b5b557f/tokio-1.52.3/src/task/coop/mod.rs:167:5
[INFO] [stdout]   27:     0x5e25604ebddb - tokio[3cae23e081335d20]::task::coop::budget::<core[6883ba1bc0fe4ed1]::task::poll::Poll<()>, <tokio[3cae23e081335d20]::runtime::scheduler::current_thread::CoreGuard>::block_on<core[6883ba1bc0fe4ed1]::pin::Pin<&mut core[6883ba1bc0fe4ed1]::pin::Pin<&mut dyn core[6883ba1bc0fe4ed1]::future::future::Future<Output = ()>>>>::{closure#0}::{closure#0}::{closure#0}>
[INFO] [stdout]                                at /opt/rustwide/cargo-home/registry/src/index.crates.io-1949cf8c6b5b557f/tokio-1.52.3/src/task/coop/mod.rs:133:5
[INFO] [stdout]   28:     0x5e25604ebddb - <tokio[3cae23e081335d20]::runtime::scheduler::current_thread::CoreGuard>::block_on::<core[6883ba1bc0fe4ed1]::pin::Pin<&mut core[6883ba1bc0fe4ed1]::pin::Pin<&mut dyn core[6883ba1bc0fe4ed1]::future::future::Future<Output = ()>>>>::{closure#0}::{closure#0}
[INFO] [stdout]                                at /opt/rustwide/cargo-home/registry/src/index.crates.io-1949cf8c6b5b557f/tokio-1.52.3/src/runtime/scheduler/current_thread/mod.rs:778:25
[INFO] [stdout]   29:     0x5e25604e04b0 - <tokio[3cae23e081335d20]::runtime::scheduler::current_thread::Context>::enter::<core[6883ba1bc0fe4ed1]::task::poll::Poll<()>, <tokio[3cae23e081335d20]::runtime::scheduler::current_thread::CoreGuard>::block_on<core[6883ba1bc0fe4ed1]::pin::Pin<&mut core[6883ba1bc0fe4ed1]::pin::Pin<&mut dyn core[6883ba1bc0fe4ed1]::future::future::Future<Output = ()>>>>::{closure#0}::{closure#0}>
[INFO] [stdout]                                at /opt/rustwide/cargo-home/registry/src/index.crates.io-1949cf8c6b5b557f/tokio-1.52.3/src/runtime/scheduler/current_thread/mod.rs:451:19
[INFO] [stdout]   30:     0x5e25604ea0ed - <tokio[3cae23e081335d20]::runtime::scheduler::current_thread::CoreGuard>::block_on::<core[6883ba1bc0fe4ed1]::pin::Pin<&mut core[6883ba1bc0fe4ed1]::pin::Pin<&mut dyn core[6883ba1bc0fe4ed1]::future::future::Future<Output = ()>>>>::{closure#0}
[INFO] [stdout]                                at /opt/rustwide/cargo-home/registry/src/index.crates.io-1949cf8c6b5b557f/tokio-1.52.3/src/runtime/scheduler/current_thread/mod.rs:777:44
[INFO] [stdout]   31:     0x5e25604e8894 - <tokio[3cae23e081335d20]::runtime::scheduler::current_thread::CoreGuard>::enter::<<tokio[3cae23e081335d20]::runtime::scheduler::current_thread::CoreGuard>::block_on<core[6883ba1bc0fe4ed1]::pin::Pin<&mut core[6883ba1bc0fe4ed1]::pin::Pin<&mut dyn core[6883ba1bc0fe4ed1]::future::future::Future<Output = ()>>>>::{closure#0}, core[6883ba1bc0fe4ed1]::option::Option<()>>::{closure#0}
[INFO] [stdout]                                at /opt/rustwide/cargo-home/registry/src/index.crates.io-1949cf8c6b5b557f/tokio-1.52.3/src/runtime/scheduler/current_thread/mod.rs:865:68
[INFO] [stdout]   32:     0x5e2560520e0b - <tokio[3cae23e081335d20]::runtime::context::scoped::Scoped<tokio[3cae23e081335d20]::runtime::scheduler::Context>>::set::<<tokio[3cae23e081335d20]::runtime::scheduler::current_thread::CoreGuard>::enter<<tokio[3cae23e081335d20]::runtime::scheduler::current_thread::CoreGuard>::block_on<core[6883ba1bc0fe4ed1]::pin::Pin<&mut core[6883ba1bc0fe4ed1]::pin::Pin<&mut dyn core[6883ba1bc0fe4ed1]::future::future::Future<Output = ()>>>>::{closure#0}, core[6883ba1bc0fe4ed1]::option::Option<()>>::{closure#0}, (alloc[55a36b64bcbf2c0d]::boxed::Box<tokio[3cae23e081335d20]::runtime::scheduler::current_thread::Core>, core[6883ba1bc0fe4ed1]::option::Option<()>)>
[INFO] [stdout]                                at /opt/rustwide/cargo-home/registry/src/index.crates.io-1949cf8c6b5b557f/tokio-1.52.3/src/runtime/context/scoped.rs:40:9
[INFO] [stdout]   33:     0x5e2560589729 - tokio[3cae23e081335d20]::runtime::context::set_scheduler::<(alloc[55a36b64bcbf2c0d]::boxed::Box<tokio[3cae23e081335d20]::runtime::scheduler::current_thread::Core>, core[6883ba1bc0fe4ed1]::option::Option<()>), <tokio[3cae23e081335d20]::runtime::scheduler::current_thread::CoreGuard>::enter<<tokio[3cae23e081335d20]::runtime::scheduler::current_thread::CoreGuard>::block_on<core[6883ba1bc0fe4ed1]::pin::Pin<&mut core[6883ba1bc0fe4ed1]::pin::Pin<&mut dyn core[6883ba1bc0fe4ed1]::future::future::Future<Output = ()>>>>::{closure#0}, core[6883ba1bc0fe4ed1]::option::Option<()>>::{closure#0}>::{closure#0}
[INFO] [stdout]                                at /opt/rustwide/cargo-home/registry/src/index.crates.io-1949cf8c6b5b557f/tokio-1.52.3/src/runtime/context.rs:181:38
[INFO] [stdout]   34:     0x5e256052fe22 - <std[73adb7dc35730857]::thread::local::LocalKey<tokio[3cae23e081335d20]::runtime::context::Context>>::try_with::<tokio[3cae23e081335d20]::runtime::context::set_scheduler<(alloc[55a36b64bcbf2c0d]::boxed::Box<tokio[3cae23e081335d20]::runtime::scheduler::current_thread::Core>, core[6883ba1bc0fe4ed1]::option::Option<()>), <tokio[3cae23e081335d20]::runtime::scheduler::current_thread::CoreGuard>::enter<<tokio[3cae23e081335d20]::runtime::scheduler::current_thread::CoreGuard>::block_on<core[6883ba1bc0fe4ed1]::pin::Pin<&mut core[6883ba1bc0fe4ed1]::pin::Pin<&mut dyn core[6883ba1bc0fe4ed1]::future::future::Future<Output = ()>>>>::{closure#0}, core[6883ba1bc0fe4ed1]::option::Option<()>>::{closure#0}>::{closure#0}, (alloc[55a36b64bcbf2c0d]::boxed::Box<tokio[3cae23e081335d20]::runtime::scheduler::current_thread::Core>, core[6883ba1bc0fe4ed1]::option::Option<()>)>
[INFO] [stdout]                                at /rustc/6b3fa26749ab40e159b2dd5cf577acaaf5902772/library/std/src/thread/local.rs:463:12
[INFO] [stdout]   35:     0x5e256052f60e - <std[73adb7dc35730857]::thread::local::LocalKey<tokio[3cae23e081335d20]::runtime::context::Context>>::with::<tokio[3cae23e081335d20]::runtime::context::set_scheduler<(alloc[55a36b64bcbf2c0d]::boxed::Box<tokio[3cae23e081335d20]::runtime::scheduler::current_thread::Core>, core[6883ba1bc0fe4ed1]::option::Option<()>), <tokio[3cae23e081335d20]::runtime::scheduler::current_thread::CoreGuard>::enter<<tokio[3cae23e081335d20]::runtime::scheduler::current_thread::CoreGuard>::block_on<core[6883ba1bc0fe4ed1]::pin::Pin<&mut core[6883ba1bc0fe4ed1]::pin::Pin<&mut dyn core[6883ba1bc0fe4ed1]::future::future::Future<Output = ()>>>>::{closure#0}, core[6883ba1bc0fe4ed1]::option::Option<()>>::{closure#0}>::{closure#0}, (alloc[55a36b64bcbf2c0d]::boxed::Box<tokio[3cae23e081335d20]::runtime::scheduler::current_thread::Core>, core[6883ba1bc0fe4ed1]::option::Option<()>)>
[INFO] [stdout]                                at /rustc/6b3fa26749ab40e159b2dd5cf577acaaf5902772/library/std/src/thread/local.rs:427:20
[INFO] [stdout]   36:     0x5e2560584bbd - tokio[3cae23e081335d20]::runtime::context::set_scheduler::<(alloc[55a36b64bcbf2c0d]::boxed::Box<tokio[3cae23e081335d20]::runtime::scheduler::current_thread::Core>, core[6883ba1bc0fe4ed1]::option::Option<()>), <tokio[3cae23e081335d20]::runtime::scheduler::current_thread::CoreGuard>::enter<<tokio[3cae23e081335d20]::runtime::scheduler::current_thread::CoreGuard>::block_on<core[6883ba1bc0fe4ed1]::pin::Pin<&mut core[6883ba1bc0fe4ed1]::pin::Pin<&mut dyn core[6883ba1bc0fe4ed1]::future::future::Future<Output = ()>>>>::{closure#0}, core[6883ba1bc0fe4ed1]::option::Option<()>>::{closure#0}>
[INFO] [stdout]                                at /opt/rustwide/cargo-home/registry/src/index.crates.io-1949cf8c6b5b557f/tokio-1.52.3/src/runtime/context.rs:181:17
[INFO] [stdout]   37:     0x5e25604e3550 - <tokio[3cae23e081335d20]::runtime::scheduler::current_thread::CoreGuard>::enter::<<tokio[3cae23e081335d20]::runtime::scheduler::current_thread::CoreGuard>::block_on<core[6883ba1bc0fe4ed1]::pin::Pin<&mut core[6883ba1bc0fe4ed1]::pin::Pin<&mut dyn core[6883ba1bc0fe4ed1]::future::future::Future<Output = ()>>>>::{closure#0}, core[6883ba1bc0fe4ed1]::option::Option<()>>
[INFO] [stdout]                                at /opt/rustwide/cargo-home/registry/src/index.crates.io-1949cf8c6b5b557f/tokio-1.52.3/src/runtime/scheduler/current_thread/mod.rs:865:27
[INFO] [stdout]   38:     0x5e25604e3ce6 - <tokio[3cae23e081335d20]::runtime::scheduler::current_thread::CoreGuard>::block_on::<core[6883ba1bc0fe4ed1]::pin::Pin<&mut core[6883ba1bc0fe4ed1]::pin::Pin<&mut dyn core[6883ba1bc0fe4ed1]::future::future::Future<Output = ()>>>>
[INFO] [stdout]                                at /opt/rustwide/cargo-home/registry/src/index.crates.io-1949cf8c6b5b557f/tokio-1.52.3/src/runtime/scheduler/current_thread/mod.rs:765:24
[INFO] [stdout]   39:     0x5e25604e7e90 - <tokio[3cae23e081335d20]::runtime::scheduler::current_thread::CurrentThread>::block_on::<core[6883ba1bc0fe4ed1]::pin::Pin<&mut dyn core[6883ba1bc0fe4ed1]::future::future::Future<Output = ()>>>::{closure#0}
[INFO] [stdout]                                at /opt/rustwide/cargo-home/registry/src/index.crates.io-1949cf8c6b5b557f/tokio-1.52.3/src/runtime/scheduler/current_thread/mod.rs:205:33
[INFO] [stdout]   40:     0x5e25604ce503 - tokio[3cae23e081335d20]::runtime::context::runtime::enter_runtime::<<tokio[3cae23e081335d20]::runtime::scheduler::current_thread::CurrentThread>::block_on<core[6883ba1bc0fe4ed1]::pin::Pin<&mut dyn core[6883ba1bc0fe4ed1]::future::future::Future<Output = ()>>>::{closure#0}, ()>
[INFO] [stdout]                                at /opt/rustwide/cargo-home/registry/src/index.crates.io-1949cf8c6b5b557f/tokio-1.52.3/src/runtime/context/runtime.rs:65:16
[INFO] [stdout]   41:     0x5e25604df4e1 - <tokio[3cae23e081335d20]::runtime::scheduler::current_thread::CurrentThread>::block_on::<core[6883ba1bc0fe4ed1]::pin::Pin<&mut dyn core[6883ba1bc0fe4ed1]::future::future::Future<Output = ()>>>
[INFO] [stdout]                                at /opt/rustwide/cargo-home/registry/src/index.crates.io-1949cf8c6b5b557f/tokio-1.52.3/src/runtime/scheduler/current_thread/mod.rs:193:9
[INFO] [stdout]   42:     0x5e25604cd134 - <tokio[3cae23e081335d20]::runtime::runtime::Runtime>::block_on_inner::<core[6883ba1bc0fe4ed1]::pin::Pin<&mut dyn core[6883ba1bc0fe4ed1]::future::future::Future<Output = ()>>>
[INFO] [stdout]                                at /opt/rustwide/cargo-home/registry/src/index.crates.io-1949cf8c6b5b557f/tokio-1.52.3/src/runtime/runtime.rs:371:52
[INFO] [stdout]   43:     0x5e25604cd4af - <tokio[3cae23e081335d20]::runtime::runtime::Runtime>::block_on::<core[6883ba1bc0fe4ed1]::pin::Pin<&mut dyn core[6883ba1bc0fe4ed1]::future::future::Future<Output = ()>>>
[INFO] [stdout]                                at /opt/rustwide/cargo-home/registry/src/index.crates.io-1949cf8c6b5b557f/tokio-1.52.3/src/runtime/runtime.rs:345:18
[INFO] [stdout]   44:     0x5e25604dd30e - integration_test[a33e3c39bad5ed7]::test_buy_insufficient_balance
[INFO] [stdout]                                at /opt/rustwide/workdir/crates/portfolio-service/tests/integration_test.rs:220:34
[INFO] [stdout]   45:     0x5e25604d3ef7 - integration_test[a33e3c39bad5ed7]::test_buy_insufficient_balance::{closure#0}
[INFO] [stdout]                                at /opt/rustwide/workdir/crates/portfolio-service/tests/integration_test.rs:199:41
[INFO] [stdout]   46:     0x5e25604c26b6 - <integration_test[a33e3c39bad5ed7]::test_buy_insufficient_balance::{closure#0} as core[6883ba1bc0fe4ed1]::ops::function::FnOnce<()>>::call_once
[INFO] [stdout]                                at /rustc/6b3fa26749ab40e159b2dd5cf577acaaf5902772/library/core/src/ops/function.rs:250:5
[INFO] [stdout]   47:     0x5e25609b81ab - <fn() -> core[6883ba1bc0fe4ed1]::result::Result<(), alloc[55a36b64bcbf2c0d]::string::String> as core[6883ba1bc0fe4ed1]::ops::function::FnOnce<()>>::call_once
[INFO] [stdout]                                at /rustc/6b3fa26749ab40e159b2dd5cf577acaaf5902772/library/core/src/ops/function.rs:250:5
[INFO] [stdout]   48:     0x5e25609b81ab - test[980ffaebd391d06d]::__rust_begin_short_backtrace::<core[6883ba1bc0fe4ed1]::result::Result<(), alloc[55a36b64bcbf2c0d]::string::String>, fn() -> core[6883ba1bc0fe4ed1]::result::Result<(), alloc[55a36b64bcbf2c0d]::string::String>>
[INFO] [stdout]                                at /rustc/6b3fa26749ab40e159b2dd5cf577acaaf5902772/library/test/src/lib.rs:724:18
[INFO] [stdout]   49:     0x5e25609c57f5 - test[980ffaebd391d06d]::run_test_in_process::{closure#0}
[INFO] [stdout]                                at /rustc/6b3fa26749ab40e159b2dd5cf577acaaf5902772/library/test/src/lib.rs:747:74
[INFO] [stdout]   50:     0x5e25609c57f5 - <core[6883ba1bc0fe4ed1]::panic::unwind_safe::AssertUnwindSafe<test[980ffaebd391d06d]::run_test_in_process::{closure#0}> as core[6883ba1bc0fe4ed1]::ops::function::FnOnce<()>>::call_once
[INFO] [stdout]                                at /rustc/6b3fa26749ab40e159b2dd5cf577acaaf5902772/library/core/src/panic/unwind_safe.rs:275:9
[INFO] [stdout]   51:     0x5e25609c57f5 - std[73adb7dc35730857]::panicking::catch_unwind::do_call::<core[6883ba1bc0fe4ed1]::panic::unwind_safe::AssertUnwindSafe<test[980ffaebd391d06d]::run_test_in_process::{closure#0}>, core[6883ba1bc0fe4ed1]::result::Result<(), alloc[55a36b64bcbf2c0d]::string::String>>
[INFO] [stdout]                                at /rustc/6b3fa26749ab40e159b2dd5cf577acaaf5902772/library/std/src/panicking.rs:576:43
[INFO] [stdout]   52:     0x5e25609c57f5 - std[73adb7dc35730857]::panicking::catch_unwind::<core[6883ba1bc0fe4ed1]::result::Result<(), alloc[55a36b64bcbf2c0d]::string::String>, core[6883ba1bc0fe4ed1]::panic::unwind_safe::AssertUnwindSafe<test[980ffaebd391d06d]::run_test_in_process::{closure#0}>>
[INFO] [stdout]                                at /rustc/6b3fa26749ab40e159b2dd5cf577acaaf5902772/library/std/src/panicking.rs:544:19
[INFO] [stdout]   53:     0x5e25609c57f5 - std[73adb7dc35730857]::panic::catch_unwind::<core[6883ba1bc0fe4ed1]::panic::unwind_safe::AssertUnwindSafe<test[980ffaebd391d06d]::run_test_in_process::{closure#0}>, core[6883ba1bc0fe4ed1]::result::Result<(), alloc[55a36b64bcbf2c0d]::string::String>>
[INFO] [stdout]                                at /rustc/6b3fa26749ab40e159b2dd5cf577acaaf5902772/library/std/src/panic.rs:359:14
[INFO] [stdout]   54:     0x5e25609c57f5 - test[980ffaebd391d06d]::run_test_in_process
[INFO] [stdout]                                at /rustc/6b3fa26749ab40e159b2dd5cf577acaaf5902772/library/test/src/lib.rs:747:27
[INFO] [stdout]   55:     0x5e25609c57f5 - test[980ffaebd391d06d]::run_test::{closure#0}
[INFO] [stdout]                                at /rustc/6b3fa26749ab40e159b2dd5cf577acaaf5902772/library/test/src/lib.rs:668:43
[INFO] [stdout]   56:     0x5e25609c02a4 - test[980ffaebd391d06d]::run_test::{closure#1}
[INFO] [stdout]                                at /rustc/6b3fa26749ab40e159b2dd5cf577acaaf5902772/library/test/src/lib.rs:698:41
[INFO] [stdout]   57:     0x5e25609c02a4 - std[73adb7dc35730857]::sys::backtrace::__rust_begin_short_backtrace::<test[980ffaebd391d06d]::run_test::{closure#1}, ()>
[INFO] [stdout]                                at /rustc/6b3fa26749ab40e159b2dd5cf577acaaf5902772/library/std/src/sys/backtrace.rs:166:18
[INFO] [stdout]   58:     0x5e25609c8942 - std[73adb7dc35730857]::thread::lifecycle::spawn_unchecked::<test[980ffaebd391d06d]::run_test::{closure#1}, ()>::{closure#1}::{closure#0}
[INFO] [stdout]                                at /rustc/6b3fa26749ab40e159b2dd5cf577acaaf5902772/library/std/src/thread/lifecycle.rs:70:13
[INFO] [stdout]   59:     0x5e25609c8942 - <core[6883ba1bc0fe4ed1]::panic::unwind_safe::AssertUnwindSafe<std[73adb7dc35730857]::thread::lifecycle::spawn_unchecked<test[980ffaebd391d06d]::run_test::{closure#1}, ()>::{closure#1}::{closure#0}> as core[6883ba1bc0fe4ed1]::ops::function::FnOnce<()>>::call_once
[INFO] [stdout]                                at /rustc/6b3fa26749ab40e159b2dd5cf577acaaf5902772/library/core/src/panic/unwind_safe.rs:275:9
[INFO] [stdout]   60:     0x5e25609c8942 - std[73adb7dc35730857]::panicking::catch_unwind::do_call::<core[6883ba1bc0fe4ed1]::panic::unwind_safe::AssertUnwindSafe<std[73adb7dc35730857]::thread::lifecycle::spawn_unchecked<test[980ffaebd391d06d]::run_test::{closure#1}, ()>::{closure#1}::{closure#0}>, ()>
[INFO] [stdout]                                at /rustc/6b3fa26749ab40e159b2dd5cf577acaaf5902772/library/std/src/panicking.rs:576:43
[INFO] [stdout]   61:     0x5e25609c8942 - std[73adb7dc35730857]::panicking::catch_unwind::<(), core[6883ba1bc0fe4ed1]::panic::unwind_safe::AssertUnwindSafe<std[73adb7dc35730857]::thread::lifecycle::spawn_unchecked<test[980ffaebd391d06d]::run_test::{closure#1}, ()>::{closure#1}::{closure#0}>>
[INFO] [stdout]                                at /rustc/6b3fa26749ab40e159b2dd5cf577acaaf5902772/library/std/src/panicking.rs:544:19
[INFO] [stdout]   62:     0x5e25609c8942 - std[73adb7dc35730857]::panic::catch_unwind::<core[6883ba1bc0fe4ed1]::panic::unwind_safe::AssertUnwindSafe<std[73adb7dc35730857]::thread::lifecycle::spawn_unchecked<test[980ffaebd391d06d]::run_test::{closure#1}, ()>::{closure#1}::{closure#0}>, ()>
[INFO] [stdout]                                at /rustc/6b3fa26749ab40e159b2dd5cf577acaaf5902772/library/std/src/panic.rs:359:14
[INFO] [stdout]   63:     0x5e25609c8942 - std[73adb7dc35730857]::thread::lifecycle::spawn_unchecked::<test[980ffaebd391d06d]::run_test::{closure#1}, ()>::{closure#1}
[INFO] [stdout]                                at /rustc/6b3fa26749ab40e159b2dd5cf577acaaf5902772/library/std/src/thread/lifecycle.rs:68:26
[INFO] [stdout]   64:     0x5e25609c8942 - <std[73adb7dc35730857]::thread::lifecycle::spawn_unchecked<test[980ffaebd391d06d]::run_test::{closure#1}, ()>::{closure#1} as core[6883ba1bc0fe4ed1]::ops::function::FnOnce<()>>::call_once::{shim:vtable#0}
[INFO] [stdout]                                at /rustc/6b3fa26749ab40e159b2dd5cf577acaaf5902772/library/core/src/ops/function.rs:250:5
[INFO] [stdout]   65:     0x5e2560f5efff - <alloc[55a36b64bcbf2c0d]::boxed::Box<dyn core[6883ba1bc0fe4ed1]::ops::function::FnOnce<(), Output = ()> + core[6883ba1bc0fe4ed1]::marker::Send> as core[6883ba1bc0fe4ed1]::ops::function::FnOnce<()>>::call_once
[INFO] [stdout]                                at /rustc/6b3fa26749ab40e159b2dd5cf577acaaf5902772/library/alloc/src/boxed.rs:2319:9
[INFO] [stdout]   66:     0x5e2560f5efff - <std[73adb7dc35730857]::sys::thread::unix::Thread>::new::thread_start
[INFO] [stdout]                                at /rustc/6b3fa26749ab40e159b2dd5cf577acaaf5902772/library/std/src/sys/thread/unix.rs:123:17
[INFO] [stdout]   67:     0x75549b721aa4 - <unknown>
[INFO] [stdout]   68:     0x75549b7aea64 - clone
[INFO] [stdout]   69:                0x0 - <unknown>
[INFO] [stdout] 
[INFO] [stdout] ---- test_buy_success stdout ----
[INFO] [stdout] 
[INFO] [stdout] thread 'test_buy_success' (4367) panicked at crates/portfolio-service/tests/integration_test.rs:46:10:
[INFO] [stdout] Connect to test DB: PoolTimedOut
[INFO] [stdout] stack backtrace:
[INFO] [stdout]    0:     0x5e2560f5fd71 - std[73adb7dc35730857]::backtrace_rs::backtrace::libunwind::trace
[INFO] [stdout]                                at /rustc/6b3fa26749ab40e159b2dd5cf577acaaf5902772/library/std/src/../../backtrace/src/backtrace/libunwind.rs:117:9
[INFO] [stdout]    1:     0x5e2560f5fd71 - std[73adb7dc35730857]::backtrace_rs::backtrace::trace_unsynchronized::<std[73adb7dc35730857]::sys::backtrace::_print_fmt::{closure#1}>
[INFO] [stdout]                                at /rustc/6b3fa26749ab40e159b2dd5cf577acaaf5902772/library/std/src/../../backtrace/src/backtrace/mod.rs:66:14
[INFO] [stdout]    2:     0x5e2560f5fd71 - std[73adb7dc35730857]::sys::backtrace::_print_fmt
[INFO] [stdout]                                at /rustc/6b3fa26749ab40e159b2dd5cf577acaaf5902772/library/std/src/sys/backtrace.rs:74:9
[INFO] [stdout]    3:     0x5e2560f5fd71 - <<std[73adb7dc35730857]::sys::backtrace::BacktraceLock>::print::DisplayBacktrace as core[6883ba1bc0fe4ed1]::fmt::Display>::fmt
[INFO] [stdout]                                at /rustc/6b3fa26749ab40e159b2dd5cf577acaaf5902772/library/std/src/sys/backtrace.rs:44:26
[INFO] [stdout]    4:     0x5e2560f78c0a - <core[6883ba1bc0fe4ed1]::fmt::rt::Argument>::fmt
[INFO] [stdout]                                at /rustc/6b3fa26749ab40e159b2dd5cf577acaaf5902772/library/core/src/fmt/rt.rs:152:76
[INFO] [stdout]    5:     0x5e2560f78c0a - core[6883ba1bc0fe4ed1]::fmt::write
[INFO] [stdout]    6:     0x5e2560f64fec - std[73adb7dc35730857]::io::default_write_fmt::<alloc[55a36b64bcbf2c0d]::vec::Vec<u8>>
[INFO] [stdout]                                at /rustc/6b3fa26749ab40e159b2dd5cf577acaaf5902772/library/std/src/io/mod.rs:626:11
[INFO] [stdout]    7:     0x5e2560f64fec - <alloc[55a36b64bcbf2c0d]::vec::Vec<u8> as std[73adb7dc35730857]::io::Write>::write_fmt
[INFO] [stdout]                                at /rustc/6b3fa26749ab40e159b2dd5cf577acaaf5902772/library/std/src/io/mod.rs:1730:13
[INFO] [stdout]    8:     0x5e2560f3c046 - <std[73adb7dc35730857]::sys::backtrace::BacktraceLock>::print
[INFO] [stdout]                                at /rustc/6b3fa26749ab40e159b2dd5cf577acaaf5902772/library/std/src/sys/backtrace.rs:47:9
[INFO] [stdout]    9:     0x5e2560f3c046 - std[73adb7dc35730857]::panicking::default_hook::{closure#0}
[INFO] [stdout]                                at /rustc/6b3fa26749ab40e159b2dd5cf577acaaf5902772/library/std/src/panicking.rs:292:27
[INFO] [stdout]   10:     0x5e2560f571a9 - std[73adb7dc35730857]::panicking::default_hook
[INFO] [stdout]                                at /rustc/6b3fa26749ab40e159b2dd5cf577acaaf5902772/library/std/src/panicking.rs:316:9
[INFO] [stdout]   11:     0x5e25609c4e70 - <alloc[55a36b64bcbf2c0d]::boxed::Box<dyn for<'a, 'b> core[6883ba1bc0fe4ed1]::ops::function::Fn<(&'a std[73adb7dc35730857]::panic::PanicHookInfo<'b>,), Output = ()> + core[6883ba1bc0fe4ed1]::marker::Send + core[6883ba1bc0fe4ed1]::marker::Sync> as core[6883ba1bc0fe4ed1]::ops::function::Fn<(&std[73adb7dc35730857]::panic::PanicHookInfo,)>>::call
[INFO] [stdout]                                at /rustc/6b3fa26749ab40e159b2dd5cf577acaaf5902772/library/alloc/src/boxed.rs:2333:9
[INFO] [stdout]   12:     0x5e25609c4e70 - test[980ffaebd391d06d]::test_main_inner::<test[980ffaebd391d06d]::test_main_static::{closure#0}>::{closure#0}
[INFO] [stdout]                                at /rustc/6b3fa26749ab40e159b2dd5cf577acaaf5902772/library/test/src/lib.rs:155:21
[INFO] [stdout]   13:     0x5e2560f574d2 - <alloc[55a36b64bcbf2c0d]::boxed::Box<dyn for<'a, 'b> core[6883ba1bc0fe4ed1]::ops::function::Fn<(&'a std[73adb7dc35730857]::panic::PanicHookInfo<'b>,), Output = ()> + core[6883ba1bc0fe4ed1]::marker::Send + core[6883ba1bc0fe4ed1]::marker::Sync> as core[6883ba1bc0fe4ed1]::ops::function::Fn<(&std[73adb7dc35730857]::panic::PanicHookInfo,)>>::call
[INFO] [stdout]                                at /rustc/6b3fa26749ab40e159b2dd5cf577acaaf5902772/library/alloc/src/boxed.rs:2333:9
[INFO] [stdout]   14:     0x5e2560f574d2 - std[73adb7dc35730857]::panicking::panic_with_hook
[INFO] [stdout]                                at /rustc/6b3fa26749ab40e159b2dd5cf577acaaf5902772/library/std/src/panicking.rs:823:13
[INFO] [stdout]   15:     0x5e2560f3c0f2 - std[73adb7dc35730857]::panicking::panic_handler::{closure#0}
[INFO] [stdout]                                at /rustc/6b3fa26749ab40e159b2dd5cf577acaaf5902772/library/std/src/panicking.rs:688:13
[INFO] [stdout]   16:     0x5e2560f33699 - std[73adb7dc35730857]::sys::backtrace::__rust_end_short_backtrace::<std[73adb7dc35730857]::panicking::panic_handler::{closure#0}, !>
[INFO] [stdout]                                at /rustc/6b3fa26749ab40e159b2dd5cf577acaaf5902772/library/std/src/sys/backtrace.rs:182:18
[INFO] [stdout]   17:     0x5e2560f3cf7d - __rustc[a7b7b02e776dd976]::rust_begin_unwind
[INFO] [stdout]                                at /rustc/6b3fa26749ab40e159b2dd5cf577acaaf5902772/library/std/src/panicking.rs:679:5
[INFO] [stdout]   18:     0x5e2560f7943c - core[6883ba1bc0fe4ed1]::panicking::panic_fmt
[INFO] [stdout]                                at /rustc/6b3fa26749ab40e159b2dd5cf577acaaf5902772/library/core/src/panicking.rs:80:14
[INFO] [stdout]   19:     0x5e2560f79182 - core[6883ba1bc0fe4ed1]::result::unwrap_failed
[INFO] [stdout]                                at /rustc/6b3fa26749ab40e159b2dd5cf577acaaf5902772/library/core/src/result.rs:1870:5
[INFO] [stdout]   20:     0x5e25605171aa - <core[6883ba1bc0fe4ed1]::result::Result<sqlx_core[5a68f7b38b8c6251]::pool::Pool<sqlx_postgres[f6ffa8ea015f69c7]::database::Postgres>, sqlx_core[5a68f7b38b8c6251]::error::Error>>::expect
[INFO] [stdout]                                at /rustc/6b3fa26749ab40e159b2dd5cf577acaaf5902772/library/core/src/result.rs:1183:23
[INFO] [stdout]   21:     0x5e25604d54fe - integration_test[a33e3c39bad5ed7]::test_pool::{closure#0}
[INFO] [stdout]                                at /opt/rustwide/workdir/crates/portfolio-service/tests/integration_test.rs:46:10
[INFO] [stdout]   22:     0x5e25604d59ec - integration_test[a33e3c39bad5ed7]::test_buy_success::{closure#0}
[INFO] [stdout]                                at /opt/rustwide/workdir/crates/portfolio-service/tests/integration_test.rs:152:28
[INFO] [stdout]   23:     0x5e25605469a2 - <core[6883ba1bc0fe4ed1]::pin::Pin<&mut dyn core[6883ba1bc0fe4ed1]::future::future::Future<Output = ()>> as core[6883ba1bc0fe4ed1]::future::future::Future>::poll
[INFO] [stdout]                                at /rustc/6b3fa26749ab40e159b2dd5cf577acaaf5902772/library/core/src/future/future.rs:133:9
[INFO] [stdout]   24:     0x5e2560546a5d - <core[6883ba1bc0fe4ed1]::pin::Pin<&mut core[6883ba1bc0fe4ed1]::pin::Pin<&mut dyn core[6883ba1bc0fe4ed1]::future::future::Future<Output = ()>>> as core[6883ba1bc0fe4ed1]::future::future::Future>::poll
[INFO] [stdout]                                at /rustc/6b3fa26749ab40e159b2dd5cf577acaaf5902772/library/core/src/future/future.rs:133:9
[INFO] [stdout]   25:     0x5e25604ec0bd - <tokio[3cae23e081335d20]::runtime::scheduler::current_thread::CoreGuard>::block_on::<core[6883ba1bc0fe4ed1]::pin::Pin<&mut core[6883ba1bc0fe4ed1]::pin::Pin<&mut dyn core[6883ba1bc0fe4ed1]::future::future::Future<Output = ()>>>>::{closure#0}::{closure#0}::{closure#0}
[INFO] [stdout]                                at /opt/rustwide/cargo-home/registry/src/index.crates.io-1949cf8c6b5b557f/tokio-1.52.3/src/runtime/scheduler/current_thread/mod.rs:778:70
[INFO] [stdout]   26:     0x5e25604ebddb - tokio[3cae23e081335d20]::task::coop::with_budget::<core[6883ba1bc0fe4ed1]::task::poll::Poll<()>, <tokio[3cae23e081335d20]::runtime::scheduler::current_thread::CoreGuard>::block_on<core[6883ba1bc0fe4ed1]::pin::Pin<&mut core[6883ba1bc0fe4ed1]::pin::Pin<&mut dyn core[6883ba1bc0fe4ed1]::future::future::Future<Output = ()>>>>::{closure#0}::{closure#0}::{closure#0}>
[INFO] [stdout]                                at /opt/rustwide/cargo-home/registry/src/index.crates.io-1949cf8c6b5b557f/tokio-1.52.3/src/task/coop/mod.rs:167:5
[INFO] [stdout]   27:     0x5e25604ebddb - tokio[3cae23e081335d20]::task::coop::budget::<core[6883ba1bc0fe4ed1]::task::poll::Poll<()>, <tokio[3cae23e081335d20]::runtime::scheduler::current_thread::CoreGuard>::block_on<core[6883ba1bc0fe4ed1]::pin::Pin<&mut core[6883ba1bc0fe4ed1]::pin::Pin<&mut dyn core[6883ba1bc0fe4ed1]::future::future::Future<Output = ()>>>>::{closure#0}::{closure#0}::{closure#0}>
[INFO] [stdout]                                at /opt/rustwide/cargo-home/registry/src/index.crates.io-1949cf8c6b5b557f/tokio-1.52.3/src/task/coop/mod.rs:133:5
[INFO] [stdout]   28:     0x5e25604ebddb - <tokio[3cae23e081335d20]::runtime::scheduler::current_thread::CoreGuard>::block_on::<core[6883ba1bc0fe4ed1]::pin::Pin<&mut core[6883ba1bc0fe4ed1]::pin::Pin<&mut dyn core[6883ba1bc0fe4ed1]::future::future::Future<Output = ()>>>>::{closure#0}::{closure#0}
[INFO] [stdout]                                at /opt/rustwide/cargo-home/registry/src/index.crates.io-1949cf8c6b5b557f/tokio-1.52.3/src/runtime/scheduler/current_thread/mod.rs:778:25
[INFO] [stdout]   29:     0x5e25604e04b0 - <tokio[3cae23e081335d20]::runtime::scheduler::current_thread::Context>::enter::<core[6883ba1bc0fe4ed1]::task::poll::Poll<()>, <tokio[3cae23e081335d20]::runtime::scheduler::current_thread::CoreGuard>::block_on<core[6883ba1bc0fe4ed1]::pin::Pin<&mut core[6883ba1bc0fe4ed1]::pin::Pin<&mut dyn core[6883ba1bc0fe4ed1]::future::future::Future<Output = ()>>>>::{closure#0}::{closure#0}>
[INFO] [stdout]                                at /opt/rustwide/cargo-home/registry/src/index.crates.io-1949cf8c6b5b557f/tokio-1.52.3/src/runtime/scheduler/current_thread/mod.rs:451:19
[INFO] [stdout]   30:     0x5e25604ea0ed - <tokio[3cae23e081335d20]::runtime::scheduler::current_thread::CoreGuard>::block_on::<core[6883ba1bc0fe4ed1]::pin::Pin<&mut core[6883ba1bc0fe4ed1]::pin::Pin<&mut dyn core[6883ba1bc0fe4ed1]::future::future::Future<Output = ()>>>>::{closure#0}
[INFO] [stdout]                                at /opt/rustwide/cargo-home/registry/src/index.crates.io-1949cf8c6b5b557f/tokio-1.52.3/src/runtime/scheduler/current_thread/mod.rs:777:44
[INFO] [stdout]   31:     0x5e25604e8894 - <tokio[3cae23e081335d20]::runtime::scheduler::current_thread::CoreGuard>::enter::<<tokio[3cae23e081335d20]::runtime::scheduler::current_thread::CoreGuard>::block_on<core[6883ba1bc0fe4ed1]::pin::Pin<&mut core[6883ba1bc0fe4ed1]::pin::Pin<&mut dyn core[6883ba1bc0fe4ed1]::future::future::Future<Output = ()>>>>::{closure#0}, core[6883ba1bc0fe4ed1]::option::Option<()>>::{closure#0}
[INFO] [stdout]                                at /opt/rustwide/cargo-home/registry/src/index.crates.io-1949cf8c6b5b557f/tokio-1.52.3/src/runtime/scheduler/current_thread/mod.rs:865:68
[INFO] [stdout]   32:     0x5e2560520e0b - <tokio[3cae23e081335d20]::runtime::context::scoped::Scoped<tokio[3cae23e081335d20]::runtime::scheduler::Context>>::set::<<tokio[3cae23e081335d20]::runtime::scheduler::current_thread::CoreGuard>::enter<<tokio[3cae23e081335d20]::runtime::scheduler::current_thread::CoreGuard>::block_on<core[6883ba1bc0fe4ed1]::pin::Pin<&mut core[6883ba1bc0fe4ed1]::pin::Pin<&mut dyn core[6883ba1bc0fe4ed1]::future::future::Future<Output = ()>>>>::{closure#0}, core[6883ba1bc0fe4ed1]::option::Option<()>>::{closure#0}, (alloc[55a36b64bcbf2c0d]::boxed::Box<tokio[3cae23e081335d20]::runtime::scheduler::current_thread::Core>, core[6883ba1bc0fe4ed1]::option::Option<()>)>
[INFO] [stdout]                                at /opt/rustwide/cargo-home/registry/src/index.crates.io-1949cf8c6b5b557f/tokio-1.52.3/src/runtime/context/scoped.rs:40:9
[INFO] [stdout]   33:     0x5e2560589729 - tokio[3cae23e081335d20]::runtime::context::set_scheduler::<(alloc[55a36b64bcbf2c0d]::boxed::Box<tokio[3cae23e081335d20]::runtime::scheduler::current_thread::Core>, core[6883ba1bc0fe4ed1]::option::Option<()>), <tokio[3cae23e081335d20]::runtime::scheduler::current_thread::CoreGuard>::enter<<tokio[3cae23e081335d20]::runtime::scheduler::current_thread::CoreGuard>::block_on<core[6883ba1bc0fe4ed1]::pin::Pin<&mut core[6883ba1bc0fe4ed1]::pin::Pin<&mut dyn core[6883ba1bc0fe4ed1]::future::future::Future<Output = ()>>>>::{closure#0}, core[6883ba1bc0fe4ed1]::option::Option<()>>::{closure#0}>::{closure#0}
[INFO] [stdout]                                at /opt/rustwide/cargo-home/registry/src/index.crates.io-1949cf8c6b5b557f/tokio-1.52.3/src/runtime/context.rs:181:38
[INFO] [stdout]   34:     0x5e256052fe22 - <std[73adb7dc35730857]::thread::local::LocalKey<tokio[3cae23e081335d20]::runtime::context::Context>>::try_with::<tokio[3cae23e081335d20]::runtime::context::set_scheduler<(alloc[55a36b64bcbf2c0d]::boxed::Box<tokio[3cae23e081335d20]::runtime::scheduler::current_thread::Core>, core[6883ba1bc0fe4ed1]::option::Option<()>), <tokio[3cae23e081335d20]::runtime::scheduler::current_thread::CoreGuard>::enter<<tokio[3cae23e081335d20]::runtime::scheduler::current_thread::CoreGuard>::block_on<core[6883ba1bc0fe4ed1]::pin::Pin<&mut core[6883ba1bc0fe4ed1]::pin::Pin<&mut dyn core[6883ba1bc0fe4ed1]::future::future::Future<Output = ()>>>>::{closure#0}, core[6883ba1bc0fe4ed1]::option::Option<()>>::{closure#0}>::{closure#0}, (alloc[55a36b64bcbf2c0d]::boxed::Box<tokio[3cae23e081335d20]::runtime::scheduler::current_thread::Core>, core[6883ba1bc0fe4ed1]::option::Option<()>)>
[INFO] [stdout]                                at /rustc/6b3fa26749ab40e159b2dd5cf577acaaf5902772/library/std/src/thread/local.rs:463:12
[INFO] [stdout]   35:     0x5e256052f60e - <std[73adb7dc35730857]::thread::local::LocalKey<tokio[3cae23e081335d20]::runtime::context::Context>>::with::<tokio[3cae23e081335d20]::runtime::context::set_scheduler<(alloc[55a36b64bcbf2c0d]::boxed::Box<tokio[3cae23e081335d20]::runtime::scheduler::current_thread::Core>, core[6883ba1bc0fe4ed1]::option::Option<()>), <tokio[3cae23e081335d20]::runtime::scheduler::current_thread::CoreGuard>::enter<<tokio[3cae23e081335d20]::runtime::scheduler::current_thread::CoreGuard>::block_on<core[6883ba1bc0fe4ed1]::pin::Pin<&mut core[6883ba1bc0fe4ed1]::pin::Pin<&mut dyn core[6883ba1bc0fe4ed1]::future::future::Future<Output = ()>>>>::{closure#0}, core[6883ba1bc0fe4ed1]::option::Option<()>>::{closure#0}>::{closure#0}, (alloc[55a36b64bcbf2c0d]::boxed::Box<tokio[3cae23e081335d20]::runtime::scheduler::current_thread::Core>, core[6883ba1bc0fe4ed1]::option::Option<()>)>
[INFO] [stdout]                                at /rustc/6b3fa26749ab40e159b2dd5cf577acaaf5902772/library/std/src/thread/local.rs:427:20
[INFO] [stdout]   36:     0x5e2560584bbd - tokio[3cae23e081335d20]::runtime::context::set_scheduler::<(alloc[55a36b64bcbf2c0d]::boxed::Box<tokio[3cae23e081335d20]::runtime::scheduler::current_thread::Core>, core[6883ba1bc0fe4ed1]::option::Option<()>), <tokio[3cae23e081335d20]::runtime::scheduler::current_thread::CoreGuard>::enter<<tokio[3cae23e081335d20]::runtime::scheduler::current_thread::CoreGuard>::block_on<core[6883ba1bc0fe4ed1]::pin::Pin<&mut core[6883ba1bc0fe4ed1]::pin::Pin<&mut dyn core[6883ba1bc0fe4ed1]::future::future::Future<Output = ()>>>>::{closure#0}, core[6883ba1bc0fe4ed1]::option::Option<()>>::{closure#0}>
[INFO] [stdout]                                at /opt/rustwide/cargo-home/registry/src/index.crates.io-1949cf8c6b5b557f/tokio-1.52.3/src/runtime/context.rs:181:17
[INFO] [stdout]   37:     0x5e25604e3550 - <tokio[3cae23e081335d20]::runtime::scheduler::current_thread::CoreGuard>::enter::<<tokio[3cae23e081335d20]::runtime::scheduler::current_thread::CoreGuard>::block_on<core[6883ba1bc0fe4ed1]::pin::Pin<&mut core[6883ba1bc0fe4ed1]::pin::Pin<&mut dyn core[6883ba1bc0fe4ed1]::future::future::Future<Output = ()>>>>::{closure#0}, core[6883ba1bc0fe4ed1]::option::Option<()>>
[INFO] [stdout]                                at /opt/rustwide/cargo-home/registry/src/index.crates.io-1949cf8c6b5b557f/tokio-1.52.3/src/runtime/scheduler/current_thread/mod.rs:865:27
[INFO] [stdout]   38:     0x5e25604e3ce6 - <tokio[3cae23e081335d20]::runtime::scheduler::current_thread::CoreGuard>::block_on::<core[6883ba1bc0fe4ed1]::pin::Pin<&mut core[6883ba1bc0fe4ed1]::pin::Pin<&mut dyn core[6883ba1bc0fe4ed1]::future::future::Future<Output = ()>>>>
[INFO] [stdout]                                at /opt/rustwide/cargo-home/registry/src/index.crates.io-1949cf8c6b5b557f/tokio-1.52.3/src/runtime/scheduler/current_thread/mod.rs:765:24
[INFO] [stdout]   39:     0x5e25604e7e90 - <tokio[3cae23e081335d20]::runtime::scheduler::current_thread::CurrentThread>::block_on::<core[6883ba1bc0fe4ed1]::pin::Pin<&mut dyn core[6883ba1bc0fe4ed1]::future::future::Future<Output = ()>>>::{closure#0}
[INFO] [stdout]                                at /opt/rustwide/cargo-home/registry/src/index.crates.io-1949cf8c6b5b557f/tokio-1.52.3/src/runtime/scheduler/current_thread/mod.rs:205:33
[INFO] [stdout]   40:     0x5e25604ce503 - tokio[3cae23e081335d20]::runtime::context::runtime::enter_runtime::<<tokio[3cae23e081335d20]::runtime::scheduler::current_thread::CurrentThread>::block_on<core[6883ba1bc0fe4ed1]::pin::Pin<&mut dyn core[6883ba1bc0fe4ed1]::future::future::Future<Output = ()>>>::{closure#0}, ()>
[INFO] [stdout]                                at /opt/rustwide/cargo-home/registry/src/index.crates.io-1949cf8c6b5b557f/tokio-1.52.3/src/runtime/context/runtime.rs:65:16
[INFO] [stdout]   41:     0x5e25604df4e1 - <tokio[3cae23e081335d20]::runtime::scheduler::current_thread::CurrentThread>::block_on::<core[6883ba1bc0fe4ed1]::pin::Pin<&mut dyn core[6883ba1bc0fe4ed1]::future::future::Future<Output = ()>>>
[INFO] [stdout]                                at /opt/rustwide/cargo-home/registry/src/index.crates.io-1949cf8c6b5b557f/tokio-1.52.3/src/runtime/scheduler/current_thread/mod.rs:193:9
[INFO] [stdout]   42:     0x5e25604cd134 - <tokio[3cae23e081335d20]::runtime::runtime::Runtime>::block_on_inner::<core[6883ba1bc0fe4ed1]::pin::Pin<&mut dyn core[6883ba1bc0fe4ed1]::future::future::Future<Output = ()>>>
[INFO] [stdout]                                at /opt/rustwide/cargo-home/registry/src/index.crates.io-1949cf8c6b5b557f/tokio-1.52.3/src/runtime/runtime.rs:371:52
[INFO] [stdout]   43:     0x5e25604cd4af - <tokio[3cae23e081335d20]::runtime::runtime::Runtime>::block_on::<core[6883ba1bc0fe4ed1]::pin::Pin<&mut dyn core[6883ba1bc0fe4ed1]::future::future::Future<Output = ()>>>
[INFO] [stdout]                                at /opt/rustwide/cargo-home/registry/src/index.crates.io-1949cf8c6b5b557f/tokio-1.52.3/src/runtime/runtime.rs:345:18
[INFO] [stdout]   44:     0x5e25604dcd4e - integration_test[a33e3c39bad5ed7]::test_buy_success
[INFO] [stdout]                                at /opt/rustwide/workdir/crates/portfolio-service/tests/integration_test.rs:195:34
[INFO] [stdout]   45:     0x5e25604d3e67 - integration_test[a33e3c39bad5ed7]::test_buy_success::{closure#0}
[INFO] [stdout]                                at /opt/rustwide/workdir/crates/portfolio-service/tests/integration_test.rs:151:28
[INFO] [stdout]   46:     0x5e25604c25f6 - <integration_test[a33e3c39bad5ed7]::test_buy_success::{closure#0} as core[6883ba1bc0fe4ed1]::ops::function::FnOnce<()>>::call_once
[INFO] [stdout]                                at /rustc/6b3fa26749ab40e159b2dd5cf577acaaf5902772/library/core/src/ops/function.rs:250:5
[INFO] [stdout]   47:     0x5e25609b81ab - <fn() -> core[6883ba1bc0fe4ed1]::result::Result<(), alloc[55a36b64bcbf2c0d]::string::String> as core[6883ba1bc0fe4ed1]::ops::function::FnOnce<()>>::call_once
[INFO] [stdout]                                at /rustc/6b3fa26749ab40e159b2dd5cf577acaaf5902772/library/core/src/ops/function.rs:250:5
[INFO] [stdout]   48:     0x5e25609b81ab - test[980ffaebd391d06d]::__rust_begin_short_backtrace::<core[6883ba1bc0fe4ed1]::result::Result<(), alloc[55a36b64bcbf2c0d]::string::String>, fn() -> core[6883ba1bc0fe4ed1]::result::Result<(), alloc[55a36b64bcbf2c0d]::string::String>>
[INFO] [stdout]                                at /rustc/6b3fa26749ab40e159b2dd5cf577acaaf5902772/library/test/src/lib.rs:724:18
[INFO] [stdout]   49:     0x5e25609c57f5 - test[980ffaebd391d06d]::run_test_in_process::{closure#0}
[INFO] [stdout]                                at /rustc/6b3fa26749ab40e159b2dd5cf577acaaf5902772/library/test/src/lib.rs:747:74
[INFO] [stdout]   50:     0x5e25609c57f5 - <core[6883ba1bc0fe4ed1]::panic::unwind_safe::AssertUnwindSafe<test[980ffaebd391d06d]::run_test_in_process::{closure#0}> as core[6883ba1bc0fe4ed1]::ops::function::FnOnce<()>>::call_once
[INFO] [stdout]                                at /rustc/6b3fa26749ab40e159b2dd5cf577acaaf5902772/library/core/src/panic/unwind_safe.rs:275:9
[INFO] [stdout]   51:     0x5e25609c57f5 - std[73adb7dc35730857]::panicking::catch_unwind::do_call::<core[6883ba1bc0fe4ed1]::panic::unwind_safe::AssertUnwindSafe<test[980ffaebd391d06d]::run_test_in_process::{closure#0}>, core[6883ba1bc0fe4ed1]::result::Result<(), alloc[55a36b64bcbf2c0d]::string::String>>
[INFO] [stdout]                                at /rustc/6b3fa26749ab40e159b2dd5cf577acaaf5902772/library/std/src/panicking.rs:576:43
[INFO] [stdout]   52:     0x5e25609c57f5 - std[73adb7dc35730857]::panicking::catch_unwind::<core[6883ba1bc0fe4ed1]::result::Result<(), alloc[55a36b64bcbf2c0d]::string::String>, core[6883ba1bc0fe4ed1]::panic::unwind_safe::AssertUnwindSafe<test[980ffaebd391d06d]::run_test_in_process::{closure#0}>>
[INFO] [stdout]                                at /rustc/6b3fa26749ab40e159b2dd5cf577acaaf5902772/library/std/src/panicking.rs:544:19
[INFO] [stdout]   53:     0x5e25609c57f5 - std[73adb7dc35730857]::panic::catch_unwind::<core[6883ba1bc0fe4ed1]::panic::unwind_safe::AssertUnwindSafe<test[980ffaebd391d06d]::run_test_in_process::{closure#0}>, core[6883ba1bc0fe4ed1]::result::Result<(), alloc[55a36b64bcbf2c0d]::string::String>>
[INFO] [stdout]                                at /rustc/6b3fa26749ab40e159b2dd5cf577acaaf5902772/library/std/src/panic.rs:359:14
[INFO] [stdout]   54:     0x5e25609c57f5 - test[980ffaebd391d06d]::run_test_in_process
[INFO] [stdout]                                at /rustc/6b3fa26749ab40e159b2dd5cf577acaaf5902772/library/test/src/lib.rs:747:27
[INFO] [stdout]   55:     0x5e25609c57f5 - test[980ffaebd391d06d]::run_test::{closure#0}
[INFO] [stdout]                                at /rustc/6b3fa26749ab40e159b2dd5cf577acaaf5902772/library/test/src/lib.rs:668:43
[INFO] [stdout]   56:     0x5e25609c02a4 - test[980ffaebd391d06d]::run_test::{closure#1}
[INFO] [stdout]                                at /rustc/6b3fa26749ab40e159b2dd5cf577acaaf5902772/library/test/src/lib.rs:698:41
[INFO] [stdout]   57:     0x5e25609c02a4 - std[73adb7dc35730857]::sys::backtrace::__rust_begin_short_backtrace::<test[980ffaebd391d06d]::run_test::{closure#1}, ()>
[INFO] [stdout]                                at /rustc/6b3fa26749ab40e159b2dd5cf577acaaf5902772/library/std/src/sys/backtrace.rs:166:18
[INFO] [stdout]   58:     0x5e25609c8942 - std[73adb7dc35730857]::thread::lifecycle::spawn_unchecked::<test[980ffaebd391d06d]::run_test::{closure#1}, ()>::{closure#1}::{closure#0}
[INFO] [stdout]                                at /rustc/6b3fa26749ab40e159b2dd5cf577acaaf5902772/library/std/src/thread/lifecycle.rs:70:13
[INFO] [stdout]   59:     0x5e25609c8942 - <core[6883ba1bc0fe4ed1]::panic::unwind_safe::AssertUnwindSafe<std[73adb7dc35730857]::thread::lifecycle::spawn_unchecked<test[980ffaebd391d06d]::run_test::{closure#1}, ()>::{closure#1}::{closure#0}> as core[6883ba1bc0fe4ed1]::ops::function::FnOnce<()>>::call_once
[INFO] [stdout]                                at /rustc/6b3fa26749ab40e159b2dd5cf577acaaf5902772/library/core/src/panic/unwind_safe.rs:275:9
[INFO] [stdout]   60:     0x5e25609c8942 - std[73adb7dc35730857]::panicking::catch_unwind::do_call::<core[6883ba1bc0fe4ed1]::panic::unwind_safe::AssertUnwindSafe<std[73adb7dc35730857]::thread::lifecycle::spawn_unchecked<test[980ffaebd391d06d]::run_test::{closure#1}, ()>::{closure#1}::{closure#0}>, ()>
[INFO] [stdout]                                at /rustc/6b3fa26749ab40e159b2dd5cf577acaaf5902772/library/std/src/panicking.rs:576:43
[INFO] [stdout]   61:     0x5e25609c8942 - std[73adb7dc35730857]::panicking::catch_unwind::<(), core[6883ba1bc0fe4ed1]::panic::unwind_safe::AssertUnwindSafe<std[73adb7dc35730857]::thread::lifecycle::spawn_unchecked<test[980ffaebd391d06d]::run_test::{closure#1}, ()>::{closure#1}::{closure#0}>>
[INFO] [stdout]                                at /rustc/6b3fa26749ab40e159b2dd5cf577acaaf5902772/library/std/src/panicking.rs:544:19
[INFO] [stdout]   62:     0x5e25609c8942 - std[73adb7dc35730857]::panic::catch_unwind::<core[6883ba1bc0fe4ed1]::panic::unwind_safe::AssertUnwindSafe<std[73adb7dc35730857]::thread::lifecycle::spawn_unchecked<test[980ffaebd391d06d]::run_test::{closure#1}, ()>::{closure#1}::{closure#0}>, ()>
[INFO] [stdout]                                at /rustc/6b3fa26749ab40e159b2dd5cf577acaaf5902772/library/std/src/panic.rs:359:14
[INFO] [stdout]   63:     0x5e25609c8942 - std[73adb7dc35730857]::thread::lifecycle::spawn_unchecked::<test[980ffaebd391d06d]::run_test::{closure#1}, ()>::{closure#1}
[INFO] [stdout]                                at /rustc/6b3fa26749ab40e159b2dd5cf577acaaf5902772/library/std/src/thread/lifecycle.rs:68:26
[INFO] [stdout]   64:     0x5e25609c8942 - <std[73adb7dc35730857]::thread::lifecycle::spawn_unchecked<test[980ffaebd391d06d]::run_test::{closure#1}, ()>::{closure#1} as core[6883ba1bc0fe4ed1]::ops::function::FnOnce<()>>::call_once::{shim:vtable#0}
[INFO] [stdout]                                at /rustc/6b3fa26749ab40e159b2dd5cf577acaaf5902772/library/core/src/ops/function.rs:250:5
[INFO] [stdout]   65:     0x5e2560f5efff - <alloc[55a36b64bcbf2c0d]::boxed::Box<dyn core[6883ba1bc0fe4ed1]::ops::function::FnOnce<(), Output = ()> + core[6883ba1bc0fe4ed1]::marker::Send> as core[6883ba1bc0fe4ed1]::ops::function::FnOnce<()>>::call_once
[INFO] [stdout]                                at /rustc/6b3fa26749ab40e159b2dd5cf577acaaf5902772/library/alloc/src/boxed.rs:2319:9
[INFO] [stdout]   66:     0x5e2560f5efff - <std[73adb7dc35730857]::sys::thread::unix::Thread>::new::thread_start
[INFO] [stdout]                                at /rustc/6b3fa26749ab40e159b2dd5cf577acaaf5902772/library/std/src/sys/thread/unix.rs:123:17
[INFO] [stdout]   67:     0x75549b721aa4 - <unknown>
[INFO] [stdout]   68:     0x75549b7aea64 - clone
[INFO] [stdout]   69:                0x0 - <unknown>
[INFO] [stdout] 
[INFO] [stdout] ---- test_sell_success stdout ----
[INFO] [stdout] 
[INFO] [stdout] thread 'test_sell_success' (4371) panicked at crates/portfolio-service/tests/integration_test.rs:46:10:
[INFO] [stdout] Connect to test DB: PoolTimedOut
[INFO] [stdout] stack backtrace:
[INFO] [stdout]    0:     0x5e2560f5fd71 - std[73adb7dc35730857]::backtrace_rs::backtrace::libunwind::trace
[INFO] [stdout]                                at /rustc/6b3fa26749ab40e159b2dd5cf577acaaf5902772/library/std/src/../../backtrace/src/backtrace/libunwind.rs:117:9
[INFO] [stdout]    1:     0x5e2560f5fd71 - std[73adb7dc35730857]::backtrace_rs::backtrace::trace_unsynchronized::<std[73adb7dc35730857]::sys::backtrace::_print_fmt::{closure#1}>
[INFO] [stdout]                                at /rustc/6b3fa26749ab40e159b2dd5cf577acaaf5902772/library/std/src/../../backtrace/src/backtrace/mod.rs:66:14
[INFO] [stdout]    2:     0x5e2560f5fd71 - std[73adb7dc35730857]::sys::backtrace::_print_fmt
[INFO] [stdout]                                at /rustc/6b3fa26749ab40e159b2dd5cf577acaaf5902772/library/std/src/sys/backtrace.rs:74:9
[INFO] [stdout]    3:     0x5e2560f5fd71 - <<std[73adb7dc35730857]::sys::backtrace::BacktraceLock>::print::DisplayBacktrace as core[6883ba1bc0fe4ed1]::fmt::Display>::fmt
[INFO] [stdout]                                at /rustc/6b3fa26749ab40e159b2dd5cf577acaaf5902772/library/std/src/sys/backtrace.rs:44:26
[INFO] [stdout]    4:     0x5e2560f78c0a - <core[6883ba1bc0fe4ed1]::fmt::rt::Argument>::fmt
[INFO] [stdout]                                at /rustc/6b3fa26749ab40e159b2dd5cf577acaaf5902772/library/core/src/fmt/rt.rs:152:76
[INFO] [stdout]    5:     0x5e2560f78c0a - core[6883ba1bc0fe4ed1]::fmt::write
[INFO] [stdout]    6:     0x5e2560f64fec - std[73adb7dc35730857]::io::default_write_fmt::<alloc[55a36b64bcbf2c0d]::vec::Vec<u8>>
[INFO] [stdout]                                at /rustc/6b3fa26749ab40e159b2dd5cf577acaaf5902772/library/std/src/io/mod.rs:626:11
[INFO] [stdout]    7:     0x5e2560f64fec - <alloc[55a36b64bcbf2c0d]::vec::Vec<u8> as std[73adb7dc35730857]::io::Write>::write_fmt
[INFO] [stdout]                                at /rustc/6b3fa26749ab40e159b2dd5cf577acaaf5902772/library/std/src/io/mod.rs:1730:13
[INFO] [stdout]    8:     0x5e2560f3c046 - <std[73adb7dc35730857]::sys::backtrace::BacktraceLock>::print
[INFO] [stdout]                                at /rustc/6b3fa26749ab40e159b2dd5cf577acaaf5902772/library/std/src/sys/backtrace.rs:47:9
[INFO] [stdout]    9:     0x5e2560f3c046 - std[73adb7dc35730857]::panicking::default_hook::{closure#0}
[INFO] [stdout]                                at /rustc/6b3fa26749ab40e159b2dd5cf577acaaf5902772/library/std/src/panicking.rs:292:27
[INFO] [stdout]   10:     0x5e2560f571a9 - std[73adb7dc35730857]::panicking::default_hook
[INFO] [stdout]                                at /rustc/6b3fa26749ab40e159b2dd5cf577acaaf5902772/library/std/src/panicking.rs:316:9
[INFO] [stdout]   11:     0x5e25609c4e70 - <alloc[55a36b64bcbf2c0d]::boxed::Box<dyn for<'a, 'b> core[6883ba1bc0fe4ed1]::ops::function::Fn<(&'a std[73adb7dc35730857]::panic::PanicHookInfo<'b>,), Output = ()> + core[6883ba1bc0fe4ed1]::marker::Send + core[6883ba1bc0fe4ed1]::marker::Sync> as core[6883ba1bc0fe4ed1]::ops::function::Fn<(&std[73adb7dc35730857]::panic::PanicHookInfo,)>>::call
[INFO] [stdout]                                at /rustc/6b3fa26749ab40e159b2dd5cf577acaaf5902772/library/alloc/src/boxed.rs:2333:9
[INFO] [stdout]   12:     0x5e25609c4e70 - test[980ffaebd391d06d]::test_main_inner::<test[980ffaebd391d06d]::test_main_static::{closure#0}>::{closure#0}
[INFO] [stdout]                                at /rustc/6b3fa26749ab40e159b2dd5cf577acaaf5902772/library/test/src/lib.rs:155:21
[INFO] [stdout]   13:     0x5e2560f574d2 - <alloc[55a36b64bcbf2c0d]::boxed::Box<dyn for<'a, 'b> core[6883ba1bc0fe4ed1]::ops::function::Fn<(&'a std[73adb7dc35730857]::panic::PanicHookInfo<'b>,), Output = ()> + core[6883ba1bc0fe4ed1]::marker::Send + core[6883ba1bc0fe4ed1]::marker::Sync> as core[6883ba1bc0fe4ed1]::ops::function::Fn<(&std[73adb7dc35730857]::panic::PanicHookInfo,)>>::call
[INFO] [stdout]                                at /rustc/6b3fa26749ab40e159b2dd5cf577acaaf5902772/library/alloc/src/boxed.rs:2333:9
[INFO] [stdout]   14:     0x5e2560f574d2 - std[73adb7dc35730857]::panicking::panic_with_hook
[INFO] [stdout]                                at /rustc/6b3fa26749ab40e159b2dd5cf577acaaf5902772/library/std/src/panicking.rs:823:13
[INFO] [stdout]   15:     0x5e2560f3c0f2 - std[73adb7dc35730857]::panicking::panic_handler::{closure#0}
[INFO] [stdout]                                at /rustc/6b3fa26749ab40e159b2dd5cf577acaaf5902772/library/std/src/panicking.rs:688:13
[INFO] [stdout]   16:     0x5e2560f33699 - std[73adb7dc35730857]::sys::backtrace::__rust_end_short_backtrace::<std[73adb7dc35730857]::panicking::panic_handler::{closure#0}, !>
[INFO] [stdout]                                at /rustc/6b3fa26749ab40e159b2dd5cf577acaaf5902772/library/std/src/sys/backtrace.rs:182:18
[INFO] [stdout]   17:     0x5e2560f3cf7d - __rustc[a7b7b02e776dd976]::rust_begin_unwind
[INFO] [stdout]                                at /rustc/6b3fa26749ab40e159b2dd5cf577acaaf5902772/library/std/src/panicking.rs:679:5
[INFO] [stdout]   18:     0x5e2560f7943c - core[6883ba1bc0fe4ed1]::panicking::panic_fmt
[INFO] [stdout]                                at /rustc/6b3fa26749ab40e159b2dd5cf577acaaf5902772/library/core/src/panicking.rs:80:14
[INFO] [stdout]   19:     0x5e2560f79182 - core[6883ba1bc0fe4ed1]::result::unwrap_failed
[INFO] [stdout]                                at /rustc/6b3fa26749ab40e159b2dd5cf577acaaf5902772/library/core/src/result.rs:1870:5
[INFO] [stdout]   20:     0x5e25605171aa - <core[6883ba1bc0fe4ed1]::result::Result<sqlx_core[5a68f7b38b8c6251]::pool::Pool<sqlx_postgres[f6ffa8ea015f69c7]::database::Postgres>, sqlx_core[5a68f7b38b8c6251]::error::Error>>::expect
[INFO] [stdout]                                at /rustc/6b3fa26749ab40e159b2dd5cf577acaaf5902772/library/core/src/result.rs:1183:23
[INFO] [stdout]   21:     0x5e25604d54fe - integration_test[a33e3c39bad5ed7]::test_pool::{closure#0}
[INFO] [stdout]                                at /opt/rustwide/workdir/crates/portfolio-service/tests/integration_test.rs:46:10
[INFO] [stdout]   22:     0x5e25604d76c1 - integration_test[a33e3c39bad5ed7]::test_sell_success::{closure#0}
[INFO] [stdout]                                at /opt/rustwide/workdir/crates/portfolio-service/tests/integration_test.rs:225:28
[INFO] [stdout]   23:     0x5e25605469a2 - <core[6883ba1bc0fe4ed1]::pin::Pin<&mut dyn core[6883ba1bc0fe4ed1]::future::future::Future<Output = ()>> as core[6883ba1bc0fe4ed1]::future::future::Future>::poll
[INFO] [stdout]                                at /rustc/6b3fa26749ab40e159b2dd5cf577acaaf5902772/library/core/src/future/future.rs:133:9
[INFO] [stdout]   24:     0x5e2560546a5d - <core[6883ba1bc0fe4ed1]::pin::Pin<&mut core[6883ba1bc0fe4ed1]::pin::Pin<&mut dyn core[6883ba1bc0fe4ed1]::future::future::Future<Output = ()>>> as core[6883ba1bc0fe4ed1]::future::future::Future>::poll
[INFO] [stdout]                                at /rustc/6b3fa26749ab40e159b2dd5cf577acaaf5902772/library/core/src/future/future.rs:133:9
[INFO] [stdout]   25:     0x5e25604ec0bd - <tokio[3cae23e081335d20]::runtime::scheduler::current_thread::CoreGuard>::block_on::<core[6883ba1bc0fe4ed1]::pin::Pin<&mut core[6883ba1bc0fe4ed1]::pin::Pin<&mut dyn core[6883ba1bc0fe4ed1]::future::future::Future<Output = ()>>>>::{closure#0}::{closure#0}::{closure#0}
[INFO] [stdout]                                at /opt/rustwide/cargo-home/registry/src/index.crates.io-1949cf8c6b5b557f/tokio-1.52.3/src/runtime/scheduler/current_thread/mod.rs:778:70
[INFO] [stdout]   26:     0x5e25604ebddb - tokio[3cae23e081335d20]::task::coop::with_budget::<core[6883ba1bc0fe4ed1]::task::poll::Poll<()>, <tokio[3cae23e081335d20]::runtime::scheduler::current_thread::CoreGuard>::block_on<core[6883ba1bc0fe4ed1]::pin::Pin<&mut core[6883ba1bc0fe4ed1]::pin::Pin<&mut dyn core[6883ba1bc0fe4ed1]::future::future::Future<Output = ()>>>>::{closure#0}::{closure#0}::{closure#0}>
[INFO] [stdout]                                at /opt/rustwide/cargo-home/registry/src/index.crates.io-1949cf8c6b5b557f/tokio-1.52.3/src/task/coop/mod.rs:167:5
[INFO] [stdout]   27:     0x5e25604ebddb - tokio[3cae23e081335d20]::task::coop::budget::<core[6883ba1bc0fe4ed1]::task::poll::Poll<()>, <tokio[3cae23e081335d20]::runtime::scheduler::current_thread::CoreGuard>::block_on<core[6883ba1bc0fe4ed1]::pin::Pin<&mut core[6883ba1bc0fe4ed1]::pin::Pin<&mut dyn core[6883ba1bc0fe4ed1]::future::future::Future<Output = ()>>>>::{closure#0}::{closure#0}::{closure#0}>
[INFO] [stdout]                                at /opt/rustwide/cargo-home/registry/src/index.crates.io-1949cf8c6b5b557f/tokio-1.52.3/src/task/coop/mod.rs:133:5
[INFO] [stdout]   28:     0x5e25604ebddb - <tokio[3cae23e081335d20]::runtime::scheduler::current_thread::CoreGuard>::block_on::<core[6883ba1bc0fe4ed1]::pin::Pin<&mut core[6883ba1bc0fe4ed1]::pin::Pin<&mut dyn core[6883ba1bc0fe4ed1]::future::future::Future<Output = ()>>>>::{closure#0}::{closure#0}
[INFO] [stdout]                                at /opt/rustwide/cargo-home/registry/src/index.crates.io-1949cf8c6b5b557f/tokio-1.52.3/src/runtime/scheduler/current_thread/mod.rs:778:25
[INFO] [stdout]   29:     0x5e25604e04b0 - <tokio[3cae23e081335d20]::runtime::scheduler::current_thread::Context>::enter::<core[6883ba1bc0fe4ed1]::task::poll::Poll<()>, <tokio[3cae23e081335d20]::runtime::scheduler::current_thread::CoreGuard>::block_on<core[6883ba1bc0fe4ed1]::pin::Pin<&mut core[6883ba1bc0fe4ed1]::pin::Pin<&mut dyn core[6883ba1bc0fe4ed1]::future::future::Future<Output = ()>>>>::{closure#0}::{closure#0}>
[INFO] [stdout]                                at /opt/rustwide/cargo-home/registry/src/index.crates.io-1949cf8c6b5b557f/tokio-1.52.3/src/runtime/scheduler/current_thread/mod.rs:451:19
[INFO] [stdout]   30:     0x5e25604ea0ed - <tokio[3cae23e081335d20]::runtime::scheduler::current_thread::CoreGuard>::block_on::<core[6883ba1bc0fe4ed1]::pin::Pin<&mut core[6883ba1bc0fe4ed1]::pin::Pin<&mut dyn core[6883ba1bc0fe4ed1]::future::future::Future<Output = ()>>>>::{closure#0}
[INFO] [stdout]                                at /opt/rustwide/cargo-home/registry/src/index.crates.io-1949cf8c6b5b557f/tokio-1.52.3/src/runtime/scheduler/current_thread/mod.rs:777:44
[INFO] [stdout]   31:     0x5e25604e8894 - <tokio[3cae23e081335d20]::runtime::scheduler::current_thread::CoreGuard>::enter::<<tokio[3cae23e081335d20]::runtime::scheduler::current_thread::CoreGuard>::block_on<core[6883ba1bc0fe4ed1]::pin::Pin<&mut core[6883ba1bc0fe4ed1]::pin::Pin<&mut dyn core[6883ba1bc0fe4ed1]::future::future::Future<Output = ()>>>>::{closure#0}, core[6883ba1bc0fe4ed1]::option::Option<()>>::{closure#0}
[INFO] [stdout]                                at /opt/rustwide/cargo-home/registry/src/index.crates.io-1949cf8c6b5b557f/tokio-1.52.3/src/runtime/scheduler/current_thread/mod.rs:865:68
[INFO] [stdout]   32:     0x5e2560520e0b - <tokio[3cae23e081335d20]::runtime::context::scoped::Scoped<tokio[3cae23e081335d20]::runtime::scheduler::Context>>::set::<<tokio[3cae23e081335d20]::runtime::scheduler::current_thread::CoreGuard>::enter<<tokio[3cae23e081335d20]::runtime::scheduler::current_thread::CoreGuard>::block_on<core[6883ba1bc0fe4ed1]::pin::Pin<&mut core[6883ba1bc0fe4ed1]::pin::Pin<&mut dyn core[6883ba1bc0fe4ed1]::future::future::Future<Output = ()>>>>::{closure#0}, core[6883ba1bc0fe4ed1]::option::Option<()>>::{closure#0}, (alloc[55a36b64bcbf2c0d]::boxed::Box<tokio[3cae23e081335d20]::runtime::scheduler::current_thread::Core>, core[6883ba1bc0fe4ed1]::option::Option<()>)>
[INFO] [stdout]                                at /opt/rustwide/cargo-home/registry/src/index.crates.io-1949cf8c6b5b557f/tokio-1.52.3/src/runtime/context/scoped.rs:40:9
[INFO] [stdout]   33:     0x5e2560589729 - tokio[3cae23e081335d20]::runtime::context::set_scheduler::<(alloc[55a36b64bcbf2c0d]::boxed::Box<tokio[3cae23e081335d20]::runtime::scheduler::current_thread::Core>, core[6883ba1bc0fe4ed1]::option::Option<()>), <tokio[3cae23e081335d20]::runtime::scheduler::current_thread::CoreGuard>::enter<<tokio[3cae23e081335d20]::runtime::scheduler::current_thread::CoreGuard>::block_on<core[6883ba1bc0fe4ed1]::pin::Pin<&mut core[6883ba1bc0fe4ed1]::pin::Pin<&mut dyn core[6883ba1bc0fe4ed1]::future::future::Future<Output = ()>>>>::{closure#0}, core[6883ba1bc0fe4ed1]::option::Option<()>>::{closure#0}>::{closure#0}
[INFO] [stdout]                                at /opt/rustwide/cargo-home/registry/src/index.crates.io-1949cf8c6b5b557f/tokio-1.52.3/src/runtime/context.rs:181:38
[INFO] [stdout]   34:     0x5e256052fe22 - <std[73adb7dc35730857]::thread::local::LocalKey<tokio[3cae23e081335d20]::runtime::context::Context>>::try_with::<tokio[3cae23e081335d20]::runtime::context::set_scheduler<(alloc[55a36b64bcbf2c0d]::boxed::Box<tokio[3cae23e081335d20]::runtime::scheduler::current_thread::Core>, core[6883ba1bc0fe4ed1]::option::Option<()>), <tokio[3cae23e081335d20]::runtime::scheduler::current_thread::CoreGuard>::enter<<tokio[3cae23e081335d20]::runtime::scheduler::current_thread::CoreGuard>::block_on<core[6883ba1bc0fe4ed1]::pin::Pin<&mut core[6883ba1bc0fe4ed1]::pin::Pin<&mut dyn core[6883ba1bc0fe4ed1]::future::future::Future<Output = ()>>>>::{closure#0}, core[6883ba1bc0fe4ed1]::option::Option<()>>::{closure#0}>::{closure#0}, (alloc[55a36b64bcbf2c0d]::boxed::Box<tokio[3cae23e081335d20]::runtime::scheduler::current_thread::Core>, core[6883ba1bc0fe4ed1]::option::Option<()>)>
[INFO] [stdout]                                at /rustc/6b3fa26749ab40e159b2dd5cf577acaaf5902772/library/std/src/thread/local.rs:463:12
[INFO] [stdout]   35:     0x5e256052f60e - <std[73adb7dc35730857]::thread::local::LocalKey<tokio[3cae23e081335d20]::runtime::context::Context>>::with::<tokio[3cae23e081335d20]::runtime::context::set_scheduler<(alloc[55a36b64bcbf2c0d]::boxed::Box<tokio[3cae23e081335d20]::runtime::scheduler::current_thread::Core>, core[6883ba1bc0fe4ed1]::option::Option<()>), <tokio[3cae23e081335d20]::runtime::scheduler::current_thread::CoreGuard>::enter<<tokio[3cae23e081335d20]::runtime::scheduler::current_thread::CoreGuard>::block_on<core[6883ba1bc0fe4ed1]::pin::Pin<&mut core[6883ba1bc0fe4ed1]::pin::Pin<&mut dyn core[6883ba1bc0fe4ed1]::future::future::Future<Output = ()>>>>::{closure#0}, core[6883ba1bc0fe4ed1]::option::Option<()>>::{closure#0}>::{closure#0}, (alloc[55a36b64bcbf2c0d]::boxed::Box<tokio[3cae23e081335d20]::runtime::scheduler::current_thread::Core>, core[6883ba1bc0fe4ed1]::option::Option<()>)>
[INFO] [stdout]                                at /rustc/6b3fa26749ab40e159b2dd5cf577acaaf5902772/library/std/src/thread/local.rs:427:20
[INFO] [stdout]   36:     0x5e2560584bbd - tokio[3cae23e081335d20]::runtime::context::set_scheduler::<(alloc[55a36b64bcbf2c0d]::boxed::Box<tokio[3cae23e081335d20]::runtime::scheduler::current_thread::Core>, core[6883ba1bc0fe4ed1]::option::Option<()>), <tokio[3cae23e081335d20]::runtime::scheduler::current_thread::CoreGuard>::enter<<tokio[3cae23e081335d20]::runtime::scheduler::current_thread::CoreGuard>::block_on<core[6883ba1bc0fe4ed1]::pin::Pin<&mut core[6883ba1bc0fe4ed1]::pin::Pin<&mut dyn core[6883ba1bc0fe4ed1]::future::future::Future<Output = ()>>>>::{closure#0}, core[6883ba1bc0fe4ed1]::option::Option<()>>::{closure#0}>
[INFO] [stdout]                                at /opt/rustwide/cargo-home/registry/src/index.crates.io-1949cf8c6b5b557f/tokio-1.52.3/src/runtime/context.rs:181:17
[INFO] [stdout]   37:     0x5e25604e3550 - <tokio[3cae23e081335d20]::runtime::scheduler::current_thread::CoreGuard>::enter::<<tokio[3cae23e081335d20]::runtime::scheduler::current_thread::CoreGuard>::block_on<core[6883ba1bc0fe4ed1]::pin::Pin<&mut core[6883ba1bc0fe4ed1]::pin::Pin<&mut dyn core[6883ba1bc0fe4ed1]::future::future::Future<Output = ()>>>>::{closure#0}, core[6883ba1bc0fe4ed1]::option::Option<()>>
[INFO] [stdout]                                at /opt/rustwide/cargo-home/registry/src/index.crates.io-1949cf8c6b5b557f/tokio-1.52.3/src/runtime/scheduler/current_thread/mod.rs:865:27
[INFO] [stdout]   38:     0x5e25604e3ce6 - <tokio[3cae23e081335d20]::runtime::scheduler::current_thread::CoreGuard>::block_on::<core[6883ba1bc0fe4ed1]::pin::Pin<&mut core[6883ba1bc0fe4ed1]::pin::Pin<&mut dyn core[6883ba1bc0fe4ed1]::future::future::Future<Output = ()>>>>
[INFO] [stdout]                                at /opt/rustwide/cargo-home/registry/src/index.crates.io-1949cf8c6b5b557f/tokio-1.52.3/src/runtime/scheduler/current_thread/mod.rs:765:24
[INFO] [stdout]   39:     0x5e25604e7e90 - <tokio[3cae23e081335d20]::runtime::scheduler::current_thread::CurrentThread>::block_on::<core[6883ba1bc0fe4ed1]::pin::Pin<&mut dyn core[6883ba1bc0fe4ed1]::future::future::Future<Output = ()>>>::{closure#0}
[INFO] [stdout]                                at /opt/rustwide/cargo-home/registry/src/index.crates.io-1949cf8c6b5b557f/tokio-1.52.3/src/runtime/scheduler/current_thread/mod.rs:205:33
[INFO] [stdout]   40:     0x5e25604ce503 - tokio[3cae23e081335d20]::runtime::context::runtime::enter_runtime::<<tokio[3cae23e081335d20]::runtime::scheduler::current_thread::CurrentThread>::block_on<core[6883ba1bc0fe4ed1]::pin::Pin<&mut dyn core[6883ba1bc0fe4ed1]::future::future::Future<Output = ()>>>::{closure#0}, ()>
[INFO] [stdout]                                at /opt/rustwide/cargo-home/registry/src/index.crates.io-1949cf8c6b5b557f/tokio-1.52.3/src/runtime/context/runtime.rs:65:16
[INFO] [stdout]   41:     0x5e25604df4e1 - <tokio[3cae23e081335d20]::runtime::scheduler::current_thread::CurrentThread>::block_on::<core[6883ba1bc0fe4ed1]::pin::Pin<&mut dyn core[6883ba1bc0fe4ed1]::future::future::Future<Output = ()>>>
[INFO] [stdout]                                at /opt/rustwide/cargo-home/registry/src/index.crates.io-1949cf8c6b5b557f/tokio-1.52.3/src/runtime/scheduler/current_thread/mod.rs:193:9
[INFO] [stdout]   42:     0x5e25604cd134 - <tokio[3cae23e081335d20]::runtime::runtime::Runtime>::block_on_inner::<core[6883ba1bc0fe4ed1]::pin::Pin<&mut dyn core[6883ba1bc0fe4ed1]::future::future::Future<Output = ()>>>
[INFO] [stdout]                                at /opt/rustwide/cargo-home/registry/src/index.crates.io-1949cf8c6b5b557f/tokio-1.52.3/src/runtime/runtime.rs:371:52
[INFO] [stdout]   43:     0x5e25604cd4af - <tokio[3cae23e081335d20]::runtime::runtime::Runtime>::block_on::<core[6883ba1bc0fe4ed1]::pin::Pin<&mut dyn core[6883ba1bc0fe4ed1]::future::future::Future<Output = ()>>>
[INFO] [stdout]                                at /opt/rustwide/cargo-home/registry/src/index.crates.io-1949cf8c6b5b557f/tokio-1.52.3/src/runtime/runtime.rs:345:18
[INFO] [stdout]   44:     0x5e25604dcf3e - integration_test[a33e3c39bad5ed7]::test_sell_success
[INFO] [stdout]                                at /opt/rustwide/workdir/crates/portfolio-service/tests/integration_test.rs:267:34
[INFO] [stdout]   45:     0x5e25604d3e97 - integration_test[a33e3c39bad5ed7]::test_sell_success::{closure#0}
[INFO] [stdout]                                at /opt/rustwide/workdir/crates/portfolio-service/tests/integration_test.rs:224:29
[INFO] [stdout]   46:     0x5e25604c2636 - <integration_test[a33e3c39bad5ed7]::test_sell_success::{closure#0} as core[6883ba1bc0fe4ed1]::ops::function::FnOnce<()>>::call_once
[INFO] [stdout]                                at /rustc/6b3fa26749ab40e159b2dd5cf577acaaf5902772/library/core/src/ops/function.rs:250:5
[INFO] [stdout]   47:     0x5e25609b81ab - <fn() -> core[6883ba1bc0fe4ed1]::result::Result<(), alloc[55a36b64bcbf2c0d]::string::String> as core[6883ba1bc0fe4ed1]::ops::function::FnOnce<()>>::call_once
[INFO] [stdout]                                at /rustc/6b3fa26749ab40e159b2dd5cf577acaaf5902772/library/core/src/ops/function.rs:250:5
[INFO] [stdout]   48:     0x5e25609b81ab - test[980ffaebd391d06d]::__rust_begin_short_backtrace::<core[6883ba1bc0fe4ed1]::result::Result<(), alloc[55a36b64bcbf2c0d]::string::String>, fn() -> core[6883ba1bc0fe4ed1]::result::Result<(), alloc[55a36b64bcbf2c0d]::string::String>>
[INFO] [stdout]                                at /rustc/6b3fa26749ab40e159b2dd5cf577acaaf5902772/library/test/src/lib.rs:724:18
[INFO] [stdout]   49:     0x5e25609c57f5 - test[980ffaebd391d06d]::run_test_in_process::{closure#0}
[INFO] [stdout]                                at /rustc/6b3fa26749ab40e159b2dd5cf577acaaf5902772/library/test/src/lib.rs:747:74
[INFO] [stdout]   50:     0x5e25609c57f5 - <core[6883ba1bc0fe4ed1]::panic::unwind_safe::AssertUnwindSafe<test[980ffaebd391d06d]::run_test_in_process::{closure#0}> as core[6883ba1bc0fe4ed1]::ops::function::FnOnce<()>>::call_once
[INFO] [stdout]                                at /rustc/6b3fa26749ab40e159b2dd5cf577acaaf5902772/library/core/src/panic/unwind_safe.rs:275:9
[INFO] [stdout]   51:     0x5e25609c57f5 - std[73adb7dc35730857]::panicking::catch_unwind::do_call::<core[6883ba1bc0fe4ed1]::panic::unwind_safe::AssertUnwindSafe<test[980ffaebd391d06d]::run_test_in_process::{closure#0}>, core[6883ba1bc0fe4ed1]::result::Result<(), alloc[55a36b64bcbf2c0d]::string::String>>
[INFO] [stdout]                                at /rustc/6b3fa26749ab40e159b2dd5cf577acaaf5902772/library/std/src/panicking.rs:576:43
[INFO] [stdout]   52:     0x5e25609c57f5 - std[73adb7dc35730857]::panicking::catch_unwind::<core[6883ba1bc0fe4ed1]::result::Result<(), alloc[55a36b64bcbf2c0d]::string::String>, core[6883ba1bc0fe4ed1]::panic::unwind_safe::AssertUnwindSafe<test[980ffaebd391d06d]::run_test_in_process::{closure#0}>>
[INFO] [stdout]                                at /rustc/6b3fa26749ab40e159b2dd5cf577acaaf5902772/library/std/src/panicking.rs:544:19
[INFO] [stdout]   53:     0x5e25609c57f5 - std[73adb7dc35730857]::panic::catch_unwind::<core[6883ba1bc0fe4ed1]::panic::unwind_safe::AssertUnwindSafe<test[980ffaebd391d06d]::run_test_in_process::{closure#0}>, core[6883ba1bc0fe4ed1]::result::Result<(), alloc[55a36b64bcbf2c0d]::string::String>>
[INFO] [stdout]                                at /rustc/6b3fa26749ab40e159b2dd5cf577acaaf5902772/library/std/src/panic.rs:359:14
[INFO] [stdout]   54:     0x5e25609c57f5 - test[980ffaebd391d06d]::run_test_in_process
[INFO] [stdout]                                at /rustc/6b3fa26749ab40e159b2dd5cf577acaaf5902772/library/test/src/lib.rs:747:27
[INFO] [stdout]   55:     0x5e25609c57f5 - test[980ffaebd391d06d]::run_test::{closure#0}
[INFO] [stdout]                                at /rustc/6b3fa26749ab40e159b2dd5cf577acaaf5902772/library/test/src/lib.rs:668:43
[INFO] [stdout]   56:     0x5e25609c02a4 - test[980ffaebd391d06d]::run_test::{closure#1}
[INFO] [stdout]                                at /rustc/6b3fa26749ab40e159b2dd5cf577acaaf5902772/library/test/src/lib.rs:698:41
[INFO] [stdout]   57:     0x5e25609c02a4 - std[73adb7dc35730857]::sys::backtrace::__rust_begin_short_backtrace::<test[980ffaebd391d06d]::run_test::{closure#1}, ()>
[INFO] [stdout]                                at /rustc/6b3fa26749ab40e159b2dd5cf577acaaf5902772/library/std/src/sys/backtrace.rs:166:18
[INFO] [stdout]   58:     0x5e25609c8942 - std[73adb7dc35730857]::thread::lifecycle::spawn_unchecked::<test[980ffaebd391d06d]::run_test::{closure#1}, ()>::{closure#1}::{closure#0}
[INFO] [stdout]                                at /rustc/6b3fa26749ab40e159b2dd5cf577acaaf5902772/library/std/src/thread/lifecycle.rs:70:13
[INFO] [stdout]   59:     0x5e25609c8942 - <core[6883ba1bc0fe4ed1]::panic::unwind_safe::AssertUnwindSafe<std[73adb7dc35730857]::thread::lifecycle::spawn_unchecked<test[980ffaebd391d06d]::run_test::{closure#1}, ()>::{closure#1}::{closure#0}> as core[6883ba1bc0fe4ed1]::ops::function::FnOnce<()>>::call_once
[INFO] [stdout]                                at /rustc/6b3fa26749ab40e159b2dd5cf577acaaf5902772/library/core/src/panic/unwind_safe.rs:275:9
[INFO] [stdout]   60:     0x5e25609c8942 - std[73adb7dc35730857]::panicking::catch_unwind::do_call::<core[6883ba1bc0fe4ed1]::panic::unwind_safe::AssertUnwindSafe<std[73adb7dc35730857]::thread::lifecycle::spawn_unchecked<test[980ffaebd391d06d]::run_test::{closure#1}, ()>::{closure#1}::{closure#0}>, ()>
[INFO] [stdout]                                at /rustc/6b3fa26749ab40e159b2dd5cf577acaaf5902772/library/std/src/panicking.rs:576:43
[INFO] [stdout]   61:     0x5e25609c8942 - std[73adb7dc35730857]::panicking::catch_unwind::<(), core[6883ba1bc0fe4ed1]::panic::unwind_safe::AssertUnwindSafe<std[73adb7dc35730857]::thread::lifecycle::spawn_unchecked<test[980ffaebd391d06d]::run_test::{closure#1}, ()>::{closure#1}::{closure#0}>>
[INFO] [stdout]                                at /rustc/6b3fa26749ab40e159b2dd5cf577acaaf5902772/library/std/src/panicking.rs:544:19
[INFO] [stdout]   62:     0x5e25609c8942 - std[73adb7dc35730857]::panic::catch_unwind::<core[6883ba1bc0fe4ed1]::panic::unwind_safe::AssertUnwindSafe<std[73adb7dc35730857]::thread::lifecycle::spawn_unchecked<test[980ffaebd391d06d]::run_test::{closure#1}, ()>::{closure#1}::{closure#0}>, ()>
[INFO] [stdout]                                at /rustc/6b3fa26749ab40e159b2dd5cf577acaaf5902772/library/std/src/panic.rs:359:14
[INFO] [stdout]   63:     0x5e25609c8942 - std[73adb7dc35730857]::thread::lifecycle::spawn_unchecked::<test[980ffaebd391d06d]::run_test::{closure#1}, ()>::{closure#1}
[INFO] [stdout]                                at /rustc/6b3fa26749ab40e159b2dd5cf577acaaf5902772/library/std/src/thread/lifecycle.rs:68:26
[INFO] [stdout]   64:     0x5e25609c8942 - <std[73adb7dc35730857]::thread::lifecycle::spawn_unchecked<test[980ffaebd391d06d]::run_test::{closure#1}, ()>::{closure#1} as core[6883ba1bc0fe4ed1]::ops::function::FnOnce<()>>::call_once::{shim:vtable#0}
[INFO] [stdout]                                at /rustc/6b3fa26749ab40e159b2dd5cf577acaaf5902772/library/core/src/ops/function.rs:250:5
[INFO] [stdout]   65:     0x5e2560f5efff - <alloc[55a36b64bcbf2c0d]::boxed::Box<dyn core[6883ba1bc0fe4ed1]::ops::function::FnOnce<(), Output = ()> + core[6883ba1bc0fe4ed1]::marker::Send> as core[6883ba1bc0fe4ed1]::ops::function::FnOnce<()>>::call_once
[INFO] [stdout]                                at /rustc/6b3fa26749ab40e159b2dd5cf577acaaf5902772/library/alloc/src/boxed.rs:2319:9
[INFO] [stdout]   66:     0x5e2560f5efff - <std[73adb7dc35730857]::sys::thread::unix::Thread>::new::thread_start
[INFO] [stdout]                                at /rustc/6b3fa26749ab40e159b2dd5cf577acaaf5902772/library/std/src/sys/thread/unix.rs:123:17
[INFO] [stdout]   67:     0x75549b721aa4 - <unknown>
[INFO] [stdout]   68:     0x75549b7aea64 - clone
[INFO] [stdout]   69:                0x0 - <unknown>
[INFO] [stdout] 
[INFO] [stdout] 
[INFO] [stdout] failures:
[INFO] [stdout]     test_buy_insufficient_balance
[INFO] [stdout]     test_buy_success
[INFO] [stdout]     test_portfolio_cash_updated_after_buy
[INFO] [stdout]     test_sell_insufficient_holdings
[INFO] [stdout]     test_sell_success
[INFO] [stdout] 
[INFO] [stdout] test result: FAILED. 1 passed; 5 failed; 0 ignored; 0 measured; 0 filtered out; finished in 30.06s
[INFO] [stdout] 
[INFO] [stderr] error: test failed, to rerun pass `-p portfolio-service --test integration_test`
[INFO] running `Command { std: "docker" "inspect" "7d458bf4eea5925d2d10d64e3b07a362935b94f2fb25a48971e53926db366299", kill_on_drop: false }`
[INFO] running `Command { std: "docker" "rm" "-f" "7d458bf4eea5925d2d10d64e3b07a362935b94f2fb25a48971e53926db366299", kill_on_drop: false }`
[INFO] [stdout] 7d458bf4eea5925d2d10d64e3b07a362935b94f2fb25a48971e53926db366299
