[INFO] cloning repository https://github.com/phideg/neptungen
[INFO] running `Command { std: "git" "-c" "credential.helper=" "-c" "credential.helper=/workspace/cargo-home/bin/git-credential-null" "clone" "--bare" "https://github.com/phideg/neptungen" "/workspace/cache/git-repos/https%3A%2F%2Fgithub.com%2Fphideg%2Fneptungen", kill_on_drop: false }`
[INFO] [stderr] Cloning into bare repository '/workspace/cache/git-repos/https%3A%2F%2Fgithub.com%2Fphideg%2Fneptungen'...
[INFO] running `Command { std: "git" "rev-parse" "HEAD", kill_on_drop: false }`
[INFO] [stdout] 8bca47b8a43b58d6ec9561d6d7e28d075f24a896
[INFO] testing phideg/neptungen against 1.98.0-beta.1 for beta-1.98-2
[INFO] running `Command { std: "git" "clone" "/workspace/cache/git-repos/https%3A%2F%2Fgithub.com%2Fphideg%2Fneptungen" "/workspace/builds/worker-6-tc2/source", kill_on_drop: false }`
[INFO] [stderr] Cloning into '/workspace/builds/worker-6-tc2/source'...
[INFO] [stderr] done.
[INFO] started tweaking git repo https://github.com/phideg/neptungen
[INFO] finished tweaking git repo https://github.com/phideg/neptungen
[INFO] tweaked toml for git repo https://github.com/phideg/neptungen written to /workspace/builds/worker-6-tc2/source/Cargo.toml
[INFO] validating manifest of git repo https://github.com/phideg/neptungen on toolchain 1.98.0-beta.1
[INFO] running `Command { std: CARGO_HOME="/workspace/cargo-home" RUSTUP_HOME="/workspace/rustup-home" "/workspace/cargo-home/bin/cargo" "+1.98.0-beta.1" "metadata" "--manifest-path" "Cargo.toml" "--no-deps", kill_on_drop: false }`
[INFO] crate git repo https://github.com/phideg/neptungen already has a lockfile, it will not be regenerated
[INFO] running `Command { std: CARGO_HOME="/workspace/cargo-home" RUSTUP_HOME="/workspace/rustup-home" "/workspace/cargo-home/bin/cargo" "+1.98.0-beta.1" "fetch" "--manifest-path" "Cargo.toml", kill_on_drop: false }`
[INFO] running `Command { std: "docker" "create" "-v" "/var/lib/crater-agent-workspace/builds/worker-6-tc2/source:/opt/rustwide/workdir:ro,Z" "-v" "/var/lib/crater-agent-workspace/builds/worker-6-tc2/target:/opt/rustwide/target:rw,Z" "-v" "/var/lib/crater-agent-workspace/cargo-home:/opt/rustwide/cargo-home:ro,Z" "-v" "/var/lib/crater-agent-workspace/rustup-home:/opt/rustwide/rustup-home:ro,Z" "-m" "1610612736" "--network" "none" "ghcr.io/rust-lang/crates-build-env/linux@sha256:3d5ced03c013a94a2f102a4510f48a6e9184255caf5fd8244f58017bde7f5210" "sleep" "infinity", kill_on_drop: false }`
[INFO] [stdout] 26e00877ca2b87cbbbcdc460b6515d31a855a6f79094d5dfe7b55c720b4b7be6
[INFO] running `Command { std: "docker" "start" "26e00877ca2b87cbbbcdc460b6515d31a855a6f79094d5dfe7b55c720b4b7be6", kill_on_drop: false }`
[INFO] running `Command { std: "docker" "inspect" "26e00877ca2b87cbbbcdc460b6515d31a855a6f79094d5dfe7b55c720b4b7be6", kill_on_drop: false }`
[INFO] running `Command { std: "docker" "exec" "-e" "SOURCE_DIR=/opt/rustwide/workdir" "-e" "CARGO_HOME=/opt/rustwide/cargo-home" "-e" "RUSTUP_HOME=/opt/rustwide/rustup-home" "-e" "CARGO_TARGET_DIR=/opt/rustwide/target" "-w" "/opt/rustwide/workdir" "--user" "0:0" "26e00877ca2b87cbbbcdc460b6515d31a855a6f79094d5dfe7b55c720b4b7be6" "/opt/rustwide/cargo-home/bin/cargo" "+1.98.0-beta.1" "metadata" "--no-deps" "--format-version=1", kill_on_drop: false }`
[INFO] running `Command { std: "docker" "inspect" "26e00877ca2b87cbbbcdc460b6515d31a855a6f79094d5dfe7b55c720b4b7be6", kill_on_drop: false }`
[INFO] running `Command { std: "docker" "exec" "-e" "SOURCE_DIR=/opt/rustwide/workdir" "-e" "CARGO_HOME=/opt/rustwide/cargo-home" "-e" "RUSTUP_HOME=/opt/rustwide/rustup-home" "-e" "CARGO_TARGET_DIR=/opt/rustwide/target" "-e" "CARGO_INCREMENTAL=0" "-e" "RUST_BACKTRACE=full" "-e" "RUSTFLAGS=--cap-lints=warn" "-e" "RUSTDOCFLAGS=--cap-lints=warn" "-w" "/opt/rustwide/workdir" "--user" "0:0" "26e00877ca2b87cbbbcdc460b6515d31a855a6f79094d5dfe7b55c720b4b7be6" "/opt/rustwide/cargo-home/bin/cargo" "+1.98.0-beta.1" "build" "--frozen" "--message-format=json", kill_on_drop: false }`
[INFO] [stderr]    Compiling proc-macro2 v1.0.104
[INFO] [stderr]    Compiling libc v0.2.179
[INFO] [stderr]    Compiling itoa v1.0.17
[INFO] [stderr]    Compiling num-traits v0.2.19
[INFO] [stderr]    Compiling serde_core v1.0.228
[INFO] [stderr]    Compiling find-msvc-tools v0.1.6
[INFO] [stderr]    Compiling zerocopy v0.8.31
[INFO] [stderr]    Compiling either v1.15.0
[INFO] [stderr]    Compiling simd-adler32 v0.3.8
[INFO] [stderr]    Compiling http v1.4.0
[INFO] [stderr]    Compiling cc v1.2.51
[INFO] [stderr]    Compiling version_check v0.9.5
[INFO] [stderr]    Compiling typenum v1.19.0
[INFO] [stderr]    Compiling ucd-trie v0.1.7
[INFO] [stderr]    Compiling generic-array v0.14.7
[INFO] [stderr]    Compiling itertools v0.14.0
[INFO] [stderr]    Compiling quote v1.0.42
[INFO] [stderr]    Compiling num-integer v0.1.46
[INFO] [stderr]    Compiling syn v2.0.112
[INFO] [stderr]    Compiling http-body v1.0.1
[INFO] [stderr]    Compiling socket2 v0.6.1
[INFO] [stderr]    Compiling mio v1.1.1
[INFO] [stderr]    Compiling num-bigint v0.4.6
[INFO] [stderr]    Compiling pest v2.8.5
[INFO] [stderr]    Compiling crc32fast v1.5.0
[INFO] [stderr]    Compiling arrayvec v0.7.6
[INFO] [stderr]    Compiling as-slice v0.2.1
[INFO] [stderr]    Compiling miniz_oxide v0.8.9
[INFO] [stderr]    Compiling openssl-sys v0.9.111
[INFO] [stderr]    Compiling libz-sys v1.1.23
[INFO] [stderr]    Compiling rayon v1.11.0
[INFO] [stderr]    Compiling tracing-core v0.1.36
[INFO] [stderr]    Compiling unicase v2.8.1
[INFO] [stderr]    Compiling num-rational v0.4.2
[INFO] [stderr]    Compiling paste v1.0.15
[INFO] [stderr]    Compiling pest_meta v2.8.5
[INFO] [stderr]    Compiling bitflags v2.10.0
[INFO] [stderr]    Compiling av-scenechange v0.14.1
[INFO] [stderr]    Compiling built v0.8.0
[INFO] [stderr]    Compiling time-macros v0.2.24
[INFO] [stderr]    Compiling tracing v0.1.44
[INFO] [stderr]    Compiling aligned v0.4.3
[INFO] [stderr]    Compiling rav1e v0.8.1
[INFO] [stderr]    Compiling getrandom v0.2.16
[INFO] [stderr]    Compiling nom v8.0.0
[INFO] [stderr]    Compiling core2 v0.4.0
[INFO] [stderr]    Compiling parking_lot_core v0.9.12
[INFO] [stderr]    Compiling mime v0.3.17
[INFO] [stderr]    Compiling static_assertions v1.1.0
[INFO] [stderr]    Compiling num_threads v0.1.7
[INFO] [stderr]    Compiling futures-task v0.3.31
[INFO] [stderr]    Compiling pastey v0.1.1
[INFO] [stderr]    Compiling zmij v1.0.9
[INFO] [stderr]    Compiling quick-error v2.0.1
[INFO] [stderr]    Compiling y4m v0.8.0
[INFO] [stderr]    Compiling futures-util v0.3.31
[INFO] [stderr]    Compiling time v0.3.44
[INFO] [stderr]    Compiling bitstream-io v4.9.0
[INFO] [stderr]    Compiling rand_core v0.6.4
[INFO] [stderr]    Compiling pest_generator v2.8.5
[INFO] [stderr]    Compiling maybe-rayon v0.1.1
[INFO] [stderr]    Compiling flate2 v1.1.5
[INFO] [stderr]    Compiling mime_guess v2.0.5
[INFO] [stderr]    Compiling libssh2-sys v0.3.1
[INFO] [stderr]    Compiling http-body-util v0.1.3
[INFO] [stderr]    Compiling dirs-sys-next v0.1.2
[INFO] [stderr]    Compiling simd_helpers v0.1.0
[INFO] [stderr]    Compiling futures-channel v0.3.31
[INFO] [stderr]    Compiling serde_json v1.0.148
[INFO] [stderr]    Compiling sync_wrapper v1.0.2
[INFO] [stderr]    Compiling imgref v1.12.0
[INFO] [stderr]    Compiling noop_proc_macro v0.3.0
[INFO] [stderr]    Compiling anymap2 v0.13.0
[INFO] [stderr]    Compiling zune-core v0.4.12
[INFO] [stderr]    Compiling new_debug_unreachable v1.0.6
[INFO] [stderr]    Compiling scopeguard v1.2.0
[INFO] [stderr]    Compiling weezl v0.1.12
[INFO] [stderr]    Compiling lock_api v0.4.14
[INFO] [stderr]    Compiling chrono v0.4.42
[INFO] [stderr]    Compiling zune-jpeg v0.4.21
[INFO] [stderr]    Compiling loop9 v0.1.5
[INFO] [stderr]    Compiling zerocopy-derive v0.8.31
[INFO] [stderr]    Compiling equator-macro v0.4.2
[INFO] [stderr]    Compiling serde_derive v1.0.228
[INFO] [stderr]    Compiling thiserror-impl v2.0.17
[INFO] [stderr]    Compiling tokio-macros v2.6.0
[INFO] [stderr]    Compiling equator v0.4.2
[INFO] [stderr]    Compiling profiling-procmacros v1.0.17
[INFO] [stderr]    Compiling aligned-vec v0.6.4
[INFO] [stderr]    Compiling v_frame v0.3.9
[INFO] [stderr]    Compiling arg_enum_proc_macro v0.3.4
[INFO] [stderr]    Compiling tokio v1.49.0
[INFO] [stderr]    Compiling av1-grain v0.2.5
[INFO] [stderr]    Compiling thiserror v2.0.17
[INFO] [stderr]    Compiling profiling v1.0.17
[INFO] [stderr]    Compiling num-derive v0.4.2
[INFO] [stderr]    Compiling pest_derive v2.8.5
[INFO] [stderr]    Compiling liquid-derive v0.26.10
[INFO] [stderr]    Compiling fax_derive v0.2.0
[INFO] [stderr]    Compiling lazy-regex-proc_macros v3.5.0
[INFO] [stderr]    Compiling fax v0.2.6
[INFO] [stderr]    Compiling dirs-next v2.0.0
[INFO] [stderr]    Compiling block-buffer v0.10.4
[INFO] [stderr]    Compiling crypto-common v0.1.7
[INFO] [stderr]    Compiling avif-serialize v0.8.6
[INFO] [stderr]    Compiling pxfm v0.1.27
[INFO] [stderr]    Compiling half v2.7.1
[INFO] [stderr]    Compiling ppv-lite86 v0.2.21
[INFO] [stderr]    Compiling serde v1.0.228
[INFO] [stderr]    Compiling fdeflate v0.3.7
[INFO] [stderr]    Compiling rand_chacha v0.3.1
[INFO] [stderr]    Compiling zune-inflate v0.2.54
[INFO] [stderr]    Compiling pulldown-cmark v0.13.0
[INFO] [stderr]    Compiling color_quant v1.1.0
[INFO] [stderr]    Compiling kstring v2.0.2
[INFO] [stderr]    Compiling rgb v0.8.52
[INFO] [stderr]    Compiling futures-sink v0.3.31
[INFO] [stderr]    Compiling lebe v0.5.3
[INFO] [stderr]    Compiling byteorder-lite v0.1.0
[INFO] [stderr]    Compiling liquid-core v0.26.11
[INFO] [stderr]    Compiling ryu v1.0.22
[INFO] [stderr]    Compiling bit_field v0.10.3
[INFO] [stderr]    Compiling bytemuck v1.24.0
[INFO] [stderr]    Compiling unicode-segmentation v1.12.0
[INFO] [stderr]    Compiling futures-io v0.3.31
[INFO] [stderr]    Compiling parking v2.2.1
[INFO] [stderr]    Compiling winnow v0.7.14
[INFO] [stderr]    Compiling fastrand v2.3.0
[INFO] [stderr]    Compiling zune-core v0.5.0
[INFO] [stderr]    Compiling unicode-width v0.2.2
[INFO] [stderr]    Compiling futures-lite v2.6.1
[INFO] [stderr]    Compiling zune-jpeg v0.5.8
[INFO] [stderr]    Compiling getopts v0.2.24
[INFO] [stderr]    Compiling clap_builder v4.5.54
[INFO] [stderr]    Compiling hyper v1.8.1
[INFO] [stderr]    Compiling liquid-lib v0.26.11
[INFO] [stderr]    Compiling toml_parser v1.0.6+spec-1.1.0
[INFO] [stderr]    Compiling ravif v0.12.0
[INFO] [stderr]    Compiling hyper-util v0.1.19
[INFO] [stderr]    Compiling tokio-util v0.7.17
[INFO] [stderr]    Compiling tower v0.5.2
[INFO] [stderr]    Compiling moxcms v0.7.11
[INFO] [stderr]    Compiling qoi v0.4.1
[INFO] [stderr]    Compiling exr v1.74.0
[INFO] [stderr]    Compiling serde_urlencoded v0.7.1
[INFO] [stderr]    Compiling image-webp v0.2.4
[INFO] [stderr]    Compiling clap_derive v4.5.49
[INFO] [stderr]    Compiling gif v0.14.1
[INFO] [stderr]    Compiling png v0.18.0
[INFO] [stderr]    Compiling rand v0.8.5
[INFO] [stderr]    Compiling tiff v0.10.3
[INFO] [stderr]    Compiling lazy-regex v3.5.0
[INFO] [stderr]    Compiling digest v0.10.7
[INFO] [stderr]    Compiling parking_lot v0.12.5
[INFO] [stderr]    Compiling term v0.7.0
[INFO] [stderr]    Compiling axum-core v0.5.6
[INFO] [stderr]    Compiling serde_path_to_error v0.1.20
[INFO] [stderr]    Compiling serde_spanned v1.0.4
[INFO] [stderr]    Compiling toml_datetime v0.7.5+spec-1.1.0
[INFO] [stderr]    Compiling rtoolbox v0.0.3
[INFO] [stderr]    Compiling http-range-header v0.4.2
[INFO] [stderr]    Compiling cpufeatures v0.2.17
[INFO] [stderr]    Compiling matchit v0.8.4
[INFO] [stderr]    Compiling pulldown-cmark-escape v0.11.0
[INFO] [stderr]    Compiling toml_writer v1.0.6+spec-1.1.0
[INFO] [stderr]    Compiling flexi_logger v0.31.7
[INFO] [stderr]    Compiling toml v0.9.10+spec-1.1.0
[INFO] [stderr]    Compiling tower-http v0.6.8
[INFO] [stderr]    Compiling sha1 v0.10.6
[INFO] [stderr]    Compiling rpassword v7.4.0
[INFO] [stderr]    Compiling term-painter v0.4.0
[INFO] [stderr]    Compiling axum v0.8.8
[INFO] [stderr]    Compiling portpicker v0.1.1
[INFO] [stderr]    Compiling ssh2 v0.9.5
[INFO] [stderr]    Compiling image v0.25.9
[INFO] [stderr]    Compiling suppaftp v7.0.7
[INFO] [stderr]    Compiling clap v4.5.54
[INFO] [stderr]    Compiling liquid v0.26.11
[INFO] [stderr]    Compiling memmap v0.7.0
[INFO] [stderr]    Compiling neptungen v0.11.2 (/opt/rustwide/workdir)
[INFO] [stderr]     Finished `dev` profile [unoptimized + debuginfo] target(s) in 3m 46s
[INFO] running `Command { std: "docker" "inspect" "26e00877ca2b87cbbbcdc460b6515d31a855a6f79094d5dfe7b55c720b4b7be6", kill_on_drop: false }`
[INFO] running `Command { std: "docker" "exec" "-e" "SOURCE_DIR=/opt/rustwide/workdir" "-e" "CARGO_HOME=/opt/rustwide/cargo-home" "-e" "RUSTUP_HOME=/opt/rustwide/rustup-home" "-e" "CARGO_TARGET_DIR=/opt/rustwide/target" "-e" "CARGO_INCREMENTAL=0" "-e" "RUST_BACKTRACE=full" "-e" "RUSTFLAGS=--cap-lints=warn" "-e" "RUSTDOCFLAGS=--cap-lints=warn" "-w" "/opt/rustwide/workdir" "--user" "0:0" "26e00877ca2b87cbbbcdc460b6515d31a855a6f79094d5dfe7b55c720b4b7be6" "/opt/rustwide/cargo-home/bin/cargo" "+1.98.0-beta.1" "test" "--frozen" "--no-run" "--message-format=json", kill_on_drop: false }`
[INFO] [stderr]    Compiling neptungen v0.11.2 (/opt/rustwide/workdir)
[INFO] [stderr]     Finished `test` profile [unoptimized + debuginfo] target(s) in 2.94s
[INFO] running `Command { std: "docker" "inspect" "26e00877ca2b87cbbbcdc460b6515d31a855a6f79094d5dfe7b55c720b4b7be6", kill_on_drop: false }`
[INFO] running `Command { std: "docker" "exec" "-e" "SOURCE_DIR=/opt/rustwide/workdir" "-e" "CARGO_HOME=/opt/rustwide/cargo-home" "-e" "RUSTUP_HOME=/opt/rustwide/rustup-home" "-e" "CARGO_TARGET_DIR=/opt/rustwide/target" "-e" "CARGO_INCREMENTAL=0" "-e" "RUST_BACKTRACE=full" "-e" "RUSTFLAGS=--cap-lints=warn" "-e" "RUSTDOCFLAGS=--cap-lints=warn" "-w" "/opt/rustwide/workdir" "--user" "0:0" "26e00877ca2b87cbbbcdc460b6515d31a855a6f79094d5dfe7b55c720b4b7be6" "/opt/rustwide/cargo-home/bin/cargo" "+1.98.0-beta.1" "test" "--frozen", kill_on_drop: false }`
[INFO] [stderr]     Finished `test` profile [unoptimized + debuginfo] target(s) in 0.31s
[INFO] [stderr]      Running unittests src/main.rs (/opt/rustwide/target/debug/deps/neptungen-aa21a3c466d51757)
[INFO] [stdout] 
[INFO] [stdout] running 6 tests
[INFO] [stdout] test macros::tests::test_comp_as_str ... ok
[INFO] [stdout] test macros::tests::test_last_path_comp_as_str ... ok
[INFO] [stdout] test render::tests::remove_numbered_prefix_explicit_false ... ok
[INFO] [stdout] test test::verify_app ... ok
[INFO] [stdout] test render::tests::remove_numbered_prefix_default_config ... ok
[INFO] [stdout] test render::tests::remove_numbered_prefix_explicit_true ... ok
[INFO] [stdout] 
[INFO] [stdout] test result: ok. 6 passed; 0 failed; 0 ignored; 0 measured; 0 filtered out; finished in 0.01s
[INFO] [stdout] 
[INFO] [stderr]      Running tests/build_simple_blog.rs (/opt/rustwide/target/debug/deps/build_simple_blog-a54f4a056f2637da)
[INFO] [stdout] 
[INFO] [stdout] running 1 test
[INFO] [stdout] test test_build ... FAILED
[INFO] [stdout] 
[INFO] [stdout] failures:
[INFO] [stdout] 
[INFO] [stdout] ---- test_build stdout ----
[INFO] [stdout] [tests/build_simple_blog.rs:22:5] &output = Ok(
[INFO] [stdout]     Output {
[INFO] [stdout]         status: ExitStatus(
[INFO] [stdout]             unix_wait_status(
[INFO] [stdout]                 25856,
[INFO] [stdout]             ),
[INFO] [stdout]         ),
[INFO] [stdout]         stdout: "Read-only file system (os error 30)\nRead-only file system (os error 30)\nRead-only file system (os error 30)\nRead-only file system (os error 30)\nRead-only file system (os error 30)\nRead-only file system (os error 30)\nRead-only file system (os error 30)\n",
[INFO] [stdout]         stderr: "    Finished `dev` profile [unoptimized + debuginfo] target(s) in 0.25s\n     Running `/opt/rustwide/target/debug/neptungen --project-path /opt/rustwide/workdir/examples/simple_blog build --clean`\nINFO [neptungen::render] [2026-07-14T04:33:50.825451413Z] Building project `Lorem Impsum`\nERROR [neptungen::render] Read-only file system (os error 30)\nERROR [neptungen::render] Read-only file system (os error 30)\nERROR [neptungen::render] Read-only file system (os error 30)\nERROR [neptungen::render] Read-only file system (os error 30)\nERROR [neptungen::render] Read-only file system (os error 30)\nERROR [neptungen::render] Read-only file system (os error 30)\nERROR [neptungen::render] Read-only file system (os error 30)\n\nthread 'main' (2818) panicked at src/render.rs:82:10:\nUnable to create {build_timestamp_file:?}: Os { code: 2, kind: NotFound, message: \"No such file or directory\" }\nstack backtrace:\n   0:     0x57100ec7aea1 - std[73adb7dc35730857]::backtrace_rs::backtrace::libunwind::trace\n                               at /rustc/6b3fa26749ab40e159b2dd5cf577acaaf5902772/library/std/src/../../backtrace/src/backtrace/libunwind.rs:117:9\n   1:     0x57100ec7aea1 - std[73adb7dc35730857]::backtrace_rs::backtrace::trace_unsynchronized::<std[73adb7dc35730857]::sys::backtrace::_print_fmt::{closure#1}>\n                               at /rustc/6b3fa26749ab40e159b2dd5cf577acaaf5902772/library/std/src/../../backtrace/src/backtrace/mod.rs:66:14\n   2:     0x57100ec7aea1 - std[73adb7dc35730857]::sys::backtrace::_print_fmt\n                               at /rustc/6b3fa26749ab40e159b2dd5cf577acaaf5902772/library/std/src/sys/backtrace.rs:74:9\n   3:     0x57100ec7aea1 - <<std[73adb7dc35730857]::sys::backtrace::BacktraceLock>::print::DisplayBacktrace as core[6883ba1bc0fe4ed1]::fmt::Display>::fmt\n                               at /rustc/6b3fa26749ab40e159b2dd5cf577acaaf5902772/library/std/src/sys/backtrace.rs:44:26\n   4:     0x57100ec968da - <core[6883ba1bc0fe4ed1]::fmt::rt::Argument>::fmt\n                               at /rustc/6b3fa26749ab40e159b2dd5cf577acaaf5902772/library/core/src/fmt/rt.rs:152:76\n   5:     0x57100ec968da - core[6883ba1bc0fe4ed1]::fmt::write\n   6:     0x57100ec8266c - std[73adb7dc35730857]::io::default_write_fmt::<std[73adb7dc35730857]::sys::stdio::unix::Stderr>\n                               at /rustc/6b3fa26749ab40e159b2dd5cf577acaaf5902772/library/std/src/io/mod.rs:626:11\n   7:     0x57100ec8266c - <std[73adb7dc35730857]::sys::stdio::unix::Stderr as std[73adb7dc35730857]::io::Write>::write_fmt\n                               at /rustc/6b3fa26749ab40e159b2dd5cf577acaaf5902772/library/std/src/io/mod.rs:1730:13\n   8:     0x57100ec5b066 - <std[73adb7dc35730857]::sys::backtrace::BacktraceLock>::print\n                               at /rustc/6b3fa26749ab40e159b2dd5cf577acaaf5902772/library/std/src/sys/backtrace.rs:47:9\n   9:     0x57100ec5b066 - std[73adb7dc35730857]::panicking::default_hook::{closure#0}\n                               at /rustc/6b3fa26749ab40e159b2dd5cf577acaaf5902772/library/std/src/panicking.rs:292:27\n  10:     0x57100ec70551 - std[73adb7dc35730857]::panicking::default_hook\n                               at /rustc/6b3fa26749ab40e159b2dd5cf577acaaf5902772/library/std/src/panicking.rs:319:9\n  11:     0x57100ec7087b - std[73adb7dc35730857]::panicking::panic_with_hook\n                               at /rustc/6b3fa26749ab40e159b2dd5cf577acaaf5902772/library/std/src/panicking.rs:815:13\n  12:     0x57100ec5b112 - std[73adb7dc35730857]::panicking::panic_handler::{closure#0}\n                               at /rustc/6b3fa26749ab40e159b2dd5cf577acaaf5902772/library/std/src/panicking.rs:688:13\n  13:     0x57100ec52149 - std[73adb7dc35730857]::sys::backtrace::__rust_end_short_backtrace::<std[73adb7dc35730857]::panicking::panic_handler::{closure#0}, !>\n                               at /rustc/6b3fa26749ab40e159b2dd5cf577acaaf5902772/library/std/src/sys/backtrace.rs:182:18\n  14:     0x57100ec5c1dd - __rustc[a7b7b02e776dd976]::rust_begin_unwind\n                               at /rustc/6b3fa26749ab40e159b2dd5cf577acaaf5902772/library/std/src/panicking.rs:679:5\n  15:     0x57100ec9718c - core[6883ba1bc0fe4ed1]::panicking::panic_fmt\n                               at /rustc/6b3fa26749ab40e159b2dd5cf577acaaf5902772/library/core/src/panicking.rs:80:14\n  16:     0x57100ec96ed2 - core[6883ba1bc0fe4ed1]::result::unwrap_failed\n                               at /rustc/6b3fa26749ab40e159b2dd5cf577acaaf5902772/library/core/src/result.rs:1870:5\n  17:     0x57100daf407e - <core[6883ba1bc0fe4ed1]::result::Result<std[73adb7dc35730857]::fs::File, core[6883ba1bc0fe4ed1]::io::error::Error>>::expect\n                               at /rustc/6b3fa26749ab40e159b2dd5cf577acaaf5902772/library/core/src/result.rs:1183:23\n  18:     0x57100da92106 - neptungen[bd899f74548f8dda]::render::get_and_set_build_timestamp\n                               at /opt/rustwide/workdir/src/render.rs:82:10\n  19:     0x57100da926f6 - neptungen[bd899f74548f8dda]::render::build\n                               at /opt/rustwide/workdir/src/render.rs:48:32\n  20:     0x57100d9a9705 - neptungen[bd899f74548f8dda]::main\n                               at /opt/rustwide/workdir/src/main.rs:114:39\n  21:     0x57100da2bb8b - <fn() -> core[6883ba1bc0fe4ed1]::result::Result<(), anyhow[846c3077b27d75c7]::Error> as core[6883ba1bc0fe4ed1]::ops::function::FnOnce<()>>::call_once\n                               at /rustc/6b3fa26749ab40e159b2dd5cf577acaaf5902772/library/core/src/ops/function.rs:250:5\n  22:     0x57100daa23fe - std[73adb7dc35730857]::sys::backtrace::__rust_begin_short_backtrace::<fn() -> core[6883ba1bc0fe4ed1]::result::Result<(), anyhow[846c3077b27d75c7]::Error>, core[6883ba1bc0fe4ed1]::result::Result<(), anyhow[846c3077b27d75c7]::Error>>\n                               at /rustc/6b3fa26749ab40e159b2dd5cf577acaaf5902772/library/std/src/sys/backtrace.rs:166:18\n  23:     0x57100dac1251 - std[73adb7dc35730857]::rt::lang_start::<core[6883ba1bc0fe4ed1]::result::Result<(), anyhow[846c3077b27d75c7]::Error>>::{closure#0}\n                               at /rustc/6b3fa26749ab40e159b2dd5cf577acaaf5902772/library/std/src/rt.rs:206:18\n  24:     0x57100ec6f637 - <&dyn core[6883ba1bc0fe4ed1]::ops::function::Fn<(), Output = i32> + core[6883ba1bc0fe4ed1]::panic::unwind_safe::RefUnwindSafe + core[6883ba1bc0fe4ed1]::marker::Sync as core[6883ba1bc0fe4ed1]::ops::function::FnOnce<()>>::call_once\n                               at /rustc/6b3fa26749ab40e159b2dd5cf577acaaf5902772/library/core/src/ops/function.rs:287:21\n  25:     0x57100ec6f637 - std[73adb7dc35730857]::panicking::catch_unwind::do_call::<&dyn core[6883ba1bc0fe4ed1]::ops::function::Fn<(), Output = i32> + core[6883ba1bc0fe4ed1]::panic::unwind_safe::RefUnwindSafe + core[6883ba1bc0fe4ed1]::marker::Sync, i32>\n                               at /rustc/6b3fa26749ab40e159b2dd5cf577acaaf5902772/library/std/src/panicking.rs:576:43\n  26:     0x57100ec6f637 - std[73adb7dc35730857]::panicking::catch_unwind::<i32, &dyn core[6883ba1bc0fe4ed1]::ops::function::Fn<(), Output = i32> + core[6883ba1bc0fe4ed1]::panic::unwind_safe::RefUnwindSafe + core[6883ba1bc0fe4ed1]::marker::Sync>\n                               at /rustc/6b3fa26749ab40e159b2dd5cf577acaaf5902772/library/std/src/panicking.rs:544:19\n  27:     0x57100ec6f637 - std[73adb7dc35730857]::panic::catch_unwind::<&dyn core[6883ba1bc0fe4ed1]::ops::function::Fn<(), Output = i32> + core[6883ba1bc0fe4ed1]::panic::unwind_safe::RefUnwindSafe + core[6883ba1bc0fe4ed1]::marker::Sync, i32>\n                               at /rustc/6b3fa26749ab40e159b2dd5cf577acaaf5902772/library/std/src/panic.rs:359:14\n  28:     0x57100ec6f637 - std[73adb7dc35730857]::rt::lang_start_internal::{closure#0}\n                               at /rustc/6b3fa26749ab40e159b2dd5cf577acaaf5902772/library/std/src/rt.rs:175:24\n  29:     0x57100ec6f637 - std[73adb7dc35730857]::panicking::catch_unwind::do_call::<std[73adb7dc35730857]::rt::lang_start_internal::{closure#0}, isize>\n                               at /rustc/6b3fa26749ab40e159b2dd5cf577acaaf5902772/library/std/src/panicking.rs:576:43\n  30:     0x57100ec6f637 - std[73adb7dc35730857]::panicking::catch_unwind::<isize, std[73adb7dc35730857]::rt::lang_start_internal::{closure#0}>\n                               at /rustc/6b3fa26749ab40e159b2dd5cf577acaaf5902772/library/std/src/panicking.rs:544:19\n  31:     0x57100ec6f637 - std[73adb7dc35730857]::panic::catch_unwind::<std[73adb7dc35730857]::rt::lang_start_internal::{closure#0}, isize>\n                               at /rustc/6b3fa26749ab40e159b2dd5cf577acaaf5902772/library/std/src/panic.rs:359:14\n  32:     0x57100ec6f637 - std[73adb7dc35730857]::rt::lang_start_internal\n                               at /rustc/6b3fa26749ab40e159b2dd5cf577acaaf5902772/library/std/src/rt.rs:171:5\n  33:     0x57100daa22c7 - std[73adb7dc35730857]::rt::lang_start::<core[6883ba1bc0fe4ed1]::result::Result<(), anyhow[846c3077b27d75c7]::Error>>\n                               at /rustc/6b3fa26749ab40e159b2dd5cf577acaaf5902772/library/std/src/rt.rs:205:5\n  34:     0x57100d9c271e - main\n  35:     0x77aae79a71ca - <unknown>\n  36:     0x77aae79a728b - __libc_start_main\n  37:     0x57100d7eeaa5 - _start\n  38:                0x0 - <unknown>\n",
[INFO] [stdout]     },
[INFO] [stdout] )
[INFO] [stdout] 
[INFO] [stdout] thread 'test_build' (2817) panicked at tests/build_simple_blog.rs:36:9:
[INFO] [stdout] assertion failed: output.contains("PUBLIC/index.html")
[INFO] [stdout] stack backtrace:
[INFO] [stdout]    0:     0x5d22e3d67051 - std[73adb7dc35730857]::backtrace_rs::backtrace::libunwind::trace
[INFO] [stdout]                                at /rustc/6b3fa26749ab40e159b2dd5cf577acaaf5902772/library/std/src/../../backtrace/src/backtrace/libunwind.rs:117:9
[INFO] [stdout]    1:     0x5d22e3d67051 - std[73adb7dc35730857]::backtrace_rs::backtrace::trace_unsynchronized::<std[73adb7dc35730857]::sys::backtrace::_print_fmt::{closure#1}>
[INFO] [stdout]                                at /rustc/6b3fa26749ab40e159b2dd5cf577acaaf5902772/library/std/src/../../backtrace/src/backtrace/mod.rs:66:14
[INFO] [stdout]    2:     0x5d22e3d67051 - std[73adb7dc35730857]::sys::backtrace::_print_fmt
[INFO] [stdout]                                at /rustc/6b3fa26749ab40e159b2dd5cf577acaaf5902772/library/std/src/sys/backtrace.rs:74:9
[INFO] [stdout]    3:     0x5d22e3d67051 - <<std[73adb7dc35730857]::sys::backtrace::BacktraceLock>::print::DisplayBacktrace as core[6883ba1bc0fe4ed1]::fmt::Display>::fmt
[INFO] [stdout]                                at /rustc/6b3fa26749ab40e159b2dd5cf577acaaf5902772/library/std/src/sys/backtrace.rs:44:26
[INFO] [stdout]    4:     0x5d22e3d7b1aa - <core[6883ba1bc0fe4ed1]::fmt::rt::Argument>::fmt
[INFO] [stdout]                                at /rustc/6b3fa26749ab40e159b2dd5cf577acaaf5902772/library/core/src/fmt/rt.rs:152:76
[INFO] [stdout]    5:     0x5d22e3d7b1aa - core[6883ba1bc0fe4ed1]::fmt::write
[INFO] [stdout]    6:     0x5d22e3d6b74c - std[73adb7dc35730857]::io::default_write_fmt::<alloc[55a36b64bcbf2c0d]::vec::Vec<u8>>
[INFO] [stdout]                                at /rustc/6b3fa26749ab40e159b2dd5cf577acaaf5902772/library/std/src/io/mod.rs:626:11
[INFO] [stdout]    7:     0x5d22e3d6b74c - <alloc[55a36b64bcbf2c0d]::vec::Vec<u8> as std[73adb7dc35730857]::io::Write>::write_fmt
[INFO] [stdout]                                at /rustc/6b3fa26749ab40e159b2dd5cf577acaaf5902772/library/std/src/io/mod.rs:1730:13
[INFO] [stdout]    8:     0x5d22e3d455d6 - <std[73adb7dc35730857]::sys::backtrace::BacktraceLock>::print
[INFO] [stdout]                                at /rustc/6b3fa26749ab40e159b2dd5cf577acaaf5902772/library/std/src/sys/backtrace.rs:47:9
[INFO] [stdout]    9:     0x5d22e3d455d6 - std[73adb7dc35730857]::panicking::default_hook::{closure#0}
[INFO] [stdout]                                at /rustc/6b3fa26749ab40e159b2dd5cf577acaaf5902772/library/std/src/panicking.rs:292:27
[INFO] [stdout]   10:     0x5d22e3d5f189 - std[73adb7dc35730857]::panicking::default_hook
[INFO] [stdout]                                at /rustc/6b3fa26749ab40e159b2dd5cf577acaaf5902772/library/std/src/panicking.rs:316:9
[INFO] [stdout]   11:     0x5d22e3cfa060 - <alloc[55a36b64bcbf2c0d]::boxed::Box<dyn for<'a, 'b> core[6883ba1bc0fe4ed1]::ops::function::Fn<(&'a std[73adb7dc35730857]::panic::PanicHookInfo<'b>,), Output = ()> + core[6883ba1bc0fe4ed1]::marker::Send + core[6883ba1bc0fe4ed1]::marker::Sync> as core[6883ba1bc0fe4ed1]::ops::function::Fn<(&std[73adb7dc35730857]::panic::PanicHookInfo,)>>::call
[INFO] [stdout]                                at /rustc/6b3fa26749ab40e159b2dd5cf577acaaf5902772/library/alloc/src/boxed.rs:2333:9
[INFO] [stdout]   12:     0x5d22e3cfa060 - test[980ffaebd391d06d]::test_main_inner::<test[980ffaebd391d06d]::test_main_static::{closure#0}>::{closure#0}
[INFO] [stdout]                                at /rustc/6b3fa26749ab40e159b2dd5cf577acaaf5902772/library/test/src/lib.rs:155:21
[INFO] [stdout]   13:     0x5d22e3d5f342 - <alloc[55a36b64bcbf2c0d]::boxed::Box<dyn for<'a, 'b> core[6883ba1bc0fe4ed1]::ops::function::Fn<(&'a std[73adb7dc35730857]::panic::PanicHookInfo<'b>,), Output = ()> + core[6883ba1bc0fe4ed1]::marker::Send + core[6883ba1bc0fe4ed1]::marker::Sync> as core[6883ba1bc0fe4ed1]::ops::function::Fn<(&std[73adb7dc35730857]::panic::PanicHookInfo,)>>::call
[INFO] [stdout]                                at /rustc/6b3fa26749ab40e159b2dd5cf577acaaf5902772/library/alloc/src/boxed.rs:2333:9
[INFO] [stdout]   14:     0x5d22e3d5f342 - std[73adb7dc35730857]::panicking::panic_with_hook
[INFO] [stdout]                                at /rustc/6b3fa26749ab40e159b2dd5cf577acaaf5902772/library/std/src/panicking.rs:823:13
[INFO] [stdout]   15:     0x5d22e3d456b4 - std[73adb7dc35730857]::panicking::panic_handler::{closure#0}
[INFO] [stdout]                                at /rustc/6b3fa26749ab40e159b2dd5cf577acaaf5902772/library/std/src/panicking.rs:681:13
[INFO] [stdout]   16:     0x5d22e3d3cf59 - std[73adb7dc35730857]::sys::backtrace::__rust_end_short_backtrace::<std[73adb7dc35730857]::panicking::panic_handler::{closure#0}, !>
[INFO] [stdout]                                at /rustc/6b3fa26749ab40e159b2dd5cf577acaaf5902772/library/std/src/sys/backtrace.rs:182:18
[INFO] [stdout]   17:     0x5d22e3d4627d - __rustc[a7b7b02e776dd976]::rust_begin_unwind
[INFO] [stdout]                                at /rustc/6b3fa26749ab40e159b2dd5cf577acaaf5902772/library/std/src/panicking.rs:679:5
[INFO] [stdout]   18:     0x5d22e3d7b8dc - core[6883ba1bc0fe4ed1]::panicking::panic_fmt
[INFO] [stdout]                                at /rustc/6b3fa26749ab40e159b2dd5cf577acaaf5902772/library/core/src/panicking.rs:80:14
[INFO] [stdout]   19:     0x5d22e3d7b8a2 - core[6883ba1bc0fe4ed1]::panicking::panic
[INFO] [stdout]                                at /rustc/6b3fa26749ab40e159b2dd5cf577acaaf5902772/library/core/src/panicking.rs:150:5
[INFO] [stdout]   20:     0x5d22e3ce7aca - build_simple_blog[92b94ec2654f40cc]::test_build
[INFO] [stdout]                                at /opt/rustwide/workdir/tests/build_simple_blog.rs:36:9
[INFO] [stdout]   21:     0x5d22e3ce6ed7 - build_simple_blog[92b94ec2654f40cc]::test_build::{closure#0}
[INFO] [stdout]                                at /opt/rustwide/workdir/tests/build_simple_blog.rs:4:16
[INFO] [stdout]   22:     0x5d22e3cecfe6 - <build_simple_blog[92b94ec2654f40cc]::test_build::{closure#0} as core[6883ba1bc0fe4ed1]::ops::function::FnOnce<()>>::call_once
[INFO] [stdout]                                at /rustc/6b3fa26749ab40e159b2dd5cf577acaaf5902772/library/core/src/ops/function.rs:250:5
[INFO] [stdout]   23:     0x5d22e3ced39b - <fn() -> core[6883ba1bc0fe4ed1]::result::Result<(), alloc[55a36b64bcbf2c0d]::string::String> as core[6883ba1bc0fe4ed1]::ops::function::FnOnce<()>>::call_once
[INFO] [stdout]                                at /rustc/6b3fa26749ab40e159b2dd5cf577acaaf5902772/library/core/src/ops/function.rs:250:5
[INFO] [stdout]   24:     0x5d22e3ced39b - test[980ffaebd391d06d]::__rust_begin_short_backtrace::<core[6883ba1bc0fe4ed1]::result::Result<(), alloc[55a36b64bcbf2c0d]::string::String>, fn() -> core[6883ba1bc0fe4ed1]::result::Result<(), alloc[55a36b64bcbf2c0d]::string::String>>
[INFO] [stdout]                                at /rustc/6b3fa26749ab40e159b2dd5cf577acaaf5902772/library/test/src/lib.rs:724:18
[INFO] [stdout]   25:     0x5d22e3cfa9e5 - test[980ffaebd391d06d]::run_test_in_process::{closure#0}
[INFO] [stdout]                                at /rustc/6b3fa26749ab40e159b2dd5cf577acaaf5902772/library/test/src/lib.rs:747:74
[INFO] [stdout]   26:     0x5d22e3cfa9e5 - <core[6883ba1bc0fe4ed1]::panic::unwind_safe::AssertUnwindSafe<test[980ffaebd391d06d]::run_test_in_process::{closure#0}> as core[6883ba1bc0fe4ed1]::ops::function::FnOnce<()>>::call_once
[INFO] [stdout]                                at /rustc/6b3fa26749ab40e159b2dd5cf577acaaf5902772/library/core/src/panic/unwind_safe.rs:275:9
[INFO] [stdout]   27:     0x5d22e3cfa9e5 - std[73adb7dc35730857]::panicking::catch_unwind::do_call::<core[6883ba1bc0fe4ed1]::panic::unwind_safe::AssertUnwindSafe<test[980ffaebd391d06d]::run_test_in_process::{closure#0}>, core[6883ba1bc0fe4ed1]::result::Result<(), alloc[55a36b64bcbf2c0d]::string::String>>
[INFO] [stdout]                                at /rustc/6b3fa26749ab40e159b2dd5cf577acaaf5902772/library/std/src/panicking.rs:576:43
[INFO] [stdout]   28:     0x5d22e3cfa9e5 - std[73adb7dc35730857]::panicking::catch_unwind::<core[6883ba1bc0fe4ed1]::result::Result<(), alloc[55a36b64bcbf2c0d]::string::String>, core[6883ba1bc0fe4ed1]::panic::unwind_safe::AssertUnwindSafe<test[980ffaebd391d06d]::run_test_in_process::{closure#0}>>
[INFO] [stdout]                                at /rustc/6b3fa26749ab40e159b2dd5cf577acaaf5902772/library/std/src/panicking.rs:544:19
[INFO] [stdout]   29:     0x5d22e3cfa9e5 - std[73adb7dc35730857]::panic::catch_unwind::<core[6883ba1bc0fe4ed1]::panic::unwind_safe::AssertUnwindSafe<test[980ffaebd391d06d]::run_test_in_process::{closure#0}>, core[6883ba1bc0fe4ed1]::result::Result<(), alloc[55a36b64bcbf2c0d]::string::String>>
[INFO] [stdout]                                at /rustc/6b3fa26749ab40e159b2dd5cf577acaaf5902772/library/std/src/panic.rs:359:14
[INFO] [stdout]   30:     0x5d22e3cfa9e5 - test[980ffaebd391d06d]::run_test_in_process
[INFO] [stdout]                                at /rustc/6b3fa26749ab40e159b2dd5cf577acaaf5902772/library/test/src/lib.rs:747:27
[INFO] [stdout]   31:     0x5d22e3cfa9e5 - test[980ffaebd391d06d]::run_test::{closure#0}
[INFO] [stdout]                                at /rustc/6b3fa26749ab40e159b2dd5cf577acaaf5902772/library/test/src/lib.rs:668:43
[INFO] [stdout]   32:     0x5d22e3cf5494 - test[980ffaebd391d06d]::run_test::{closure#1}
[INFO] [stdout]                                at /rustc/6b3fa26749ab40e159b2dd5cf577acaaf5902772/library/test/src/lib.rs:698:41
[INFO] [stdout]   33:     0x5d22e3cf5494 - std[73adb7dc35730857]::sys::backtrace::__rust_begin_short_backtrace::<test[980ffaebd391d06d]::run_test::{closure#1}, ()>
[INFO] [stdout]                                at /rustc/6b3fa26749ab40e159b2dd5cf577acaaf5902772/library/std/src/sys/backtrace.rs:166:18
[INFO] [stdout]   34:     0x5d22e3cfdb32 - std[73adb7dc35730857]::thread::lifecycle::spawn_unchecked::<test[980ffaebd391d06d]::run_test::{closure#1}, ()>::{closure#1}::{closure#0}
[INFO] [stdout]                                at /rustc/6b3fa26749ab40e159b2dd5cf577acaaf5902772/library/std/src/thread/lifecycle.rs:70:13
[INFO] [stdout]   35:     0x5d22e3cfdb32 - <core[6883ba1bc0fe4ed1]::panic::unwind_safe::AssertUnwindSafe<std[73adb7dc35730857]::thread::lifecycle::spawn_unchecked<test[980ffaebd391d06d]::run_test::{closure#1}, ()>::{closure#1}::{closure#0}> as core[6883ba1bc0fe4ed1]::ops::function::FnOnce<()>>::call_once
[INFO] [stdout]                                at /rustc/6b3fa26749ab40e159b2dd5cf577acaaf5902772/library/core/src/panic/unwind_safe.rs:275:9
[INFO] [stdout]   36:     0x5d22e3cfdb32 - std[73adb7dc35730857]::panicking::catch_unwind::do_call::<core[6883ba1bc0fe4ed1]::panic::unwind_safe::AssertUnwindSafe<std[73adb7dc35730857]::thread::lifecycle::spawn_unchecked<test[980ffaebd391d06d]::run_test::{closure#1}, ()>::{closure#1}::{closure#0}>, ()>
[INFO] [stdout]                                at /rustc/6b3fa26749ab40e159b2dd5cf577acaaf5902772/library/std/src/panicking.rs:576:43
[INFO] [stdout]   37:     0x5d22e3cfdb32 - std[73adb7dc35730857]::panicking::catch_unwind::<(), core[6883ba1bc0fe4ed1]::panic::unwind_safe::AssertUnwindSafe<std[73adb7dc35730857]::thread::lifecycle::spawn_unchecked<test[980ffaebd391d06d]::run_test::{closure#1}, ()>::{closure#1}::{closure#0}>>
[INFO] [stdout]                                at /rustc/6b3fa26749ab40e159b2dd5cf577acaaf5902772/library/std/src/panicking.rs:544:19
[INFO] [stdout]   38:     0x5d22e3cfdb32 - std[73adb7dc35730857]::panic::catch_unwind::<core[6883ba1bc0fe4ed1]::panic::unwind_safe::AssertUnwindSafe<std[73adb7dc35730857]::thread::lifecycle::spawn_unchecked<test[980ffaebd391d06d]::run_test::{closure#1}, ()>::{closure#1}::{closure#0}>, ()>
[INFO] [stdout]                                at /rustc/6b3fa26749ab40e159b2dd5cf577acaaf5902772/library/std/src/panic.rs:359:14
[INFO] [stdout]   39:     0x5d22e3cfdb32 - std[73adb7dc35730857]::thread::lifecycle::spawn_unchecked::<test[980ffaebd391d06d]::run_test::{closure#1}, ()>::{closure#1}
[INFO] [stdout]                                at /rustc/6b3fa26749ab40e159b2dd5cf577acaaf5902772/library/std/src/thread/lifecycle.rs:68:26
[INFO] [stdout]   40:     0x5d22e3cfdb32 - <std[73adb7dc35730857]::thread::lifecycle::spawn_unchecked<test[980ffaebd391d06d]::run_test::{closure#1}, ()>::{closure#1} as core[6883ba1bc0fe4ed1]::ops::function::FnOnce<()>>::call_once::{shim:vtable#0}
[INFO] [stdout]                                at /rustc/6b3fa26749ab40e159b2dd5cf577acaaf5902772/library/core/src/ops/function.rs:250:5
[INFO] [stdout]   41:     0x5d22e3d668df - <alloc[55a36b64bcbf2c0d]::boxed::Box<dyn core[6883ba1bc0fe4ed1]::ops::function::FnOnce<(), Output = ()> + core[6883ba1bc0fe4ed1]::marker::Send> as core[6883ba1bc0fe4ed1]::ops::function::FnOnce<()>>::call_once
[INFO] [stdout]                                at /rustc/6b3fa26749ab40e159b2dd5cf577acaaf5902772/library/alloc/src/boxed.rs:2319:9
[INFO] [stdout]   42:     0x5d22e3d668df - <std[73adb7dc35730857]::sys::thread::unix::Thread>::new::thread_start
[INFO] [stdout]                                at /rustc/6b3fa26749ab40e159b2dd5cf577acaaf5902772/library/std/src/sys/thread/unix.rs:123:17
[INFO] [stdout]   43:     0x74e493407aa4 - <unknown>
[INFO] [stdout]   44:     0x74e493494a64 - clone
[INFO] [stdout]   45:                0x0 - <unknown>
[INFO] [stdout] 
[INFO] [stdout] 
[INFO] [stdout] failures:
[INFO] [stdout]     test_build
[INFO] [stdout] 
[INFO] [stdout] test result: FAILED. 0 passed; 1 failed; 0 ignored; 0 measured; 0 filtered out; finished in 0.53s
[INFO] [stdout] 
[INFO] [stderr] error: test failed, to rerun pass `--test build_simple_blog`
[INFO] running `Command { std: "docker" "inspect" "26e00877ca2b87cbbbcdc460b6515d31a855a6f79094d5dfe7b55c720b4b7be6", kill_on_drop: false }`
[INFO] running `Command { std: "docker" "rm" "-f" "26e00877ca2b87cbbbcdc460b6515d31a855a6f79094d5dfe7b55c720b4b7be6", kill_on_drop: false }`
[INFO] [stdout] 26e00877ca2b87cbbbcdc460b6515d31a855a6f79094d5dfe7b55c720b4b7be6
