[INFO] cloning repository https://github.com/mapeshwe/graphcoder
[INFO] running `Command { std: "git" "-c" "credential.helper=" "-c" "credential.helper=/workspace/cargo-home/bin/git-credential-null" "clone" "--bare" "https://github.com/mapeshwe/graphcoder" "/workspace/cache/git-repos/https%3A%2F%2Fgithub.com%2Fmapeshwe%2Fgraphcoder", kill_on_drop: false }`
[INFO] [stderr] Cloning into bare repository '/workspace/cache/git-repos/https%3A%2F%2Fgithub.com%2Fmapeshwe%2Fgraphcoder'...
[INFO] running `Command { std: "git" "rev-parse" "HEAD", kill_on_drop: false }`
[INFO] [stdout] 9eb783d7d9550f3440eec3e95724a18483f729e8
[INFO] testing mapeshwe/graphcoder against 1.98.0-beta.1 for beta-1.98-2
[INFO] running `Command { std: "git" "clone" "/workspace/cache/git-repos/https%3A%2F%2Fgithub.com%2Fmapeshwe%2Fgraphcoder" "/workspace/builds/worker-0-tc2/source", kill_on_drop: false }`
[INFO] [stderr] Cloning into '/workspace/builds/worker-0-tc2/source'...
[INFO] [stderr] done.
[INFO] started tweaking git repo https://github.com/mapeshwe/graphcoder
[INFO] finished tweaking git repo https://github.com/mapeshwe/graphcoder
[INFO] tweaked toml for git repo https://github.com/mapeshwe/graphcoder written to /workspace/builds/worker-0-tc2/source/Cargo.toml
[INFO] validating manifest of git repo https://github.com/mapeshwe/graphcoder on toolchain 1.98.0-beta.1
[INFO] running `Command { std: CARGO_HOME="/workspace/cargo-home" RUSTUP_HOME="/workspace/rustup-home" "/workspace/cargo-home/bin/cargo" "+1.98.0-beta.1" "metadata" "--manifest-path" "Cargo.toml" "--no-deps", kill_on_drop: false }`
[INFO] crate git repo https://github.com/mapeshwe/graphcoder already has a lockfile, it will not be regenerated
[INFO] running `Command { std: CARGO_HOME="/workspace/cargo-home" RUSTUP_HOME="/workspace/rustup-home" "/workspace/cargo-home/bin/cargo" "+1.98.0-beta.1" "fetch" "--manifest-path" "Cargo.toml", kill_on_drop: false }`
[INFO] running `Command { std: "docker" "create" "-v" "/var/lib/crater-agent-workspace/builds/worker-0-tc2/source:/opt/rustwide/workdir:ro,Z" "-v" "/var/lib/crater-agent-workspace/builds/worker-0-tc2/target:/opt/rustwide/target:rw,Z" "-v" "/var/lib/crater-agent-workspace/cargo-home:/opt/rustwide/cargo-home:ro,Z" "-v" "/var/lib/crater-agent-workspace/rustup-home:/opt/rustwide/rustup-home:ro,Z" "-m" "1610612736" "--network" "none" "ghcr.io/rust-lang/crates-build-env/linux@sha256:3d5ced03c013a94a2f102a4510f48a6e9184255caf5fd8244f58017bde7f5210" "sleep" "infinity", kill_on_drop: false }`
[INFO] [stdout] 3ab57ac4716ad2cf4ad4dfef33d83d0628bd3d93b8a7362bce4fea31170885ce
[INFO] running `Command { std: "docker" "start" "3ab57ac4716ad2cf4ad4dfef33d83d0628bd3d93b8a7362bce4fea31170885ce", kill_on_drop: false }`
[INFO] running `Command { std: "docker" "inspect" "3ab57ac4716ad2cf4ad4dfef33d83d0628bd3d93b8a7362bce4fea31170885ce", kill_on_drop: false }`
[INFO] running `Command { std: "docker" "exec" "-e" "SOURCE_DIR=/opt/rustwide/workdir" "-e" "CARGO_HOME=/opt/rustwide/cargo-home" "-e" "RUSTUP_HOME=/opt/rustwide/rustup-home" "-e" "CARGO_TARGET_DIR=/opt/rustwide/target" "-w" "/opt/rustwide/workdir" "--user" "0:0" "3ab57ac4716ad2cf4ad4dfef33d83d0628bd3d93b8a7362bce4fea31170885ce" "/opt/rustwide/cargo-home/bin/cargo" "+1.98.0-beta.1" "metadata" "--no-deps" "--format-version=1", kill_on_drop: false }`
[INFO] running `Command { std: "docker" "inspect" "3ab57ac4716ad2cf4ad4dfef33d83d0628bd3d93b8a7362bce4fea31170885ce", kill_on_drop: false }`
[INFO] running `Command { std: "docker" "exec" "-e" "SOURCE_DIR=/opt/rustwide/workdir" "-e" "CARGO_HOME=/opt/rustwide/cargo-home" "-e" "RUSTUP_HOME=/opt/rustwide/rustup-home" "-e" "CARGO_TARGET_DIR=/opt/rustwide/target" "-e" "CARGO_INCREMENTAL=0" "-e" "RUST_BACKTRACE=full" "-e" "RUSTFLAGS=--cap-lints=warn" "-e" "RUSTDOCFLAGS=--cap-lints=warn" "-w" "/opt/rustwide/workdir" "--user" "0:0" "3ab57ac4716ad2cf4ad4dfef33d83d0628bd3d93b8a7362bce4fea31170885ce" "/opt/rustwide/cargo-home/bin/cargo" "+1.98.0-beta.1" "build" "--frozen" "--message-format=json", kill_on_drop: false }`
[INFO] [stderr]    Compiling find-msvc-tools v0.1.9
[INFO] [stderr]    Compiling shlex v1.3.0
[INFO] [stderr]    Compiling tree-sitter-language v0.1.7
[INFO] [stderr]    Compiling mio v1.2.0
[INFO] [stderr]    Compiling socket2 v0.6.3
[INFO] [stderr]    Compiling serde v1.0.228
[INFO] [stderr]    Compiling regex-automata v0.4.14
[INFO] [stderr]    Compiling getrandom v0.2.17
[INFO] [stderr]    Compiling cc v1.2.59
[INFO] [stderr]    Compiling futures-util v0.3.32
[INFO] [stderr]    Compiling ahash v0.7.8
[INFO] [stderr]    Compiling either v1.15.0
[INFO] [stderr]    Compiling streaming-iterator v0.1.9
[INFO] [stderr]    Compiling tokio v1.51.1
[INFO] [stderr]    Compiling itertools v0.14.0
[INFO] [stderr]    Compiling tracing v0.1.44
[INFO] [stderr]    Compiling thiserror-impl v1.0.69
[INFO] [stderr]    Compiling libc v0.2.184
[INFO] [stderr]    Compiling darling_core v0.21.3
[INFO] [stderr]    Compiling hashbrown v0.12.3
[INFO] [stderr]    Compiling icu_normalizer v2.2.0
[INFO] [stderr]    Compiling thiserror v1.0.69
[INFO] [stderr]    Compiling syn v1.0.109
[INFO] [stderr]    Compiling tree-sitter v0.24.7
[INFO] [stderr]    Compiling openssl-sys v0.9.112
[INFO] [stderr]    Compiling prost-derive v0.13.5
[INFO] [stderr]    Compiling serde_json v1.0.149
[INFO] [stderr]    Compiling regex v1.12.3
[INFO] [stderr]    Compiling idna_adapter v1.2.1
[INFO] [stderr]    Compiling bytes v1.11.1
[INFO] [stderr]    Compiling radium v0.7.0
[INFO] [stderr]    Compiling foreign-types-shared v0.1.1
[INFO] [stderr]    Compiling prettyplease v0.2.37
[INFO] [stderr]    Compiling regex-syntax v0.8.10
[INFO] [stderr]    Compiling rustix v0.38.44
[INFO] [stderr]    Compiling darling_macro v0.21.3
[INFO] [stderr]    Compiling openssl v0.10.76
[INFO] [stderr]    Compiling darling v0.21.3
[INFO] [stderr]    Compiling foreign-types v0.3.2
[INFO] [stderr]    Compiling getrandom v0.4.2
[INFO] [stderr]    Compiling prost v0.13.5
[INFO] [stderr]    Compiling idna v1.1.0
[INFO] [stderr]    Compiling tokio-util v0.7.18
[INFO] [stderr]    Compiling openssl-macros v0.1.1
[INFO] [stderr]    Compiling linux-raw-sys v0.4.15
[INFO] [stderr]    Compiling fixedbitset v0.5.7
[INFO] [stderr]    Compiling h2 v0.4.13
[INFO] [stderr]    Compiling native-tls v0.2.18
[INFO] [stderr]    Compiling tap v1.0.1
[INFO] [stderr]    Compiling dirs-sys v0.4.1
[INFO] [stderr]    Compiling wyz v0.5.1
[INFO] [stderr]    Compiling petgraph v0.7.1
[INFO] [stderr]    Compiling indexmap v1.9.3
[INFO] [stderr]    Compiling tower v0.5.3
[INFO] [stderr]    Compiling prost-types v0.13.5
[INFO] [stderr]    Compiling url v2.5.8
[INFO] [stderr]    Compiling tempfile v3.27.0
[INFO] [stderr]    Compiling enumset_derive v0.14.0
[INFO] [stderr]    Compiling hyper v1.9.0
[INFO] [stderr]    Compiling rand_core v0.6.4
[INFO] [stderr]    Compiling dlv-list v0.3.0
[INFO] [stderr]    Compiling tree-sitter-loader v0.24.7
[INFO] [stderr]    Compiling controlled-option-macros v0.2.2
[INFO] [stderr]    Compiling multimap v0.10.1
[INFO] [stderr]    Compiling funty v2.0.0
[INFO] [stderr]    Compiling utf8parse v0.2.2
[INFO] [stderr]    Compiling anstyle-parse v1.0.0
[INFO] [stderr]    Compiling controlled-option v0.4.1
[INFO] [stderr]    Compiling prost-build v0.13.5
[INFO] [stderr]    Compiling ordered-multimap v0.4.3
[INFO] [stderr]    Compiling enumset v1.1.10
[INFO] [stderr]    Compiling bitvec v1.0.1
[INFO] [stderr]    Compiling tree-sitter-highlight v0.24.7
[INFO] [stderr]    Compiling lsp-positions v0.3.4
[INFO] [stderr]    Compiling rand_chacha v0.3.1
[INFO] [stderr]    Compiling fs4 v0.9.1
[INFO] [stderr]    Compiling dirs v5.0.1
[INFO] [stderr]    Compiling hyper-util v0.1.20
[INFO] [stderr]    Compiling tree-sitter-tags v0.24.7
[INFO] [stderr]    Compiling itertools v0.10.5
[INFO] [stderr]    Compiling tree-sitter-python v0.23.5
[INFO] [stderr]    Compiling semver v1.0.28
[INFO] [stderr]    Compiling anstyle v1.0.14
[INFO] [stderr]    Compiling is_terminal_polyfill v1.70.2
[INFO] [stderr]    Compiling colorchoice v1.0.5
[INFO] [stderr]    Compiling anstyle-query v1.1.5
[INFO] [stderr]    Compiling path-slash v0.2.1
[INFO] [stderr]    Compiling indoc v2.0.7
[INFO] [stderr]    Compiling anstream v1.0.0
[INFO] [stderr]    Compiling axum-core v0.4.5
[INFO] [stderr]    Compiling rand v0.8.5
[INFO] [stderr]    Compiling tonic-build v0.12.3
[INFO] [stderr]    Compiling rust-ini v0.18.0
[INFO] [stderr]    Compiling tokio-native-tls v0.3.1
[INFO] [stderr]    Compiling tree-sitter-graph v0.12.0
[INFO] [stderr]    Compiling tree-sitter-rust v0.23.3
[INFO] [stderr]    Compiling serde_spanned v0.6.9
[INFO] [stderr]    Compiling stack-graphs v0.14.1
[INFO] [stderr]    Compiling toml_datetime v0.6.11
[INFO] [stderr]    Compiling bstr v1.12.1
[INFO] [stderr]    Compiling same-file v1.0.6
[INFO] [stderr]    Compiling toml_write v0.1.2
[INFO] [stderr]    Compiling clap_lex v1.1.0
[INFO] [stderr]    Compiling winnow v0.7.15
[INFO] [stderr]    Compiling serde_urlencoded v0.7.1
[INFO] [stderr]    Compiling graphcode v0.1.0 (/opt/rustwide/workdir)
[INFO] [stderr]    Compiling globset v0.4.18
[INFO] [stderr]    Compiling axum v0.7.9
[INFO] [stderr]    Compiling clap_builder v4.6.0
[INFO] [stderr]    Compiling walkdir v2.5.0
[INFO] [stderr]    Compiling tower-http v0.6.8
[INFO] [stderr]    Compiling tree-sitter-stack-graphs v0.10.0
[INFO] [stderr]    Compiling console v0.15.11
[INFO] [stderr]    Compiling hyper-tls v0.6.0
[INFO] [stderr]    Compiling toml_edit v0.22.27
[INFO] [stderr]    Compiling rayon v1.11.0
[INFO] [stderr]    Compiling tower v0.4.13
[INFO] [stderr]    Compiling hyper-timeout v0.5.2
[INFO] [stderr]    Compiling tokio-stream v0.1.18
[INFO] [stderr]    Compiling clap_derive v4.6.0
[INFO] [stderr]    Compiling socket2 v0.5.10
[INFO] [stderr]    Compiling number_prefix v0.4.0
[INFO] [stderr]    Compiling reqwest v0.12.28
[INFO] [stderr]    Compiling tree-sitter-stack-graphs-python v0.3.0
[INFO] [stderr]    Compiling ignore v0.4.25
[INFO] [stderr]    Compiling toml v0.8.23
[INFO] [stderr]    Compiling indicatif v0.17.11
[INFO] [stderr]    Compiling tonic v0.12.3
[INFO] [stderr]    Compiling clap v4.6.0
[INFO] [stdout] warning: function `zero_emb` is never used
[INFO] [stdout]     --> src/synapse_insert.rs:1008:4
[INFO] [stdout]      |
[INFO] [stdout] 1008 | fn zero_emb() -> String {
[INFO] [stdout]      |    ^^^^^^^^
[INFO] [stdout]      |
[INFO] [stdout]      = note: `#[warn(dead_code)]` (part of `#[warn(unused)]`) on by default
[INFO] [stdout] 
[INFO] [stdout] 
[INFO] [stdout] warning: function `vany_str` is never used
[INFO] [stdout]   --> src/mcp/tools.rs:35:4
[INFO] [stdout]    |
[INFO] [stdout] 35 | fn vany_str(row: &Value, field: &str) -> String {
[INFO] [stdout]    |    ^^^^^^^^
[INFO] [stdout] 
[INFO] [stdout] 
[INFO] [stdout] warning: function `print_phase_header` is never used
[INFO] [stdout]    --> src/main.rs:861:4
[INFO] [stdout]     |
[INFO] [stdout] 861 | fn print_phase_header(num: u32, title: &str) {
[INFO] [stdout]     |    ^^^^^^^^^^^^^^^^^^
[INFO] [stdout]     |
[INFO] [stdout]     = note: `#[warn(dead_code)]` (part of `#[warn(unused)]`) on by default
[INFO] [stdout] 
[INFO] [stdout] 
[INFO] [stderr]     Finished `dev` profile [unoptimized + debuginfo] target(s) in 3m 05s
[INFO] running `Command { std: "docker" "inspect" "3ab57ac4716ad2cf4ad4dfef33d83d0628bd3d93b8a7362bce4fea31170885ce", kill_on_drop: false }`
[INFO] running `Command { std: "docker" "exec" "-e" "SOURCE_DIR=/opt/rustwide/workdir" "-e" "CARGO_HOME=/opt/rustwide/cargo-home" "-e" "RUSTUP_HOME=/opt/rustwide/rustup-home" "-e" "CARGO_TARGET_DIR=/opt/rustwide/target" "-e" "CARGO_INCREMENTAL=0" "-e" "RUST_BACKTRACE=full" "-e" "RUSTFLAGS=--cap-lints=warn" "-e" "RUSTDOCFLAGS=--cap-lints=warn" "-w" "/opt/rustwide/workdir" "--user" "0:0" "3ab57ac4716ad2cf4ad4dfef33d83d0628bd3d93b8a7362bce4fea31170885ce" "/opt/rustwide/cargo-home/bin/cargo" "+1.98.0-beta.1" "test" "--frozen" "--no-run" "--message-format=json", kill_on_drop: false }`
[INFO] [stdout] warning: function `zero_emb` is never used
[INFO] [stdout]     --> src/synapse_insert.rs:1008:4
[INFO] [stdout]      |
[INFO] [stdout] 1008 | fn zero_emb() -> String {
[INFO] [stdout]      |    ^^^^^^^^
[INFO] [stdout]      |
[INFO] [stdout]      = note: `#[warn(dead_code)]` (part of `#[warn(unused)]`) on by default
[INFO] [stdout] 
[INFO] [stdout] 
[INFO] [stdout] warning: function `vany_str` is never used
[INFO] [stdout]   --> src/mcp/tools.rs:35:4
[INFO] [stdout]    |
[INFO] [stdout] 35 | fn vany_str(row: &Value, field: &str) -> String {
[INFO] [stdout]    |    ^^^^^^^^
[INFO] [stdout] 
[INFO] [stdout] 
[INFO] [stderr]    Compiling graphcode v0.1.0 (/opt/rustwide/workdir)
[INFO] [stdout] warning: function `print_phase_header` is never used
[INFO] [stdout]    --> src/main.rs:861:4
[INFO] [stdout]     |
[INFO] [stdout] 861 | fn print_phase_header(num: u32, title: &str) {
[INFO] [stdout]     |    ^^^^^^^^^^^^^^^^^^
[INFO] [stdout]     |
[INFO] [stdout]     = note: `#[warn(dead_code)]` (part of `#[warn(unused)]`) on by default
[INFO] [stdout] 
[INFO] [stdout] 
[INFO] [stdout] warning: function `zero_emb` is never used
[INFO] [stdout]     --> src/synapse_insert.rs:1008:4
[INFO] [stdout]      |
[INFO] [stdout] 1008 | fn zero_emb() -> String {
[INFO] [stdout]      |    ^^^^^^^^
[INFO] [stdout]      |
[INFO] [stdout]      = note: `#[warn(dead_code)]` (part of `#[warn(unused)]`) on by default
[INFO] [stdout] 
[INFO] [stdout] 
[INFO] [stdout] warning: function `vany_str` is never used
[INFO] [stdout]   --> src/mcp/tools.rs:35:4
[INFO] [stdout]    |
[INFO] [stdout] 35 | fn vany_str(row: &Value, field: &str) -> String {
[INFO] [stdout]    |    ^^^^^^^^
[INFO] [stdout] 
[INFO] [stdout] 
[INFO] [stderr]     Finished `test` profile [unoptimized + debuginfo] target(s) in 13.44s
[INFO] running `Command { std: "docker" "inspect" "3ab57ac4716ad2cf4ad4dfef33d83d0628bd3d93b8a7362bce4fea31170885ce", kill_on_drop: false }`
[INFO] running `Command { std: "docker" "exec" "-e" "SOURCE_DIR=/opt/rustwide/workdir" "-e" "CARGO_HOME=/opt/rustwide/cargo-home" "-e" "RUSTUP_HOME=/opt/rustwide/rustup-home" "-e" "CARGO_TARGET_DIR=/opt/rustwide/target" "-e" "CARGO_INCREMENTAL=0" "-e" "RUST_BACKTRACE=full" "-e" "RUSTFLAGS=--cap-lints=warn" "-e" "RUSTDOCFLAGS=--cap-lints=warn" "-w" "/opt/rustwide/workdir" "--user" "0:0" "3ab57ac4716ad2cf4ad4dfef33d83d0628bd3d93b8a7362bce4fea31170885ce" "/opt/rustwide/cargo-home/bin/cargo" "+1.98.0-beta.1" "test" "--frozen", kill_on_drop: false }`
[INFO] [stderr] warning: function `zero_emb` is never used
[INFO] [stderr]     --> src/synapse_insert.rs:1008:4
[INFO] [stderr]      |
[INFO] [stderr] 1008 | fn zero_emb() -> String {
[INFO] [stderr]      |    ^^^^^^^^
[INFO] [stderr]      |
[INFO] [stderr]      = note: `#[warn(dead_code)]` (part of `#[warn(unused)]`) on by default
[INFO] [stderr] 
[INFO] [stderr] warning: function `vany_str` is never used
[INFO] [stderr]   --> src/mcp/tools.rs:35:4
[INFO] [stderr]    |
[INFO] [stderr] 35 | fn vany_str(row: &Value, field: &str) -> String {
[INFO] [stderr]    |    ^^^^^^^^
[INFO] [stderr] 
[INFO] [stderr] warning: `graphcode` (lib) generated 2 warnings
[INFO] [stderr] warning: `graphcode` (lib test) generated 2 warnings (2 duplicates)
[INFO] [stderr] warning: function `print_phase_header` is never used
[INFO] [stderr]    --> src/main.rs:861:4
[INFO] [stderr]     |
[INFO] [stderr] 861 | fn print_phase_header(num: u32, title: &str) {
[INFO] [stderr]     |    ^^^^^^^^^^^^^^^^^^
[INFO] [stderr]     |
[INFO] [stderr]     = note: `#[warn(dead_code)]` (part of `#[warn(unused)]`) on by default
[INFO] [stderr] 
[INFO] [stderr] warning: `graphcode` (bin "graphcoder" test) generated 1 warning
[INFO] [stderr]     Finished `test` profile [unoptimized + debuginfo] target(s) in 0.60s
[INFO] [stderr]      Running unittests src/lib.rs (/opt/rustwide/target/debug/deps/graphcode-bc1b8b829bc49c1c)
[INFO] [stdout] 
[INFO] [stdout] running 39 tests
[INFO] [stdout] test pipeline::incremental::diff::tests::both_none_is_unchanged ... ok
[INFO] [stdout] test pipeline::incremental::diff::tests::callee_set_mismatch_ignored_when_curr_empty ... ok
[INFO] [stdout] test pipeline::incremental::diff::tests::callee_set_change_detected_when_both_populated ... ok
[INFO] [stdout] test pipeline::incremental::diff::tests::callee_set_mismatch_ignored_when_prev_empty ... ok
[INFO] [stdout] test pipeline::incremental::diff::tests::deleted_symbol ... ok
[INFO] [stdout] test pipeline::incremental::diff::tests::identical_symbols_are_unchanged ... ok
[INFO] [stdout] test pipeline::incremental::diff::tests::body_only_edit ... ok
[INFO] [stdout] test pipeline::incremental::diff::tests::callee_set_change_beats_body_only ... ok
[INFO] [stdout] test pipeline::incremental::diff::tests::new_symbol ... ok
[INFO] [stdout] test pipeline::incremental::diff::tests::signature_change_alone ... ok
[INFO] [stdout] test pipeline::incremental::diff::tests::signature_change_beats_body_change ... ok
[INFO] [stdout] test pipeline::incremental::snapshot::tests::end_to_end_classify_across_snapshot_boundary ... ok
[INFO] [stdout] test pipeline::incremental::snapshot::tests::load_missing_file_returns_empty ... ok
[INFO] [stdout] test pipeline::incremental::snapshot::tests::malformed_json_returns_empty ... ok
[INFO] [stdout] test pipeline::incremental::tests::added_call_changes_hash ... ok
[INFO] [stdout] test pipeline::incremental::snapshot::tests::end_to_end_new_and_deleted_symbols ... ok
[INFO] [stdout] test pipeline::incremental::tests::end_to_end_callee_set_changed_classification ... ok
[INFO] [stdout] test pipeline::incremental::tests::call_order_in_source_does_not_matter ... ok
[INFO] [stdout] test pipeline::incremental::tests::same_name_symbols_in_different_files_are_independent ... ok
[INFO] [stdout] test pipeline::incremental::tests::symbol_with_calls_gets_non_empty_hash ... ok
[INFO] [stdout] test pipeline::incremental::snapshot::tests::schema_mismatch_returns_empty ... ok
[INFO] [stdout] test pipeline::incremental::snapshot::tests::round_trip_multiple_symbols ... ok
[INFO] [stdout] test pipeline::parsers::call_set_hash_tests::empty_set_is_stable ... ok
[INFO] [stdout] test pipeline::parsers::call_set_hash_tests::field_framing_prevents_collision ... ok
[INFO] [stdout] test pipeline::parsers::call_set_hash_tests::order_independent ... ok
[INFO] [stdout] test pipeline::incremental::snapshot::tests::round_trip_single_symbol ... ok
[INFO] [stdout] test pipeline::parsers::call_set_hash_tests::single_call_added_detected ... ok
[INFO] [stdout] test pipeline::incremental::tests::symbol_with_no_calls_stays_empty ... ok
[INFO] [stdout] test pipeline::parsers::call_set_hash_tests::call_type_change_detected ... ok
[INFO] [stdout] test pipeline::parsers::call_set_hash_tests::duplicates_do_not_affect_hash ... ok
[INFO] [stdout] test pipeline::incremental::snapshot::tests::tmp_file_is_cleaned_up_after_successful_save ... ok
[INFO] [stdout] test pipeline::incremental::snapshot::tests::save_creates_cache_dir_if_missing ... ok
[INFO] [stdout] test pipeline::parsers::signature_hash_tests::arity_change_detected ... ok
[INFO] [stdout] test pipeline::parsers::signature_hash_tests::type_change_detected ... ok
[INFO] [stdout] test pipeline::incremental::snapshot::tests::save_overwrites_previous_snapshot ... ok
[INFO] [stdout] test pipeline::parsers::signature_hash_tests::trailing_brace_ignored ... ok
[INFO] [stdout] test pipeline::parsers::signature_hash_tests::whitespace_collapse ... ok
[INFO] [stdout] test pipeline::parsers::python_parser::tests::cli_decorator_without_callback_uses_main_symbol ... ok
[INFO] [stdout] test pipeline::parsers::python_parser::tests::cli_decorator_emits_calls_from_callback_to_commands ... ok
[INFO] [stdout] 
[INFO] [stdout] test result: ok. 39 passed; 0 failed; 0 ignored; 0 measured; 0 filtered out; finished in 0.23s
[INFO] [stdout] 
[INFO] [stderr]      Running unittests src/bin/eval_resolver.rs (/opt/rustwide/target/debug/deps/eval_resolver-d414f4de3424b962)
[INFO] [stderr]      Running unittests src/bin/gen_rust_gold.rs (/opt/rustwide/target/debug/deps/gen_rust_gold-662ab4ffb52065f7)
[INFO] [stdout] 
[INFO] [stdout] running 0 tests
[INFO] [stdout] 
[INFO] [stdout] test result: ok. 0 passed; 0 failed; 0 ignored; 0 measured; 0 filtered out; finished in 0.00s
[INFO] [stdout] 
[INFO] [stdout] 
[INFO] [stdout] running 0 tests
[INFO] [stdout] 
[INFO] [stderr]      Running unittests src/main.rs (/opt/rustwide/target/debug/deps/graphcoder-3a9eee710b245c36)
[INFO] [stdout] test result: ok. 0 passed; 0 failed; 0 ignored; 0 measured; 0 filtered out; finished in 0.00s
[INFO] [stdout] 
[INFO] [stdout] 
[INFO] [stdout] running 0 tests
[INFO] [stdout] 
[INFO] [stdout] test result: ok. 0 passed; 0 failed; 0 ignored; 0 measured; 0 filtered out; finished in 0.00s
[INFO] [stdout] 
[INFO] [stderr]      Running unittests src/bin/mcp.rs (/opt/rustwide/target/debug/deps/graphcoder_mcp-4da3d2c9f23c418c)
[INFO] [stdout] 
[INFO] [stdout] running 0 tests
[INFO] [stdout] 
[INFO] [stdout] test result: ok. 0 passed; 0 failed; 0 ignored; 0 measured; 0 filtered out; finished in 0.00s
[INFO] [stderr]      Running unittests src/bin/sg_python_smoke.rs (/opt/rustwide/target/debug/deps/sg_python_smoke-70b4f45e8ad251a1)
[INFO] [stdout] 
[INFO] [stdout] 
[INFO] [stdout] running 0 tests
[INFO] [stdout] 
[INFO] [stdout] test result: ok. 0 passed; 0 failed; 0 ignored; 0 measured; 0 filtered out; finished in 0.00s
[INFO] [stdout] 
[INFO] [stderr]      Running unittests src/bin/validate_schema.rs (/opt/rustwide/target/debug/deps/validate_schema-b44fbb0f298028de)
[INFO] [stdout] 
[INFO] [stdout] running 0 tests
[INFO] [stdout] 
[INFO] [stdout] test result: ok. 0 passed; 0 failed; 0 ignored; 0 measured; 0 filtered out; finished in 0.00s
[INFO] [stdout] 
[INFO] [stderr]    Doc-tests graphcode
[INFO] [stdout] 
[INFO] [stdout] running 1 test
[INFO] [stdout] test src/synapse_insert.rs - synapse_insert::check_staleness (line 49) ... FAILED
[INFO] [stdout] 
[INFO] [stdout] failures:
[INFO] [stdout] 
[INFO] [stdout] ---- src/synapse_insert.rs - synapse_insert::check_staleness (line 49) stdout ----
[INFO] [stdout] error[E0425]: cannot find value `system_node` in this scope
[INFO] [stdout]   --> src/synapse_insert.rs:50:32
[INFO] [stdout]    |
[INFO] [stdout] 50 | let warning = check_staleness(&system_node.git_commit, &git_head_sha(repo_path));
[INFO] [stdout]    |                                ^^^^^^^^^^^ not found in this scope
[INFO] [stdout] 
[INFO] [stdout] error[E0425]: cannot find value `repo_path` in this scope
[INFO] [stdout]   --> src/synapse_insert.rs:50:70
[INFO] [stdout]    |
[INFO] [stdout] 50 | let warning = check_staleness(&system_node.git_commit, &git_head_sha(repo_path));
[INFO] [stdout]    |                                                                      ^^^^^^^^^ not found in this scope
[INFO] [stdout] 
[INFO] [stdout] error[E0425]: cannot find function `git_head_sha` in this scope
[INFO] [stdout]   --> src/synapse_insert.rs:50:57
[INFO] [stdout]    |
[INFO] [stdout] 50 | let warning = check_staleness(&system_node.git_commit, &git_head_sha(repo_path));
[INFO] [stdout]    |                                                         ^^^^^^^^^^^^ not found in this scope
[INFO] [stdout] 
[INFO] [stdout] error[E0425]: cannot find function `check_staleness` in this scope
[INFO] [stdout]   --> src/synapse_insert.rs:50:15
[INFO] [stdout]    |
[INFO] [stdout] 50 | let warning = check_staleness(&system_node.git_commit, &git_head_sha(repo_path));
[INFO] [stdout]    |               ^^^^^^^^^^^^^^^ not found in this scope
[INFO] [stdout] 
[INFO] [stdout] error[E0425]: cannot find function `prepend_to_response` in this scope
[INFO] [stdout]   --> src/synapse_insert.rs:51:28
[INFO] [stdout]    |
[INFO] [stdout] 51 | if let Some(w) = warning { prepend_to_response(w); }
[INFO] [stdout]    |                            ^^^^^^^^^^^^^^^^^^^ not found in this scope
[INFO] [stdout] 
[INFO] [stdout] error: aborting due to 5 previous errors
[INFO] [stdout] 
[INFO] [stdout] For more information about this error, try `rustc --explain E0425`.
[INFO] [stdout] Couldn't compile the test.
[INFO] [stdout] 
[INFO] [stdout] failures:
[INFO] [stdout]     src/synapse_insert.rs - synapse_insert::check_staleness (line 49)
[INFO] [stdout] 
[INFO] [stdout] test result: FAILED. 0 passed; 1 failed; 0 ignored; 0 measured; 0 filtered out; finished in 0.15s
[INFO] [stdout] 
[INFO] [stdout] all doctests ran in 0.33s; merged doctests compilation took 0.18s
[INFO] [stderr] error: doctest failed, to rerun pass `--doc`
[INFO] running `Command { std: "docker" "inspect" "3ab57ac4716ad2cf4ad4dfef33d83d0628bd3d93b8a7362bce4fea31170885ce", kill_on_drop: false }`
[INFO] running `Command { std: "docker" "rm" "-f" "3ab57ac4716ad2cf4ad4dfef33d83d0628bd3d93b8a7362bce4fea31170885ce", kill_on_drop: false }`
[INFO] [stdout] 3ab57ac4716ad2cf4ad4dfef33d83d0628bd3d93b8a7362bce4fea31170885ce
