[INFO] cloning repository https://github.com/luizribeiro/apple-main
[INFO] running `Command { std: "git" "-c" "credential.helper=" "-c" "credential.helper=/workspace/cargo-home/bin/git-credential-null" "clone" "--bare" "https://github.com/luizribeiro/apple-main" "/workspace/cache/git-repos/https%3A%2F%2Fgithub.com%2Fluizribeiro%2Fapple-main", kill_on_drop: false }`
[INFO] [stderr] Cloning into bare repository '/workspace/cache/git-repos/https%3A%2F%2Fgithub.com%2Fluizribeiro%2Fapple-main'...
[INFO] running `Command { std: "git" "rev-parse" "HEAD", kill_on_drop: false }`
[INFO] [stdout] 174e0fd476525fbd5bb18b1f12a28fc9b69f4654
[INFO] testing luizribeiro/apple-main against 1.97.0-beta.6 for beta-1.98-2
[INFO] running `Command { std: "git" "clone" "/workspace/cache/git-repos/https%3A%2F%2Fgithub.com%2Fluizribeiro%2Fapple-main" "/workspace/builds/worker-6-tc1/source", kill_on_drop: false }`
[INFO] [stderr] Cloning into '/workspace/builds/worker-6-tc1/source'...
[INFO] [stderr] done.
[INFO] started tweaking git repo https://github.com/luizribeiro/apple-main
[INFO] removed 0 missing tests
[INFO] finished tweaking git repo https://github.com/luizribeiro/apple-main
[INFO] tweaked toml for git repo https://github.com/luizribeiro/apple-main written to /workspace/builds/worker-6-tc1/source/Cargo.toml
[INFO] validating manifest of git repo https://github.com/luizribeiro/apple-main on toolchain 1.97.0-beta.6
[INFO] running `Command { std: CARGO_HOME="/workspace/cargo-home" RUSTUP_HOME="/workspace/rustup-home" "/workspace/cargo-home/bin/cargo" "+1.97.0-beta.6" "metadata" "--manifest-path" "Cargo.toml" "--no-deps", kill_on_drop: false }`
[INFO] crate git repo https://github.com/luizribeiro/apple-main already has a lockfile, it will not be regenerated
[INFO] running `Command { std: CARGO_HOME="/workspace/cargo-home" RUSTUP_HOME="/workspace/rustup-home" "/workspace/cargo-home/bin/cargo" "+1.97.0-beta.6" "fetch" "--manifest-path" "Cargo.toml", kill_on_drop: false }`
[INFO] [stderr]     Updating crates.io index
[INFO] [stderr]     Blocking waiting for file lock on package cache
[INFO] [stderr]  Downloading crates ...
[INFO] [stderr]   Downloaded criterion-macro v0.4.0
[INFO] [stderr]   Downloaded escape8259 v0.5.3
[INFO] [stderr]   Downloaded libtest-mimic v0.8.1
[INFO] [stderr]   Downloaded inventory v0.3.21
[INFO] running `Command { std: "docker" "create" "-v" "/var/lib/crater-agent-workspace/builds/worker-6-tc1/source:/opt/rustwide/workdir:ro,Z" "-v" "/var/lib/crater-agent-workspace/builds/worker-6-tc1/target:/opt/rustwide/target:rw,Z" "-v" "/var/lib/crater-agent-workspace/cargo-home:/opt/rustwide/cargo-home:ro,Z" "-v" "/var/lib/crater-agent-workspace/rustup-home:/opt/rustwide/rustup-home:ro,Z" "-m" "1610612736" "--network" "none" "ghcr.io/rust-lang/crates-build-env/linux@sha256:3d5ced03c013a94a2f102a4510f48a6e9184255caf5fd8244f58017bde7f5210" "sleep" "infinity", kill_on_drop: false }`
[INFO] [stdout] 5251b957e86b96708772e4236f71810d41b4f55d2b7f5bdaa7a8935570ce1d13
[INFO] running `Command { std: "docker" "start" "5251b957e86b96708772e4236f71810d41b4f55d2b7f5bdaa7a8935570ce1d13", kill_on_drop: false }`
[INFO] running `Command { std: "docker" "inspect" "5251b957e86b96708772e4236f71810d41b4f55d2b7f5bdaa7a8935570ce1d13", kill_on_drop: false }`
[INFO] running `Command { std: "docker" "exec" "-e" "SOURCE_DIR=/opt/rustwide/workdir" "-e" "CARGO_HOME=/opt/rustwide/cargo-home" "-e" "RUSTUP_HOME=/opt/rustwide/rustup-home" "-e" "CARGO_TARGET_DIR=/opt/rustwide/target" "-w" "/opt/rustwide/workdir" "--user" "0:0" "5251b957e86b96708772e4236f71810d41b4f55d2b7f5bdaa7a8935570ce1d13" "/opt/rustwide/cargo-home/bin/cargo" "+1.97.0-beta.6" "metadata" "--no-deps" "--format-version=1", kill_on_drop: false }`
[INFO] running `Command { std: "docker" "inspect" "5251b957e86b96708772e4236f71810d41b4f55d2b7f5bdaa7a8935570ce1d13", kill_on_drop: false }`
[INFO] running `Command { std: "docker" "exec" "-e" "SOURCE_DIR=/opt/rustwide/workdir" "-e" "CARGO_HOME=/opt/rustwide/cargo-home" "-e" "RUSTUP_HOME=/opt/rustwide/rustup-home" "-e" "CARGO_TARGET_DIR=/opt/rustwide/target" "-e" "CARGO_INCREMENTAL=0" "-e" "RUST_BACKTRACE=full" "-e" "RUSTFLAGS=--cap-lints=warn" "-e" "RUSTDOCFLAGS=--cap-lints=warn" "-w" "/opt/rustwide/workdir" "--user" "0:0" "5251b957e86b96708772e4236f71810d41b4f55d2b7f5bdaa7a8935570ce1d13" "/opt/rustwide/cargo-home/bin/cargo" "+1.97.0-beta.6" "build" "--frozen" "--message-format=json", kill_on_drop: false }`
[INFO] [stderr]    Compiling proc-macro2 v1.0.103
[INFO] [stderr]    Compiling unicode-ident v1.0.22
[INFO] [stderr]    Compiling quote v1.0.42
[INFO] [stderr]    Compiling anstyle v1.0.13
[INFO] [stderr]    Compiling clap_lex v0.7.6
[INFO] [stderr]    Compiling escape8259 v0.5.3
[INFO] [stderr]    Compiling inventory v0.3.21
[INFO] [stderr]    Compiling anstream v0.6.21
[INFO] [stderr]    Compiling clap_builder v4.5.53
[INFO] [stderr]    Compiling syn v2.0.111
[INFO] [stderr]    Compiling clap_derive v4.5.49
[INFO] [stderr]    Compiling tokio-macros v2.6.0
[INFO] [stderr]    Compiling apple-main-macros v0.1.0 (/opt/rustwide/workdir/macros)
[INFO] [stderr]    Compiling tokio v1.48.0
[INFO] [stderr]    Compiling clap v4.5.53
[INFO] [stderr]    Compiling libtest-mimic v0.8.1
[INFO] [stderr]    Compiling apple-main v0.1.0 (/opt/rustwide/workdir)
[INFO] [stderr]     Finished `dev` profile [unoptimized + debuginfo] target(s) in 23.02s
[INFO] running `Command { std: "docker" "inspect" "5251b957e86b96708772e4236f71810d41b4f55d2b7f5bdaa7a8935570ce1d13", kill_on_drop: false }`
[INFO] running `Command { std: "docker" "exec" "-e" "SOURCE_DIR=/opt/rustwide/workdir" "-e" "CARGO_HOME=/opt/rustwide/cargo-home" "-e" "RUSTUP_HOME=/opt/rustwide/rustup-home" "-e" "CARGO_TARGET_DIR=/opt/rustwide/target" "-e" "CARGO_INCREMENTAL=0" "-e" "RUST_BACKTRACE=full" "-e" "RUSTFLAGS=--cap-lints=warn" "-e" "RUSTDOCFLAGS=--cap-lints=warn" "-w" "/opt/rustwide/workdir" "--user" "0:0" "5251b957e86b96708772e4236f71810d41b4f55d2b7f5bdaa7a8935570ce1d13" "/opt/rustwide/cargo-home/bin/cargo" "+1.97.0-beta.6" "test" "--frozen" "--no-run" "--message-format=json", kill_on_drop: false }`
[INFO] [stderr]    Compiling apple-main v0.1.0 (/opt/rustwide/workdir)
[INFO] [stdout] warning: unused import: `super::*`
[INFO] [stdout]   --> tests/integration.rs:31:9
[INFO] [stdout]    |
[INFO] [stdout] 31 |     use super::*;
[INFO] [stdout]    |         ^^^^^^^^
[INFO] [stdout]    |
[INFO] [stdout]    = note: `#[warn(unused_imports)]` (part of `#[warn(unused)]`) on by default
[INFO] [stdout] 
[INFO] [stdout] 
[INFO] [stderr]     Finished `test` profile [unoptimized + debuginfo] target(s) in 3.64s
[INFO] running `Command { std: "docker" "inspect" "5251b957e86b96708772e4236f71810d41b4f55d2b7f5bdaa7a8935570ce1d13", kill_on_drop: false }`
[INFO] running `Command { std: "docker" "exec" "-e" "SOURCE_DIR=/opt/rustwide/workdir" "-e" "CARGO_HOME=/opt/rustwide/cargo-home" "-e" "RUSTUP_HOME=/opt/rustwide/rustup-home" "-e" "CARGO_TARGET_DIR=/opt/rustwide/target" "-e" "CARGO_INCREMENTAL=0" "-e" "RUST_BACKTRACE=full" "-e" "RUSTFLAGS=--cap-lints=warn" "-e" "RUSTDOCFLAGS=--cap-lints=warn" "-w" "/opt/rustwide/workdir" "--user" "0:0" "5251b957e86b96708772e4236f71810d41b4f55d2b7f5bdaa7a8935570ce1d13" "/opt/rustwide/cargo-home/bin/cargo" "+1.97.0-beta.6" "test" "--frozen", kill_on_drop: false }`
[INFO] [stderr] warning: unused import: `super::*`
[INFO] [stderr]   --> tests/integration.rs:31:9
[INFO] [stderr]    |
[INFO] [stderr] 31 |     use super::*;
[INFO] [stderr]    |         ^^^^^^^^
[INFO] [stderr]    |
[INFO] [stderr]    = note: `#[warn(unused_imports)]` (part of `#[warn(unused)]`) on by default
[INFO] [stderr] 
[INFO] [stderr] warning: `apple-main` (test "integration") generated 1 warning (run `cargo fix --test "integration" -p apple-main` to apply 1 suggestion)
[INFO] [stderr]     Finished `test` profile [unoptimized + debuginfo] target(s) in 0.10s
[INFO] [stderr]      Running unittests src/lib.rs (/opt/rustwide/target/debug/deps/apple_main-f00202f3dc446c35)
[INFO] [stdout] 
[INFO] [stdout] running 12 tests
[INFO] [stdout] test dispatch::tests::non_macos::on_main_sync_executes_closure ... ok
[INFO] [stdout] test dispatch::tests::non_macos::on_main_returns_value ... ok
[INFO] [stdout] test dispatch::tests::non_macos::on_main_executes_closure ... ok
[INFO] [stdout] test platform::other::tests::is_main_thread_always_returns_true ... ok
[INFO] [stdout] test dispatch::tests::non_macos::on_main_sync_returns_value ... ok
[INFO] [stdout] test runtime::tests::init_runtime_returns_same_instance ... ok
[INFO] [stdout] test runtime::tests::init_runtime_creates_runtime ... ok
[INFO] [stdout] test runtime::tests::block_on_executes_future ... ok
[INFO] [stdout] test platform::other::tests::is_main_thread_returns_true_on_spawned_thread ... ok
[INFO] [stdout] test runtime::tests::block_on_with_spawn ... ok
[INFO] [stdout] test runtime::tests::concurrent_init_returns_same_runtime ... ok
[INFO] [stdout] test test_harness::tests::test_case_can_be_created ... ok
[INFO] [stdout] 
[INFO] [stdout] test result: ok. 12 passed; 0 failed; 0 ignored; 0 measured; 0 filtered out; finished in 0.01s
[INFO] [stdout] 
[INFO] [stderr]      Running tests/harness_integration.rs (/opt/rustwide/target/debug/deps/harness_integration-852a76cff97ed113)
[INFO] [stderr] 
[INFO] [stdout] 
[INFO] [stderr] thread '<unnamed>' (536) panicked at tests/harness_integration.rs:28:5:
[INFO] [stdout] running 6 tests
[INFO] [stderr] assertion failed: !is_main
[INFO] [stderr] stack backtrace:
[INFO] [stdout] test test_multiple_tests_run       ... ok
[INFO] [stdout] test test_on_main_sync_dispatch    ... ok
[INFO] [stdout] test test_on_main_dispatch         ... ok
[INFO] [stdout] test test_async_operation          ... ok
[INFO] [stdout] test test_counter_increments       ... ok
[INFO] [stderr]    0:     0x613471362388 - std[10d71ac2c42b111e]::backtrace_rs::backtrace::libunwind::trace
[INFO] [stderr]                                at /rustc/b2282dd5646a57d570fc86fbe8df0e8826665ef6/library/std/src/../../backtrace/src/backtrace/libunwind.rs:117:9
[INFO] [stderr]    1:     0x613471362388 - std[10d71ac2c42b111e]::backtrace_rs::backtrace::trace_unsynchronized::<std[10d71ac2c42b111e]::sys::backtrace::_print_fmt::{closure#1}>
[INFO] [stderr]                                at /rustc/b2282dd5646a57d570fc86fbe8df0e8826665ef6/library/std/src/../../backtrace/src/backtrace/mod.rs:66:14
[INFO] [stderr]    2:     0x613471362388 - std[10d71ac2c42b111e]::sys::backtrace::_print_fmt
[INFO] [stderr]                                at /rustc/b2282dd5646a57d570fc86fbe8df0e8826665ef6/library/std/src/sys/backtrace.rs:74:9
[INFO] [stderr]    3:     0x613471362388 - <<std[10d71ac2c42b111e]::sys::backtrace::BacktraceLock>::print::DisplayBacktrace as core[8fb95b77d25ab6c8]::fmt::Display>::fmt
[INFO] [stderr]                                at /rustc/b2282dd5646a57d570fc86fbe8df0e8826665ef6/library/std/src/sys/backtrace.rs:44:26
[INFO] [stderr]    4:     0x613471376cca - <core[8fb95b77d25ab6c8]::fmt::rt::Argument>::fmt
[INFO] [stderr]                                at /rustc/b2282dd5646a57d570fc86fbe8df0e8826665ef6/library/core/src/fmt/rt.rs:152:76
[INFO] [stderr]    5:     0x613471376cca - core[8fb95b77d25ab6c8]::fmt::write
[INFO] [stderr]    6:     0x6134713680a2 - std[10d71ac2c42b111e]::io::default_write_fmt::<std[10d71ac2c42b111e]::sys::stdio::unix::Stderr>
[INFO] [stderr]                                at /rustc/b2282dd5646a57d570fc86fbe8df0e8826665ef6/library/std/src/io/mod.rs:622:11
[INFO] [stderr]    7:     0x6134713680a2 - <std[10d71ac2c42b111e]::sys::stdio::unix::Stderr as std[10d71ac2c42b111e]::io::Write>::write_fmt
[INFO] [stderr]                                at /rustc/b2282dd5646a57d570fc86fbe8df0e8826665ef6/library/std/src/io/mod.rs:1977:13
[INFO] [stderr]    8:     0x6134713488c6 - <std[10d71ac2c42b111e]::sys::backtrace::BacktraceLock>::print
[INFO] [stderr]                                at /rustc/b2282dd5646a57d570fc86fbe8df0e8826665ef6/library/std/src/sys/backtrace.rs:47:9
[INFO] [stderr]    9:     0x6134713488c6 - std[10d71ac2c42b111e]::panicking::default_hook::{closure#0}
[INFO] [stderr]                                at /rustc/b2282dd5646a57d570fc86fbe8df0e8826665ef6/library/std/src/panicking.rs:292:27
[INFO] [stderr]   10:     0x61347135b0b1 - std[10d71ac2c42b111e]::panicking::default_hook
[INFO] [stderr]                                at /rustc/b2282dd5646a57d570fc86fbe8df0e8826665ef6/library/std/src/panicking.rs:319:9
[INFO] [stderr]   11:     0x61347135b32b - std[10d71ac2c42b111e]::panicking::panic_with_hook
[INFO] [stderr]                                at /rustc/b2282dd5646a57d570fc86fbe8df0e8826665ef6/library/std/src/panicking.rs:825:13
[INFO] [stderr]   12:     0x6134713489b4 - std[10d71ac2c42b111e]::panicking::panic_handler::{closure#0}
[INFO] [stderr]                                at /rustc/b2282dd5646a57d570fc86fbe8df0e8826665ef6/library/std/src/panicking.rs:691:13
[INFO] [stderr]   13:     0x61347133dca9 - std[10d71ac2c42b111e]::sys::backtrace::__rust_end_short_backtrace::<std[10d71ac2c42b111e]::panicking::panic_handler::{closure#0}, !>
[INFO] [stderr]                                at /rustc/b2282dd5646a57d570fc86fbe8df0e8826665ef6/library/std/src/sys/backtrace.rs:182:18
[INFO] [stderr]   14:     0x61347134968d - __rustc[3be9ba60078d4c86]::rust_begin_unwind
[INFO] [stderr]                                at /rustc/b2282dd5646a57d570fc86fbe8df0e8826665ef6/library/std/src/panicking.rs:689:5
[INFO] [stderr]   15:     0x61347137748c - core[8fb95b77d25ab6c8]::panicking::panic_fmt
[INFO] [stderr]                                at /rustc/b2282dd5646a57d570fc86fbe8df0e8826665ef6/library/core/src/panicking.rs:80:14
[INFO] [stderr]   16:     0x613471377452 - core[8fb95b77d25ab6c8]::panicking::panic
[INFO] [stderr]                                at /rustc/b2282dd5646a57d570fc86fbe8df0e8826665ef6/library/core/src/panicking.rs:150:5
[INFO] [stderr]   17:     0x6134711afc9e - harness_integration[bb031243fd9a42c4]::test_is_main_thread_available::{closure#0}
[INFO] [stderr]                                at /opt/rustwide/workdir/tests/harness_integration.rs:28:5
[INFO] [stderr]   18:     0x6134711ba983 - <core[8fb95b77d25ab6c8]::pin::Pin<alloc[a7ee25936407c584]::boxed::Box<dyn core[8fb95b77d25ab6c8]::future::future::Future<Output = ()> + core[8fb95b77d25ab6c8]::marker::Send>> as core[8fb95b77d25ab6c8]::future::future::Future>::poll
[INFO] [stderr]                                at /rustc/b2282dd5646a57d570fc86fbe8df0e8826665ef6/library/core/src/future/future.rs:133:9
[INFO] [stderr]   19:     0x6134711b6d3f - <tokio[fe8144a45b0db130]::runtime::park::CachedParkThread>::block_on::<core[8fb95b77d25ab6c8]::pin::Pin<alloc[a7ee25936407c584]::boxed::Box<dyn core[8fb95b77d25ab6c8]::future::future::Future<Output = ()> + core[8fb95b77d25ab6c8]::marker::Send>>>::{closure#0}
[INFO] [stderr]                                at /opt/rustwide/cargo-home/registry/src/index.crates.io-1949cf8c6b5b557f/tokio-1.48.0/src/runtime/park.rs:285:71
[INFO] [stderr]   20:     0x6134711b3b6f - tokio[fe8144a45b0db130]::task::coop::with_budget::<core[8fb95b77d25ab6c8]::task::poll::Poll<()>, <tokio[fe8144a45b0db130]::runtime::park::CachedParkThread>::block_on<core[8fb95b77d25ab6c8]::pin::Pin<alloc[a7ee25936407c584]::boxed::Box<dyn core[8fb95b77d25ab6c8]::future::future::Future<Output = ()> + core[8fb95b77d25ab6c8]::marker::Send>>>::{closure#0}>
[INFO] [stderr]                                at /opt/rustwide/cargo-home/registry/src/index.crates.io-1949cf8c6b5b557f/tokio-1.48.0/src/task/coop/mod.rs:167:5
[INFO] [stderr]   21:     0x6134711b3b6f - tokio[fe8144a45b0db130]::task::coop::budget::<core[8fb95b77d25ab6c8]::task::poll::Poll<()>, <tokio[fe8144a45b0db130]::runtime::park::CachedParkThread>::block_on<core[8fb95b77d25ab6c8]::pin::Pin<alloc[a7ee25936407c584]::boxed::Box<dyn core[8fb95b77d25ab6c8]::future::future::Future<Output = ()> + core[8fb95b77d25ab6c8]::marker::Send>>>::{closure#0}>
[INFO] [stderr]                                at /opt/rustwide/cargo-home/registry/src/index.crates.io-1949cf8c6b5b557f/tokio-1.48.0/src/task/coop/mod.rs:133:5
[INFO] [stderr]   22:     0x6134711b3b6f - <tokio[fe8144a45b0db130]::runtime::park::CachedParkThread>::block_on::<core[8fb95b77d25ab6c8]::pin::Pin<alloc[a7ee25936407c584]::boxed::Box<dyn core[8fb95b77d25ab6c8]::future::future::Future<Output = ()> + core[8fb95b77d25ab6c8]::marker::Send>>>
[INFO] [stderr]                                at /opt/rustwide/cargo-home/registry/src/index.crates.io-1949cf8c6b5b557f/tokio-1.48.0/src/runtime/park.rs:285:31
[INFO] [stderr]   23:     0x6134711b11ce - <tokio[fe8144a45b0db130]::runtime::context::blocking::BlockingRegionGuard>::block_on::<core[8fb95b77d25ab6c8]::pin::Pin<alloc[a7ee25936407c584]::boxed::Box<dyn core[8fb95b77d25ab6c8]::future::future::Future<Output = ()> + core[8fb95b77d25ab6c8]::marker::Send>>>
[INFO] [stderr]                                at /opt/rustwide/cargo-home/registry/src/index.crates.io-1949cf8c6b5b557f/tokio-1.48.0/src/runtime/context/blocking.rs:66:14
[INFO] [stderr]   24:     0x6134711b6269 - <tokio[fe8144a45b0db130]::runtime::scheduler::multi_thread::MultiThread>::block_on::<core[8fb95b77d25ab6c8]::pin::Pin<alloc[a7ee25936407c584]::boxed::Box<dyn core[8fb95b77d25ab6c8]::future::future::Future<Output = ()> + core[8fb95b77d25ab6c8]::marker::Send>>>::{closure#0}
[INFO] [stderr]                                at /opt/rustwide/cargo-home/registry/src/index.crates.io-1949cf8c6b5b557f/tokio-1.48.0/src/runtime/scheduler/multi_thread/mod.rs:87:22
[INFO] [stderr]   25:     0x6134711b5b13 - tokio[fe8144a45b0db130]::runtime::context::runtime::enter_runtime::<<tokio[fe8144a45b0db130]::runtime::scheduler::multi_thread::MultiThread>::block_on<core[8fb95b77d25ab6c8]::pin::Pin<alloc[a7ee25936407c584]::boxed::Box<dyn core[8fb95b77d25ab6c8]::future::future::Future<Output = ()> + core[8fb95b77d25ab6c8]::marker::Send>>>::{closure#0}, ()>
[INFO] [stderr]                                at /opt/rustwide/cargo-home/registry/src/index.crates.io-1949cf8c6b5b557f/tokio-1.48.0/src/runtime/context/runtime.rs:65:16
[INFO] [stderr]   26:     0x6134711b13e5 - <tokio[fe8144a45b0db130]::runtime::scheduler::multi_thread::MultiThread>::block_on::<core[8fb95b77d25ab6c8]::pin::Pin<alloc[a7ee25936407c584]::boxed::Box<dyn core[8fb95b77d25ab6c8]::future::future::Future<Output = ()> + core[8fb95b77d25ab6c8]::marker::Send>>>
[INFO] [stderr]                                at /opt/rustwide/cargo-home/registry/src/index.crates.io-1949cf8c6b5b557f/tokio-1.48.0/src/runtime/scheduler/multi_thread/mod.rs:86:9
[INFO] [stderr]   27:     0x6134711b0ab8 - <tokio[fe8144a45b0db130]::runtime::runtime::Runtime>::block_on_inner::<core[8fb95b77d25ab6c8]::pin::Pin<alloc[a7ee25936407c584]::boxed::Box<dyn core[8fb95b77d25ab6c8]::future::future::Future<Output = ()> + core[8fb95b77d25ab6c8]::marker::Send>>>
[INFO] [stderr]                                at /opt/rustwide/cargo-home/registry/src/index.crates.io-1949cf8c6b5b557f/tokio-1.48.0/src/runtime/runtime.rs:370:50
[INFO] [stderr]   28:     0x6134711b0e0c - <tokio[fe8144a45b0db130]::runtime::runtime::Runtime>::block_on::<core[8fb95b77d25ab6c8]::pin::Pin<alloc[a7ee25936407c584]::boxed::Box<dyn core[8fb95b77d25ab6c8]::future::future::Future<Output = ()> + core[8fb95b77d25ab6c8]::marker::Send>>>
[INFO] [stderr]                                at /opt/rustwide/cargo-home/registry/src/index.crates.io-1949cf8c6b5b557f/tokio-1.48.0/src/runtime/runtime.rs:342:18
[INFO] [stderr]   29:     0x6134711b5865 - apple_main[36060a01046f915]::runtime::block_on::<core[8fb95b77d25ab6c8]::pin::Pin<alloc[a7ee25936407c584]::boxed::Box<dyn core[8fb95b77d25ab6c8]::future::future::Future<Output = ()> + core[8fb95b77d25ab6c8]::marker::Send>>>
[INFO] [stderr]                                at /opt/rustwide/workdir/src/runtime.rs:23:15
[INFO] [stderr]   30:     0x6134711b94f0 - apple_main[36060a01046f915]::test_harness::collect_tests::{closure#0}::{closure#0}
[INFO] [stderr]                                at /opt/rustwide/workdir/src/test_harness.rs:18:17
[INFO] [stderr]   31:     0x6134711b60c5 - <libtest_mimic[50c6e75e6ce6349e]::Trial>::test::<apple_main[36060a01046f915]::test_harness::collect_tests::{closure#0}::{closure#0}, &str>::{closure#0}
[INFO] [stderr]                                at /opt/rustwide/cargo-home/registry/src/index.crates.io-1949cf8c6b5b557f/libtest-mimic-0.8.1/src/lib.rs:119:54
[INFO] [stderr]   32:     0x6134711b964a - <<libtest_mimic[50c6e75e6ce6349e]::Trial>::test<apple_main[36060a01046f915]::test_harness::collect_tests::{closure#0}::{closure#0}, &str>::{closure#0} as core[8fb95b77d25ab6c8]::ops::function::FnOnce<(bool,)>>::call_once::{shim:vtable#0}
[INFO] [stderr]                                at /rustc/b2282dd5646a57d570fc86fbe8df0e8826665ef6/library/core/src/ops/function.rs:250:5
[INFO] [stderr]   33:     0x6134711c9bdd - <alloc[a7ee25936407c584]::boxed::Box<dyn core[8fb95b77d25ab6c8]::ops::function::FnOnce<(bool,), Output = libtest_mimic[50c6e75e6ce6349e]::Outcome> + core[8fb95b77d25ab6c8]::marker::Send> as core[8fb95b77d25ab6c8]::ops::function::FnOnce<(bool,)>>::call_once
[INFO] [stderr]                                at /rustc/b2282dd5646a57d570fc86fbe8df0e8826665ef6/library/alloc/src/boxed.rs:2275:9
[INFO] [stderr]   34:     0x6134711e7570 - libtest_mimic[50c6e75e6ce6349e]::run_single::{closure#0}
[INFO] [stderr]                                at /opt/rustwide/cargo-home/registry/src/index.crates.io-1949cf8c6b5b557f/libtest-mimic-0.8.1/src/lib.rs:576:43
[INFO] [stderr]   35:     0x6134711de3f0 - <core[8fb95b77d25ab6c8]::panic::unwind_safe::AssertUnwindSafe<libtest_mimic[50c6e75e6ce6349e]::run_single::{closure#0}> as core[8fb95b77d25ab6c8]::ops::function::FnOnce<()>>::call_once
[INFO] [stderr]                                at /rustc/b2282dd5646a57d570fc86fbe8df0e8826665ef6/library/core/src/panic/unwind_safe.rs:275:9
[INFO] [stderr]   36:     0x6134711d2a5c - std[10d71ac2c42b111e]::panicking::catch_unwind::do_call::<core[8fb95b77d25ab6c8]::panic::unwind_safe::AssertUnwindSafe<libtest_mimic[50c6e75e6ce6349e]::run_single::{closure#0}>, libtest_mimic[50c6e75e6ce6349e]::Outcome>
[INFO] [stderr]                                at /rustc/b2282dd5646a57d570fc86fbe8df0e8826665ef6/library/std/src/panicking.rs:581:40
[INFO] [stderr]   37:     0x6134711de47b - __rust_try
[INFO] [stderr]   38:     0x6134711d7dcd - std[10d71ac2c42b111e]::panicking::catch_unwind::<libtest_mimic[50c6e75e6ce6349e]::Outcome, core[8fb95b77d25ab6c8]::panic::unwind_safe::AssertUnwindSafe<libtest_mimic[50c6e75e6ce6349e]::run_single::{closure#0}>>
[INFO] [stderr]                                at /rustc/b2282dd5646a57d570fc86fbe8df0e8826665ef6/library/std/src/panicking.rs:544:19
[INFO] [stderr]   39:     0x6134711d7dcd - std[10d71ac2c42b111e]::panic::catch_unwind::<core[8fb95b77d25ab6c8]::panic::unwind_safe::AssertUnwindSafe<libtest_mimic[50c6e75e6ce6349e]::run_single::{closure#0}>, libtest_mimic[50c6e75e6ce6349e]::Outcome>
[INFO] [stderr]                                at /rustc/b2282dd5646a57d570fc86fbe8df0e8826665ef6/library/std/src/panic.rs:359:14
[INFO] [stderr]   40:     0x6134711e8181 - libtest_mimic[50c6e75e6ce6349e]::run_single
[INFO] [stderr]                                at /opt/rustwide/cargo-home/registry/src/index.crates.io-1949cf8c6b5b557f/libtest-mimic-0.8.1/src/lib.rs:576:5
[INFO] [stderr]   41:     0x6134711e734d - libtest_mimic[50c6e75e6ce6349e]::run::{closure#3}::{closure#0}
[INFO] [stderr]                                at /opt/rustwide/cargo-home/registry/src/index.crates.io-1949cf8c6b5b557f/libtest-mimic-0.8.1/src/lib.rs:531:43
[INFO] [stderr]   42:     0x6134711cb4e6 - std[10d71ac2c42b111e]::sys::backtrace::__rust_begin_short_backtrace::<libtest_mimic[50c6e75e6ce6349e]::run::{closure#3}::{closure#0}, ()>
[INFO] [stderr]                                at /rustc/b2282dd5646a57d570fc86fbe8df0e8826665ef6/library/std/src/sys/backtrace.rs:166:18
[INFO] [stderr]   43:     0x6134711dad82 - std[10d71ac2c42b111e]::thread::lifecycle::spawn_unchecked::<libtest_mimic[50c6e75e6ce6349e]::run::{closure#3}::{closure#0}, ()>::{closure#1}::{closure#0}
[INFO] [stderr]                                at /rustc/b2282dd5646a57d570fc86fbe8df0e8826665ef6/library/std/src/thread/lifecycle.rs:70:13
[INFO] [stderr]   44:     0x6134711de3b1 - <core[8fb95b77d25ab6c8]::panic::unwind_safe::AssertUnwindSafe<std[10d71ac2c42b111e]::thread::lifecycle::spawn_unchecked<libtest_mimic[50c6e75e6ce6349e]::run::{closure#3}::{closure#0}, ()>::{closure#1}::{closure#0}> as core[8fb95b77d25ab6c8]::ops::function::FnOnce<()>>::call_once
[INFO] [stderr]                                at /rustc/b2282dd5646a57d570fc86fbe8df0e8826665ef6/library/core/src/panic/unwind_safe.rs:275:9
[INFO] [stdout] test test_is_main_thread_available ... FAILED
[INFO] [stdout] 
[INFO] [stdout] failures:
[INFO] [stdout] 
[INFO] [stdout] ---- test_is_main_thread_available ----
[INFO] [stdout] test panicked: assertion failed: !is_main
[INFO] [stdout] 
[INFO] [stdout] 
[INFO] [stdout] failures:
[INFO] [stdout]     test_is_main_thread_available
[INFO] [stdout] 
[INFO] [stdout] test result: FAILED. 5 passed; 1 failed; 0 ignored; 0 measured; 0 filtered out; finished in 0.06s
[INFO] [stdout] 
[INFO] [stderr]   45:     0x6134711d2a17 - std[10d71ac2c42b111e]::panicking::catch_unwind::do_call::<core[8fb95b77d25ab6c8]::panic::unwind_safe::AssertUnwindSafe<std[10d71ac2c42b111e]::thread::lifecycle::spawn_unchecked<libtest_mimic[50c6e75e6ce6349e]::run::{closure#3}::{closure#0}, ()>::{closure#1}::{closure#0}>, ()>
[INFO] [stderr]                                at /rustc/b2282dd5646a57d570fc86fbe8df0e8826665ef6/library/std/src/panicking.rs:581:40
[INFO] [stderr]   46:     0x6134711de47b - __rust_try
[INFO] [stderr]   47:     0x6134711da8c4 - std[10d71ac2c42b111e]::panicking::catch_unwind::<(), core[8fb95b77d25ab6c8]::panic::unwind_safe::AssertUnwindSafe<std[10d71ac2c42b111e]::thread::lifecycle::spawn_unchecked<libtest_mimic[50c6e75e6ce6349e]::run::{closure#3}::{closure#0}, ()>::{closure#1}::{closure#0}>>
[INFO] [stderr]                                at /rustc/b2282dd5646a57d570fc86fbe8df0e8826665ef6/library/std/src/panicking.rs:544:19
[INFO] [stderr]   48:     0x6134711da8c4 - std[10d71ac2c42b111e]::panic::catch_unwind::<core[8fb95b77d25ab6c8]::panic::unwind_safe::AssertUnwindSafe<std[10d71ac2c42b111e]::thread::lifecycle::spawn_unchecked<libtest_mimic[50c6e75e6ce6349e]::run::{closure#3}::{closure#0}, ()>::{closure#1}::{closure#0}>, ()>
[INFO] [stderr]                                at /rustc/b2282dd5646a57d570fc86fbe8df0e8826665ef6/library/std/src/panic.rs:359:14
[INFO] [stderr]   49:     0x6134711da8c4 - std[10d71ac2c42b111e]::thread::lifecycle::spawn_unchecked::<libtest_mimic[50c6e75e6ce6349e]::run::{closure#3}::{closure#0}, ()>::{closure#1}
[INFO] [stderr]                                at /rustc/b2282dd5646a57d570fc86fbe8df0e8826665ef6/library/std/src/thread/lifecycle.rs:68:26
[INFO] [stderr]   50:     0x6134711f174f - <std[10d71ac2c42b111e]::thread::lifecycle::spawn_unchecked<libtest_mimic[50c6e75e6ce6349e]::run::{closure#3}::{closure#0}, ()>::{closure#1} as core[8fb95b77d25ab6c8]::ops::function::FnOnce<()>>::call_once::{shim:vtable#0}
[INFO] [stderr]                                at /rustc/b2282dd5646a57d570fc86fbe8df0e8826665ef6/library/core/src/ops/function.rs:250:5
[INFO] [stderr]   51:     0x613471361cef - <alloc[a7ee25936407c584]::boxed::Box<dyn core[8fb95b77d25ab6c8]::ops::function::FnOnce<(), Output = ()> + core[8fb95b77d25ab6c8]::marker::Send> as core[8fb95b77d25ab6c8]::ops::function::FnOnce<()>>::call_once
[INFO] [stderr]                                at /rustc/b2282dd5646a57d570fc86fbe8df0e8826665ef6/library/alloc/src/boxed.rs:2275:9
[INFO] [stderr]   52:     0x613471361cef - <std[10d71ac2c42b111e]::sys::thread::unix::Thread>::new::thread_start
[INFO] [stderr]                                at /rustc/b2282dd5646a57d570fc86fbe8df0e8826665ef6/library/std/src/sys/thread/unix.rs:118:17
[INFO] [stderr]   53:     0x7d452a610aa4 - <unknown>
[INFO] [stderr]   54:     0x7d452a69da64 - clone
[INFO] [stderr]   55:                0x0 - <unknown>
[INFO] [stderr] error: test failed, to rerun pass `--test harness_integration`
[INFO] running `Command { std: "docker" "inspect" "5251b957e86b96708772e4236f71810d41b4f55d2b7f5bdaa7a8935570ce1d13", kill_on_drop: false }`
[INFO] running `Command { std: "docker" "rm" "-f" "5251b957e86b96708772e4236f71810d41b4f55d2b7f5bdaa7a8935570ce1d13", kill_on_drop: false }`
[INFO] [stdout] 5251b957e86b96708772e4236f71810d41b4f55d2b7f5bdaa7a8935570ce1d13
