[INFO] cloning repository https://github.com/luffy2025/r-chat
[INFO] running `Command { std: "git" "-c" "credential.helper=" "-c" "credential.helper=/workspace/cargo-home/bin/git-credential-null" "clone" "--bare" "https://github.com/luffy2025/r-chat" "/workspace/cache/git-repos/https%3A%2F%2Fgithub.com%2Fluffy2025%2Fr-chat", kill_on_drop: false }`
[INFO] [stderr] Cloning into bare repository '/workspace/cache/git-repos/https%3A%2F%2Fgithub.com%2Fluffy2025%2Fr-chat'...
[INFO] running `Command { std: "git" "rev-parse" "HEAD", kill_on_drop: false }`
[INFO] [stdout] 0ac9e6e194a607e6e8f6d2f35df15a6dd4dca534
[INFO] testing luffy2025/r-chat against 1.97.0-beta.6 for beta-1.98-2
[INFO] running `Command { std: "git" "clone" "/workspace/cache/git-repos/https%3A%2F%2Fgithub.com%2Fluffy2025%2Fr-chat" "/workspace/builds/worker-3-tc1/source", kill_on_drop: false }`
[INFO] [stderr] Cloning into '/workspace/builds/worker-3-tc1/source'...
[INFO] [stderr] done.
[INFO] started tweaking git repo https://github.com/luffy2025/r-chat
[INFO] finished tweaking git repo https://github.com/luffy2025/r-chat
[INFO] tweaked toml for git repo https://github.com/luffy2025/r-chat written to /workspace/builds/worker-3-tc1/source/Cargo.toml
[INFO] validating manifest of git repo https://github.com/luffy2025/r-chat on toolchain 1.97.0-beta.6
[INFO] running `Command { std: CARGO_HOME="/workspace/cargo-home" RUSTUP_HOME="/workspace/rustup-home" "/workspace/cargo-home/bin/cargo" "+1.97.0-beta.6" "metadata" "--manifest-path" "Cargo.toml" "--no-deps", kill_on_drop: false }`
[INFO] crate git repo https://github.com/luffy2025/r-chat already has a lockfile, it will not be regenerated
[INFO] running `Command { std: CARGO_HOME="/workspace/cargo-home" RUSTUP_HOME="/workspace/rustup-home" "/workspace/cargo-home/bin/cargo" "+1.97.0-beta.6" "fetch" "--manifest-path" "Cargo.toml", kill_on_drop: false }`
[INFO] [stderr]     Updating crates.io index
[INFO] [stderr]     Blocking waiting for file lock on package cache
[INFO] [stderr]  Downloading crates ...
[INFO] [stderr]   Downloaded once_cell v1.20.2
[INFO] [stderr]   Downloaded quote v1.0.38
[INFO] [stderr]   Downloaded valuable v0.1.0
[INFO] [stderr]   Downloaded serde v1.0.217
[INFO] [stderr]   Downloaded zerofrom v0.1.5
[INFO] [stderr]   Downloaded crossbeam-queue v0.3.12
[INFO] [stderr]   Downloaded etcetera v0.8.0
[INFO] [stderr]   Downloaded serde_path_to_error v0.1.16
[INFO] [stderr]   Downloaded argon2 v0.5.3
[INFO] [stderr]   Downloaded crc v3.2.1
[INFO] [stderr]   Downloaded yoke-derive v0.7.5
[INFO] [stderr]   Downloaded atoi v2.0.0
[INFO] [stderr]   Downloaded uuid v1.11.0
[INFO] [stderr]   Downloaded cpufeatures v0.2.16
[INFO] [stderr]   Downloaded matchers v0.1.0
[INFO] [stderr]   Downloaded write16 v1.0.0
[INFO] [stderr]   Downloaded itoa v1.0.14
[INFO] [stderr]   Downloaded csv-core v0.1.11
[INFO] [stderr]   Downloaded parking v2.2.1
[INFO] [stderr]   Downloaded utf16_iter v1.0.5
[INFO] [stderr]   Downloaded idna_adapter v1.2.0
[INFO] [stderr]   Downloaded wasm-bindgen-macro v0.2.99
[INFO] [stderr]   Downloaded errno v0.3.10
[INFO] [stderr]   Downloaded password-hash v0.5.0
[INFO] [stderr]   Downloaded zerofrom-derive v0.1.5
[INFO] [stderr]   Downloaded icu_provider_macros v1.5.0
[INFO] [stderr]   Downloaded headers-core v0.3.0
[INFO] [stderr]   Downloaded sqlx-macros v0.8.2
[INFO] [stderr]   Downloaded litemap v0.7.4
[INFO] [stderr]   Downloaded hashlink v0.9.1
[INFO] [stderr]   Downloaded wasm-bindgen-shared v0.2.99
[INFO] [stderr]   Downloaded sqlx-db-tester v0.5.0
[INFO] [stderr]   Downloaded redox_syscall v0.5.8
[INFO] [stderr]   Downloaded tinystr v0.7.6
[INFO] [stderr]   Downloaded writeable v0.5.5
[INFO] [stderr]   Downloaded icu_locid_transform v1.5.0
[INFO] [stderr]   Downloaded ppv-lite86 v0.2.20
[INFO] [stderr]   Downloaded dotenvy v0.15.7
[INFO] [stderr]   Downloaded base64ct v1.6.0
[INFO] [stderr]   Downloaded anyhow v1.0.95
[INFO] [stderr]   Downloaded blake2 v0.10.6
[INFO] [stderr]   Downloaded thiserror-impl v2.0.9
[INFO] [stderr]   Downloaded synstructure v0.13.1
[INFO] [stderr]   Downloaded yoke v0.7.5
[INFO] [stderr]   Downloaded wasm-bindgen-macro-support v0.2.99
[INFO] [stderr]   Downloaded iana-time-zone v0.1.61
[INFO] [stderr]   Downloaded whoami v1.5.2
[INFO] [stderr]   Downloaded rustversion v1.0.19
[INFO] [stderr]   Downloaded rustls-pemfile v2.2.0
[INFO] [stderr]   Downloaded pem-rfc7468 v0.7.0
[INFO] [stderr]   Downloaded zerovec-derive v0.10.3
[INFO] [stderr]   Downloaded sqlformat v0.2.6
[INFO] [stderr]   Downloaded thiserror v2.0.9
[INFO] [stderr]   Downloaded zerocopy-derive v0.7.35
[INFO] [stderr]   Downloaded wasm-bindgen v0.2.99
[INFO] [stderr]   Downloaded wasm-bindgen-backend v0.2.99
[INFO] [stderr]   Downloaded tinyvec v1.8.1
[INFO] [stderr]   Downloaded sqlx-macros-core v0.8.2
[INFO] [stderr]   Downloaded pkcs1 v0.7.5
[INFO] [stderr]   Downloaded multer v3.1.0
[INFO] [stderr]   Downloaded serde_derive v1.0.217
[INFO] [stderr]   Downloaded icu_provider v1.5.0
[INFO] [stderr]   Downloaded icu_locid_transform_data v1.5.0
[INFO] [stderr]   Downloaded icu_normalizer v1.5.0
[INFO] [stderr]   Downloaded event-listener v5.3.1
[INFO] [stderr]   Downloaded js-sys v0.3.76
[INFO] [stderr]   Downloaded tempfile v3.14.0
[INFO] [stderr]   Downloaded unsafe-libyaml v0.2.11
[INFO] [stderr]   Downloaded axum-extra v0.9.6
[INFO] [stderr]   Downloaded httparse v1.9.5
[INFO] [stderr]   Downloaded async-trait v0.1.83
[INFO] [stderr]   Downloaded miniz_oxide v0.8.2
[INFO] [stderr]   Downloaded icu_properties v1.5.1
[INFO] [stderr]   Downloaded icu_locid v1.5.0
[INFO] [stderr]   Downloaded flume v0.11.1
[INFO] [stderr]   Downloaded icu_normalizer_data v1.5.0
[INFO] [stderr]   Downloaded rustls-pki-types v1.10.1
[INFO] [stderr]   Downloaded rsa v0.9.7
[INFO] [stderr]   Downloaded serde_yaml v0.9.34+deprecated
[INFO] [stderr]   Downloaded hyper-util v0.1.10
[INFO] [stderr]   Downloaded icu_collections v1.5.0
[INFO] [stderr]   Downloaded unicode_categories v0.1.1
[INFO] [stderr]   Downloaded indexmap v2.7.0
[INFO] [stderr]   Downloaded futures-intrusive v0.5.0
[INFO] [stderr]   Downloaded sqlx-mysql v0.8.2
[INFO] [stderr]   Downloaded der v0.7.9
[INFO] [stderr]   Downloaded headers v0.4.0
[INFO] [stderr]   Downloaded sqlx-sqlite v0.8.2
[INFO] [stderr]   Downloaded cc v1.2.6
[INFO] [stderr]   Downloaded libm v0.2.11
[INFO] [stderr]   Downloaded http v1.2.0
[INFO] [stderr]   Downloaded sqlx-core v0.8.2
[INFO] [stderr]   Downloaded hashbrown v0.15.2
[INFO] [stderr]   Downloaded sqlx-postgres v0.8.2
[INFO] [stderr]   Downloaded zerovec v0.10.4
[INFO] [stderr]   Downloaded serde_json v1.0.134
[INFO] [stderr]   Downloaded num-bigint-dig v0.8.4
[INFO] [stderr]   Downloaded zerocopy v0.7.35
[INFO] [stderr]   Downloaded hyper v1.5.2
[INFO] [stderr]   Downloaded syn v2.0.93
[INFO] [stderr]   Downloaded sqlx v0.8.2
[INFO] [stderr]   Downloaded hkdf v0.12.4
[INFO] [stderr]   Downloaded h2 v0.4.7
[INFO] [stderr]   Downloaded rustls-webpki v0.102.8
[INFO] [stderr]   Downloaded icu_properties_data v1.5.0
[INFO] [stderr]   Downloaded chrono v0.4.39
[INFO] [stderr]   Downloaded webpki-roots v0.26.7
[INFO] [stderr]   Downloaded rustls v0.23.20
[INFO] [stderr]   Downloaded rustix v0.38.42
[INFO] [stderr]   Downloaded csv v1.3.1
[INFO] [stderr]   Downloaded ring v0.17.8
[INFO] [stderr]   Downloaded libsqlite3-sys v0.30.1
[INFO] running `Command { std: "docker" "create" "-v" "/var/lib/crater-agent-workspace/builds/worker-3-tc1/source:/opt/rustwide/workdir:ro,Z" "-v" "/var/lib/crater-agent-workspace/builds/worker-3-tc1/target:/opt/rustwide/target:rw,Z" "-v" "/var/lib/crater-agent-workspace/cargo-home:/opt/rustwide/cargo-home:ro,Z" "-v" "/var/lib/crater-agent-workspace/rustup-home:/opt/rustwide/rustup-home:ro,Z" "-m" "1610612736" "--network" "none" "ghcr.io/rust-lang/crates-build-env/linux@sha256:3d5ced03c013a94a2f102a4510f48a6e9184255caf5fd8244f58017bde7f5210" "sleep" "infinity", kill_on_drop: false }`
[INFO] [stdout] fee31aac2d3623c5062d57edb02c4d9fb5f4e6fd51b96237038a3ea7820e0af7
[INFO] running `Command { std: "docker" "start" "fee31aac2d3623c5062d57edb02c4d9fb5f4e6fd51b96237038a3ea7820e0af7", kill_on_drop: false }`
[INFO] running `Command { std: "docker" "inspect" "fee31aac2d3623c5062d57edb02c4d9fb5f4e6fd51b96237038a3ea7820e0af7", kill_on_drop: false }`
[INFO] running `Command { std: "docker" "exec" "-e" "SOURCE_DIR=/opt/rustwide/workdir" "-e" "CARGO_HOME=/opt/rustwide/cargo-home" "-e" "RUSTUP_HOME=/opt/rustwide/rustup-home" "-e" "CARGO_TARGET_DIR=/opt/rustwide/target" "-w" "/opt/rustwide/workdir" "--user" "0:0" "fee31aac2d3623c5062d57edb02c4d9fb5f4e6fd51b96237038a3ea7820e0af7" "/opt/rustwide/cargo-home/bin/cargo" "+1.97.0-beta.6" "metadata" "--no-deps" "--format-version=1", kill_on_drop: false }`
[INFO] running `Command { std: "docker" "inspect" "fee31aac2d3623c5062d57edb02c4d9fb5f4e6fd51b96237038a3ea7820e0af7", kill_on_drop: false }`
[INFO] running `Command { std: "docker" "exec" "-e" "SOURCE_DIR=/opt/rustwide/workdir" "-e" "CARGO_HOME=/opt/rustwide/cargo-home" "-e" "RUSTUP_HOME=/opt/rustwide/rustup-home" "-e" "CARGO_TARGET_DIR=/opt/rustwide/target" "-e" "CARGO_INCREMENTAL=0" "-e" "RUST_BACKTRACE=full" "-e" "RUSTFLAGS=--cap-lints=warn" "-e" "RUSTDOCFLAGS=--cap-lints=warn" "-w" "/opt/rustwide/workdir" "--user" "0:0" "fee31aac2d3623c5062d57edb02c4d9fb5f4e6fd51b96237038a3ea7820e0af7" "/opt/rustwide/cargo-home/bin/cargo" "+1.97.0-beta.6" "build" "--frozen" "--message-format=json", kill_on_drop: false }`
[INFO] [stderr]    Compiling proc-macro2 v1.0.92
[INFO] [stderr]    Compiling unicode-ident v1.0.14
[INFO] [stderr]    Compiling libc v0.2.169
[INFO] [stderr]    Compiling autocfg v1.4.0
[INFO] [stderr]    Compiling serde v1.0.217
[INFO] [stderr]    Compiling pin-project-lite v0.2.15
[INFO] [stderr]    Compiling once_cell v1.20.2
[INFO] [stderr]    Compiling futures-core v0.3.31
[INFO] [stderr]    Compiling bytes v1.9.0
[INFO] [stderr]    Compiling typenum v1.17.0
[INFO] [stderr]    Compiling itoa v1.0.14
[INFO] [stderr]    Compiling stable_deref_trait v1.2.0
[INFO] [stderr]    Compiling memchr v2.7.4
[INFO] [stderr]    Compiling subtle v2.6.1
[INFO] [stderr]    Compiling litemap v0.7.4
[INFO] [stderr]    Compiling writeable v0.5.5
[INFO] [stderr]    Compiling futures-io v0.3.31
[INFO] [stderr]    Compiling futures-task v0.3.31
[INFO] [stderr]    Compiling futures-sink v0.3.31
[INFO] [stderr]    Compiling icu_locid_transform_data v1.5.0
[INFO] [stderr]    Compiling cc v1.2.6
[INFO] [stderr]    Compiling icu_properties_data v1.5.0
[INFO] [stderr]    Compiling utf16_iter v1.0.5
[INFO] [stderr]    Compiling icu_normalizer_data v1.5.0
[INFO] [stderr]    Compiling utf8_iter v1.0.4
[INFO] [stderr]    Compiling write16 v1.0.0
[INFO] [stderr]    Compiling futures-channel v0.3.31
[INFO] [stderr]    Compiling byteorder v1.5.0
[INFO] [stderr]    Compiling hashbrown v0.15.2
[INFO] [stderr]    Compiling percent-encoding v2.3.1
[INFO] [stderr]    Compiling tracing-core v0.1.33
[INFO] [stderr]    Compiling rustls-pki-types v1.10.1
[INFO] [stderr]    Compiling cpufeatures v0.2.16
[INFO] [stderr]    Compiling log v0.4.22
[INFO] [stderr]    Compiling untrusted v0.9.0
[INFO] [stderr]    Compiling crossbeam-utils v0.8.21
[INFO] [stderr]    Compiling http v1.2.0
[INFO] [stderr]    Compiling ahash v0.8.11
[INFO] [stderr]    Compiling serde_json v1.0.134
[INFO] [stderr]    Compiling rustls v0.23.20
[INFO] [stderr]    Compiling paste v1.0.15
[INFO] [stderr]    Compiling slab v0.4.9
[INFO] [stderr]    Compiling lock_api v0.4.12
[INFO] [stderr]    Compiling num-traits v0.2.19
[INFO] [stderr]    Compiling minimal-lexical v0.2.1
[INFO] [stderr]    Compiling spin v0.9.8
[INFO] [stderr]    Compiling iana-time-zone v0.1.61
[INFO] [stderr]    Compiling zeroize v1.8.1
[INFO] [stderr]    Compiling mio v1.0.3
[INFO] [stderr]    Compiling getrandom v0.2.15
[INFO] [stderr]    Compiling quote v1.0.38
[INFO] [stderr]    Compiling socket2 v0.5.8
[INFO] [stderr]    Compiling allocator-api2 v0.2.21
[INFO] [stderr]    Compiling thiserror v1.0.69
[INFO] [stderr]    Compiling nom v7.1.3
[INFO] [stderr]    Compiling indexmap v2.7.0
[INFO] [stderr]    Compiling syn v2.0.93
[INFO] [stderr]    Compiling generic-array v0.14.7
[INFO] [stderr]    Compiling rand_core v0.6.4
[INFO] [stderr]    Compiling parking v2.2.1
[INFO] [stderr]    Compiling crc-catalog v2.4.0
[INFO] [stderr]    Compiling tinyvec_macros v0.1.1
[INFO] [stderr]    Compiling concurrent-queue v2.5.0
[INFO] [stderr]    Compiling unicode_categories v0.1.1
[INFO] [stderr]    Compiling tinyvec v1.8.1
[INFO] [stderr]    Compiling crc v3.2.1
[INFO] [stderr]    Compiling crossbeam-queue v0.3.12
[INFO] [stderr]    Compiling event-listener v5.3.1
[INFO] [stderr]    Compiling webpki-roots v0.26.7
[INFO] [stderr]    Compiling rustls-pemfile v2.2.0
[INFO] [stderr]    Compiling form_urlencoded v1.2.1
[INFO] [stderr]    Compiling httparse v1.9.5
[INFO] [stderr]    Compiling hex v0.4.3
[INFO] [stderr]    Compiling tokio v1.42.0
[INFO] [stderr]    Compiling http-body v1.0.1
[INFO] [stderr]    Compiling atoi v2.0.0
[INFO] [stderr]    Compiling unicode-bidi v0.3.18
[INFO] [stderr]    Compiling rustix v0.38.42
[INFO] [stderr]    Compiling bitflags v2.6.0
[INFO] [stderr]    Compiling unicode-properties v0.1.3
[INFO] [stderr]    Compiling chrono v0.4.39
[INFO] [stderr]    Compiling block-buffer v0.10.4
[INFO] [stderr]    Compiling crypto-common v0.1.6
[INFO] [stderr]    Compiling futures-util v0.3.31
[INFO] [stderr]    Compiling dotenvy v0.15.7
[INFO] [stderr]    Compiling linux-raw-sys v0.4.14
[INFO] [stderr]    Compiling digest v0.10.7
[INFO] [stderr]    Compiling fastrand v2.3.0
[INFO] [stderr]    Compiling whoami v1.5.2
[INFO] [stderr]    Compiling rustversion v1.0.19
[INFO] [stderr]    Compiling ring v0.17.8
[INFO] [stderr]    Compiling home v0.5.11
[INFO] [stderr]    Compiling base64 v0.22.1
[INFO] [stderr]    Compiling hmac v0.12.1
[INFO] [stderr]    Compiling unicode-normalization v0.1.24
[INFO] [stderr]    Compiling md-5 v0.10.6
[INFO] [stderr]    Compiling sha2 v0.10.8
[INFO] [stderr]    Compiling mime v0.3.17
[INFO] [stderr]    Compiling multer v3.1.0
[INFO] [stderr]    Compiling sync_wrapper v1.0.2
[INFO] [stderr]    Compiling hkdf v0.12.4
[INFO] [stderr]    Compiling encoding_rs v0.8.35
[INFO] [stderr]    Compiling regex-syntax v0.6.29
[INFO] [stderr]    Compiling regex-syntax v0.8.5
[INFO] [stderr]    Compiling overload v0.1.1
[INFO] [stderr]    Compiling stringprep v0.1.5
[INFO] [stderr]    Compiling anyhow v1.0.95
[INFO] [stderr]    Compiling matchit v0.7.3
[INFO] [stderr]    Compiling thiserror v2.0.9
[INFO] [stderr]    Compiling nu-ansi-term v0.46.0
[INFO] [stderr]    Compiling tracing-log v0.2.0
[INFO] [stderr]    Compiling thread_local v1.1.8
[INFO] [stderr]    Compiling unsafe-libyaml v0.2.11
[INFO] [stderr]    Compiling sqlformat v0.2.6
[INFO] [stderr]    Compiling sha1 v0.10.6
[INFO] [stderr]    Compiling headers-core v0.3.0
[INFO] [stderr]    Compiling base64ct v1.6.0
[INFO] [stderr]    Compiling base64 v0.21.7
[INFO] [stderr]    Compiling blake2 v0.10.6
[INFO] [stderr]    Compiling headers v0.4.0
[INFO] [stderr]    Compiling password-hash v0.5.0
[INFO] [stderr]    Compiling argon2 v0.5.3
[INFO] [stderr]    Compiling regex-automata v0.1.10
[INFO] [stderr]    Compiling regex-automata v0.4.9
[INFO] [stderr]    Compiling tempfile v3.14.0
[INFO] [stderr]    Compiling matchers v0.1.0
[INFO] [stderr]    Compiling synstructure v0.13.1
[INFO] [stderr]    Compiling serde_derive v1.0.217
[INFO] [stderr]    Compiling zerofrom-derive v0.1.5
[INFO] [stderr]    Compiling yoke-derive v0.7.5
[INFO] [stderr]    Compiling zerovec-derive v0.10.3
[INFO] [stderr]    Compiling displaydoc v0.2.5
[INFO] [stderr]    Compiling icu_provider_macros v1.5.0
[INFO] [stderr]    Compiling tracing-attributes v0.1.28
[INFO] [stderr]    Compiling futures-macro v0.3.31
[INFO] [stderr]    Compiling zerocopy-derive v0.7.35
[INFO] [stderr]    Compiling tokio-macros v2.4.0
[INFO] [stderr]    Compiling thiserror-impl v1.0.69
[INFO] [stderr]    Compiling async-trait v0.1.83
[INFO] [stderr]    Compiling regex v1.11.1
[INFO] [stderr]    Compiling zerocopy v0.7.35
[INFO] [stderr]    Compiling rustls-webpki v0.102.8
[INFO] [stderr]    Compiling tokio-stream v0.1.17
[INFO] [stderr]    Compiling thiserror-impl v2.0.9
[INFO] [stderr]    Compiling zerofrom v0.1.5
[INFO] [stderr]    Compiling yoke v0.7.5
[INFO] [stderr]    Compiling tracing v0.1.41
[INFO] [stderr]    Compiling zerovec v0.10.4
[INFO] [stderr]    Compiling ppv-lite86 v0.2.20
[INFO] [stderr]    Compiling hashbrown v0.14.5
[INFO] [stderr]    Compiling rand_chacha v0.3.1
[INFO] [stderr]    Compiling rand v0.8.5
[INFO] [stderr]    Compiling hashlink v0.9.1
[INFO] [stderr]    Compiling tinystr v0.7.6
[INFO] [stderr]    Compiling icu_collections v1.5.0
[INFO] [stderr]    Compiling icu_locid v1.5.0
[INFO] [stderr]    Compiling icu_provider v1.5.0
[INFO] [stderr]    Compiling icu_locid_transform v1.5.0
[INFO] [stderr]    Compiling http-body-util v0.1.2
[INFO] [stderr]    Compiling futures-executor v0.3.31
[INFO] [stderr]    Compiling futures v0.3.31
[INFO] [stderr]    Compiling axum-core v0.4.5
[INFO] [stderr]    Compiling icu_properties v1.5.1
[INFO] [stderr]    Compiling smallvec v1.13.2
[INFO] [stderr]    Compiling either v1.13.0
[INFO] [stderr]    Compiling serde_path_to_error v0.1.16
[INFO] [stderr]    Compiling serde_urlencoded v0.7.1
[INFO] [stderr]    Compiling serde_yaml v0.9.34+deprecated
[INFO] [stderr]    Compiling tokio-util v0.7.13
[INFO] [stderr]    Compiling tower v0.5.2
[INFO] [stderr]    Compiling parking_lot_core v0.9.10
[INFO] [stderr]    Compiling tracing-subscriber v0.3.19
[INFO] [stderr]    Compiling parking_lot v0.12.3
[INFO] [stderr]    Compiling h2 v0.4.7
[INFO] [stderr]    Compiling futures-intrusive v0.5.0
[INFO] [stderr]    Compiling icu_normalizer v1.5.0
[INFO] [stderr]    Compiling idna_adapter v1.2.0
[INFO] [stderr]    Compiling idna v1.0.3
[INFO] [stderr]    Compiling url v2.5.4
[INFO] [stderr]    Compiling sqlx-core v0.8.2
[INFO] [stderr]    Compiling hyper v1.5.2
[INFO] [stderr]    Compiling hyper-util v0.1.10
[INFO] [stderr]    Compiling sqlx-postgres v0.8.2
[INFO] [stderr]    Compiling axum v0.7.9
[INFO] [stderr]    Compiling axum-extra v0.9.6
[INFO] [stderr]    Compiling sqlx-macros-core v0.8.2
[INFO] [stderr]    Compiling sqlx-macros v0.8.2
[INFO] [stderr]    Compiling sqlx v0.8.2
[INFO] [stderr]    Compiling chat_server v0.1.0 (/opt/rustwide/workdir/chat_server)
[INFO] [stderr]    Compiling notify_server v0.1.0 (/opt/rustwide/workdir/notify_server)
[INFO] [stderr]     Finished `dev` profile [unoptimized + debuginfo] target(s) in 1m 51s
[INFO] running `Command { std: "docker" "inspect" "fee31aac2d3623c5062d57edb02c4d9fb5f4e6fd51b96237038a3ea7820e0af7", kill_on_drop: false }`
[INFO] running `Command { std: "docker" "exec" "-e" "SOURCE_DIR=/opt/rustwide/workdir" "-e" "CARGO_HOME=/opt/rustwide/cargo-home" "-e" "RUSTUP_HOME=/opt/rustwide/rustup-home" "-e" "CARGO_TARGET_DIR=/opt/rustwide/target" "-e" "CARGO_INCREMENTAL=0" "-e" "RUST_BACKTRACE=full" "-e" "RUSTFLAGS=--cap-lints=warn" "-e" "RUSTDOCFLAGS=--cap-lints=warn" "-w" "/opt/rustwide/workdir" "--user" "0:0" "fee31aac2d3623c5062d57edb02c4d9fb5f4e6fd51b96237038a3ea7820e0af7" "/opt/rustwide/cargo-home/bin/cargo" "+1.97.0-beta.6" "test" "--frozen" "--no-run" "--message-format=json", kill_on_drop: false }`
[INFO] [stderr]    Compiling csv-core v0.1.11
[INFO] [stderr]    Compiling itertools v0.13.0
[INFO] [stderr]    Compiling uuid v1.11.0
[INFO] [stderr]    Compiling notify_server v0.1.0 (/opt/rustwide/workdir/notify_server)
[INFO] [stderr]    Compiling csv v1.3.1
[INFO] [stderr]    Compiling sqlx-db-tester v0.5.0
[INFO] [stderr]    Compiling chat_server v0.1.0 (/opt/rustwide/workdir/chat_server)
[INFO] [stderr]     Finished `test` profile [unoptimized + debuginfo] target(s) in 6.07s
[INFO] running `Command { std: "docker" "inspect" "fee31aac2d3623c5062d57edb02c4d9fb5f4e6fd51b96237038a3ea7820e0af7", kill_on_drop: false }`
[INFO] running `Command { std: "docker" "exec" "-e" "SOURCE_DIR=/opt/rustwide/workdir" "-e" "CARGO_HOME=/opt/rustwide/cargo-home" "-e" "RUSTUP_HOME=/opt/rustwide/rustup-home" "-e" "CARGO_TARGET_DIR=/opt/rustwide/target" "-e" "CARGO_INCREMENTAL=0" "-e" "RUST_BACKTRACE=full" "-e" "RUSTFLAGS=--cap-lints=warn" "-e" "RUSTDOCFLAGS=--cap-lints=warn" "-w" "/opt/rustwide/workdir" "--user" "0:0" "fee31aac2d3623c5062d57edb02c4d9fb5f4e6fd51b96237038a3ea7820e0af7" "/opt/rustwide/cargo-home/bin/cargo" "+1.97.0-beta.6" "test" "--frozen", kill_on_drop: false }`
[INFO] [stderr]     Finished `test` profile [unoptimized + debuginfo] target(s) in 0.32s
[INFO] [stderr]      Running unittests src/lib.rs (/opt/rustwide/target/debug/deps/chat_server-f0fc333138a22651)
[INFO] [stdout] 
[INFO] [stdout] running 2 tests
[INFO] [stdout] 
[INFO] [stderr] 
[INFO] [stdout] thread '<unnamed>' (3706) panicked at /opt/rustwide/cargo-home/registry/src/index.crates.io-1949cf8c6b5b557f/sqlx-db-tester-0.5.0/src/postgres.rs:41:41:
[INFO] [stderr] thread 'models::user::tests::create_and_verify_user_should_work' (3704) panicked at /rustc/b2282dd5646a57d570fc86fbe8df0e8826665ef6/library/core/src/panicking.rs:233:5:
[INFO] [stdout] Error while connecting to postgres://postgres:postgres@localhost:5432
[INFO] [stderr] panic in a destructor during cleanup
[INFO] [stdout] stack backtrace:
[INFO] [stderr] thread caused non-unwinding panic. aborting.
[INFO] [stdout]    0:     0x625a1eed98d8 - std[10d71ac2c42b111e]::backtrace_rs::backtrace::libunwind::trace
[INFO] [stdout]                                at /rustc/b2282dd5646a57d570fc86fbe8df0e8826665ef6/library/std/src/../../backtrace/src/backtrace/libunwind.rs:117:9
[INFO] [stdout]    1:     0x625a1eed98d8 - std[10d71ac2c42b111e]::backtrace_rs::backtrace::trace_unsynchronized::<std[10d71ac2c42b111e]::sys::backtrace::_print_fmt::{closure#1}>
[INFO] [stdout]                                at /rustc/b2282dd5646a57d570fc86fbe8df0e8826665ef6/library/std/src/../../backtrace/src/backtrace/mod.rs:66:14
[INFO] [stdout]    2:     0x625a1eed98d8 - std[10d71ac2c42b111e]::sys::backtrace::_print_fmt
[INFO] [stdout]                                at /rustc/b2282dd5646a57d570fc86fbe8df0e8826665ef6/library/std/src/sys/backtrace.rs:74:9
[INFO] [stdout]    3:     0x625a1eed98d8 - <<std[10d71ac2c42b111e]::sys::backtrace::BacktraceLock>::print::DisplayBacktrace as core[8fb95b77d25ab6c8]::fmt::Display>::fmt
[INFO] [stdout]                                at /rustc/b2282dd5646a57d570fc86fbe8df0e8826665ef6/library/std/src/sys/backtrace.rs:44:26
[INFO] [stdout]    4:     0x625a1eef1ada - <core[8fb95b77d25ab6c8]::fmt::rt::Argument>::fmt
[INFO] [stdout]                                at /rustc/b2282dd5646a57d570fc86fbe8df0e8826665ef6/library/core/src/fmt/rt.rs:152:76
[INFO] [stdout]    5:     0x625a1eef1ada - core[8fb95b77d25ab6c8]::fmt::write
[INFO] [stdout]    6:     0x625a1eedee22 - std[10d71ac2c42b111e]::io::default_write_fmt::<alloc[a7ee25936407c584]::vec::Vec<u8>>
[INFO] [stdout]                                at /rustc/b2282dd5646a57d570fc86fbe8df0e8826665ef6/library/std/src/io/mod.rs:622:11
[INFO] [stdout]    7:     0x625a1eedee22 - <alloc[a7ee25936407c584]::vec::Vec<u8> as std[10d71ac2c42b111e]::io::Write>::write_fmt
[INFO] [stdout]                                at /rustc/b2282dd5646a57d570fc86fbe8df0e8826665ef6/library/std/src/io/mod.rs:1977:13
[INFO] [stdout]    8:     0x625a1eeb6cb6 - <std[10d71ac2c42b111e]::sys::backtrace::BacktraceLock>::print
[INFO] [stdout]                                at /rustc/b2282dd5646a57d570fc86fbe8df0e8826665ef6/library/std/src/sys/backtrace.rs:47:9
[INFO] [stdout]    9:     0x625a1eeb6cb6 - std[10d71ac2c42b111e]::panicking::default_hook::{closure#0}
[INFO] [stdout]                                at /rustc/b2282dd5646a57d570fc86fbe8df0e8826665ef6/library/std/src/panicking.rs:292:27
[INFO] [stdout]   10:     0x625a1eed0fc9 - std[10d71ac2c42b111e]::panicking::default_hook
[INFO] [stdout]                                at /rustc/b2282dd5646a57d570fc86fbe8df0e8826665ef6/library/std/src/panicking.rs:316:9
[INFO] [stdout]   11:     0x625a1e8652bc - <alloc[a7ee25936407c584]::boxed::Box<dyn for<'a, 'b> core[8fb95b77d25ab6c8]::ops::function::Fn<(&'a std[10d71ac2c42b111e]::panic::PanicHookInfo<'b>,), Output = ()> + core[8fb95b77d25ab6c8]::marker::Sync + core[8fb95b77d25ab6c8]::marker::Send> as core[8fb95b77d25ab6c8]::ops::function::Fn<(&std[10d71ac2c42b111e]::panic::PanicHookInfo,)>>::call
[INFO] [stdout]                                at /rustc/b2282dd5646a57d570fc86fbe8df0e8826665ef6/library/alloc/src/boxed.rs:2289:9
[INFO] [stdout]   12:     0x625a1e8652bc - test[213991da798b1c03]::test_main_inner::<test[213991da798b1c03]::test_main_static::{closure#0}>::{closure#0}
[INFO] [stdout]                                at /rustc/b2282dd5646a57d570fc86fbe8df0e8826665ef6/library/test/src/lib.rs:155:21
[INFO] [stdout]   13:     0x625a1eed1242 - <alloc[a7ee25936407c584]::boxed::Box<dyn for<'a, 'b> core[8fb95b77d25ab6c8]::ops::function::Fn<(&'a std[10d71ac2c42b111e]::panic::PanicHookInfo<'b>,), Output = ()> + core[8fb95b77d25ab6c8]::marker::Sync + core[8fb95b77d25ab6c8]::marker::Send> as core[8fb95b77d25ab6c8]::ops::function::Fn<(&std[10d71ac2c42b111e]::panic::PanicHookInfo,)>>::call
[INFO] [stdout]                                at /rustc/b2282dd5646a57d570fc86fbe8df0e8826665ef6/library/alloc/src/boxed.rs:2289:9
[INFO] [stdout]   14:     0x625a1eed1242 - std[10d71ac2c42b111e]::panicking::panic_with_hook
[INFO] [stdout]                                at /rustc/b2282dd5646a57d570fc86fbe8df0e8826665ef6/library/std/src/panicking.rs:833:13
[INFO] [stdout]   15:     0x625a1eeb6d72 - std[10d71ac2c42b111e]::panicking::panic_handler::{closure#0}
[INFO] [stdout]                                at /rustc/b2282dd5646a57d570fc86fbe8df0e8826665ef6/library/std/src/panicking.rs:698:13
[INFO] [stdout]   16:     0x625a1eeab749 - std[10d71ac2c42b111e]::sys::backtrace::__rust_end_short_backtrace::<std[10d71ac2c42b111e]::panicking::panic_handler::{closure#0}, !>
[INFO] [stdout]                                at /rustc/b2282dd5646a57d570fc86fbe8df0e8826665ef6/library/std/src/sys/backtrace.rs:182:18
[INFO] [stdout]   17:     0x625a1eeb7d3d - __rustc[3be9ba60078d4c86]::rust_begin_unwind
[INFO] [stdout]                                at /rustc/b2282dd5646a57d570fc86fbe8df0e8826665ef6/library/std/src/panicking.rs:689:5
[INFO] [stdout]   18:     0x625a1eef22cc - core[8fb95b77d25ab6c8]::panicking::panic_fmt
[INFO] [stdout]                                at /rustc/b2282dd5646a57d570fc86fbe8df0e8826665ef6/library/core/src/panicking.rs:80:14
[INFO] [stdout]   19:     0x625a1e8adaf8 - <sqlx_db_tester[a420d704bc639d66]::postgres::TestPg>::new::<&std[10d71ac2c42b111e]::path::Path>::{closure#0}::{closure#0}::{closure#0}
[INFO] [stdout]                                at /opt/rustwide/cargo-home/registry/src/index.crates.io-1949cf8c6b5b557f/sqlx-db-tester-0.5.0/src/postgres.rs:41:41
[INFO] [stdout]   20:     0x625a1e8a96e3 - <core[8fb95b77d25ab6c8]::result::Result<sqlx_postgres[fce729a50e1a2a54]::connection::PgConnection, sqlx_core[ed53762e427cbadc]::error::Error>>::unwrap_or_else::<<sqlx_db_tester[a420d704bc639d66]::postgres::TestPg>::new<&std[10d71ac2c42b111e]::path::Path>::{closure#0}::{closure#0}::{closure#0}>
[INFO] [stdout]                                at /rustc/b2282dd5646a57d570fc86fbe8df0e8826665ef6/library/core/src/result.rs:1622:23
[INFO] [stdout]   21:     0x625a1e8acd95 - <sqlx_db_tester[a420d704bc639d66]::postgres::TestPg>::new::<&std[10d71ac2c42b111e]::path::Path>::{closure#0}::{closure#0}
[INFO] [stdout]                                at /opt/rustwide/cargo-home/registry/src/index.crates.io-1949cf8c6b5b557f/sqlx-db-tester-0.5.0/src/postgres.rs:41:22
[INFO] [stdout]   22:     0x625a1e8b6aff - <tokio[f943255d15a3b3e]::runtime::park::CachedParkThread>::block_on::<<sqlx_db_tester[a420d704bc639d66]::postgres::TestPg>::new<&std[10d71ac2c42b111e]::path::Path>::{closure#0}::{closure#0}>::{closure#0}
[INFO] [stdout]                                at /opt/rustwide/cargo-home/registry/src/index.crates.io-1949cf8c6b5b557f/tokio-1.42.0/src/runtime/park.rs:281:74
[INFO] [stdout]   23:     0x625a1e8b31ce - tokio[f943255d15a3b3e]::runtime::coop::with_budget::<core[8fb95b77d25ab6c8]::task::poll::Poll<()>, <tokio[f943255d15a3b3e]::runtime::park::CachedParkThread>::block_on<<sqlx_db_tester[a420d704bc639d66]::postgres::TestPg>::new<&std[10d71ac2c42b111e]::path::Path>::{closure#0}::{closure#0}>::{closure#0}>
[INFO] [stdout]                                at /opt/rustwide/cargo-home/registry/src/index.crates.io-1949cf8c6b5b557f/tokio-1.42.0/src/runtime/coop.rs:107:5
[INFO] [stdout]   24:     0x625a1e8b31ce - tokio[f943255d15a3b3e]::runtime::coop::budget::<core[8fb95b77d25ab6c8]::task::poll::Poll<()>, <tokio[f943255d15a3b3e]::runtime::park::CachedParkThread>::block_on<<sqlx_db_tester[a420d704bc639d66]::postgres::TestPg>::new<&std[10d71ac2c42b111e]::path::Path>::{closure#0}::{closure#0}>::{closure#0}>
[INFO] [stdout]                                at /opt/rustwide/cargo-home/registry/src/index.crates.io-1949cf8c6b5b557f/tokio-1.42.0/src/runtime/coop.rs:73:5
[INFO] [stdout]   25:     0x625a1e8b31ce - <tokio[f943255d15a3b3e]::runtime::park::CachedParkThread>::block_on::<<sqlx_db_tester[a420d704bc639d66]::postgres::TestPg>::new<&std[10d71ac2c42b111e]::path::Path>::{closure#0}::{closure#0}>
[INFO] [stdout]                                at /opt/rustwide/cargo-home/registry/src/index.crates.io-1949cf8c6b5b557f/tokio-1.42.0/src/runtime/park.rs:281:31
[INFO] [stdout]   26:     0x625a1e899b09 - <tokio[f943255d15a3b3e]::runtime::context::blocking::BlockingRegionGuard>::block_on::<<sqlx_db_tester[a420d704bc639d66]::postgres::TestPg>::new<&std[10d71ac2c42b111e]::path::Path>::{closure#0}::{closure#0}>
[INFO] [stdout]                                at /opt/rustwide/cargo-home/registry/src/index.crates.io-1949cf8c6b5b557f/tokio-1.42.0/src/runtime/context/blocking.rs:66:14
[INFO] [stdout]   27:     0x625a1e89e847 - <tokio[f943255d15a3b3e]::runtime::scheduler::multi_thread::MultiThread>::block_on::<<sqlx_db_tester[a420d704bc639d66]::postgres::TestPg>::new<&std[10d71ac2c42b111e]::path::Path>::{closure#0}::{closure#0}>::{closure#0}
[INFO] [stdout]                                at /opt/rustwide/cargo-home/registry/src/index.crates.io-1949cf8c6b5b557f/tokio-1.42.0/src/runtime/scheduler/multi_thread/mod.rs:87:22
[INFO] [stdout]   28:     0x625a1e8b616f - tokio[f943255d15a3b3e]::runtime::context::runtime::enter_runtime::<<tokio[f943255d15a3b3e]::runtime::scheduler::multi_thread::MultiThread>::block_on<<sqlx_db_tester[a420d704bc639d66]::postgres::TestPg>::new<&std[10d71ac2c42b111e]::path::Path>::{closure#0}::{closure#0}>::{closure#0}, ()>
[INFO] [stdout]                                at /opt/rustwide/cargo-home/registry/src/index.crates.io-1949cf8c6b5b557f/tokio-1.42.0/src/runtime/context/runtime.rs:65:16
[INFO] [stdout]   29:     0x625a1e899cd2 - <tokio[f943255d15a3b3e]::runtime::scheduler::multi_thread::MultiThread>::block_on::<<sqlx_db_tester[a420d704bc639d66]::postgres::TestPg>::new<&std[10d71ac2c42b111e]::path::Path>::{closure#0}::{closure#0}>
[INFO] [stdout]                                at /opt/rustwide/cargo-home/registry/src/index.crates.io-1949cf8c6b5b557f/tokio-1.42.0/src/runtime/scheduler/multi_thread/mod.rs:86:9
[INFO] [stdout]   30:     0x625a1e898efd - <tokio[f943255d15a3b3e]::runtime::runtime::Runtime>::block_on_inner::<<sqlx_db_tester[a420d704bc639d66]::postgres::TestPg>::new<&std[10d71ac2c42b111e]::path::Path>::{closure#0}::{closure#0}>
[INFO] [stdout]                                at /opt/rustwide/cargo-home/registry/src/index.crates.io-1949cf8c6b5b557f/tokio-1.42.0/src/runtime/runtime.rs:370:50
[INFO] [stdout]   31:     0x625a1e89933e - <tokio[f943255d15a3b3e]::runtime::runtime::Runtime>::block_on::<<sqlx_db_tester[a420d704bc639d66]::postgres::TestPg>::new<&std[10d71ac2c42b111e]::path::Path>::{closure#0}::{closure#0}>
[INFO] [stdout]                                at /opt/rustwide/cargo-home/registry/src/index.crates.io-1949cf8c6b5b557f/tokio-1.42.0/src/runtime/runtime.rs:342:18
[INFO] [stdout]   32:     0x625a1e8ac6d9 - <sqlx_db_tester[a420d704bc639d66]::postgres::TestPg>::new::<&std[10d71ac2c42b111e]::path::Path>::{closure#0}
[INFO] [stdout]                                at /opt/rustwide/cargo-home/registry/src/index.crates.io-1949cf8c6b5b557f/sqlx-db-tester-0.5.0/src/postgres.rs:37:16
[INFO] [stdout]   33:     0x625a1e8ac057 - std[10d71ac2c42b111e]::sys::backtrace::__rust_begin_short_backtrace::<<sqlx_db_tester[a420d704bc639d66]::postgres::TestPg>::new<&std[10d71ac2c42b111e]::path::Path>::{closure#0}, ()>
[INFO] [stdout]                                at /rustc/b2282dd5646a57d570fc86fbe8df0e8826665ef6/library/std/src/sys/backtrace.rs:166:18
[INFO] [stdout]   34:     0x625a1e8b833f - std[10d71ac2c42b111e]::thread::lifecycle::spawn_unchecked::<<sqlx_db_tester[a420d704bc639d66]::postgres::TestPg>::new<&std[10d71ac2c42b111e]::path::Path>::{closure#0}, ()>::{closure#1}::{closure#0}
[INFO] [stdout]                                at /rustc/b2282dd5646a57d570fc86fbe8df0e8826665ef6/library/std/src/thread/lifecycle.rs:70:13
[INFO] [stdout]   35:     0x625a1e8a1684 - <core[8fb95b77d25ab6c8]::panic::unwind_safe::AssertUnwindSafe<std[10d71ac2c42b111e]::thread::lifecycle::spawn_unchecked<<sqlx_db_tester[a420d704bc639d66]::postgres::TestPg>::new<&std[10d71ac2c42b111e]::path::Path>::{closure#0}, ()>::{closure#1}::{closure#0}> as core[8fb95b77d25ab6c8]::ops::function::FnOnce<()>>::call_once
[INFO] [stdout]                                at /rustc/b2282dd5646a57d570fc86fbe8df0e8826665ef6/library/core/src/panic/unwind_safe.rs:275:9
[INFO] [stdout]   36:     0x625a1e8ac0c4 - std[10d71ac2c42b111e]::panicking::catch_unwind::do_call::<core[8fb95b77d25ab6c8]::panic::unwind_safe::AssertUnwindSafe<std[10d71ac2c42b111e]::thread::lifecycle::spawn_unchecked<<sqlx_db_tester[a420d704bc639d66]::postgres::TestPg>::new<&std[10d71ac2c42b111e]::path::Path>::{closure#0}, ()>::{closure#1}::{closure#0}>, ()>
[INFO] [stdout]                                at /rustc/b2282dd5646a57d570fc86fbe8df0e8826665ef6/library/std/src/panicking.rs:581:40
[INFO] [stdout]   37:     0x625a1e8b891b - __rust_try
[INFO] [stdout]   38:     0x625a1e8b6dc9 - std[10d71ac2c42b111e]::panicking::catch_unwind::<(), core[8fb95b77d25ab6c8]::panic::unwind_safe::AssertUnwindSafe<std[10d71ac2c42b111e]::thread::lifecycle::spawn_unchecked<<sqlx_db_tester[a420d704bc639d66]::postgres::TestPg>::new<&std[10d71ac2c42b111e]::path::Path>::{closure#0}, ()>::{closure#1}::{closure#0}>>
[INFO] [stdout]                                at /rustc/b2282dd5646a57d570fc86fbe8df0e8826665ef6/library/std/src/panicking.rs:544:19
[INFO] [stdout]   39:     0x625a1e8b6dc9 - std[10d71ac2c42b111e]::panic::catch_unwind::<core[8fb95b77d25ab6c8]::panic::unwind_safe::AssertUnwindSafe<std[10d71ac2c42b111e]::thread::lifecycle::spawn_unchecked<<sqlx_db_tester[a420d704bc639d66]::postgres::TestPg>::new<&std[10d71ac2c42b111e]::path::Path>::{closure#0}, ()>::{closure#1}::{closure#0}>, ()>
[INFO] [stdout]                                at /rustc/b2282dd5646a57d570fc86fbe8df0e8826665ef6/library/std/src/panic.rs:359:14
[INFO] [stdout]   40:     0x625a1e8b6dc9 - std[10d71ac2c42b111e]::thread::lifecycle::spawn_unchecked::<<sqlx_db_tester[a420d704bc639d66]::postgres::TestPg>::new<&std[10d71ac2c42b111e]::path::Path>::{closure#0}, ()>::{closure#1}
[INFO] [stdout]                                at /rustc/b2282dd5646a57d570fc86fbe8df0e8826665ef6/library/std/src/thread/lifecycle.rs:68:26
[INFO] [stdout]   41:     0x625a1e8b869f - <std[10d71ac2c42b111e]::thread::lifecycle::spawn_unchecked<<sqlx_db_tester[a420d704bc639d66]::postgres::TestPg>::new<&std[10d71ac2c42b111e]::path::Path>::{closure#0}, ()>::{closure#1} as core[8fb95b77d25ab6c8]::ops::function::FnOnce<()>>::call_once::{shim:vtable#0}
[INFO] [stdout]                                at /rustc/b2282dd5646a57d570fc86fbe8df0e8826665ef6/library/core/src/ops/function.rs:250:5
[INFO] [stdout]   42:     0x625a1eed8a1f - <alloc[a7ee25936407c584]::boxed::Box<dyn core[8fb95b77d25ab6c8]::ops::function::FnOnce<(), Output = ()> + core[8fb95b77d25ab6c8]::marker::Send> as core[8fb95b77d25ab6c8]::ops::function::FnOnce<()>>::call_once
[INFO] [stdout]                                at /rustc/b2282dd5646a57d570fc86fbe8df0e8826665ef6/library/alloc/src/boxed.rs:2275:9
[INFO] [stdout]   43:     0x625a1eed8a1f - <std[10d71ac2c42b111e]::sys::thread::unix::Thread>::new::thread_start
[INFO] [stdout]                                at /rustc/b2282dd5646a57d570fc86fbe8df0e8826665ef6/library/std/src/sys/thread/unix.rs:118:17
[INFO] [stdout]   44:     0x700a746bfaa4 - <unknown>
[INFO] [stdout]   45:     0x700a7474ca64 - clone
[INFO] [stdout]   46:                0x0 - <unknown>
[INFO] [stdout] 
[INFO] [stdout] thread 'models::user::tests::create_and_verify_user_should_work' (3704) panicked at /opt/rustwide/cargo-home/registry/src/index.crates.io-1949cf8c6b5b557f/sqlx-db-tester-0.5.0/src/postgres.rs:55:10:
[INFO] [stdout] failed to create database: Any { .. }
[INFO] [stdout] stack backtrace:
[INFO] [stdout]    0:     0x625a1eed98d8 - std[10d71ac2c42b111e]::backtrace_rs::backtrace::libunwind::trace
[INFO] [stdout]                                at /rustc/b2282dd5646a57d570fc86fbe8df0e8826665ef6/library/std/src/../../backtrace/src/backtrace/libunwind.rs:117:9
[INFO] [stdout]    1:     0x625a1eed98d8 - std[10d71ac2c42b111e]::backtrace_rs::backtrace::trace_unsynchronized::<std[10d71ac2c42b111e]::sys::backtrace::_print_fmt::{closure#1}>
[INFO] [stdout]                                at /rustc/b2282dd5646a57d570fc86fbe8df0e8826665ef6/library/std/src/../../backtrace/src/backtrace/mod.rs:66:14
[INFO] [stdout]    2:     0x625a1eed98d8 - std[10d71ac2c42b111e]::sys::backtrace::_print_fmt
[INFO] [stdout]                                at /rustc/b2282dd5646a57d570fc86fbe8df0e8826665ef6/library/std/src/sys/backtrace.rs:74:9
[INFO] [stdout]    3:     0x625a1eed98d8 - <<std[10d71ac2c42b111e]::sys::backtrace::BacktraceLock>::print::DisplayBacktrace as core[8fb95b77d25ab6c8]::fmt::Display>::fmt
[INFO] [stdout]                                at /rustc/b2282dd5646a57d570fc86fbe8df0e8826665ef6/library/std/src/sys/backtrace.rs:44:26
[INFO] [stdout]    4:     0x625a1eef1ada - <core[8fb95b77d25ab6c8]::fmt::rt::Argument>::fmt
[INFO] [stdout]                                at /rustc/b2282dd5646a57d570fc86fbe8df0e8826665ef6/library/core/src/fmt/rt.rs:152:76
[INFO] [stdout]    5:     0x625a1eef1ada - core[8fb95b77d25ab6c8]::fmt::write
[INFO] [stdout]    6:     0x625a1eedee22 - std[10d71ac2c42b111e]::io::default_write_fmt::<alloc[a7ee25936407c584]::vec::Vec<u8>>
[INFO] [stdout]                                at /rustc/b2282dd5646a57d570fc86fbe8df0e8826665ef6/library/std/src/io/mod.rs:622:11
[INFO] [stdout]    7:     0x625a1eedee22 - <alloc[a7ee25936407c584]::vec::Vec<u8> as std[10d71ac2c42b111e]::io::Write>::write_fmt
[INFO] [stdout]                                at /rustc/b2282dd5646a57d570fc86fbe8df0e8826665ef6/library/std/src/io/mod.rs:1977:13
[INFO] [stdout]    8:     0x625a1eeb6cb6 - <std[10d71ac2c42b111e]::sys::backtrace::BacktraceLock>::print
[INFO] [stdout]                                at /rustc/b2282dd5646a57d570fc86fbe8df0e8826665ef6/library/std/src/sys/backtrace.rs:47:9
[INFO] [stdout]    9:     0x625a1eeb6cb6 - std[10d71ac2c42b111e]::panicking::default_hook::{closure#0}
[INFO] [stdout]                                at /rustc/b2282dd5646a57d570fc86fbe8df0e8826665ef6/library/std/src/panicking.rs:292:27
[INFO] [stdout]   10:     0x625a1eed0fc9 - std[10d71ac2c42b111e]::panicking::default_hook
[INFO] [stdout]                                at /rustc/b2282dd5646a57d570fc86fbe8df0e8826665ef6/library/std/src/panicking.rs:316:9
[INFO] [stdout]   11:     0x625a1e8652bc - <alloc[a7ee25936407c584]::boxed::Box<dyn for<'a, 'b> core[8fb95b77d25ab6c8]::ops::function::Fn<(&'a std[10d71ac2c42b111e]::panic::PanicHookInfo<'b>,), Output = ()> + core[8fb95b77d25ab6c8]::marker::Sync + core[8fb95b77d25ab6c8]::marker::Send> as core[8fb95b77d25ab6c8]::ops::function::Fn<(&std[10d71ac2c42b111e]::panic::PanicHookInfo,)>>::call
[INFO] [stdout]                                at /rustc/b2282dd5646a57d570fc86fbe8df0e8826665ef6/library/alloc/src/boxed.rs:2289:9
[INFO] [stdout]   12:     0x625a1e8652bc - test[213991da798b1c03]::test_main_inner::<test[213991da798b1c03]::test_main_static::{closure#0}>::{closure#0}
[INFO] [stdout]                                at /rustc/b2282dd5646a57d570fc86fbe8df0e8826665ef6/library/test/src/lib.rs:155:21
[INFO] [stdout]   13:     0x625a1eed1242 - <alloc[a7ee25936407c584]::boxed::Box<dyn for<'a, 'b> core[8fb95b77d25ab6c8]::ops::function::Fn<(&'a std[10d71ac2c42b111e]::panic::PanicHookInfo<'b>,), Output = ()> + core[8fb95b77d25ab6c8]::marker::Sync + core[8fb95b77d25ab6c8]::marker::Send> as core[8fb95b77d25ab6c8]::ops::function::Fn<(&std[10d71ac2c42b111e]::panic::PanicHookInfo,)>>::call
[INFO] [stdout]                                at /rustc/b2282dd5646a57d570fc86fbe8df0e8826665ef6/library/alloc/src/boxed.rs:2289:9
[INFO] [stdout]   14:     0x625a1eed1242 - std[10d71ac2c42b111e]::panicking::panic_with_hook
[INFO] [stdout]                                at /rustc/b2282dd5646a57d570fc86fbe8df0e8826665ef6/library/std/src/panicking.rs:833:13
[INFO] [stdout]   15:     0x625a1eeb6d72 - std[10d71ac2c42b111e]::panicking::panic_handler::{closure#0}
[INFO] [stdout]                                at /rustc/b2282dd5646a57d570fc86fbe8df0e8826665ef6/library/std/src/panicking.rs:698:13
[INFO] [stdout]   16:     0x625a1eeab749 - std[10d71ac2c42b111e]::sys::backtrace::__rust_end_short_backtrace::<std[10d71ac2c42b111e]::panicking::panic_handler::{closure#0}, !>
[INFO] [stdout]                                at /rustc/b2282dd5646a57d570fc86fbe8df0e8826665ef6/library/std/src/sys/backtrace.rs:182:18
[INFO] [stdout]   17:     0x625a1eeb7d3d - __rustc[3be9ba60078d4c86]::rust_begin_unwind
[INFO] [stdout]                                at /rustc/b2282dd5646a57d570fc86fbe8df0e8826665ef6/library/std/src/panicking.rs:689:5
[INFO] [stdout]   18:     0x625a1eef22cc - core[8fb95b77d25ab6c8]::panicking::panic_fmt
[INFO] [stdout]                                at /rustc/b2282dd5646a57d570fc86fbe8df0e8826665ef6/library/core/src/panicking.rs:80:14
[INFO] [stdout]   19:     0x625a1eef2012 - core[8fb95b77d25ab6c8]::result::unwrap_failed
[INFO] [stdout]                                at /rustc/b2282dd5646a57d570fc86fbe8df0e8826665ef6/library/core/src/result.rs:1867:5
[INFO] [stdout]   20:     0x625a1e8aeaeb - <core[8fb95b77d25ab6c8]::result::Result<(), alloc[a7ee25936407c584]::boxed::Box<dyn core[8fb95b77d25ab6c8]::any::Any + core[8fb95b77d25ab6c8]::marker::Send>>>::expect
[INFO] [stdout]                                at /rustc/b2282dd5646a57d570fc86fbe8df0e8826665ef6/library/core/src/result.rs:1185:23
[INFO] [stdout]   21:     0x625a1e8a9e01 - <sqlx_db_tester[a420d704bc639d66]::postgres::TestPg>::new::<&std[10d71ac2c42b111e]::path::Path>
[INFO] [stdout]                                at /opt/rustwide/cargo-home/registry/src/index.crates.io-1949cf8c6b5b557f/sqlx-db-tester-0.5.0/src/postgres.rs:55:10
[INFO] [stdout]   22:     0x625a1e84345d - chat_server[c4fe6e13a476c6a7]::models::user::tests::create_and_verify_user_should_work::{closure#0}
[INFO] [stdout]                                at /opt/rustwide/workdir/chat_server/src/models/user.rs:119:19
[INFO] [stdout]   23:     0x625a1e84c5d5 - <core[8fb95b77d25ab6c8]::pin::Pin<&mut dyn core[8fb95b77d25ab6c8]::future::future::Future<Output = core[8fb95b77d25ab6c8]::result::Result<(), anyhow[38d4f7f11f0696cf]::Error>>> as core[8fb95b77d25ab6c8]::future::future::Future>::poll
[INFO] [stdout]                                at /rustc/b2282dd5646a57d570fc86fbe8df0e8826665ef6/library/core/src/future/future.rs:133:9
[INFO] [stdout]   24:     0x625a1e84c64d - <core[8fb95b77d25ab6c8]::pin::Pin<&mut core[8fb95b77d25ab6c8]::pin::Pin<&mut dyn core[8fb95b77d25ab6c8]::future::future::Future<Output = core[8fb95b77d25ab6c8]::result::Result<(), anyhow[38d4f7f11f0696cf]::Error>>>> as core[8fb95b77d25ab6c8]::future::future::Future>::poll
[INFO] [stdout]                                at /rustc/b2282dd5646a57d570fc86fbe8df0e8826665ef6/library/core/src/future/future.rs:133:9
[INFO] [stdout]   25:     0x625a1e85223d - <tokio[f943255d15a3b3e]::runtime::scheduler::current_thread::CoreGuard>::block_on::<core[8fb95b77d25ab6c8]::pin::Pin<&mut core[8fb95b77d25ab6c8]::pin::Pin<&mut dyn core[8fb95b77d25ab6c8]::future::future::Future<Output = core[8fb95b77d25ab6c8]::result::Result<(), anyhow[38d4f7f11f0696cf]::Error>>>>>::{closure#0}::{closure#0}::{closure#0}
[INFO] [stdout]                                at /opt/rustwide/cargo-home/registry/src/index.crates.io-1949cf8c6b5b557f/tokio-1.42.0/src/runtime/scheduler/current_thread/mod.rs:729:73
[INFO] [stdout]   26:     0x625a1e85212c - tokio[f943255d15a3b3e]::runtime::coop::with_budget::<core[8fb95b77d25ab6c8]::task::poll::Poll<core[8fb95b77d25ab6c8]::result::Result<(), anyhow[38d4f7f11f0696cf]::Error>>, <tokio[f943255d15a3b3e]::runtime::scheduler::current_thread::CoreGuard>::block_on<core[8fb95b77d25ab6c8]::pin::Pin<&mut core[8fb95b77d25ab6c8]::pin::Pin<&mut dyn core[8fb95b77d25ab6c8]::future::future::Future<Output = core[8fb95b77d25ab6c8]::result::Result<(), anyhow[38d4f7f11f0696cf]::Error>>>>>::{closure#0}::{closure#0}::{closure#0}>
[INFO] [stdout]                                at /opt/rustwide/cargo-home/registry/src/index.crates.io-1949cf8c6b5b557f/tokio-1.42.0/src/runtime/coop.rs:107:5
[INFO] [stdout]   27:     0x625a1e85212c - tokio[f943255d15a3b3e]::runtime::coop::budget::<core[8fb95b77d25ab6c8]::task::poll::Poll<core[8fb95b77d25ab6c8]::result::Result<(), anyhow[38d4f7f11f0696cf]::Error>>, <tokio[f943255d15a3b3e]::runtime::scheduler::current_thread::CoreGuard>::block_on<core[8fb95b77d25ab6c8]::pin::Pin<&mut core[8fb95b77d25ab6c8]::pin::Pin<&mut dyn core[8fb95b77d25ab6c8]::future::future::Future<Output = core[8fb95b77d25ab6c8]::result::Result<(), anyhow[38d4f7f11f0696cf]::Error>>>>>::{closure#0}::{closure#0}::{closure#0}>
[INFO] [stdout]                                at /opt/rustwide/cargo-home/registry/src/index.crates.io-1949cf8c6b5b557f/tokio-1.42.0/src/runtime/coop.rs:73:5
[INFO] [stdout]   28:     0x625a1e85212c - <tokio[f943255d15a3b3e]::runtime::scheduler::current_thread::CoreGuard>::block_on::<core[8fb95b77d25ab6c8]::pin::Pin<&mut core[8fb95b77d25ab6c8]::pin::Pin<&mut dyn core[8fb95b77d25ab6c8]::future::future::Future<Output = core[8fb95b77d25ab6c8]::result::Result<(), anyhow[38d4f7f11f0696cf]::Error>>>>>::{closure#0}::{closure#0}
[INFO] [stdout]                                at /opt/rustwide/cargo-home/registry/src/index.crates.io-1949cf8c6b5b557f/tokio-1.42.0/src/runtime/scheduler/current_thread/mod.rs:729:25
[INFO] [stdout]   29:     0x625a1e84ce1a - <tokio[f943255d15a3b3e]::runtime::scheduler::current_thread::Context>::enter::<core[8fb95b77d25ab6c8]::task::poll::Poll<core[8fb95b77d25ab6c8]::result::Result<(), anyhow[38d4f7f11f0696cf]::Error>>, <tokio[f943255d15a3b3e]::runtime::scheduler::current_thread::CoreGuard>::block_on<core[8fb95b77d25ab6c8]::pin::Pin<&mut core[8fb95b77d25ab6c8]::pin::Pin<&mut dyn core[8fb95b77d25ab6c8]::future::future::Future<Output = core[8fb95b77d25ab6c8]::result::Result<(), anyhow[38d4f7f11f0696cf]::Error>>>>>::{closure#0}::{closure#0}>
[INFO] [stdout]                                at /opt/rustwide/cargo-home/registry/src/index.crates.io-1949cf8c6b5b557f/tokio-1.42.0/src/runtime/scheduler/current_thread/mod.rs:428:19
[INFO] [stdout]   30:     0x625a1e8510dd - <tokio[f943255d15a3b3e]::runtime::scheduler::current_thread::CoreGuard>::block_on::<core[8fb95b77d25ab6c8]::pin::Pin<&mut core[8fb95b77d25ab6c8]::pin::Pin<&mut dyn core[8fb95b77d25ab6c8]::future::future::Future<Output = core[8fb95b77d25ab6c8]::result::Result<(), anyhow[38d4f7f11f0696cf]::Error>>>>>::{closure#0}
[INFO] [stdout]                                at /opt/rustwide/cargo-home/registry/src/index.crates.io-1949cf8c6b5b557f/tokio-1.42.0/src/runtime/scheduler/current_thread/mod.rs:728:44
[INFO] [stdout]   31:     0x625a1e85039b - <tokio[f943255d15a3b3e]::runtime::scheduler::current_thread::CoreGuard>::enter::<<tokio[f943255d15a3b3e]::runtime::scheduler::current_thread::CoreGuard>::block_on<core[8fb95b77d25ab6c8]::pin::Pin<&mut core[8fb95b77d25ab6c8]::pin::Pin<&mut dyn core[8fb95b77d25ab6c8]::future::future::Future<Output = core[8fb95b77d25ab6c8]::result::Result<(), anyhow[38d4f7f11f0696cf]::Error>>>>>::{closure#0}, core[8fb95b77d25ab6c8]::option::Option<core[8fb95b77d25ab6c8]::result::Result<(), anyhow[38d4f7f11f0696cf]::Error>>>::{closure#0}
[INFO] [stdout]                                at /opt/rustwide/cargo-home/registry/src/index.crates.io-1949cf8c6b5b557f/tokio-1.42.0/src/runtime/scheduler/current_thread/mod.rs:807:68
[INFO] [stdout]   32:     0x625a1e84827a - <tokio[f943255d15a3b3e]::runtime::context::scoped::Scoped<tokio[f943255d15a3b3e]::runtime::scheduler::Context>>::set::<<tokio[f943255d15a3b3e]::runtime::scheduler::current_thread::CoreGuard>::enter<<tokio[f943255d15a3b3e]::runtime::scheduler::current_thread::CoreGuard>::block_on<core[8fb95b77d25ab6c8]::pin::Pin<&mut core[8fb95b77d25ab6c8]::pin::Pin<&mut dyn core[8fb95b77d25ab6c8]::future::future::Future<Output = core[8fb95b77d25ab6c8]::result::Result<(), anyhow[38d4f7f11f0696cf]::Error>>>>>::{closure#0}, core[8fb95b77d25ab6c8]::option::Option<core[8fb95b77d25ab6c8]::result::Result<(), anyhow[38d4f7f11f0696cf]::Error>>>::{closure#0}, (alloc[a7ee25936407c584]::boxed::Box<tokio[f943255d15a3b3e]::runtime::scheduler::current_thread::Core>, core[8fb95b77d25ab6c8]::option::Option<core[8fb95b77d25ab6c8]::result::Result<(), anyhow[38d4f7f11f0696cf]::Error>>)>
[INFO] [stdout]                                at /opt/rustwide/cargo-home/registry/src/index.crates.io-1949cf8c6b5b557f/tokio-1.42.0/src/runtime/context/scoped.rs:40:9
[INFO] [stdout]   33:     0x625a1e84224a - tokio[f943255d15a3b3e]::runtime::context::set_scheduler::<(alloc[a7ee25936407c584]::boxed::Box<tokio[f943255d15a3b3e]::runtime::scheduler::current_thread::Core>, core[8fb95b77d25ab6c8]::option::Option<core[8fb95b77d25ab6c8]::result::Result<(), anyhow[38d4f7f11f0696cf]::Error>>), <tokio[f943255d15a3b3e]::runtime::scheduler::current_thread::CoreGuard>::enter<<tokio[f943255d15a3b3e]::runtime::scheduler::current_thread::CoreGuard>::block_on<core[8fb95b77d25ab6c8]::pin::Pin<&mut core[8fb95b77d25ab6c8]::pin::Pin<&mut dyn core[8fb95b77d25ab6c8]::future::future::Future<Output = core[8fb95b77d25ab6c8]::result::Result<(), anyhow[38d4f7f11f0696cf]::Error>>>>>::{closure#0}, core[8fb95b77d25ab6c8]::option::Option<core[8fb95b77d25ab6c8]::result::Result<(), anyhow[38d4f7f11f0696cf]::Error>>>::{closure#0}>::{closure#0}
[INFO] [stdout]                                at /opt/rustwide/cargo-home/registry/src/index.crates.io-1949cf8c6b5b557f/tokio-1.42.0/src/runtime/context.rs:180:38
[INFO] [stdout]   34:     0x625a1e84a076 - <std[10d71ac2c42b111e]::thread::local::LocalKey<tokio[f943255d15a3b3e]::runtime::context::Context>>::try_with::<tokio[f943255d15a3b3e]::runtime::context::set_scheduler<(alloc[a7ee25936407c584]::boxed::Box<tokio[f943255d15a3b3e]::runtime::scheduler::current_thread::Core>, core[8fb95b77d25ab6c8]::option::Option<core[8fb95b77d25ab6c8]::result::Result<(), anyhow[38d4f7f11f0696cf]::Error>>), <tokio[f943255d15a3b3e]::runtime::scheduler::current_thread::CoreGuard>::enter<<tokio[f943255d15a3b3e]::runtime::scheduler::current_thread::CoreGuard>::block_on<core[8fb95b77d25ab6c8]::pin::Pin<&mut core[8fb95b77d25ab6c8]::pin::Pin<&mut dyn core[8fb95b77d25ab6c8]::future::future::Future<Output = core[8fb95b77d25ab6c8]::result::Result<(), anyhow[38d4f7f11f0696cf]::Error>>>>>::{closure#0}, core[8fb95b77d25ab6c8]::option::Option<core[8fb95b77d25ab6c8]::result::Result<(), anyhow[38d4f7f11f0696cf]::Error>>>::{closure#0}>::{closure#0}, (alloc[a7ee25936407c584]::boxed::Box<tokio[f943255d15a3b3e]::runtime::scheduler::current_thread::Core>, core[8fb95b77d25ab6c8]::option::Option<core[8fb95b77d25ab6c8]::result::Result<(), anyhow[38d4f7f11f0696cf]::Error>>)>
[INFO] [stdout]                                at /rustc/b2282dd5646a57d570fc86fbe8df0e8826665ef6/library/std/src/thread/local.rs:462:12
[INFO] [stdout]   35:     0x625a1e849bdc - <std[10d71ac2c42b111e]::thread::local::LocalKey<tokio[f943255d15a3b3e]::runtime::context::Context>>::with::<tokio[f943255d15a3b3e]::runtime::context::set_scheduler<(alloc[a7ee25936407c584]::boxed::Box<tokio[f943255d15a3b3e]::runtime::scheduler::current_thread::Core>, core[8fb95b77d25ab6c8]::option::Option<core[8fb95b77d25ab6c8]::result::Result<(), anyhow[38d4f7f11f0696cf]::Error>>), <tokio[f943255d15a3b3e]::runtime::scheduler::current_thread::CoreGuard>::enter<<tokio[f943255d15a3b3e]::runtime::scheduler::current_thread::CoreGuard>::block_on<core[8fb95b77d25ab6c8]::pin::Pin<&mut core[8fb95b77d25ab6c8]::pin::Pin<&mut dyn core[8fb95b77d25ab6c8]::future::future::Future<Output = core[8fb95b77d25ab6c8]::result::Result<(), anyhow[38d4f7f11f0696cf]::Error>>>>>::{closure#0}, core[8fb95b77d25ab6c8]::option::Option<core[8fb95b77d25ab6c8]::result::Result<(), anyhow[38d4f7f11f0696cf]::Error>>>::{closure#0}>::{closure#0}, (alloc[a7ee25936407c584]::boxed::Box<tokio[f943255d15a3b3e]::runtime::scheduler::current_thread::Core>, core[8fb95b77d25ab6c8]::option::Option<core[8fb95b77d25ab6c8]::result::Result<(), anyhow[38d4f7f11f0696cf]::Error>>)>
[INFO] [stdout]                                at /rustc/b2282dd5646a57d570fc86fbe8df0e8826665ef6/library/std/src/thread/local.rs:426:20
[INFO] [stdout]   36:     0x625a1e841fb1 - tokio[f943255d15a3b3e]::runtime::context::set_scheduler::<(alloc[a7ee25936407c584]::boxed::Box<tokio[f943255d15a3b3e]::runtime::scheduler::current_thread::Core>, core[8fb95b77d25ab6c8]::option::Option<core[8fb95b77d25ab6c8]::result::Result<(), anyhow[38d4f7f11f0696cf]::Error>>), <tokio[f943255d15a3b3e]::runtime::scheduler::current_thread::CoreGuard>::enter<<tokio[f943255d15a3b3e]::runtime::scheduler::current_thread::CoreGuard>::block_on<core[8fb95b77d25ab6c8]::pin::Pin<&mut core[8fb95b77d25ab6c8]::pin::Pin<&mut dyn core[8fb95b77d25ab6c8]::future::future::Future<Output = core[8fb95b77d25ab6c8]::result::Result<(), anyhow[38d4f7f11f0696cf]::Error>>>>>::{closure#0}, core[8fb95b77d25ab6c8]::option::Option<core[8fb95b77d25ab6c8]::result::Result<(), anyhow[38d4f7f11f0696cf]::Error>>>::{closure#0}>
[INFO] [stdout]                                at /opt/rustwide/cargo-home/registry/src/index.crates.io-1949cf8c6b5b557f/tokio-1.42.0/src/runtime/context.rs:180:17
[INFO] [stdout]   37:     0x625a1e84df39 - <tokio[f943255d15a3b3e]::runtime::scheduler::current_thread::CoreGuard>::enter::<<tokio[f943255d15a3b3e]::runtime::scheduler::current_thread::CoreGuard>::block_on<core[8fb95b77d25ab6c8]::pin::Pin<&mut core[8fb95b77d25ab6c8]::pin::Pin<&mut dyn core[8fb95b77d25ab6c8]::future::future::Future<Output = core[8fb95b77d25ab6c8]::result::Result<(), anyhow[38d4f7f11f0696cf]::Error>>>>>::{closure#0}, core[8fb95b77d25ab6c8]::option::Option<core[8fb95b77d25ab6c8]::result::Result<(), anyhow[38d4f7f11f0696cf]::Error>>>
[INFO] [stdout]                                at /opt/rustwide/cargo-home/registry/src/index.crates.io-1949cf8c6b5b557f/tokio-1.42.0/src/runtime/scheduler/current_thread/mod.rs:807:27
[INFO] [stdout]   38:     0x625a1e84e266 - <tokio[f943255d15a3b3e]::runtime::scheduler::current_thread::CoreGuard>::block_on::<core[8fb95b77d25ab6c8]::pin::Pin<&mut core[8fb95b77d25ab6c8]::pin::Pin<&mut dyn core[8fb95b77d25ab6c8]::future::future::Future<Output = core[8fb95b77d25ab6c8]::result::Result<(), anyhow[38d4f7f11f0696cf]::Error>>>>>
[INFO] [stdout]                                at /opt/rustwide/cargo-home/registry/src/index.crates.io-1949cf8c6b5b557f/tokio-1.42.0/src/runtime/scheduler/current_thread/mod.rs:716:24
[INFO] [stdout]   39:     0x625a1e84ff59 - <tokio[f943255d15a3b3e]::runtime::scheduler::current_thread::CurrentThread>::block_on::<core[8fb95b77d25ab6c8]::pin::Pin<&mut dyn core[8fb95b77d25ab6c8]::future::future::Future<Output = core[8fb95b77d25ab6c8]::result::Result<(), anyhow[38d4f7f11f0696cf]::Error>>>>::{closure#0}
[INFO] [stdout]                                at /opt/rustwide/cargo-home/registry/src/index.crates.io-1949cf8c6b5b557f/tokio-1.42.0/src/runtime/scheduler/current_thread/mod.rs:196:33
[INFO] [stdout]   40:     0x625a1e855353 - tokio[f943255d15a3b3e]::runtime::context::runtime::enter_runtime::<<tokio[f943255d15a3b3e]::runtime::scheduler::current_thread::CurrentThread>::block_on<core[8fb95b77d25ab6c8]::pin::Pin<&mut dyn core[8fb95b77d25ab6c8]::future::future::Future<Output = core[8fb95b77d25ab6c8]::result::Result<(), anyhow[38d4f7f11f0696cf]::Error>>>>::{closure#0}, core[8fb95b77d25ab6c8]::result::Result<(), anyhow[38d4f7f11f0696cf]::Error>>
[INFO] [stdout]                                at /opt/rustwide/cargo-home/registry/src/index.crates.io-1949cf8c6b5b557f/tokio-1.42.0/src/runtime/context/runtime.rs:65:16
[INFO] [stdout]   41:     0x625a1e84c891 - <tokio[f943255d15a3b3e]::runtime::scheduler::current_thread::CurrentThread>::block_on::<core[8fb95b77d25ab6c8]::pin::Pin<&mut dyn core[8fb95b77d25ab6c8]::future::future::Future<Output = core[8fb95b77d25ab6c8]::result::Result<(), anyhow[38d4f7f11f0696cf]::Error>>>>
[INFO] [stdout]                                at /opt/rustwide/cargo-home/registry/src/index.crates.io-1949cf8c6b5b557f/tokio-1.42.0/src/runtime/scheduler/current_thread/mod.rs:184:9
[INFO] [stdout]   42:     0x625a1e8524af - <tokio[f943255d15a3b3e]::runtime::runtime::Runtime>::block_on_inner::<core[8fb95b77d25ab6c8]::pin::Pin<&mut dyn core[8fb95b77d25ab6c8]::future::future::Future<Output = core[8fb95b77d25ab6c8]::result::Result<(), anyhow[38d4f7f11f0696cf]::Error>>>>
[INFO] [stdout]                                at /opt/rustwide/cargo-home/registry/src/index.crates.io-1949cf8c6b5b557f/tokio-1.42.0/src/runtime/runtime.rs:368:52
[INFO] [stdout]   43:     0x625a1e85269e - <tokio[f943255d15a3b3e]::runtime::runtime::Runtime>::block_on::<core[8fb95b77d25ab6c8]::pin::Pin<&mut dyn core[8fb95b77d25ab6c8]::future::future::Future<Output = core[8fb95b77d25ab6c8]::result::Result<(), anyhow[38d4f7f11f0696cf]::Error>>>>
[INFO] [stdout]                                at /opt/rustwide/cargo-home/registry/src/index.crates.io-1949cf8c6b5b557f/tokio-1.42.0/src/runtime/runtime.rs:342:18
[INFO] [stdout]   44:     0x625a1e844a40 - chat_server[c4fe6e13a476c6a7]::models::user::tests::create_and_verify_user_should_work
[INFO] [stdout]                                at /opt/rustwide/workdir/chat_server/src/models/user.rs:145:11
[INFO] [stdout]   45:     0x625a1e843257 - chat_server[c4fe6e13a476c6a7]::models::user::tests::create_and_verify_user_should_work::{closure#0}
[INFO] [stdout]                                at /opt/rustwide/workdir/chat_server/src/models/user.rs:118:54
[INFO] [stdout]   46:     0x625a1e841a56 - <chat_server[c4fe6e13a476c6a7]::models::user::tests::create_and_verify_user_should_work::{closure#0} as core[8fb95b77d25ab6c8]::ops::function::FnOnce<()>>::call_once
[INFO] [stdout]                                at /rustc/b2282dd5646a57d570fc86fbe8df0e8826665ef6/library/core/src/ops/function.rs:250:5
[INFO] [stdout]   47:     0x625a1e85839b - <fn() -> core[8fb95b77d25ab6c8]::result::Result<(), alloc[a7ee25936407c584]::string::String> as core[8fb95b77d25ab6c8]::ops::function::FnOnce<()>>::call_once
[INFO] [stdout]                                at /rustc/b2282dd5646a57d570fc86fbe8df0e8826665ef6/library/core/src/ops/function.rs:250:5
[INFO] [stdout]   48:     0x625a1e85839b - test[213991da798b1c03]::__rust_begin_short_backtrace::<core[8fb95b77d25ab6c8]::result::Result<(), alloc[a7ee25936407c584]::string::String>, fn() -> core[8fb95b77d25ab6c8]::result::Result<(), alloc[a7ee25936407c584]::string::String>>
[INFO] [stdout]                                at /rustc/b2282dd5646a57d570fc86fbe8df0e8826665ef6/library/test/src/lib.rs:724:18
[INFO] [stdout]   49:     0x625a1e865c15 - test[213991da798b1c03]::run_test_in_process::{closure#0}
[INFO] [stdout]                                at /rustc/b2282dd5646a57d570fc86fbe8df0e8826665ef6/library/test/src/lib.rs:747:74
[INFO] [stdout]   50:     0x625a1e865c15 - <core[8fb95b77d25ab6c8]::panic::unwind_safe::AssertUnwindSafe<test[213991da798b1c03]::run_test_in_process::{closure#0}> as core[8fb95b77d25ab6c8]::ops::function::FnOnce<()>>::call_once
[INFO] [stdout]                                at /rustc/b2282dd5646a57d570fc86fbe8df0e8826665ef6/library/core/src/panic/unwind_safe.rs:275:9
[INFO] [stdout]   51:     0x625a1e865c15 - std[10d71ac2c42b111e]::panicking::catch_unwind::do_call::<core[8fb95b77d25ab6c8]::panic::unwind_safe::AssertUnwindSafe<test[213991da798b1c03]::run_test_in_process::{closure#0}>, core[8fb95b77d25ab6c8]::result::Result<(), alloc[a7ee25936407c584]::string::String>>
[INFO] [stdout]                                at /rustc/b2282dd5646a57d570fc86fbe8df0e8826665ef6/library/std/src/panicking.rs:581:40
[INFO] [stdout]   52:     0x625a1e865c15 - std[10d71ac2c42b111e]::panicking::catch_unwind::<core[8fb95b77d25ab6c8]::result::Result<(), alloc[a7ee25936407c584]::string::String>, core[8fb95b77d25ab6c8]::panic::unwind_safe::AssertUnwindSafe<test[213991da798b1c03]::run_test_in_process::{closure#0}>>
[INFO] [stdout]                                at /rustc/b2282dd5646a57d570fc86fbe8df0e8826665ef6/library/std/src/panicking.rs:544:19
[INFO] [stdout]   53:     0x625a1e865c15 - std[10d71ac2c42b111e]::panic::catch_unwind::<core[8fb95b77d25ab6c8]::panic::unwind_safe::AssertUnwindSafe<test[213991da798b1c03]::run_test_in_process::{closure#0}>, core[8fb95b77d25ab6c8]::result::Result<(), alloc[a7ee25936407c584]::string::String>>
[INFO] [stdout]                                at /rustc/b2282dd5646a57d570fc86fbe8df0e8826665ef6/library/std/src/panic.rs:359:14
[INFO] [stdout]   54:     0x625a1e865c15 - test[213991da798b1c03]::run_test_in_process
[INFO] [stdout]                                at /rustc/b2282dd5646a57d570fc86fbe8df0e8826665ef6/library/test/src/lib.rs:747:27
[INFO] [stdout]   55:     0x625a1e865c15 - test[213991da798b1c03]::run_test::{closure#0}
[INFO] [stdout]                                at /rustc/b2282dd5646a57d570fc86fbe8df0e8826665ef6/library/test/src/lib.rs:668:43
[INFO] [stdout]   56:     0x625a1e85f524 - test[213991da798b1c03]::run_test::{closure#1}
[INFO] [stdout]                                at /rustc/b2282dd5646a57d570fc86fbe8df0e8826665ef6/library/test/src/lib.rs:698:41
[INFO] [stdout]   57:     0x625a1e85f524 - std[10d71ac2c42b111e]::sys::backtrace::__rust_begin_short_backtrace::<test[213991da798b1c03]::run_test::{closure#1}, ()>
[INFO] [stdout]                                at /rustc/b2282dd5646a57d570fc86fbe8df0e8826665ef6/library/std/src/sys/backtrace.rs:166:18
[INFO] [stdout]   58:     0x625a1e868c92 - std[10d71ac2c42b111e]::thread::lifecycle::spawn_unchecked::<test[213991da798b1c03]::run_test::{closure#1}, ()>::{closure#1}::{closure#0}
[INFO] [stdout]                                at /rustc/b2282dd5646a57d570fc86fbe8df0e8826665ef6/library/std/src/thread/lifecycle.rs:70:13
[INFO] [stdout]   59:     0x625a1e868c92 - <core[8fb95b77d25ab6c8]::panic::unwind_safe::AssertUnwindSafe<std[10d71ac2c42b111e]::thread::lifecycle::spawn_unchecked<test[213991da798b1c03]::run_test::{closure#1}, ()>::{closure#1}::{closure#0}> as core[8fb95b77d25ab6c8]::ops::function::FnOnce<()>>::call_once
[INFO] [stdout]                                at /rustc/b2282dd5646a57d570fc86fbe8df0e8826665ef6/library/core/src/panic/unwind_safe.rs:275:9
[INFO] [stdout]   60:     0x625a1e868c92 - std[10d71ac2c42b111e]::panicking::catch_unwind::do_call::<core[8fb95b77d25ab6c8]::panic::unwind_safe::AssertUnwindSafe<std[10d71ac2c42b111e]::thread::lifecycle::spawn_unchecked<test[213991da798b1c03]::run_test::{closure#1}, ()>::{closure#1}::{closure#0}>, ()>
[INFO] [stdout]                                at /rustc/b2282dd5646a57d570fc86fbe8df0e8826665ef6/library/std/src/panicking.rs:581:40
[INFO] [stdout]   61:     0x625a1e868c92 - std[10d71ac2c42b111e]::panicking::catch_unwind::<(), core[8fb95b77d25ab6c8]::panic::unwind_safe::AssertUnwindSafe<std[10d71ac2c42b111e]::thread::lifecycle::spawn_unchecked<test[213991da798b1c03]::run_test::{closure#1}, ()>::{closure#1}::{closure#0}>>
[INFO] [stdout]                                at /rustc/b2282dd5646a57d570fc86fbe8df0e8826665ef6/library/std/src/panicking.rs:544:19
[INFO] [stdout]   62:     0x625a1e868c92 - std[10d71ac2c42b111e]::panic::catch_unwind::<core[8fb95b77d25ab6c8]::panic::unwind_safe::AssertUnwindSafe<std[10d71ac2c42b111e]::thread::lifecycle::spawn_unchecked<test[213991da798b1c03]::run_test::{closure#1}, ()>::{closure#1}::{closure#0}>, ()>
[INFO] [stdout]                                at /rustc/b2282dd5646a57d570fc86fbe8df0e8826665ef6/library/std/src/panic.rs:359:14
[INFO] [stdout]   63:     0x625a1e868c92 - std[10d71ac2c42b111e]::thread::lifecycle::spawn_unchecked::<test[213991da798b1c03]::run_test::{closure#1}, ()>::{closure#1}
[INFO] [stdout]                                at /rustc/b2282dd5646a57d570fc86fbe8df0e8826665ef6/library/std/src/thread/lifecycle.rs:68:26
[INFO] [stdout]   64:     0x625a1e868c92 - <std[10d71ac2c42b111e]::thread::lifecycle::spawn_unchecked<test[213991da798b1c03]::run_test::{closure#1}, ()>::{closure#1} as core[8fb95b77d25ab6c8]::ops::function::FnOnce<()>>::call_once::{shim:vtable#0}
[INFO] [stdout]                                at /rustc/b2282dd5646a57d570fc86fbe8df0e8826665ef6/library/core/src/ops/function.rs:250:5
[INFO] [stdout]   65:     0x625a1eed8a1f - <alloc[a7ee25936407c584]::boxed::Box<dyn core[8fb95b77d25ab6c8]::ops::function::FnOnce<(), Output = ()> + core[8fb95b77d25ab6c8]::marker::Send> as core[8fb95b77d25ab6c8]::ops::function::FnOnce<()>>::call_once
[INFO] [stdout]                                at /rustc/b2282dd5646a57d570fc86fbe8df0e8826665ef6/library/alloc/src/boxed.rs:2275:9
[INFO] [stdout]   66:     0x625a1eed8a1f - <std[10d71ac2c42b111e]::sys::thread::unix::Thread>::new::thread_start
[INFO] [stdout]                                at /rustc/b2282dd5646a57d570fc86fbe8df0e8826665ef6/library/std/src/sys/thread/unix.rs:118:17
[INFO] [stdout]   67:     0x700a746bfaa4 - <unknown>
[INFO] [stdout]   68:     0x700a7474ca64 - clone
[INFO] [stdout]   69:                0x0 - <unknown>
[INFO] [stdout] 
[INFO] [stdout] thread '<unnamed>' (3724) panicked at /opt/rustwide/cargo-home/registry/src/index.crates.io-1949cf8c6b5b557f/sqlx-db-tester-0.5.0/src/postgres.rs:119:41:
[INFO] [stdout] Error while connecting to postgres://postgres:postgres@localhost:5432/postgres
[INFO] [stdout] stack backtrace:
[INFO] [stdout]    0:     0x625a1eed98d8 - std[10d71ac2c42b111e]::backtrace_rs::backtrace::libunwind::trace
[INFO] [stdout]                                at /rustc/b2282dd5646a57d570fc86fbe8df0e8826665ef6/library/std/src/../../backtrace/src/backtrace/libunwind.rs:117:9
[INFO] [stdout]    1:     0x625a1eed98d8 - std[10d71ac2c42b111e]::backtrace_rs::backtrace::trace_unsynchronized::<std[10d71ac2c42b111e]::sys::backtrace::_print_fmt::{closure#1}>
[INFO] [stdout]                                at /rustc/b2282dd5646a57d570fc86fbe8df0e8826665ef6/library/std/src/../../backtrace/src/backtrace/mod.rs:66:14
[INFO] [stdout]    2:     0x625a1eed98d8 - std[10d71ac2c42b111e]::sys::backtrace::_print_fmt
[INFO] [stdout]                                at /rustc/b2282dd5646a57d570fc86fbe8df0e8826665ef6/library/std/src/sys/backtrace.rs:74:9
[INFO] [stdout]    3:     0x625a1eed98d8 - <<std[10d71ac2c42b111e]::sys::backtrace::BacktraceLock>::print::DisplayBacktrace as core[8fb95b77d25ab6c8]::fmt::Display>::fmt
[INFO] [stdout]                                at /rustc/b2282dd5646a57d570fc86fbe8df0e8826665ef6/library/std/src/sys/backtrace.rs:44:26
[INFO] [stdout]    4:     0x625a1eef1ada - <core[8fb95b77d25ab6c8]::fmt::rt::Argument>::fmt
[INFO] [stdout]                                at /rustc/b2282dd5646a57d570fc86fbe8df0e8826665ef6/library/core/src/fmt/rt.rs:152:76
[INFO] [stdout]    5:     0x625a1eef1ada - core[8fb95b77d25ab6c8]::fmt::write
[INFO] [stdout]    6:     0x625a1eedee22 - std[10d71ac2c42b111e]::io::default_write_fmt::<alloc[a7ee25936407c584]::vec::Vec<u8>>
[INFO] [stdout]                                at /rustc/b2282dd5646a57d570fc86fbe8df0e8826665ef6/library/std/src/io/mod.rs:622:11
[INFO] [stdout]    7:     0x625a1eedee22 - <alloc[a7ee25936407c584]::vec::Vec<u8> as std[10d71ac2c42b111e]::io::Write>::write_fmt
[INFO] [stdout]                                at /rustc/b2282dd5646a57d570fc86fbe8df0e8826665ef6/library/std/src/io/mod.rs:1977:13
[INFO] [stdout]    8:     0x625a1eeb6cb6 - <std[10d71ac2c42b111e]::sys::backtrace::BacktraceLock>::print
[INFO] [stdout]                                at /rustc/b2282dd5646a57d570fc86fbe8df0e8826665ef6/library/std/src/sys/backtrace.rs:47:9
[INFO] [stdout]    9:     0x625a1eeb6cb6 - std[10d71ac2c42b111e]::panicking::default_hook::{closure#0}
[INFO] [stdout]                                at /rustc/b2282dd5646a57d570fc86fbe8df0e8826665ef6/library/std/src/panicking.rs:292:27
[INFO] [stdout]   10:     0x625a1eed0fc9 - std[10d71ac2c42b111e]::panicking::default_hook
[INFO] [stdout]                                at /rustc/b2282dd5646a57d570fc86fbe8df0e8826665ef6/library/std/src/panicking.rs:316:9
[INFO] [stdout]   11:     0x625a1e8652bc - <alloc[a7ee25936407c584]::boxed::Box<dyn for<'a, 'b> core[8fb95b77d25ab6c8]::ops::function::Fn<(&'a std[10d71ac2c42b111e]::panic::PanicHookInfo<'b>,), Output = ()> + core[8fb95b77d25ab6c8]::marker::Sync + core[8fb95b77d25ab6c8]::marker::Send> as core[8fb95b77d25ab6c8]::ops::function::Fn<(&std[10d71ac2c42b111e]::panic::PanicHookInfo,)>>::call
[INFO] [stdout]                                at /rustc/b2282dd5646a57d570fc86fbe8df0e8826665ef6/library/alloc/src/boxed.rs:2289:9
[INFO] [stdout]   12:     0x625a1e8652bc - test[213991da798b1c03]::test_main_inner::<test[213991da798b1c03]::test_main_static::{closure#0}>::{closure#0}
[INFO] [stdout]                                at /rustc/b2282dd5646a57d570fc86fbe8df0e8826665ef6/library/test/src/lib.rs:155:21
[INFO] [stdout]   13:     0x625a1eed1242 - <alloc[a7ee25936407c584]::boxed::Box<dyn for<'a, 'b> core[8fb95b77d25ab6c8]::ops::function::Fn<(&'a std[10d71ac2c42b111e]::panic::PanicHookInfo<'b>,), Output = ()> + core[8fb95b77d25ab6c8]::marker::Sync + core[8fb95b77d25ab6c8]::marker::Send> as core[8fb95b77d25ab6c8]::ops::function::Fn<(&std[10d71ac2c42b111e]::panic::PanicHookInfo,)>>::call
[INFO] [stdout]                                at /rustc/b2282dd5646a57d570fc86fbe8df0e8826665ef6/library/alloc/src/boxed.rs:2289:9
[INFO] [stdout]   14:     0x625a1eed1242 - std[10d71ac2c42b111e]::panicking::panic_with_hook
[INFO] [stdout]                                at /rustc/b2282dd5646a57d570fc86fbe8df0e8826665ef6/library/std/src/panicking.rs:833:13
[INFO] [stdout]   15:     0x625a1eeb6d72 - std[10d71ac2c42b111e]::panicking::panic_handler::{closure#0}
[INFO] [stdout]                                at /rustc/b2282dd5646a57d570fc86fbe8df0e8826665ef6/library/std/src/panicking.rs:698:13
[INFO] [stdout]   16:     0x625a1eeab749 - std[10d71ac2c42b111e]::sys::backtrace::__rust_end_short_backtrace::<std[10d71ac2c42b111e]::panicking::panic_handler::{closure#0}, !>
[INFO] [stdout]                                at /rustc/b2282dd5646a57d570fc86fbe8df0e8826665ef6/library/std/src/sys/backtrace.rs:182:18
[INFO] [stdout]   17:     0x625a1eeb7d3d - __rustc[3be9ba60078d4c86]::rust_begin_unwind
[INFO] [stdout]                                at /rustc/b2282dd5646a57d570fc86fbe8df0e8826665ef6/library/std/src/panicking.rs:689:5
[INFO] [stdout]   18:     0x625a1eef22cc - core[8fb95b77d25ab6c8]::panicking::panic_fmt
[INFO] [stdout]                                at /rustc/b2282dd5646a57d570fc86fbe8df0e8826665ef6/library/core/src/panicking.rs:80:14
[INFO] [stdout]   19:     0x625a1e8adc48 - <sqlx_db_tester[a420d704bc639d66]::postgres::TestPg as core[8fb95b77d25ab6c8]::ops::drop::Drop>::drop::{closure#0}::{closure#0}::{closure#0}
[INFO] [stdout]                                at /opt/rustwide/cargo-home/registry/src/index.crates.io-1949cf8c6b5b557f/sqlx-db-tester-0.5.0/src/postgres.rs:119:41
[INFO] [stdout]   20:     0x625a1e8a9822 - <core[8fb95b77d25ab6c8]::result::Result<sqlx_postgres[fce729a50e1a2a54]::connection::PgConnection, sqlx_core[ed53762e427cbadc]::error::Error>>::unwrap_or_else::<<sqlx_db_tester[a420d704bc639d66]::postgres::TestPg as core[8fb95b77d25ab6c8]::ops::drop::Drop>::drop::{closure#0}::{closure#0}::{closure#0}>
[INFO] [stdout]                                at /rustc/b2282dd5646a57d570fc86fbe8df0e8826665ef6/library/core/src/result.rs:1622:23
[INFO] [stdout]   21:     0x625a1e8adf3d - <sqlx_db_tester[a420d704bc639d66]::postgres::TestPg as core[8fb95b77d25ab6c8]::ops::drop::Drop>::drop::{closure#0}::{closure#0}
[INFO] [stdout]                                at /opt/rustwide/cargo-home/registry/src/index.crates.io-1949cf8c6b5b557f/sqlx-db-tester-0.5.0/src/postgres.rs:119:22
[INFO] [stdout]   22:     0x625a1e8b6b3e - <tokio[f943255d15a3b3e]::runtime::park::CachedParkThread>::block_on::<<sqlx_db_tester[a420d704bc639d66]::postgres::TestPg as core[8fb95b77d25ab6c8]::ops::drop::Drop>::drop::{closure#0}::{closure#0}>::{closure#0}
[INFO] [stdout]                                at /opt/rustwide/cargo-home/registry/src/index.crates.io-1949cf8c6b5b557f/tokio-1.42.0/src/runtime/park.rs:281:74
[INFO] [stdout]   23:     0x625a1e8b3608 - tokio[f943255d15a3b3e]::runtime::coop::with_budget::<core[8fb95b77d25ab6c8]::task::poll::Poll<()>, <tokio[f943255d15a3b3e]::runtime::park::CachedParkThread>::block_on<<sqlx_db_tester[a420d704bc639d66]::postgres::TestPg as core[8fb95b77d25ab6c8]::ops::drop::Drop>::drop::{closure#0}::{closure#0}>::{closure#0}>
[INFO] [stdout]                                at /opt/rustwide/cargo-home/registry/src/index.crates.io-1949cf8c6b5b557f/tokio-1.42.0/src/runtime/coop.rs:107:5
[INFO] [stdout]   24:     0x625a1e8b3608 - tokio[f943255d15a3b3e]::runtime::coop::budget::<core[8fb95b77d25ab6c8]::task::poll::Poll<()>, <tokio[f943255d15a3b3e]::runtime::park::CachedParkThread>::block_on<<sqlx_db_tester[a420d704bc639d66]::postgres::TestPg as core[8fb95b77d25ab6c8]::ops::drop::Drop>::drop::{closure#0}::{closure#0}>::{closure#0}>
[INFO] [stdout]                                at /opt/rustwide/cargo-home/registry/src/index.crates.io-1949cf8c6b5b557f/tokio-1.42.0/src/runtime/coop.rs:73:5
[INFO] [stdout]   25:     0x625a1e8b3608 - <tokio[f943255d15a3b3e]::runtime::park::CachedParkThread>::block_on::<<sqlx_db_tester[a420d704bc639d66]::postgres::TestPg as core[8fb95b77d25ab6c8]::ops::drop::Drop>::drop::{closure#0}::{closure#0}>
[INFO] [stdout]                                at /opt/rustwide/cargo-home/registry/src/index.crates.io-1949cf8c6b5b557f/tokio-1.42.0/src/runtime/park.rs:281:31
[INFO] [stdout]   26:     0x625a1e899bc7 - <tokio[f943255d15a3b3e]::runtime::context::blocking::BlockingRegionGuard>::block_on::<<sqlx_db_tester[a420d704bc639d66]::postgres::TestPg as core[8fb95b77d25ab6c8]::ops::drop::Drop>::drop::{closure#0}::{closure#0}>
[INFO] [stdout]                                at /opt/rustwide/cargo-home/registry/src/index.crates.io-1949cf8c6b5b557f/tokio-1.42.0/src/runtime/context/blocking.rs:66:14
[INFO] [stdout]   27:     0x625a1e89e8b9 - <tokio[f943255d15a3b3e]::runtime::scheduler::multi_thread::MultiThread>::block_on::<<sqlx_db_tester[a420d704bc639d66]::postgres::TestPg as core[8fb95b77d25ab6c8]::ops::drop::Drop>::drop::{closure#0}::{closure#0}>::{closure#0}
[INFO] [stdout]                                at /opt/rustwide/cargo-home/registry/src/index.crates.io-1949cf8c6b5b557f/tokio-1.42.0/src/runtime/scheduler/multi_thread/mod.rs:87:22
[INFO] [stdout]   28:     0x625a1e8b62ef - tokio[f943255d15a3b3e]::runtime::context::runtime::enter_runtime::<<tokio[f943255d15a3b3e]::runtime::scheduler::multi_thread::MultiThread>::block_on<<sqlx_db_tester[a420d704bc639d66]::postgres::TestPg as core[8fb95b77d25ab6c8]::ops::drop::Drop>::drop::{closure#0}::{closure#0}>::{closure#0}, ()>
[INFO] [stdout]                                at /opt/rustwide/cargo-home/registry/src/index.crates.io-1949cf8c6b5b557f/tokio-1.42.0/src/runtime/context/runtime.rs:65:16
[INFO] [stdout]   29:     0x625a1e899d34 - <tokio[f943255d15a3b3e]::runtime::scheduler::multi_thread::MultiThread>::block_on::<<sqlx_db_tester[a420d704bc639d66]::postgres::TestPg as core[8fb95b77d25ab6c8]::ops::drop::Drop>::drop::{closure#0}::{closure#0}>
[INFO] [stdout]                                at /opt/rustwide/cargo-home/registry/src/index.crates.io-1949cf8c6b5b557f/tokio-1.42.0/src/runtime/scheduler/multi_thread/mod.rs:86:9
[INFO] [stdout]   30:     0x625a1e8990ad - <tokio[f943255d15a3b3e]::runtime::runtime::Runtime>::block_on_inner::<<sqlx_db_tester[a420d704bc639d66]::postgres::TestPg as core[8fb95b77d25ab6c8]::ops::drop::Drop>::drop::{closure#0}::{closure#0}>
[INFO] [stdout]                                at /opt/rustwide/cargo-home/registry/src/index.crates.io-1949cf8c6b5b557f/tokio-1.42.0/src/runtime/runtime.rs:370:50
[INFO] [stdout]   31:     0x625a1e8995de - <tokio[f943255d15a3b3e]::runtime::runtime::Runtime>::block_on::<<sqlx_db_tester[a420d704bc639d66]::postgres::TestPg as core[8fb95b77d25ab6c8]::ops::drop::Drop>::drop::{closure#0}::{closure#0}>
[INFO] [stdout]                                at /opt/rustwide/cargo-home/registry/src/index.crates.io-1949cf8c6b5b557f/tokio-1.42.0/src/runtime/runtime.rs:342:18
[INFO] [stdout]   32:     0x625a1e8ae7b9 - <sqlx_db_tester[a420d704bc639d66]::postgres::TestPg as core[8fb95b77d25ab6c8]::ops::drop::Drop>::drop::{closure#0}
[INFO] [stdout]                                at /opt/rustwide/cargo-home/registry/src/index.crates.io-1949cf8c6b5b557f/sqlx-db-tester-0.5.0/src/postgres.rs:117:16
[INFO] [stdout]   33:     0x625a1e8ac086 - std[10d71ac2c42b111e]::sys::backtrace::__rust_begin_short_backtrace::<<sqlx_db_tester[a420d704bc639d66]::postgres::TestPg as core[8fb95b77d25ab6c8]::ops::drop::Drop>::drop::{closure#0}, ()>
[INFO] [stdout]                                at /rustc/b2282dd5646a57d570fc86fbe8df0e8826665ef6/library/std/src/sys/backtrace.rs:166:18
[INFO] [stdout]   34:     0x625a1e8b854b - std[10d71ac2c42b111e]::thread::lifecycle::spawn_unchecked::<<sqlx_db_tester[a420d704bc639d66]::postgres::TestPg as core[8fb95b77d25ab6c8]::ops::drop::Drop>::drop::{closure#0}, ()>::{closure#1}::{closure#0}
[INFO] [stdout]                                at /rustc/b2282dd5646a57d570fc86fbe8df0e8826665ef6/library/std/src/thread/lifecycle.rs:70:13
[INFO] [stdout]   35:     0x625a1e8a16b1 - <core[8fb95b77d25ab6c8]::panic::unwind_safe::AssertUnwindSafe<std[10d71ac2c42b111e]::thread::lifecycle::spawn_unchecked<<sqlx_db_tester[a420d704bc639d66]::postgres::TestPg as core[8fb95b77d25ab6c8]::ops::drop::Drop>::drop::{closure#0}, ()>::{closure#1}::{closure#0}> as core[8fb95b77d25ab6c8]::ops::function::FnOnce<()>>::call_once
[INFO] [stdout]                                at /rustc/b2282dd5646a57d570fc86fbe8df0e8826665ef6/library/core/src/panic/unwind_safe.rs:275:9
[INFO] [stdout]   36:     0x625a1e8ac0f7 - std[10d71ac2c42b111e]::panicking::catch_unwind::do_call::<core[8fb95b77d25ab6c8]::panic::unwind_safe::AssertUnwindSafe<std[10d71ac2c42b111e]::thread::lifecycle::spawn_unchecked<<sqlx_db_tester[a420d704bc639d66]::postgres::TestPg as core[8fb95b77d25ab6c8]::ops::drop::Drop>::drop::{closure#0}, ()>::{closure#1}::{closure#0}>, ()>
[INFO] [stdout]                                at /rustc/b2282dd5646a57d570fc86fbe8df0e8826665ef6/library/std/src/panicking.rs:581:40
[INFO] [stdout]   37:     0x625a1e8b891b - __rust_try
[INFO] [stdout]   38:     0x625a1e8b71b0 - std[10d71ac2c42b111e]::panicking::catch_unwind::<(), core[8fb95b77d25ab6c8]::panic::unwind_safe::AssertUnwindSafe<std[10d71ac2c42b111e]::thread::lifecycle::spawn_unchecked<<sqlx_db_tester[a420d704bc639d66]::postgres::TestPg as core[8fb95b77d25ab6c8]::ops::drop::Drop>::drop::{closure#0}, ()>::{closure#1}::{closure#0}>>
[INFO] [stdout]                                at /rustc/b2282dd5646a57d570fc86fbe8df0e8826665ef6/library/std/src/panicking.rs:544:19
[INFO] [stdout]   39:     0x625a1e8b71b0 - std[10d71ac2c42b111e]::panic::catch_unwind::<core[8fb95b77d25ab6c8]::panic::unwind_safe::AssertUnwindSafe<std[10d71ac2c42b111e]::thread::lifecycle::spawn_unchecked<<sqlx_db_tester[a420d704bc639d66]::postgres::TestPg as core[8fb95b77d25ab6c8]::ops::drop::Drop>::drop::{closure#0}, ()>::{closure#1}::{closure#0}>, ()>
[INFO] [stdout]                                at /rustc/b2282dd5646a57d570fc86fbe8df0e8826665ef6/library/std/src/panic.rs:359:14
[INFO] [stdout]   40:     0x625a1e8b71b0 - std[10d71ac2c42b111e]::thread::lifecycle::spawn_unchecked::<<sqlx_db_tester[a420d704bc639d66]::postgres::TestPg as core[8fb95b77d25ab6c8]::ops::drop::Drop>::drop::{closure#0}, ()>::{closure#1}
[INFO] [stdout]                                at /rustc/b2282dd5646a57d570fc86fbe8df0e8826665ef6/library/std/src/thread/lifecycle.rs:68:26
[INFO] [stdout]   41:     0x625a1e8b86bf - <std[10d71ac2c42b111e]::thread::lifecycle::spawn_unchecked<<sqlx_db_tester[a420d704bc639d66]::postgres::TestPg as core[8fb95b77d25ab6c8]::ops::drop::Drop>::drop::{closure#0}, ()>::{closure#1} as core[8fb95b77d25ab6c8]::ops::function::FnOnce<()>>::call_once::{shim:vtable#0}
[INFO] [stdout]                                at /rustc/b2282dd5646a57d570fc86fbe8df0e8826665ef6/library/core/src/ops/function.rs:250:5
[INFO] [stdout]   42:     0x625a1eed8a1f - <alloc[a7ee25936407c584]::boxed::Box<dyn core[8fb95b77d25ab6c8]::ops::function::FnOnce<(), Output = ()> + core[8fb95b77d25ab6c8]::marker::Send> as core[8fb95b77d25ab6c8]::ops::function::FnOnce<()>>::call_once
[INFO] [stdout]                                at /rustc/b2282dd5646a57d570fc86fbe8df0e8826665ef6/library/alloc/src/boxed.rs:2275:9
[INFO] [stdout]   43:     0x625a1eed8a1f - <std[10d71ac2c42b111e]::sys::thread::unix::Thread>::new::thread_start
[INFO] [stdout]                                at /rustc/b2282dd5646a57d570fc86fbe8df0e8826665ef6/library/std/src/sys/thread/unix.rs:118:17
[INFO] [stdout]   44:     0x700a746bfaa4 - <unknown>
[INFO] [stdout]   45:     0x700a7474ca64 - clone
[INFO] [stdout]   46:                0x0 - <unknown>
[INFO] [stdout] 
[INFO] [stdout] thread 'models::user::tests::create_and_verify_user_should_work' (3704) panicked at /opt/rustwide/cargo-home/registry/src/index.crates.io-1949cf8c6b5b557f/sqlx-db-tester-0.5.0/src/postgres.rs:131:14:
[INFO] [stdout] failed to drop database: Any { .. }
[INFO] [stdout] stack backtrace:
[INFO] [stdout]    0:     0x625a1eed98d8 - std[10d71ac2c42b111e]::backtrace_rs::backtrace::libunwind::trace
[INFO] [stdout]                                at /rustc/b2282dd5646a57d570fc86fbe8df0e8826665ef6/library/std/src/../../backtrace/src/backtrace/libunwind.rs:117:9
[INFO] [stdout]    1:     0x625a1eed98d8 - std[10d71ac2c42b111e]::backtrace_rs::backtrace::trace_unsynchronized::<std[10d71ac2c42b111e]::sys::backtrace::_print_fmt::{closure#1}>
[INFO] [stdout]                                at /rustc/b2282dd5646a57d570fc86fbe8df0e8826665ef6/library/std/src/../../backtrace/src/backtrace/mod.rs:66:14
[INFO] [stdout]    2:     0x625a1eed98d8 - std[10d71ac2c42b111e]::sys::backtrace::_print_fmt
[INFO] [stdout]                                at /rustc/b2282dd5646a57d570fc86fbe8df0e8826665ef6/library/std/src/sys/backtrace.rs:74:9
[INFO] [stdout]    3:     0x625a1eed98d8 - <<std[10d71ac2c42b111e]::sys::backtrace::BacktraceLock>::print::DisplayBacktrace as core[8fb95b77d25ab6c8]::fmt::Display>::fmt
[INFO] [stdout]                                at /rustc/b2282dd5646a57d570fc86fbe8df0e8826665ef6/library/std/src/sys/backtrace.rs:44:26
[INFO] [stdout]    4:     0x625a1eef1ada - <core[8fb95b77d25ab6c8]::fmt::rt::Argument>::fmt
[INFO] [stdout]                                at /rustc/b2282dd5646a57d570fc86fbe8df0e8826665ef6/library/core/src/fmt/rt.rs:152:76
[INFO] [stdout]    5:     0x625a1eef1ada - core[8fb95b77d25ab6c8]::fmt::write
[INFO] [stdout]    6:     0x625a1eedee22 - std[10d71ac2c42b111e]::io::default_write_fmt::<alloc[a7ee25936407c584]::vec::Vec<u8>>
[INFO] [stdout]                                at /rustc/b2282dd5646a57d570fc86fbe8df0e8826665ef6/library/std/src/io/mod.rs:622:11
[INFO] [stdout]    7:     0x625a1eedee22 - <alloc[a7ee25936407c584]::vec::Vec<u8> as std[10d71ac2c42b111e]::io::Write>::write_fmt
[INFO] [stdout]                                at /rustc/b2282dd5646a57d570fc86fbe8df0e8826665ef6/library/std/src/io/mod.rs:1977:13
[INFO] [stdout]    8:     0x625a1eeb6cb6 - <std[10d71ac2c42b111e]::sys::backtrace::BacktraceLock>::print
[INFO] [stdout]                                at /rustc/b2282dd5646a57d570fc86fbe8df0e8826665ef6/library/std/src/sys/backtrace.rs:47:9
[INFO] [stdout]    9:     0x625a1eeb6cb6 - std[10d71ac2c42b111e]::panicking::default_hook::{closure#0}
[INFO] [stdout]                                at /rustc/b2282dd5646a57d570fc86fbe8df0e8826665ef6/library/std/src/panicking.rs:292:27
[INFO] [stdout]   10:     0x625a1eed0fc9 - std[10d71ac2c42b111e]::panicking::default_hook
[INFO] [stdout]                                at /rustc/b2282dd5646a57d570fc86fbe8df0e8826665ef6/library/std/src/panicking.rs:316:9
[INFO] [stdout]   11:     0x625a1e8652bc - <alloc[a7ee25936407c584]::boxed::Box<dyn for<'a, 'b> core[8fb95b77d25ab6c8]::ops::function::Fn<(&'a std[10d71ac2c42b111e]::panic::PanicHookInfo<'b>,), Output = ()> + core[8fb95b77d25ab6c8]::marker::Sync + core[8fb95b77d25ab6c8]::marker::Send> as core[8fb95b77d25ab6c8]::ops::function::Fn<(&std[10d71ac2c42b111e]::panic::PanicHookInfo,)>>::call
[INFO] [stdout]                                at /rustc/b2282dd5646a57d570fc86fbe8df0e8826665ef6/library/alloc/src/boxed.rs:2289:9
[INFO] [stdout]   12:     0x625a1e8652bc - test[213991da798b1c03]::test_main_inner::<test[213991da798b1c03]::test_main_static::{closure#0}>::{closure#0}
[INFO] [stdout]                                at /rustc/b2282dd5646a57d570fc86fbe8df0e8826665ef6/library/test/src/lib.rs:155:21
[INFO] [stdout]   13:     0x625a1eed1242 - <alloc[a7ee25936407c584]::boxed::Box<dyn for<'a, 'b> core[8fb95b77d25ab6c8]::ops::function::Fn<(&'a std[10d71ac2c42b111e]::panic::PanicHookInfo<'b>,), Output = ()> + core[8fb95b77d25ab6c8]::marker::Sync + core[8fb95b77d25ab6c8]::marker::Send> as core[8fb95b77d25ab6c8]::ops::function::Fn<(&std[10d71ac2c42b111e]::panic::PanicHookInfo,)>>::call
[INFO] [stdout]                                at /rustc/b2282dd5646a57d570fc86fbe8df0e8826665ef6/library/alloc/src/boxed.rs:2289:9
[INFO] [stdout]   14:     0x625a1eed1242 - std[10d71ac2c42b111e]::panicking::panic_with_hook
[INFO] [stdout]                                at /rustc/b2282dd5646a57d570fc86fbe8df0e8826665ef6/library/std/src/panicking.rs:833:13
[INFO] [stdout]   15:     0x625a1eeb6d72 - std[10d71ac2c42b111e]::panicking::panic_handler::{closure#0}
[INFO] [stdout]                                at /rustc/b2282dd5646a57d570fc86fbe8df0e8826665ef6/library/std/src/panicking.rs:698:13
[INFO] [stdout]   16:     0x625a1eeab749 - std[10d71ac2c42b111e]::sys::backtrace::__rust_end_short_backtrace::<std[10d71ac2c42b111e]::panicking::panic_handler::{closure#0}, !>
[INFO] [stdout]                                at /rustc/b2282dd5646a57d570fc86fbe8df0e8826665ef6/library/std/src/sys/backtrace.rs:182:18
[INFO] [stdout]   17:     0x625a1eeb7d3d - __rustc[3be9ba60078d4c86]::rust_begin_unwind
[INFO] [stdout]                                at /rustc/b2282dd5646a57d570fc86fbe8df0e8826665ef6/library/std/src/panicking.rs:689:5
[INFO] [stdout]   18:     0x625a1eef22cc - core[8fb95b77d25ab6c8]::panicking::panic_fmt
[INFO] [stdout]                                at /rustc/b2282dd5646a57d570fc86fbe8df0e8826665ef6/library/core/src/panicking.rs:80:14
[INFO] [stdout]   19:     0x625a1eef2012 - core[8fb95b77d25ab6c8]::result::unwrap_failed
[INFO] [stdout]                                at /rustc/b2282dd5646a57d570fc86fbe8df0e8826665ef6/library/core/src/result.rs:1867:5
[INFO] [stdout]   20:     0x625a1e8aeaeb - <core[8fb95b77d25ab6c8]::result::Result<(), alloc[a7ee25936407c584]::boxed::Box<dyn core[8fb95b77d25ab6c8]::any::Any + core[8fb95b77d25ab6c8]::marker::Send>>>::expect
[INFO] [stdout]                                at /rustc/b2282dd5646a57d570fc86fbe8df0e8826665ef6/library/core/src/result.rs:1185:23
[INFO] [stdout]   21:     0x625a1e8b11b1 - <sqlx_db_tester[a420d704bc639d66]::postgres::TestPg as core[8fb95b77d25ab6c8]::ops::drop::Drop>::drop
[INFO] [stdout]                                at /opt/rustwide/cargo-home/registry/src/index.crates.io-1949cf8c6b5b557f/sqlx-db-tester-0.5.0/src/postgres.rs:131:14
[INFO] [stdout]   22:     0x625a1e8b4857 - core[8fb95b77d25ab6c8]::ptr::drop_glue::<sqlx_db_tester[a420d704bc639d66]::postgres::TestPg>
[INFO] [stdout]                                at /rustc/b2282dd5646a57d570fc86fbe8df0e8826665ef6/library/core/src/ptr/mod.rs:825:1
[INFO] [stdout]   23:     0x625a1e8a9cfc - <sqlx_db_tester[a420d704bc639d66]::postgres::TestPg>::new::<&std[10d71ac2c42b111e]::path::Path>
[INFO] [stdout]                                at /opt/rustwide/cargo-home/registry/src/index.crates.io-1949cf8c6b5b557f/sqlx-db-tester-0.5.0/src/postgres.rs:58:5
[INFO] [stdout]   24:     0x625a1e84345d - chat_server[c4fe6e13a476c6a7]::models::user::tests::create_and_verify_user_should_work::{closure#0}
[INFO] [stdout]                                at /opt/rustwide/workdir/chat_server/src/models/user.rs:119:19
[INFO] [stdout]   25:     0x625a1e84c5d5 - <core[8fb95b77d25ab6c8]::pin::Pin<&mut dyn core[8fb95b77d25ab6c8]::future::future::Future<Output = core[8fb95b77d25ab6c8]::result::Result<(), anyhow[38d4f7f11f0696cf]::Error>>> as core[8fb95b77d25ab6c8]::future::future::Future>::poll
[INFO] [stdout]                                at /rustc/b2282dd5646a57d570fc86fbe8df0e8826665ef6/library/core/src/future/future.rs:133:9
[INFO] [stdout]   26:     0x625a1e84c64d - <core[8fb95b77d25ab6c8]::pin::Pin<&mut core[8fb95b77d25ab6c8]::pin::Pin<&mut dyn core[8fb95b77d25ab6c8]::future::future::Future<Output = core[8fb95b77d25ab6c8]::result::Result<(), anyhow[38d4f7f11f0696cf]::Error>>>> as core[8fb95b77d25ab6c8]::future::future::Future>::poll
[INFO] [stdout]                                at /rustc/b2282dd5646a57d570fc86fbe8df0e8826665ef6/library/core/src/future/future.rs:133:9
[INFO] [stdout]   27:     0x625a1e85223d - <tokio[f943255d15a3b3e]::runtime::scheduler::current_thread::CoreGuard>::block_on::<core[8fb95b77d25ab6c8]::pin::Pin<&mut core[8fb95b77d25ab6c8]::pin::Pin<&mut dyn core[8fb95b77d25ab6c8]::future::future::Future<Output = core[8fb95b77d25ab6c8]::result::Result<(), anyhow[38d4f7f11f0696cf]::Error>>>>>::{closure#0}::{closure#0}::{closure#0}
[INFO] [stdout]                                at /opt/rustwide/cargo-home/registry/src/index.crates.io-1949cf8c6b5b557f/tokio-1.42.0/src/runtime/scheduler/current_thread/mod.rs:729:73
[INFO] [stdout]   28:     0x625a1e85212c - tokio[f943255d15a3b3e]::runtime::coop::with_budget::<core[8fb95b77d25ab6c8]::task::poll::Poll<core[8fb95b77d25ab6c8]::result::Result<(), anyhow[38d4f7f11f0696cf]::Error>>, <tokio[f943255d15a3b3e]::runtime::scheduler::current_thread::CoreGuard>::block_on<core[8fb95b77d25ab6c8]::pin::Pin<&mut core[8fb95b77d25ab6c8]::pin::Pin<&mut dyn core[8fb95b77d25ab6c8]::future::future::Future<Output = core[8fb95b77d25ab6c8]::result::Result<(), anyhow[38d4f7f11f0696cf]::Error>>>>>::{closure#0}::{closure#0}::{closure#0}>
[INFO] [stdout]                                at /opt/rustwide/cargo-home/registry/src/index.crates.io-1949cf8c6b5b557f/tokio-1.42.0/src/runtime/coop.rs:107:5
[INFO] [stdout]   29:     0x625a1e85212c - tokio[f943255d15a3b3e]::runtime::coop::budget::<core[8fb95b77d25ab6c8]::task::poll::Poll<core[8fb95b77d25ab6c8]::result::Result<(), anyhow[38d4f7f11f0696cf]::Error>>, <tokio[f943255d15a3b3e]::runtime::scheduler::current_thread::CoreGuard>::block_on<core[8fb95b77d25ab6c8]::pin::Pin<&mut core[8fb95b77d25ab6c8]::pin::Pin<&mut dyn core[8fb95b77d25ab6c8]::future::future::Future<Output = core[8fb95b77d25ab6c8]::result::Result<(), anyhow[38d4f7f11f0696cf]::Error>>>>>::{closure#0}::{closure#0}::{closure#0}>
[INFO] [stdout]                                at /opt/rustwide/cargo-home/registry/src/index.crates.io-1949cf8c6b5b557f/tokio-1.42.0/src/runtime/coop.rs:73:5
[INFO] [stdout]   30:     0x625a1e85212c - <tokio[f943255d15a3b3e]::runtime::scheduler::current_thread::CoreGuard>::block_on::<core[8fb95b77d25ab6c8]::pin::Pin<&mut core[8fb95b77d25ab6c8]::pin::Pin<&mut dyn core[8fb95b77d25ab6c8]::future::future::Future<Output = core[8fb95b77d25ab6c8]::result::Result<(), anyhow[38d4f7f11f0696cf]::Error>>>>>::{closure#0}::{closure#0}
[INFO] [stdout]                                at /opt/rustwide/cargo-home/registry/src/index.crates.io-1949cf8c6b5b557f/tokio-1.42.0/src/runtime/scheduler/current_thread/mod.rs:729:25
[INFO] [stdout]   31:     0x625a1e84ce1a - <tokio[f943255d15a3b3e]::runtime::scheduler::current_thread::Context>::enter::<core[8fb95b77d25ab6c8]::task::poll::Poll<core[8fb95b77d25ab6c8]::result::Result<(), anyhow[38d4f7f11f0696cf]::Error>>, <tokio[f943255d15a3b3e]::runtime::scheduler::current_thread::CoreGuard>::block_on<core[8fb95b77d25ab6c8]::pin::Pin<&mut core[8fb95b77d25ab6c8]::pin::Pin<&mut dyn core[8fb95b77d25ab6c8]::future::future::Future<Output = core[8fb95b77d25ab6c8]::result::Result<(), anyhow[38d4f7f11f0696cf]::Error>>>>>::{closure#0}::{closure#0}>
[INFO] [stdout]                                at /opt/rustwide/cargo-home/registry/src/index.crates.io-1949cf8c6b5b557f/tokio-1.42.0/src/runtime/scheduler/current_thread/mod.rs:428:19
[INFO] [stdout]   32:     0x625a1e8510dd - <tokio[f943255d15a3b3e]::runtime::scheduler::current_thread::CoreGuard>::block_on::<core[8fb95b77d25ab6c8]::pin::Pin<&mut core[8fb95b77d25ab6c8]::pin::Pin<&mut dyn core[8fb95b77d25ab6c8]::future::future::Future<Output = core[8fb95b77d25ab6c8]::result::Result<(), anyhow[38d4f7f11f0696cf]::Error>>>>>::{closure#0}
[INFO] [stdout]                                at /opt/rustwide/cargo-home/registry/src/index.crates.io-1949cf8c6b5b557f/tokio-1.42.0/src/runtime/scheduler/current_thread/mod.rs:728:44
[INFO] [stdout]   33:     0x625a1e85039b - <tokio[f943255d15a3b3e]::runtime::scheduler::current_thread::CoreGuard>::enter::<<tokio[f943255d15a3b3e]::runtime::scheduler::current_thread::CoreGuard>::block_on<core[8fb95b77d25ab6c8]::pin::Pin<&mut core[8fb95b77d25ab6c8]::pin::Pin<&mut dyn core[8fb95b77d25ab6c8]::future::future::Future<Output = core[8fb95b77d25ab6c8]::result::Result<(), anyhow[38d4f7f11f0696cf]::Error>>>>>::{closure#0}, core[8fb95b77d25ab6c8]::option::Option<core[8fb95b77d25ab6c8]::result::Result<(), anyhow[38d4f7f11f0696cf]::Error>>>::{closure#0}
[INFO] [stdout]                                at /opt/rustwide/cargo-home/registry/src/index.crates.io-1949cf8c6b5b557f/tokio-1.42.0/src/runtime/scheduler/current_thread/mod.rs:807:68
[INFO] [stdout]   34:     0x625a1e84827a - <tokio[f943255d15a3b3e]::runtime::context::scoped::Scoped<tokio[f943255d15a3b3e]::runtime::scheduler::Context>>::set::<<tokio[f943255d15a3b3e]::runtime::scheduler::current_thread::CoreGuard>::enter<<tokio[f943255d15a3b3e]::runtime::scheduler::current_thread::CoreGuard>::block_on<core[8fb95b77d25ab6c8]::pin::Pin<&mut core[8fb95b77d25ab6c8]::pin::Pin<&mut dyn core[8fb95b77d25ab6c8]::future::future::Future<Output = core[8fb95b77d25ab6c8]::result::Result<(), anyhow[38d4f7f11f0696cf]::Error>>>>>::{closure#0}, core[8fb95b77d25ab6c8]::option::Option<core[8fb95b77d25ab6c8]::result::Result<(), anyhow[38d4f7f11f0696cf]::Error>>>::{closure#0}, (alloc[a7ee25936407c584]::boxed::Box<tokio[f943255d15a3b3e]::runtime::scheduler::current_thread::Core>, core[8fb95b77d25ab6c8]::option::Option<core[8fb95b77d25ab6c8]::result::Result<(), anyhow[38d4f7f11f0696cf]::Error>>)>
[INFO] [stdout]                                at /opt/rustwide/cargo-home/registry/src/index.crates.io-1949cf8c6b5b557f/tokio-1.42.0/src/runtime/context/scoped.rs:40:9
[INFO] [stdout]   35:     0x625a1e84224a - tokio[f943255d15a3b3e]::runtime::context::set_scheduler::<(alloc[a7ee25936407c584]::boxed::Box<tokio[f943255d15a3b3e]::runtime::scheduler::current_thread::Core>, core[8fb95b77d25ab6c8]::option::Option<core[8fb95b77d25ab6c8]::result::Result<(), anyhow[38d4f7f11f0696cf]::Error>>), <tokio[f943255d15a3b3e]::runtime::scheduler::current_thread::CoreGuard>::enter<<tokio[f943255d15a3b3e]::runtime::scheduler::current_thread::CoreGuard>::block_on<core[8fb95b77d25ab6c8]::pin::Pin<&mut core[8fb95b77d25ab6c8]::pin::Pin<&mut dyn core[8fb95b77d25ab6c8]::future::future::Future<Output = core[8fb95b77d25ab6c8]::result::Result<(), anyhow[38d4f7f11f0696cf]::Error>>>>>::{closure#0}, core[8fb95b77d25ab6c8]::option::Option<core[8fb95b77d25ab6c8]::result::Result<(), anyhow[38d4f7f11f0696cf]::Error>>>::{closure#0}>::{closure#0}
[INFO] [stdout]                                at /opt/rustwide/cargo-home/registry/src/index.crates.io-1949cf8c6b5b557f/tokio-1.42.0/src/runtime/context.rs:180:38
[INFO] [stdout]   36:     0x625a1e84a076 - <std[10d71ac2c42b111e]::thread::local::LocalKey<tokio[f943255d15a3b3e]::runtime::context::Context>>::try_with::<tokio[f943255d15a3b3e]::runtime::context::set_scheduler<(alloc[a7ee25936407c584]::boxed::Box<tokio[f943255d15a3b3e]::runtime::scheduler::current_thread::Core>, core[8fb95b77d25ab6c8]::option::Option<core[8fb95b77d25ab6c8]::result::Result<(), anyhow[38d4f7f11f0696cf]::Error>>), <tokio[f943255d15a3b3e]::runtime::scheduler::current_thread::CoreGuard>::enter<<tokio[f943255d15a3b3e]::runtime::scheduler::current_thread::CoreGuard>::block_on<core[8fb95b77d25ab6c8]::pin::Pin<&mut core[8fb95b77d25ab6c8]::pin::Pin<&mut dyn core[8fb95b77d25ab6c8]::future::future::Future<Output = core[8fb95b77d25ab6c8]::result::Result<(), anyhow[38d4f7f11f0696cf]::Error>>>>>::{closure#0}, core[8fb95b77d25ab6c8]::option::Option<core[8fb95b77d25ab6c8]::result::Result<(), anyhow[38d4f7f11f0696cf]::Error>>>::{closure#0}>::{closure#0}, (alloc[a7ee25936407c584]::boxed::Box<tokio[f943255d15a3b3e]::runtime::scheduler::current_thread::Core>, core[8fb95b77d25ab6c8]::option::Option<core[8fb95b77d25ab6c8]::result::Result<(), anyhow[38d4f7f11f0696cf]::Error>>)>
[INFO] [stdout]                                at /rustc/b2282dd5646a57d570fc86fbe8df0e8826665ef6/library/std/src/thread/local.rs:462:12
[INFO] [stdout]   37:     0x625a1e849bdc - <std[10d71ac2c42b111e]::thread::local::LocalKey<tokio[f943255d15a3b3e]::runtime::context::Context>>::with::<tokio[f943255d15a3b3e]::runtime::context::set_scheduler<(alloc[a7ee25936407c584]::boxed::Box<tokio[f943255d15a3b3e]::runtime::scheduler::current_thread::Core>, core[8fb95b77d25ab6c8]::option::Option<core[8fb95b77d25ab6c8]::result::Result<(), anyhow[38d4f7f11f0696cf]::Error>>), <tokio[f943255d15a3b3e]::runtime::scheduler::current_thread::CoreGuard>::enter<<tokio[f943255d15a3b3e]::runtime::scheduler::current_thread::CoreGuard>::block_on<core[8fb95b77d25ab6c8]::pin::Pin<&mut core[8fb95b77d25ab6c8]::pin::Pin<&mut dyn core[8fb95b77d25ab6c8]::future::future::Future<Output = core[8fb95b77d25ab6c8]::result::Result<(), anyhow[38d4f7f11f0696cf]::Error>>>>>::{closure#0}, core[8fb95b77d25ab6c8]::option::Option<core[8fb95b77d25ab6c8]::result::Result<(), anyhow[38d4f7f11f0696cf]::Error>>>::{closure#0}>::{closure#0}, (alloc[a7ee25936407c584]::boxed::Box<tokio[f943255d15a3b3e]::runtime::scheduler::current_thread::Core>, core[8fb95b77d25ab6c8]::option::Option<core[8fb95b77d25ab6c8]::result::Result<(), anyhow[38d4f7f11f0696cf]::Error>>)>
[INFO] [stdout]                                at /rustc/b2282dd5646a57d570fc86fbe8df0e8826665ef6/library/std/src/thread/local.rs:426:20
[INFO] [stdout]   38:     0x625a1e841fb1 - tokio[f943255d15a3b3e]::runtime::context::set_scheduler::<(alloc[a7ee25936407c584]::boxed::Box<tokio[f943255d15a3b3e]::runtime::scheduler::current_thread::Core>, core[8fb95b77d25ab6c8]::option::Option<core[8fb95b77d25ab6c8]::result::Result<(), anyhow[38d4f7f11f0696cf]::Error>>), <tokio[f943255d15a3b3e]::runtime::scheduler::current_thread::CoreGuard>::enter<<tokio[f943255d15a3b3e]::runtime::scheduler::current_thread::CoreGuard>::block_on<core[8fb95b77d25ab6c8]::pin::Pin<&mut core[8fb95b77d25ab6c8]::pin::Pin<&mut dyn core[8fb95b77d25ab6c8]::future::future::Future<Output = core[8fb95b77d25ab6c8]::result::Result<(), anyhow[38d4f7f11f0696cf]::Error>>>>>::{closure#0}, core[8fb95b77d25ab6c8]::option::Option<core[8fb95b77d25ab6c8]::result::Result<(), anyhow[38d4f7f11f0696cf]::Error>>>::{closure#0}>
[INFO] [stdout]                                at /opt/rustwide/cargo-home/registry/src/index.crates.io-1949cf8c6b5b557f/tokio-1.42.0/src/runtime/context.rs:180:17
[INFO] [stdout]   39:     0x625a1e84df39 - <tokio[f943255d15a3b3e]::runtime::scheduler::current_thread::CoreGuard>::enter::<<tokio[f943255d15a3b3e]::runtime::scheduler::current_thread::CoreGuard>::block_on<core[8fb95b77d25ab6c8]::pin::Pin<&mut core[8fb95b77d25ab6c8]::pin::Pin<&mut dyn core[8fb95b77d25ab6c8]::future::future::Future<Output = core[8fb95b77d25ab6c8]::result::Result<(), anyhow[38d4f7f11f0696cf]::Error>>>>>::{closure#0}, core[8fb95b77d25ab6c8]::option::Option<core[8fb95b77d25ab6c8]::result::Result<(), anyhow[38d4f7f11f0696cf]::Error>>>
[INFO] [stdout]                                at /opt/rustwide/cargo-home/registry/src/index.crates.io-1949cf8c6b5b557f/tokio-1.42.0/src/runtime/scheduler/current_thread/mod.rs:807:27
[INFO] [stdout]   40:     0x625a1e84e266 - <tokio[f943255d15a3b3e]::runtime::scheduler::current_thread::CoreGuard>::block_on::<core[8fb95b77d25ab6c8]::pin::Pin<&mut core[8fb95b77d25ab6c8]::pin::Pin<&mut dyn core[8fb95b77d25ab6c8]::future::future::Future<Output = core[8fb95b77d25ab6c8]::result::Result<(), anyhow[38d4f7f11f0696cf]::Error>>>>>
[INFO] [stdout]                                at /opt/rustwide/cargo-home/registry/src/index.crates.io-1949cf8c6b5b557f/tokio-1.42.0/src/runtime/scheduler/current_thread/mod.rs:716:24
[INFO] [stdout]   41:     0x625a1e84ff59 - <tokio[f943255d15a3b3e]::runtime::scheduler::current_thread::CurrentThread>::block_on::<core[8fb95b77d25ab6c8]::pin::Pin<&mut dyn core[8fb95b77d25ab6c8]::future::future::Future<Output = core[8fb95b77d25ab6c8]::result::Result<(), anyhow[38d4f7f11f0696cf]::Error>>>>::{closure#0}
[INFO] [stdout]                                at /opt/rustwide/cargo-home/registry/src/index.crates.io-1949cf8c6b5b557f/tokio-1.42.0/src/runtime/scheduler/current_thread/mod.rs:196:33
[INFO] [stdout]   42:     0x625a1e855353 - tokio[f943255d15a3b3e]::runtime::context::runtime::enter_runtime::<<tokio[f943255d15a3b3e]::runtime::scheduler::current_thread::CurrentThread>::block_on<core[8fb95b77d25ab6c8]::pin::Pin<&mut dyn core[8fb95b77d25ab6c8]::future::future::Future<Output = core[8fb95b77d25ab6c8]::result::Result<(), anyhow[38d4f7f11f0696cf]::Error>>>>::{closure#0}, core[8fb95b77d25ab6c8]::result::Result<(), anyhow[38d4f7f11f0696cf]::Error>>
[INFO] [stdout]                                at /opt/rustwide/cargo-home/registry/src/index.crates.io-1949cf8c6b5b557f/tokio-1.42.0/src/runtime/context/runtime.rs:65:16
[INFO] [stdout]   43:     0x625a1e84c891 - <tokio[f943255d15a3b3e]::runtime::scheduler::current_thread::CurrentThread>::block_on::<core[8fb95b77d25ab6c8]::pin::Pin<&mut dyn core[8fb95b77d25ab6c8]::future::future::Future<Output = core[8fb95b77d25ab6c8]::result::Result<(), anyhow[38d4f7f11f0696cf]::Error>>>>
[INFO] [stdout]                                at /opt/rustwide/cargo-home/registry/src/index.crates.io-1949cf8c6b5b557f/tokio-1.42.0/src/runtime/scheduler/current_thread/mod.rs:184:9
[INFO] [stdout]   44:     0x625a1e8524af - <tokio[f943255d15a3b3e]::runtime::runtime::Runtime>::block_on_inner::<core[8fb95b77d25ab6c8]::pin::Pin<&mut dyn core[8fb95b77d25ab6c8]::future::future::Future<Output = core[8fb95b77d25ab6c8]::result::Result<(), anyhow[38d4f7f11f0696cf]::Error>>>>
[INFO] [stdout]                                at /opt/rustwide/cargo-home/registry/src/index.crates.io-1949cf8c6b5b557f/tokio-1.42.0/src/runtime/runtime.rs:368:52
[INFO] [stdout]   45:     0x625a1e85269e - <tokio[f943255d15a3b3e]::runtime::runtime::Runtime>::block_on::<core[8fb95b77d25ab6c8]::pin::Pin<&mut dyn core[8fb95b77d25ab6c8]::future::future::Future<Output = core[8fb95b77d25ab6c8]::result::Result<(), anyhow[38d4f7f11f0696cf]::Error>>>>
[INFO] [stdout]                                at /opt/rustwide/cargo-home/registry/src/index.crates.io-1949cf8c6b5b557f/tokio-1.42.0/src/runtime/runtime.rs:342:18
[INFO] [stdout]   46:     0x625a1e844a40 - chat_server[c4fe6e13a476c6a7]::models::user::tests::create_and_verify_user_should_work
[INFO] [stdout]                                at /opt/rustwide/workdir/chat_server/src/models/user.rs:145:11
[INFO] [stdout]   47:     0x625a1e843257 - chat_server[c4fe6e13a476c6a7]::models::user::tests::create_and_verify_user_should_work::{closure#0}
[INFO] [stdout]                                at /opt/rustwide/workdir/chat_server/src/models/user.rs:118:54
[INFO] [stdout]   48:     0x625a1e841a56 - <chat_server[c4fe6e13a476c6a7]::models::user::tests::create_and_verify_user_should_work::{closure#0} as core[8fb95b77d25ab6c8]::ops::function::FnOnce<()>>::call_once
[INFO] [stdout]                                at /rustc/b2282dd5646a57d570fc86fbe8df0e8826665ef6/library/core/src/ops/function.rs:250:5
[INFO] [stdout]   49:     0x625a1e85839b - <fn() -> core[8fb95b77d25ab6c8]::result::Result<(), alloc[a7ee25936407c584]::string::String> as core[8fb95b77d25ab6c8]::ops::function::FnOnce<()>>::call_once
[INFO] [stdout]                                at /rustc/b2282dd5646a57d570fc86fbe8df0e8826665ef6/library/core/src/ops/function.rs:250:5
[INFO] [stdout]   50:     0x625a1e85839b - test[213991da798b1c03]::__rust_begin_short_backtrace::<core[8fb95b77d25ab6c8]::result::Result<(), alloc[a7ee25936407c584]::string::String>, fn() -> core[8fb95b77d25ab6c8]::result::Result<(), alloc[a7ee25936407c584]::string::String>>
[INFO] [stdout]                                at /rustc/b2282dd5646a57d570fc86fbe8df0e8826665ef6/library/test/src/lib.rs:724:18
[INFO] [stdout]   51:     0x625a1e865c15 - test[213991da798b1c03]::run_test_in_process::{closure#0}
[INFO] [stdout]                                at /rustc/b2282dd5646a57d570fc86fbe8df0e8826665ef6/library/test/src/lib.rs:747:74
[INFO] [stdout]   52:     0x625a1e865c15 - <core[8fb95b77d25ab6c8]::panic::unwind_safe::AssertUnwindSafe<test[213991da798b1c03]::run_test_in_process::{closure#0}> as core[8fb95b77d25ab6c8]::ops::function::FnOnce<()>>::call_once
[INFO] [stdout]                                at /rustc/b2282dd5646a57d570fc86fbe8df0e8826665ef6/library/core/src/panic/unwind_safe.rs:275:9
[INFO] [stdout]   53:     0x625a1e865c15 - std[10d71ac2c42b111e]::panicking::catch_unwind::do_call::<core[8fb95b77d25ab6c8]::panic::unwind_safe::AssertUnwindSafe<test[213991da798b1c03]::run_test_in_process::{closure#0}>, core[8fb95b77d25ab6c8]::result::Result<(), alloc[a7ee25936407c584]::string::String>>
[INFO] [stdout]                                at /rustc/b2282dd5646a57d570fc86fbe8df0e8826665ef6/library/std/src/panicking.rs:581:40
[INFO] [stdout]   54:     0x625a1e865c15 - std[10d71ac2c42b111e]::panicking::catch_unwind::<core[8fb95b77d25ab6c8]::result::Result<(), alloc[a7ee25936407c584]::string::String>, core[8fb95b77d25ab6c8]::panic::unwind_safe::AssertUnwindSafe<test[213991da798b1c03]::run_test_in_process::{closure#0}>>
[INFO] [stdout]                                at /rustc/b2282dd5646a57d570fc86fbe8df0e8826665ef6/library/std/src/panicking.rs:544:19
[INFO] [stdout]   55:     0x625a1e865c15 - std[10d71ac2c42b111e]::panic::catch_unwind::<core[8fb95b77d25ab6c8]::panic::unwind_safe::AssertUnwindSafe<test[213991da798b1c03]::run_test_in_process::{closure#0}>, core[8fb95b77d25ab6c8]::result::Result<(), alloc[a7ee25936407c584]::string::String>>
[INFO] [stdout]                                at /rustc/b2282dd5646a57d570fc86fbe8df0e8826665ef6/library/std/src/panic.rs:359:14
[INFO] [stdout]   56:     0x625a1e865c15 - test[213991da798b1c03]::run_test_in_process
[INFO] [stdout]                                at /rustc/b2282dd5646a57d570fc86fbe8df0e8826665ef6/library/test/src/lib.rs:747:27
[INFO] [stdout]   57:     0x625a1e865c15 - test[213991da798b1c03]::run_test::{closure#0}
[INFO] [stdout]                                at /rustc/b2282dd5646a57d570fc86fbe8df0e8826665ef6/library/test/src/lib.rs:668:43
[INFO] [stdout]   58:     0x625a1e85f524 - test[213991da798b1c03]::run_test::{closure#1}
[INFO] [stdout]                                at /rustc/b2282dd5646a57d570fc86fbe8df0e8826665ef6/library/test/src/lib.rs:698:41
[INFO] [stdout]   59:     0x625a1e85f524 - std[10d71ac2c42b111e]::sys::backtrace::__rust_begin_short_backtrace::<test[213991da798b1c03]::run_test::{closure#1}, ()>
[INFO] [stdout]                                at /rustc/b2282dd5646a57d570fc86fbe8df0e8826665ef6/library/std/src/sys/backtrace.rs:166:18
[INFO] [stdout]   60:     0x625a1e868c92 - std[10d71ac2c42b111e]::thread::lifecycle::spawn_unchecked::<test[213991da798b1c03]::run_test::{closure#1}, ()>::{closure#1}::{closure#0}
[INFO] [stdout]                                at /rustc/b2282dd5646a57d570fc86fbe8df0e8826665ef6/library/std/src/thread/lifecycle.rs:70:13
[INFO] [stdout]   61:     0x625a1e868c92 - <core[8fb95b77d25ab6c8]::panic::unwind_safe::AssertUnwindSafe<std[10d71ac2c42b111e]::thread::lifecycle::spawn_unchecked<test[213991da798b1c03]::run_test::{closure#1}, ()>::{closure#1}::{closure#0}> as core[8fb95b77d25ab6c8]::ops::function::FnOnce<()>>::call_once
[INFO] [stdout]                                at /rustc/b2282dd5646a57d570fc86fbe8df0e8826665ef6/library/core/src/panic/unwind_safe.rs:275:9
[INFO] [stdout]   62:     0x625a1e868c92 - std[10d71ac2c42b111e]::panicking::catch_unwind::do_call::<core[8fb95b77d25ab6c8]::panic::unwind_safe::AssertUnwindSafe<std[10d71ac2c42b111e]::thread::lifecycle::spawn_unchecked<test[213991da798b1c03]::run_test::{closure#1}, ()>::{closure#1}::{closure#0}>, ()>
[INFO] [stdout]                                at /rustc/b2282dd5646a57d570fc86fbe8df0e8826665ef6/library/std/src/panicking.rs:581:40
[INFO] [stdout]   63:     0x625a1e868c92 - std[10d71ac2c42b111e]::panicking::catch_unwind::<(), core[8fb95b77d25ab6c8]::panic::unwind_safe::AssertUnwindSafe<std[10d71ac2c42b111e]::thread::lifecycle::spawn_unchecked<test[213991da798b1c03]::run_test::{closure#1}, ()>::{closure#1}::{closure#0}>>
[INFO] [stdout]                                at /rustc/b2282dd5646a57d570fc86fbe8df0e8826665ef6/library/std/src/panicking.rs:544:19
[INFO] [stdout]   64:     0x625a1e868c92 - std[10d71ac2c42b111e]::panic::catch_unwind::<core[8fb95b77d25ab6c8]::panic::unwind_safe::AssertUnwindSafe<std[10d71ac2c42b111e]::thread::lifecycle::spawn_unchecked<test[213991da798b1c03]::run_test::{closure#1}, ()>::{closure#1}::{closure#0}>, ()>
[INFO] [stdout]                                at /rustc/b2282dd5646a57d570fc86fbe8df0e8826665ef6/library/std/src/panic.rs:359:14
[INFO] [stdout]   65:     0x625a1e868c92 - std[10d71ac2c42b111e]::thread::lifecycle::spawn_unchecked::<test[213991da798b1c03]::run_test::{closure#1}, ()>::{closure#1}
[INFO] [stdout]                                at /rustc/b2282dd5646a57d570fc86fbe8df0e8826665ef6/library/std/src/thread/lifecycle.rs:68:26
[INFO] [stdout]   66:     0x625a1e868c92 - <std[10d71ac2c42b111e]::thread::lifecycle::spawn_unchecked<test[213991da798b1c03]::run_test::{closure#1}, ()>::{closure#1} as core[8fb95b77d25ab6c8]::ops::function::FnOnce<()>>::call_once::{shim:vtable#0}
[INFO] [stdout]                                at /rustc/b2282dd5646a57d570fc86fbe8df0e8826665ef6/library/core/src/ops/function.rs:250:5
[INFO] [stdout]   67:     0x625a1eed8a1f - <alloc[a7ee25936407c584]::boxed::Box<dyn core[8fb95b77d25ab6c8]::ops::function::FnOnce<(), Output = ()> + core[8fb95b77d25ab6c8]::marker::Send> as core[8fb95b77d25ab6c8]::ops::function::FnOnce<()>>::call_once
[INFO] [stdout]                                at /rustc/b2282dd5646a57d570fc86fbe8df0e8826665ef6/library/alloc/src/boxed.rs:2275:9
[INFO] [stdout]   68:     0x625a1eed8a1f - <std[10d71ac2c42b111e]::sys::thread::unix::Thread>::new::thread_start
[INFO] [stdout]                                at /rustc/b2282dd5646a57d570fc86fbe8df0e8826665ef6/library/std/src/sys/thread/unix.rs:118:17
[INFO] [stdout]   69:     0x700a746bfaa4 - <unknown>
[INFO] [stdout]   70:     0x700a7474ca64 - clone
[INFO] [stdout]   71:                0x0 - <unknown>
[INFO] [stderr] error: test failed, to rerun pass `-p chat_server --lib`
[INFO] [stderr] 
[INFO] [stderr] Caused by:
[INFO] [stderr]   process didn't exit successfully: `/opt/rustwide/target/debug/deps/chat_server-f0fc333138a22651` (signal: 6, SIGABRT: process abort signal)
[INFO] running `Command { std: "docker" "inspect" "fee31aac2d3623c5062d57edb02c4d9fb5f4e6fd51b96237038a3ea7820e0af7", kill_on_drop: false }`
[INFO] running `Command { std: "docker" "rm" "-f" "fee31aac2d3623c5062d57edb02c4d9fb5f4e6fd51b96237038a3ea7820e0af7", kill_on_drop: false }`
[INFO] [stdout] fee31aac2d3623c5062d57edb02c4d9fb5f4e6fd51b96237038a3ea7820e0af7
