[INFO] cloning repository https://github.com/lseman/ariadne
[INFO] running `Command { std: "git" "-c" "credential.helper=" "-c" "credential.helper=/workspace/cargo-home/bin/git-credential-null" "clone" "--bare" "https://github.com/lseman/ariadne" "/workspace/cache/git-repos/https%3A%2F%2Fgithub.com%2Flseman%2Fariadne", kill_on_drop: false }`
[INFO] [stderr] Cloning into bare repository '/workspace/cache/git-repos/https%3A%2F%2Fgithub.com%2Flseman%2Fariadne'...
[INFO] running `Command { std: "git" "rev-parse" "HEAD", kill_on_drop: false }`
[INFO] [stdout] 02d504912a49135199a34077e9b828a187521b19
[INFO] testing lseman/ariadne against 1.98.0-beta.1 for beta-1.98-2
[INFO] running `Command { std: "git" "clone" "/workspace/cache/git-repos/https%3A%2F%2Fgithub.com%2Flseman%2Fariadne" "/workspace/builds/worker-3-tc2/source", kill_on_drop: false }`
[INFO] [stderr] Cloning into '/workspace/builds/worker-3-tc2/source'...
[INFO] [stderr] done.
[INFO] removed /workspace/builds/worker-3-tc2/source/.cargo/config.toml
[INFO] started tweaking git repo https://github.com/lseman/ariadne
[INFO] finished tweaking git repo https://github.com/lseman/ariadne
[INFO] tweaked toml for git repo https://github.com/lseman/ariadne written to /workspace/builds/worker-3-tc2/source/Cargo.toml
[INFO] validating manifest of git repo https://github.com/lseman/ariadne on toolchain 1.98.0-beta.1
[INFO] running `Command { std: CARGO_HOME="/workspace/cargo-home" RUSTUP_HOME="/workspace/rustup-home" "/workspace/cargo-home/bin/cargo" "+1.98.0-beta.1" "metadata" "--manifest-path" "Cargo.toml" "--no-deps", kill_on_drop: false }`
[INFO] crate git repo https://github.com/lseman/ariadne already has a lockfile, it will not be regenerated
[INFO] running `Command { std: CARGO_HOME="/workspace/cargo-home" RUSTUP_HOME="/workspace/rustup-home" "/workspace/cargo-home/bin/cargo" "+1.98.0-beta.1" "fetch" "--manifest-path" "Cargo.toml", kill_on_drop: false }`
[INFO] running `Command { std: "docker" "create" "-v" "/var/lib/crater-agent-workspace/builds/worker-3-tc2/source:/opt/rustwide/workdir:ro,Z" "-v" "/var/lib/crater-agent-workspace/builds/worker-3-tc2/target:/opt/rustwide/target:rw,Z" "-v" "/var/lib/crater-agent-workspace/cargo-home:/opt/rustwide/cargo-home:ro,Z" "-v" "/var/lib/crater-agent-workspace/rustup-home:/opt/rustwide/rustup-home:ro,Z" "-m" "1610612736" "--network" "none" "ghcr.io/rust-lang/crates-build-env/linux@sha256:3d5ced03c013a94a2f102a4510f48a6e9184255caf5fd8244f58017bde7f5210" "sleep" "infinity", kill_on_drop: false }`
[INFO] [stdout] e780ed9cf2361c981e18e698c42b767bc1bd909b5869bc2e6dc4ee5c4cbb0848
[INFO] running `Command { std: "docker" "start" "e780ed9cf2361c981e18e698c42b767bc1bd909b5869bc2e6dc4ee5c4cbb0848", kill_on_drop: false }`
[INFO] running `Command { std: "docker" "inspect" "e780ed9cf2361c981e18e698c42b767bc1bd909b5869bc2e6dc4ee5c4cbb0848", kill_on_drop: false }`
[INFO] running `Command { std: "docker" "exec" "-e" "SOURCE_DIR=/opt/rustwide/workdir" "-e" "CARGO_HOME=/opt/rustwide/cargo-home" "-e" "RUSTUP_HOME=/opt/rustwide/rustup-home" "-e" "CARGO_TARGET_DIR=/opt/rustwide/target" "-w" "/opt/rustwide/workdir" "--user" "0:0" "e780ed9cf2361c981e18e698c42b767bc1bd909b5869bc2e6dc4ee5c4cbb0848" "/opt/rustwide/cargo-home/bin/cargo" "+1.98.0-beta.1" "metadata" "--no-deps" "--format-version=1", kill_on_drop: false }`
[INFO] running `Command { std: "docker" "inspect" "e780ed9cf2361c981e18e698c42b767bc1bd909b5869bc2e6dc4ee5c4cbb0848", kill_on_drop: false }`
[INFO] running `Command { std: "docker" "exec" "-e" "SOURCE_DIR=/opt/rustwide/workdir" "-e" "CARGO_HOME=/opt/rustwide/cargo-home" "-e" "RUSTUP_HOME=/opt/rustwide/rustup-home" "-e" "CARGO_TARGET_DIR=/opt/rustwide/target" "-e" "CARGO_INCREMENTAL=0" "-e" "RUST_BACKTRACE=full" "-e" "RUSTFLAGS=--cap-lints=warn" "-e" "RUSTDOCFLAGS=--cap-lints=warn" "-w" "/opt/rustwide/workdir" "--user" "0:0" "e780ed9cf2361c981e18e698c42b767bc1bd909b5869bc2e6dc4ee5c4cbb0848" "/opt/rustwide/cargo-home/bin/cargo" "+1.98.0-beta.1" "build" "--frozen" "--message-format=json", kill_on_drop: false }`
[INFO] [stderr]    Compiling cc v1.0.106
[INFO] [stderr]    Compiling zerocopy v0.8.48
[INFO] [stderr]    Compiling libc v0.2.186
[INFO] [stderr]    Compiling aho-corasick v1.1.4
[INFO] [stderr]    Compiling syn v2.0.117
[INFO] [stderr]    Compiling siphasher v0.3.11
[INFO] [stderr]    Compiling parking_lot_core v0.9.12
[INFO] [stderr]    Compiling typenum v1.20.0
[INFO] [stderr]    Compiling phf_shared v0.10.0
[INFO] [stderr]    Compiling parking_lot v0.12.5
[INFO] [stderr]    Compiling bitflags v2.11.1
[INFO] [stderr]    Compiling phf v0.10.1
[INFO] [stderr]    Compiling syn v1.0.109
[INFO] [stderr]    Compiling crossbeam-epoch v0.9.18
[INFO] [stderr]    Compiling generic-array v0.14.7
[INFO] [stderr]    Compiling rustix v0.38.44
[INFO] [stderr]    Compiling getrandom v0.2.17
[INFO] [stderr]    Compiling regex-automata v0.4.14
[INFO] [stderr]    Compiling tree-sitter v0.20.10
[INFO] [stderr]    Compiling anstyle-parse v0.2.7
[INFO] [stderr]    Compiling rand_core v0.6.4
[INFO] [stderr]    Compiling libsqlite3-sys v0.28.0
[INFO] [stderr]    Compiling crossbeam-deque v0.8.6
[INFO] [stderr]    Compiling signal-hook v0.3.18
[INFO] [stderr]    Compiling indexmap v2.6.0
[INFO] [stderr]    Compiling mio v1.2.0
[INFO] [stderr]    Compiling rayon-core v1.12.1
[INFO] [stderr]    Compiling paste v1.0.15
[INFO] [stderr]    Compiling linux-raw-sys v0.4.15
[INFO] [stderr]    Compiling instability v0.3.12
[INFO] [stderr]    Compiling anstream v0.6.21
[INFO] [stderr]    Compiling signal-hook-mio v0.2.5
[INFO] [stderr]    Compiling block-buffer v0.10.4
[INFO] [stderr]    Compiling crypto-common v0.1.7
[INFO] [stderr]    Compiling tree-sitter-typescript v0.20.5
[INFO] [stderr]    Compiling tree-sitter-rust v0.20.4
[INFO] [stderr]    Compiling tree-sitter-python v0.20.4
[INFO] [stderr]    Compiling tree-sitter-cpp v0.20.5
[INFO] [stderr]    Compiling itertools v0.13.0
[INFO] [stderr]    Compiling bstr v1.12.1
[INFO] [stderr]    Compiling darling_core v0.23.0
[INFO] [stderr]    Compiling heck v0.4.1
[INFO] [stderr]    Compiling clap_lex v0.6.0
[INFO] [stderr]    Compiling strsim v0.10.0
[INFO] [stderr]    Compiling regex v1.12.3
[INFO] [stderr]    Compiling ppv-lite86 v0.2.21
[INFO] [stderr]    Compiling ahash v0.8.12
[INFO] [stderr]    Compiling hashbrown v0.14.5
[INFO] [stderr]    Compiling rand_chacha v0.3.1
[INFO] [stderr]    Compiling serde_derive v1.0.228
[INFO] [stderr]    Compiling rand v0.8.6
[INFO] [stderr]    Compiling strum_macros v0.26.4
[INFO] [stderr]    Compiling tracing-attributes v0.1.31
[INFO] [stderr]    Compiling phf_generator v0.10.0
[INFO] [stderr]    Compiling phf_generator v0.11.3
[INFO] [stderr]    Compiling string_cache_codegen v0.5.4
[INFO] [stderr]    Compiling phf_codegen v0.10.0
[INFO] [stderr]    Compiling html5ever v0.26.0
[INFO] [stderr]    Compiling markup5ever v0.11.0
[INFO] [stderr]    Compiling darling_macro v0.23.0
[INFO] [stderr]    Compiling darling v0.23.0
[INFO] [stderr]    Compiling pulldown-cmark v0.11.3
[INFO] [stderr]    Compiling unicode-width v0.1.14
[INFO] [stderr]    Compiling unicode-segmentation v1.13.2
[INFO] [stderr]    Compiling tracing v0.1.44
[INFO] [stderr]    Compiling compact_str v0.8.1
[INFO] [stderr]    Compiling unicode-truncate v1.1.0
[INFO] [stderr]    Compiling inotify v0.9.6
[INFO] [stderr]    Compiling strum v0.26.3
[INFO] [stderr]    Compiling hashlink v0.9.1
[INFO] [stderr]    Compiling clap_derive v4.4.7
[INFO] [stderr]    Compiling matchers v0.2.0
[INFO] [stderr]    Compiling globset v0.4.18
[INFO] [stderr]    Compiling clap_builder v4.4.18
[INFO] [stderr]    Compiling crossterm v0.28.1
[INFO] [stderr]    Compiling serde v1.0.228
[INFO] [stderr]    Compiling string_cache v0.8.9
[INFO] [stderr]    Compiling toml_datetime v0.6.11
[INFO] [stderr]    Compiling serde_spanned v0.6.9
[INFO] [stderr]    Compiling toml_edit v0.22.27
[INFO] [stderr]    Compiling xml5ever v0.17.0
[INFO] [stderr]    Compiling digest v0.10.7
[INFO] [stderr]    Compiling getopts v0.2.24
[INFO] [stderr]    Compiling tracing-log v0.2.0
[INFO] [stderr]    Compiling lru v0.12.5
[INFO] [stderr]    Compiling mio v0.8.11
[INFO] [stderr]    Compiling filetime v0.2.29
[INFO] [stderr]    Compiling fallible-iterator v0.3.0
[INFO] [stderr]    Compiling fallible-streaming-iterator v0.1.9
[INFO] [stderr]    Compiling cassowary v0.3.0
[INFO] [stderr]    Compiling pulldown-cmark-escape v0.11.0
[INFO] [stderr]    Compiling sha2 v0.10.9
[INFO] [stderr]    Compiling ratatui v0.29.0
[INFO] [stderr]    Compiling toml v0.8.23
[INFO] [stderr]    Compiling rusqlite v0.31.0
[INFO] [stderr]    Compiling notify v6.1.1
[INFO] [stderr]    Compiling petgraph v0.6.5
[INFO] [stderr]    Compiling tracing-subscriber v0.3.23
[INFO] [stderr]    Compiling rayon v1.10.0
[INFO] [stderr]    Compiling markup5ever_rcdom v0.2.0
[INFO] [stderr]    Compiling serde_json v1.0.149
[INFO] [stderr]    Compiling clap v4.4.18
[INFO] [stderr]    Compiling ignore v0.4.25
[INFO] [stderr]    Compiling jaro_winkler v0.2.1
[INFO] [stderr]    Compiling ariadne-graph v0.1.0 (/opt/rustwide/workdir/crates/ariadne-graph)
[INFO] [stderr]     Finished `dev` profile [unoptimized + debuginfo] target(s) in 2m 43s
[INFO] running `Command { std: "docker" "inspect" "e780ed9cf2361c981e18e698c42b767bc1bd909b5869bc2e6dc4ee5c4cbb0848", kill_on_drop: false }`
[INFO] running `Command { std: "docker" "exec" "-e" "SOURCE_DIR=/opt/rustwide/workdir" "-e" "CARGO_HOME=/opt/rustwide/cargo-home" "-e" "RUSTUP_HOME=/opt/rustwide/rustup-home" "-e" "CARGO_TARGET_DIR=/opt/rustwide/target" "-e" "CARGO_INCREMENTAL=0" "-e" "RUST_BACKTRACE=full" "-e" "RUSTFLAGS=--cap-lints=warn" "-e" "RUSTDOCFLAGS=--cap-lints=warn" "-w" "/opt/rustwide/workdir" "--user" "0:0" "e780ed9cf2361c981e18e698c42b767bc1bd909b5869bc2e6dc4ee5c4cbb0848" "/opt/rustwide/cargo-home/bin/cargo" "+1.98.0-beta.1" "test" "--frozen" "--no-run" "--message-format=json", kill_on_drop: false }`
[INFO] [stderr]    Compiling serde v1.0.228
[INFO] [stderr]    Compiling rustix v0.38.44
[INFO] [stderr]    Compiling num-traits v0.2.19
[INFO] [stderr]    Compiling serde_json v1.0.149
[INFO] [stderr]    Compiling half v2.4.1
[INFO] [stderr]    Compiling plotters-backend v0.3.7
[INFO] [stderr]    Compiling getrandom v0.4.3
[INFO] [stderr]    Compiling ciborium-io v0.2.2
[INFO] [stderr]    Compiling itertools v0.10.5
[INFO] [stderr]    Compiling cast v0.3.0
[INFO] [stderr]    Compiling plotters-svg v0.3.7
[INFO] [stderr]    Compiling ciborium-ll v0.2.2
[INFO] [stderr]    Compiling rustix v1.1.4
[INFO] [stderr]    Compiling anes v0.1.6
[INFO] [stderr]    Compiling oorandom v11.1.5
[INFO] [stderr]    Compiling string_cache v0.8.9
[INFO] [stderr]    Compiling toml_datetime v0.6.11
[INFO] [stderr]    Compiling serde_spanned v0.6.9
[INFO] [stderr]    Compiling markup5ever v0.11.0
[INFO] [stderr]    Compiling toml_edit v0.22.27
[INFO] [stderr]    Compiling crossterm v0.28.1
[INFO] [stderr]    Compiling is-terminal v0.4.9
[INFO] [stderr]    Compiling plotters v0.3.7
[INFO] [stderr]    Compiling tinytemplate v1.2.1
[INFO] [stderr]    Compiling ciborium v0.2.2
[INFO] [stderr]    Compiling criterion-plot v0.5.0
[INFO] [stderr]    Compiling html5ever v0.26.0
[INFO] [stderr]    Compiling xml5ever v0.17.0
[INFO] [stderr]    Compiling ratatui v0.29.0
[INFO] [stderr]    Compiling tempfile v3.27.0
[INFO] [stderr]    Compiling criterion v0.5.1
[INFO] [stderr]    Compiling markup5ever_rcdom v0.2.0
[INFO] [stderr]    Compiling toml v0.8.23
[INFO] [stderr]    Compiling ariadne-graph v0.1.0 (/opt/rustwide/workdir/crates/ariadne-graph)
[INFO] [stderr]     Finished `test` profile [unoptimized + debuginfo] target(s) in 1m 13s
[INFO] running `Command { std: "docker" "inspect" "e780ed9cf2361c981e18e698c42b767bc1bd909b5869bc2e6dc4ee5c4cbb0848", kill_on_drop: false }`
[INFO] running `Command { std: "docker" "exec" "-e" "SOURCE_DIR=/opt/rustwide/workdir" "-e" "CARGO_HOME=/opt/rustwide/cargo-home" "-e" "RUSTUP_HOME=/opt/rustwide/rustup-home" "-e" "CARGO_TARGET_DIR=/opt/rustwide/target" "-e" "CARGO_INCREMENTAL=0" "-e" "RUST_BACKTRACE=full" "-e" "RUSTFLAGS=--cap-lints=warn" "-e" "RUSTDOCFLAGS=--cap-lints=warn" "-w" "/opt/rustwide/workdir" "--user" "0:0" "e780ed9cf2361c981e18e698c42b767bc1bd909b5869bc2e6dc4ee5c4cbb0848" "/opt/rustwide/cargo-home/bin/cargo" "+1.98.0-beta.1" "test" "--frozen", kill_on_drop: false }`
[INFO] [stderr]     Finished `test` profile [unoptimized + debuginfo] target(s) in 0.43s
[INFO] [stderr]      Running unittests src/lib.rs (/opt/rustwide/target/debug/deps/ariadne_graph-2a893b738b4c4b85)
[INFO] [stdout] 
[INFO] [stdout] running 168 tests
[INFO] [stdout] test core::graph::tests::add_and_traverse ... ok
[INFO] [stdout] test core::graph::tests::duplicate_qname_merges ... ok
[INFO] [stdout] test core::graph::tests::merge_deduplicates_nodes_by_qname ... ok
[INFO] [stdout] test core::graph::tests::merge_combines_nodes_and_edges ... ok
[INFO] [stdout] test core::graph::tests::merge_deduplicates_edges ... ok
[INFO] [stdout] test core::graph::tests::rename_into_existing_qname_merges_and_rewires ... ok
[INFO] [stdout] test core::graph::tests::removing_edges_preserves_qname_index ... ok
[INFO] [stdout] test extract::ast::tsconfig_resolver::tests::strips_jsonc_comments ... ok
[INFO] [stdout] test extract::ast::tsconfig_resolver::tests::skips_builtin_aliases ... ok
[INFO] [stdout] test extract::concept::html::tests::extracts_code_content ... ok
[INFO] [stdout] test extract::ast::tsconfig_resolver::tests::resolves_ts_path_aliases_renames_module_nodes ... ok
[INFO] [stdout] test extract::concept::html::tests::extracts_document_and_sections ... ok
[INFO] [stdout] test extract::concept::html::tests::extracts_heading_text_as_concepts ... ok
[INFO] [stdout] test extract::concept::html::tests::extracts_meta_description ... ok
[INFO] [stdout] test extract::concept::html::tests::handles_nested_headings ... ok
[INFO] [stdout] test extract::ast::language_registry::tests::matches_ext_case_insensitive ... ok
[INFO] [stdout] test extract::ast::language_registry::tests::cpp_matches_all_cxx_extensions ... ok
[INFO] [stdout] test extract::concept::html::tests::slugify_produces_valid_ids ... ok
[INFO] [stdout] test extract::ast::language_registry::tests::tsx_matches_jsx ... ok
[INFO] [stdout] test extract::concept::markdown::tests::collect_reference_definitions_parses_correctly ... ok
[INFO] [stdout] test extract::concept::html::tests::normalize_for_match_splits_camel_case ... ok
[INFO] [stdout] test extract::concept::markdown::tests::duplicate_heading_slugs_merge_not_duplicate ... ok
[INFO] [stdout] test extract::concept::html::tests::resolves_html_mentions_post_pass ... ok
[INFO] [stdout] test extract::concept::markdown::tests::normalize_for_match_splits_camel_case ... ok
[INFO] [stdout] test extract::concept::html::tests::html_post_pass_resolves_pending_mentions ... ok
[INFO] [stdout] test extract::concept::markdown::tests::extracts_symbols_from_fenced_code_blocks ... ok
[INFO] [stdout] test extract::concept::markdown::tests::slugify_produces_valid_ids ... ok
[INFO] [stdout] test extract::concept::markdown::tests::extracts_inline_code_symbols ... ok
[INFO] [stdout] test extract::concept::html::tests::tokenize_code_splits_on_non_word_chars ... ok
[INFO] [stdout] test extract::concept::markdown::tests::resolve_mentions_links_symbols_extracted_after_the_doc ... ok
[INFO] [stdout] test extract::concept::markdown::tests::extracts_document_and_sections ... ok
[INFO] [stdout] test extract::concept::markdown::tests::resolves_reference_links ... ok
[INFO] [stdout] test extract::concept::markdown::tests::tokenize_code_splits_on_non_word_chars ... ok
[INFO] [stdout] test extract::flows::tests::bfs_respects_max_depth_and_skips_placeholders ... ok
[INFO] [stdout] test extract::flows::tests::detects_main_as_entry ... ok
[INFO] [stdout] test extract::flows::tests::cap_trims_by_relevance_not_bfs_order ... ok
[INFO] [stdout] test extract::flows::tests::orphan_is_entry_but_called_helper_is_not ... ok
[INFO] [stdout] test extract::flows::tests::idempotent_on_rerun ... ok
[INFO] [stdout] test extract::flows::tests::flows_through_and_affected_flows ... ok
[INFO] [stdout] test extract::flows::tests::test_entry_produces_test_flow_with_lower_criticality ... ok
[INFO] [stdout] test extract::test_detect::tests::detects_common_xunit_and_spec_files ... ok
[INFO] [stdout] test extract::test_detect::tests::detects_js_test_files ... ok
[INFO] [stdout] test extract::test_detect::tests::detects_rust_and_go_test_files ... ok
[INFO] [stdout] test extract::test_detect::tests::detects_test_names ... ok
[INFO] [stdout] test extract::test_detect::tests::detects_python_test_files ... ok
[INFO] [stdout] test extract::walker::tests::common_prefix_len_counts_segments ... ok
[INFO] [stdout] test extract::walker::tests::derive_tested_by_is_idempotent ... ok
[INFO] [stdout] test extract::walker::tests::derives_tested_by_edges_from_calls ... ok
[INFO] [stdout] test extract::walker::tests::infer_type_from_let_bindings_constructor ... ok
[INFO] [stdout] test extract::walker::tests::infer_type_from_let_bindings_explicit_annotation ... ok
[INFO] [stdout] test extract::concept::html::tests::extracts_links_as_mentions ... ok
[INFO] [stdout] test extract::walker::tests::infer_type_from_let_bindings_struct_literal ... ok
[INFO] [stdout] test extract::walker::tests::infer_type_from_let_bindings_no_match ... ok
[INFO] [stdout] test extract::walker::tests::module_stem_uses_parent_for_container_files ... ok
[INFO] [stdout] test extract::walker::tests::ignores_placeholder_targets_and_test_to_test_calls ... ok
[INFO] [stdout] test extract::ast::language_registry::tests::bundled_toml_parses_cleanly ... ok
[INFO] [stdout] test extract::walker::tests::relevance_filters_event_paths ... ok
[INFO] [stdout] test extract::walker::tests::extracts_plain_javascript_files ... ok
[INFO] [stdout] test extract::walker::tests::python_pipeline_marks_tests_and_derives_edges ... ok
[INFO] [stdout] test extract::walker::tests::resolver_uses_imports_to_disambiguate ... ok
[INFO] [stdout] test extract::walker::tests::extract_directory_honors_gitignore ... ok
[INFO] [stdout] test extract::walker::tests::extract_directory_honors_nested_ariadneignore ... ok
[INFO] [stdout] test extract::walker::tests::should_suppress_call_placeholder_works ... ok
[INFO] [stdout] test extract::walker::tests::suppresses_low_signal_call_placeholders_before_resolution ... ok
[INFO] [stdout] test extract::walker::tests::tier3b_scoped_prefix_picks_closest_module ... ok
[INFO] [stdout] test extract::walker::tests::tier5_same_dir_affinity ... ok
[INFO] [stdout] test extract::walker::tests::tier6_freq_prior_picks_most_called ... ok
[INFO] [stdout] test query::centrality::tests::pagerank_concentrates_on_sinks ... ok
[INFO] [stdout] test query::centrality::tests::pagerank_ignores_unresolved_placeholders ... ok
[INFO] [stdout] test extract::walker::tests::extract_directory_honors_ariadneignore ... ok
[INFO] [stdout] test query::centrality::tests::rank_noise_filters_files_flows_and_placeholders ... ok
[INFO] [stdout] test query::communities::tests::ambiguous_edges_are_ignored ... ok
[INFO] [stdout] test query::communities::tests::cohesion_measures_internal_density ... ok
[INFO] [stdout] test query::communities::tests::community_quality_reports_connectedness_and_modularity ... ok
[INFO] [stdout] test query::communities::tests::infomap_aggregates_two_dense_triangles_through_a_bridge ... ok
[INFO] [stdout] test query::communities::tests::infomap_ambiguous_edges_do_not_glue_clusters ... ok
[INFO] [stdout] test extract::walker::tests::resolver_uses_call_scope_to_disambiguate ... ok
[INFO] [stdout] test extract::walker::tests::rust_pipeline_marks_cfg_test_mod_functions ... ok
[INFO] [stdout] test query::communities::tests::infomap_clusters_dense_pairs ... ok
[INFO] [stdout] test query::communities::tests::infomap_handles_large_dense_chunks ... ok
[INFO] [stdout] test extract::walker::tests::resolver_prefers_file_local_candidate ... ok
[INFO] [stdout] test query::communities::tests::leiden_splits_disconnected_pieces ... ok
[INFO] [stdout] test query::communities::tests::louvain_aggregates_two_dense_triangles_through_a_bridge ... ok
[INFO] [stdout] test query::communities::tests::louvain_clusters_dense_pairs ... ok
[INFO] [stdout] test query::communities::tests::infomap_parallel_matches_sequential ... ok
[INFO] [stdout] test query::counterfactual::tests::clone_preserves_all_edges ... ok
[INFO] [stdout] test query::communities::tests::leiden_parallel_matches_sequential ... ok
[INFO] [stdout] test query::counterfactual::tests::removing_all_edges_breaks_reachability ... ok
[INFO] [stdout] test query::counterfactual::tests::removing_edge_reduces_edge_count ... ok
[INFO] [stdout] test query::counterfactual::tests::counterfactual_preserves_qname_index ... ok
[INFO] [stdout] test query::communities::tests::well_connectedness_zero_disables_threshold ... ok
[INFO] [stdout] test query::dedup::tests::test_dedup_excludes_code_nodes ... ok
[INFO] [stdout] test extract::walker::tests::rust_nested_inner_fn_qualified_under_outer ... ok
[INFO] [stdout] test query::centrality::tests::personalization_biases_toward_seed_neighborhood ... ok
[INFO] [stdout] test query::dedup::tests::test_entropy_gate ... ok
[INFO] [stdout] test query::dedup::tests::test_lsh_index ... ok
[INFO] [stdout] test query::dedup::tests::test_minhash_jaccard_exact_match ... ok
[INFO] [stdout] test extract::walker::tests::nested_ariadneignore_can_reinclude_file_patterns ... FAILED
[INFO] [stdout] test query::communities::tests::infomap_splits_disconnected_pieces ... FAILED
[INFO] [stdout] test query::dedup::tests::test_dedup_community_boost ... ok
[INFO] [stdout] test query::dedup::tests::test_shannon_entropy ... ok
[INFO] [stdout] test query::dedup::tests::test_union_find ... ok
[INFO] [stdout] test query::differential::tests::temporal_diff_classifies_validity_windows ... ok
[INFO] [stdout] test query::differential::tests::valid_to_commit_is_still_active_at_that_commit ... ok
[INFO] [stdout] test query::export::tests::graphml_contains_nodes_and_edges ... ok
[INFO] [stdout] test query::export::tests::graphml_escapes_special_chars ... ok
[INFO] [stdout] test query::impact::tests::impact_walks_reverse_calls ... ok
[INFO] [stdout] test query::motifs::tests::diamond_motif_detects_structure ... ok
[INFO] [stdout] test query::motifs::tests::disconnected_graph_no_match ... ok
[INFO] [stdout] test query::motifs::tests::empty_motif_returns_nothing ... ok
[INFO] [stdout] test query::dedup::tests::test_shingle ... ok
[INFO] [stdout] test query::dedup::tests::test_dedup_avoids_self_loops ... ok
[INFO] [stdout] test query::motifs::tests::limit_captures_at_most_n_matches ... ok
[INFO] [stdout] test query::dedup::tests::test_dedup_no_merge_for_dissimilar ... ok
[INFO] [stdout] test query::dedup::tests::test_minhash_jaccard_partial_overlap ... ok
[INFO] [stdout] test query::motifs::tests::find_two_connected_functions ... ok
[INFO] [stdout] test query::motifs::tests::find_three_node_chain ... ok
[INFO] [stdout] test query::motifs::tests::name_contains_filter ... ok
[INFO] [stdout] test query::motifs::tests::min_degree_filter ... ok
[INFO] [stdout] test query::motifs::tests::motif_validation_rejects_duplicate_ids ... ok
[INFO] [stdout] test query::motifs::tests::name_exact_filter ... ok
[INFO] [stdout] test query::motifs::tests::no_match_when_constraint_fails ... ok
[INFO] [stdout] test query::refactor::tests::find_dead_code_excludes_entry_points ... ok
[INFO] [stdout] test query::refactor::tests::find_dead_code_excludes_imported_nodes ... ok
[INFO] [stdout] test query::refactor::tests::find_dead_code_excludes_called_functions ... ok
[INFO] [stdout] test query::motifs::tests::name_regex_filter ... ok
[INFO] [stdout] test query::motifs::tests::node_kind_filter ... ok
[INFO] [stdout] test query::refactor::tests::find_dead_code_excludes_test_files ... ok
[INFO] [stdout] test query::refactor::tests::rename_preview_finds_call_sites ... ok
[INFO] [stdout] test query::refactor::tests::rename_preview_no_calls_returns_definition_only ... ok
[INFO] [stdout] test query::search::tests::fuzzy_search_handles_typos_camel_case_and_acronyms ... ok
[INFO] [stdout] test query::motifs::tests::name_glob_filter ... ok
[INFO] [stdout] test query::search::tests::hybrid_search_boosts_coherent_files ... ok
[INFO] [stdout] test query::search::tests::hybrid_search_penalizes_call_placeholders ... ok
[INFO] [stdout] test query::dedup::tests::test_dedup_rewires_edges ... ok
[INFO] [stdout] test extract::walker::tests::rust_use_declaration_scopes_unqualified_call ... ok
[INFO] [stdout] test query::search::tests::partial_ratio_scores_ascii_windows_without_allocating_strings ... ok
[INFO] [stdout] test query::search::tests::ranked_search_applies_source_saturation_to_repeated_file_hits ... ok
[INFO] [stdout] test query::search::tests::hybrid_search_boosts_identifiers_inside_natural_language ... ok
[INFO] [stdout] test query::search::tests::ranked_search_extracts_identifiers_from_natural_language ... ok
[INFO] [stdout] test query::search::tests::ranked_search_prefers_exact_symbols ... ok
[INFO] [stdout] test query::search::tests::search_normalization_preserves_unicode_identifiers ... ok
[INFO] [stdout] test query::semsearch::tests::cosine_similarity_exact_match_is_1 ... ok
[INFO] [stdout] test query::semsearch::tests::cosine_similarity_orthogonal_is_0 ... ok
[INFO] [stdout] test query::search::tests::hybrid_search_boosts_symbol_definitions ... ok
[INFO] [stdout] test query::search::tests::fts_search_applies_query_kind_boosts ... ok
[INFO] [stdout] test query::search::tests::levenshtein_fast_path_matches_known_distances ... ok
[INFO] [stdout] test query::search::tests::ranked_search_penalizes_test_files_for_generic_queries ... ok
[INFO] [stdout] test query::semsearch::tests::find_related_returns_similar_nodes ... ok
[INFO] [stdout] test query::semsearch::tests::semantic_query_finds_semantic_matches ... ok
[INFO] [stdout] test query::structure::tests::call_resolution_counts_placeholders ... ok
[INFO] [stdout] test store::tests::build_fts5_query_produces_prefix_terms ... ok
[INFO] [stdout] test query::structure::tests::finds_cycle_and_articulation ... ok
[INFO] [stdout] test store::tests::delete_sources_removes_fts_rows ... ok
[INFO] [stdout] test store::tests::fts_search_empty_query_returns_empty ... ok
[INFO] [stdout] test query::search::tests::hybrid_search_penalizes_declaration_and_example_files ... ok
[INFO] [stdout] test query::semsearch::tests::find_related_excludes_file_nodes ... ok
[INFO] [stdout] test query::semsearch::tests::source_text_produces_valid_embeddings ... ok
[INFO] [stdout] test query::search::tests::hybrid_search_uses_semantic_embeddings_when_present ... ok
[INFO] [stdout] test store::tests::fts_search_finds_node_by_name ... ok
[INFO] [stdout] test store::tests::load_temporal_includes_archived_rows ... ok
[INFO] [stdout] test store::tests::fts_search_prefix_match ... ok
[INFO] [stdout] test store::tests::fts_search_multi_word_matches_snake_case ... ok
[INFO] [stdout] test store::tests::rebuild_fts_index_reports_indexed_rows ... ok
[INFO] [stdout] test store::tests::round_trip_in_memory ... ok
[INFO] [stdout] test store::tests::hash_v2_captures_code_aware_semantic_concepts ... ok
[INFO] [stdout] test store::tests::semantic_search_finds_related_terms ... ok
[INFO] [stdout] test query::dedup::tests::test_normalize_label ... ok
[INFO] [stdout] 
[INFO] [stdout] failures:
[INFO] [stdout] 
[INFO] [stdout] ---- extract::walker::tests::nested_ariadneignore_can_reinclude_file_patterns stdout ----
[INFO] [stdout] 
[INFO] [stdout] thread 'extract::walker::tests::nested_ariadneignore_can_reinclude_file_patterns' (2494) panicked at crates/ariadne-graph/src/extract/walker.rs:1202:9:
[INFO] [stdout] assertion `left == right` failed
[INFO] [stdout]   left: 0
[INFO] [stdout]  right: 1
[INFO] [stdout] stack backtrace:
[INFO] [stdout]    0:     0x60df46079b41 - std[73adb7dc35730857]::backtrace_rs::backtrace::libunwind::trace
[INFO] [stdout]                                at /rustc/6b3fa26749ab40e159b2dd5cf577acaaf5902772/library/std/src/../../backtrace/src/backtrace/libunwind.rs:117:9
[INFO] [stdout]    1:     0x60df46079b41 - std[73adb7dc35730857]::backtrace_rs::backtrace::trace_unsynchronized::<std[73adb7dc35730857]::sys::backtrace::_print_fmt::{closure#1}>
[INFO] [stdout]                                at /rustc/6b3fa26749ab40e159b2dd5cf577acaaf5902772/library/std/src/../../backtrace/src/backtrace/mod.rs:66:14
[INFO] [stdout]    2:     0x60df46079b41 - std[73adb7dc35730857]::sys::backtrace::_print_fmt
[INFO] [stdout]                                at /rustc/6b3fa26749ab40e159b2dd5cf577acaaf5902772/library/std/src/sys/backtrace.rs:74:9
[INFO] [stdout]    3:     0x60df46079b41 - <<std[73adb7dc35730857]::sys::backtrace::BacktraceLock>::print::DisplayBacktrace as core[6883ba1bc0fe4ed1]::fmt::Display>::fmt
[INFO] [stdout]                                at /rustc/6b3fa26749ab40e159b2dd5cf577acaaf5902772/library/std/src/sys/backtrace.rs:44:26
[INFO] [stdout]    4:     0x60df4609220a - <core[6883ba1bc0fe4ed1]::fmt::rt::Argument>::fmt
[INFO] [stdout]                                at /rustc/6b3fa26749ab40e159b2dd5cf577acaaf5902772/library/core/src/fmt/rt.rs:152:76
[INFO] [stdout]    5:     0x60df4609220a - core[6883ba1bc0fe4ed1]::fmt::write
[INFO] [stdout]    6:     0x60df4607e8ec - std[73adb7dc35730857]::io::default_write_fmt::<alloc[55a36b64bcbf2c0d]::vec::Vec<u8>>
[INFO] [stdout]                                at /rustc/6b3fa26749ab40e159b2dd5cf577acaaf5902772/library/std/src/io/mod.rs:626:11
[INFO] [stdout]    7:     0x60df4607e8ec - <alloc[55a36b64bcbf2c0d]::vec::Vec<u8> as std[73adb7dc35730857]::io::Write>::write_fmt
[INFO] [stdout]                                at /rustc/6b3fa26749ab40e159b2dd5cf577acaaf5902772/library/std/src/io/mod.rs:1730:13
[INFO] [stdout]    8:     0x60df460551e6 - <std[73adb7dc35730857]::sys::backtrace::BacktraceLock>::print
[INFO] [stdout]                                at /rustc/6b3fa26749ab40e159b2dd5cf577acaaf5902772/library/std/src/sys/backtrace.rs:47:9
[INFO] [stdout]    9:     0x60df460551e6 - std[73adb7dc35730857]::panicking::default_hook::{closure#0}
[INFO] [stdout]                                at /rustc/6b3fa26749ab40e159b2dd5cf577acaaf5902772/library/std/src/panicking.rs:292:27
[INFO] [stdout]   10:     0x60df460708e9 - std[73adb7dc35730857]::panicking::default_hook
[INFO] [stdout]                                at /rustc/6b3fa26749ab40e159b2dd5cf577acaaf5902772/library/std/src/panicking.rs:316:9
[INFO] [stdout]   11:     0x60df45a86c90 - <alloc[55a36b64bcbf2c0d]::boxed::Box<dyn for<'a, 'b> core[6883ba1bc0fe4ed1]::ops::function::Fn<(&'a std[73adb7dc35730857]::panic::PanicHookInfo<'b>,), Output = ()> + core[6883ba1bc0fe4ed1]::marker::Send + core[6883ba1bc0fe4ed1]::marker::Sync> as core[6883ba1bc0fe4ed1]::ops::function::Fn<(&std[73adb7dc35730857]::panic::PanicHookInfo,)>>::call
[INFO] [stdout]                                at /rustc/6b3fa26749ab40e159b2dd5cf577acaaf5902772/library/alloc/src/boxed.rs:2333:9
[INFO] [stdout]   12:     0x60df45a86c90 - test[980ffaebd391d06d]::test_main_inner::<test[980ffaebd391d06d]::test_main_static::{closure#0}>::{closure#0}
[INFO] [stdout]                                at /rustc/6b3fa26749ab40e159b2dd5cf577acaaf5902772/library/test/src/lib.rs:155:21
[INFO] [stdout]   13:     0x60df46070c12 - <alloc[55a36b64bcbf2c0d]::boxed::Box<dyn for<'a, 'b> core[6883ba1bc0fe4ed1]::ops::function::Fn<(&'a std[73adb7dc35730857]::panic::PanicHookInfo<'b>,), Output = ()> + core[6883ba1bc0fe4ed1]::marker::Send + core[6883ba1bc0fe4ed1]::marker::Sync> as core[6883ba1bc0fe4ed1]::ops::function::Fn<(&std[73adb7dc35730857]::panic::PanicHookInfo,)>>::call
[INFO] [stdout]                                at /rustc/6b3fa26749ab40e159b2dd5cf577acaaf5902772/library/alloc/src/boxed.rs:2333:9
[INFO] [stdout]   14:     0x60df46070c12 - std[73adb7dc35730857]::panicking::panic_with_hook
[INFO] [stdout]                                at /rustc/6b3fa26749ab40e159b2dd5cf577acaaf5902772/library/std/src/panicking.rs:823:13
[INFO] [stdout]   15:     0x60df46055292 - std[73adb7dc35730857]::panicking::panic_handler::{closure#0}
[INFO] [stdout]                                at /rustc/6b3fa26749ab40e159b2dd5cf577acaaf5902772/library/std/src/panicking.rs:688:13
[INFO] [stdout]   16:     0x60df4604c2d9 - std[73adb7dc35730857]::sys::backtrace::__rust_end_short_backtrace::<std[73adb7dc35730857]::panicking::panic_handler::{closure#0}, !>
[INFO] [stdout]                                at /rustc/6b3fa26749ab40e159b2dd5cf577acaaf5902772/library/std/src/sys/backtrace.rs:182:18
[INFO] [stdout]   17:     0x60df46055f9d - __rustc[a7b7b02e776dd976]::rust_begin_unwind
[INFO] [stdout]                                at /rustc/6b3fa26749ab40e159b2dd5cf577acaaf5902772/library/std/src/panicking.rs:679:5
[INFO] [stdout]   18:     0x60df46092abc - core[6883ba1bc0fe4ed1]::panicking::panic_fmt
[INFO] [stdout]                                at /rustc/6b3fa26749ab40e159b2dd5cf577acaaf5902772/library/core/src/panicking.rs:80:14
[INFO] [stdout]   19:     0x60df46092943 - core[6883ba1bc0fe4ed1]::panicking::assert_failed_inner
[INFO] [stdout]                                at /rustc/6b3fa26749ab40e159b2dd5cf577acaaf5902772/library/core/src/panicking.rs:439:17
[INFO] [stdout]   20:     0x60df4608c70d - core[6883ba1bc0fe4ed1]::panicking::assert_failed::<usize, usize>
[INFO] [stdout]                                at /rustc/6b3fa26749ab40e159b2dd5cf577acaaf5902772/library/core/src/panicking.rs:394:5
[INFO] [stdout]   21:     0x60df45766aa5 - ariadne_graph[4bd5c150c31f2364]::extract::walker::tests::nested_ariadneignore_can_reinclude_file_patterns
[INFO] [stdout]                                at /opt/rustwide/workdir/crates/ariadne-graph/src/extract/walker.rs:1202:9
[INFO] [stdout]   22:     0x60df4573da17 - ariadne_graph[4bd5c150c31f2364]::extract::walker::tests::nested_ariadneignore_can_reinclude_file_patterns::{closure#0}
[INFO] [stdout]                                at /opt/rustwide/workdir/crates/ariadne-graph/src/extract/walker.rs:1184:58
[INFO] [stdout]   23:     0x60df45548486 - <ariadne_graph[4bd5c150c31f2364]::extract::walker::tests::nested_ariadneignore_can_reinclude_file_patterns::{closure#0} as core[6883ba1bc0fe4ed1]::ops::function::FnOnce<()>>::call_once
[INFO] [stdout]                                at /rustc/6b3fa26749ab40e159b2dd5cf577acaaf5902772/library/core/src/ops/function.rs:250:5
[INFO] [stdout]   24:     0x60df45a79fcb - <fn() -> core[6883ba1bc0fe4ed1]::result::Result<(), alloc[55a36b64bcbf2c0d]::string::String> as core[6883ba1bc0fe4ed1]::ops::function::FnOnce<()>>::call_once
[INFO] [stdout]                                at /rustc/6b3fa26749ab40e159b2dd5cf577acaaf5902772/library/core/src/ops/function.rs:250:5
[INFO] [stdout]   25:     0x60df45a79fcb - test[980ffaebd391d06d]::__rust_begin_short_backtrace::<core[6883ba1bc0fe4ed1]::result::Result<(), alloc[55a36b64bcbf2c0d]::string::String>, fn() -> core[6883ba1bc0fe4ed1]::result::Result<(), alloc[55a36b64bcbf2c0d]::string::String>>
[INFO] [stdout]                                at /rustc/6b3fa26749ab40e159b2dd5cf577acaaf5902772/library/test/src/lib.rs:724:18
[INFO] [stdout]   26:     0x60df45a87615 - test[980ffaebd391d06d]::run_test_in_process::{closure#0}
[INFO] [stdout]                                at /rustc/6b3fa26749ab40e159b2dd5cf577acaaf5902772/library/test/src/lib.rs:747:74
[INFO] [stdout]   27:     0x60df45a87615 - <core[6883ba1bc0fe4ed1]::panic::unwind_safe::AssertUnwindSafe<test[980ffaebd391d06d]::run_test_in_process::{closure#0}> as core[6883ba1bc0fe4ed1]::ops::function::FnOnce<()>>::call_once
[INFO] [stdout]                                at /rustc/6b3fa26749ab40e159b2dd5cf577acaaf5902772/library/core/src/panic/unwind_safe.rs:275:9
[INFO] [stdout]   28:     0x60df45a87615 - std[73adb7dc35730857]::panicking::catch_unwind::do_call::<core[6883ba1bc0fe4ed1]::panic::unwind_safe::AssertUnwindSafe<test[980ffaebd391d06d]::run_test_in_process::{closure#0}>, core[6883ba1bc0fe4ed1]::result::Result<(), alloc[55a36b64bcbf2c0d]::string::String>>
[INFO] [stdout]                                at /rustc/6b3fa26749ab40e159b2dd5cf577acaaf5902772/library/std/src/panicking.rs:576:43
[INFO] [stdout]   29:     0x60df45a87615 - std[73adb7dc35730857]::panicking::catch_unwind::<core[6883ba1bc0fe4ed1]::result::Result<(), alloc[55a36b64bcbf2c0d]::string::String>, core[6883ba1bc0fe4ed1]::panic::unwind_safe::AssertUnwindSafe<test[980ffaebd391d06d]::run_test_in_process::{closure#0}>>
[INFO] [stdout]                                at /rustc/6b3fa26749ab40e159b2dd5cf577acaaf5902772/library/std/src/panicking.rs:544:19
[INFO] [stdout]   30:     0x60df45a87615 - std[73adb7dc35730857]::panic::catch_unwind::<core[6883ba1bc0fe4ed1]::panic::unwind_safe::AssertUnwindSafe<test[980ffaebd391d06d]::run_test_in_process::{closure#0}>, core[6883ba1bc0fe4ed1]::result::Result<(), alloc[55a36b64bcbf2c0d]::string::String>>
[INFO] [stdout]                                at /rustc/6b3fa26749ab40e159b2dd5cf577acaaf5902772/library/std/src/panic.rs:359:14
[INFO] [stdout]   31:     0x60df45a87615 - test[980ffaebd391d06d]::run_test_in_process
[INFO] [stdout]                                at /rustc/6b3fa26749ab40e159b2dd5cf577acaaf5902772/library/test/src/lib.rs:747:27
[INFO] [stdout]   32:     0x60df45a87615 - test[980ffaebd391d06d]::run_test::{closure#0}
[INFO] [stdout]                                at /rustc/6b3fa26749ab40e159b2dd5cf577acaaf5902772/library/test/src/lib.rs:668:43
[INFO] [stdout]   33:     0x60df45a820c4 - test[980ffaebd391d06d]::run_test::{closure#1}
[INFO] [stdout]                                at /rustc/6b3fa26749ab40e159b2dd5cf577acaaf5902772/library/test/src/lib.rs:698:41
[INFO] [stdout]   34:     0x60df45a820c4 - std[73adb7dc35730857]::sys::backtrace::__rust_begin_short_backtrace::<test[980ffaebd391d06d]::run_test::{closure#1}, ()>
[INFO] [stdout]                                at /rustc/6b3fa26749ab40e159b2dd5cf577acaaf5902772/library/std/src/sys/backtrace.rs:166:18
[INFO] [stdout]   35:     0x60df45a8a762 - std[73adb7dc35730857]::thread::lifecycle::spawn_unchecked::<test[980ffaebd391d06d]::run_test::{closure#1}, ()>::{closure#1}::{closure#0}
[INFO] [stdout]                                at /rustc/6b3fa26749ab40e159b2dd5cf577acaaf5902772/library/std/src/thread/lifecycle.rs:70:13
[INFO] [stdout]   36:     0x60df45a8a762 - <core[6883ba1bc0fe4ed1]::panic::unwind_safe::AssertUnwindSafe<std[73adb7dc35730857]::thread::lifecycle::spawn_unchecked<test[980ffaebd391d06d]::run_test::{closure#1}, ()>::{closure#1}::{closure#0}> as core[6883ba1bc0fe4ed1]::ops::function::FnOnce<()>>::call_once
[INFO] [stdout]                                at /rustc/6b3fa26749ab40e159b2dd5cf577acaaf5902772/library/core/src/panic/unwind_safe.rs:275:9
[INFO] [stdout]   37:     0x60df45a8a762 - std[73adb7dc35730857]::panicking::catch_unwind::do_call::<core[6883ba1bc0fe4ed1]::panic::unwind_safe::AssertUnwindSafe<std[73adb7dc35730857]::thread::lifecycle::spawn_unchecked<test[980ffaebd391d06d]::run_test::{closure#1}, ()>::{closure#1}::{closure#0}>, ()>
[INFO] [stdout]                                at /rustc/6b3fa26749ab40e159b2dd5cf577acaaf5902772/library/std/src/panicking.rs:576:43
[INFO] [stdout]   38:     0x60df45a8a762 - std[73adb7dc35730857]::panicking::catch_unwind::<(), core[6883ba1bc0fe4ed1]::panic::unwind_safe::AssertUnwindSafe<std[73adb7dc35730857]::thread::lifecycle::spawn_unchecked<test[980ffaebd391d06d]::run_test::{closure#1}, ()>::{closure#1}::{closure#0}>>
[INFO] [stdout]                                at /rustc/6b3fa26749ab40e159b2dd5cf577acaaf5902772/library/std/src/panicking.rs:544:19
[INFO] [stdout]   39:     0x60df45a8a762 - std[73adb7dc35730857]::panic::catch_unwind::<core[6883ba1bc0fe4ed1]::panic::unwind_safe::AssertUnwindSafe<std[73adb7dc35730857]::thread::lifecycle::spawn_unchecked<test[980ffaebd391d06d]::run_test::{closure#1}, ()>::{closure#1}::{closure#0}>, ()>
[INFO] [stdout]                                at /rustc/6b3fa26749ab40e159b2dd5cf577acaaf5902772/library/std/src/panic.rs:359:14
[INFO] [stdout]   40:     0x60df45a8a762 - std[73adb7dc35730857]::thread::lifecycle::spawn_unchecked::<test[980ffaebd391d06d]::run_test::{closure#1}, ()>::{closure#1}
[INFO] [stdout]                                at /rustc/6b3fa26749ab40e159b2dd5cf577acaaf5902772/library/std/src/thread/lifecycle.rs:68:26
[INFO] [stdout]   41:     0x60df45a8a762 - <std[73adb7dc35730857]::thread::lifecycle::spawn_unchecked<test[980ffaebd391d06d]::run_test::{closure#1}, ()>::{closure#1} as core[6883ba1bc0fe4ed1]::ops::function::FnOnce<()>>::call_once::{shim:vtable#0}
[INFO] [stdout]                                at /rustc/6b3fa26749ab40e159b2dd5cf577acaaf5902772/library/core/src/ops/function.rs:250:5
[INFO] [stdout]   42:     0x60df46078e1f - <alloc[55a36b64bcbf2c0d]::boxed::Box<dyn core[6883ba1bc0fe4ed1]::ops::function::FnOnce<(), Output = ()> + core[6883ba1bc0fe4ed1]::marker::Send> as core[6883ba1bc0fe4ed1]::ops::function::FnOnce<()>>::call_once
[INFO] [stdout]                                at /rustc/6b3fa26749ab40e159b2dd5cf577acaaf5902772/library/alloc/src/boxed.rs:2319:9
[INFO] [stdout]   43:     0x60df46078e1f - <std[73adb7dc35730857]::sys::thread::unix::Thread>::new::thread_start
[INFO] [stdout]                                at /rustc/6b3fa26749ab40e159b2dd5cf577acaaf5902772/library/std/src/sys/thread/unix.rs:123:17
[INFO] [stdout]   44:     0x75b43a8a5aa4 - <unknown>
[INFO] [stdout]   45:     0x75b43a932a64 - clone
[INFO] [stdout]   46:                0x0 - <unknown>
[INFO] [stdout] 
[INFO] [stdout] ---- query::communities::tests::infomap_splits_disconnected_pieces stdout ----
[INFO] [stdout] 
[INFO] [stdout] thread 'query::communities::tests::infomap_splits_disconnected_pieces' (2528) panicked at crates/ariadne-graph/src/query/communities/mod.rs:515:9:
[INFO] [stdout] assertion `left == right` failed
[INFO] [stdout]   left: 2
[INFO] [stdout]  right: 0
[INFO] [stdout] stack backtrace:
[INFO] [stdout]    0:     0x60df46079b41 - std[73adb7dc35730857]::backtrace_rs::backtrace::libunwind::trace
[INFO] [stdout]                                at /rustc/6b3fa26749ab40e159b2dd5cf577acaaf5902772/library/std/src/../../backtrace/src/backtrace/libunwind.rs:117:9
[INFO] [stdout]    1:     0x60df46079b41 - std[73adb7dc35730857]::backtrace_rs::backtrace::trace_unsynchronized::<std[73adb7dc35730857]::sys::backtrace::_print_fmt::{closure#1}>
[INFO] [stdout]                                at /rustc/6b3fa26749ab40e159b2dd5cf577acaaf5902772/library/std/src/../../backtrace/src/backtrace/mod.rs:66:14
[INFO] [stdout]    2:     0x60df46079b41 - std[73adb7dc35730857]::sys::backtrace::_print_fmt
[INFO] [stdout]                                at /rustc/6b3fa26749ab40e159b2dd5cf577acaaf5902772/library/std/src/sys/backtrace.rs:74:9
[INFO] [stdout]    3:     0x60df46079b41 - <<std[73adb7dc35730857]::sys::backtrace::BacktraceLock>::print::DisplayBacktrace as core[6883ba1bc0fe4ed1]::fmt::Display>::fmt
[INFO] [stdout]                                at /rustc/6b3fa26749ab40e159b2dd5cf577acaaf5902772/library/std/src/sys/backtrace.rs:44:26
[INFO] [stdout]    4:     0x60df4609220a - <core[6883ba1bc0fe4ed1]::fmt::rt::Argument>::fmt
[INFO] [stdout]                                at /rustc/6b3fa26749ab40e159b2dd5cf577acaaf5902772/library/core/src/fmt/rt.rs:152:76
[INFO] [stdout]    5:     0x60df4609220a - core[6883ba1bc0fe4ed1]::fmt::write
[INFO] [stdout]    6:     0x60df4607e8ec - std[73adb7dc35730857]::io::default_write_fmt::<alloc[55a36b64bcbf2c0d]::vec::Vec<u8>>
[INFO] [stdout]                                at /rustc/6b3fa26749ab40e159b2dd5cf577acaaf5902772/library/std/src/io/mod.rs:626:11
[INFO] [stdout]    7:     0x60df4607e8ec - <alloc[55a36b64bcbf2c0d]::vec::Vec<u8> as std[73adb7dc35730857]::io::Write>::write_fmt
[INFO] [stdout]                                at /rustc/6b3fa26749ab40e159b2dd5cf577acaaf5902772/library/std/src/io/mod.rs:1730:13
[INFO] [stdout]    8:     0x60df460551e6 - <std[73adb7dc35730857]::sys::backtrace::BacktraceLock>::print
[INFO] [stdout]                                at /rustc/6b3fa26749ab40e159b2dd5cf577acaaf5902772/library/std/src/sys/backtrace.rs:47:9
[INFO] [stdout]    9:     0x60df460551e6 - std[73adb7dc35730857]::panicking::default_hook::{closure#0}
[INFO] [stdout]                                at /rustc/6b3fa26749ab40e159b2dd5cf577acaaf5902772/library/std/src/panicking.rs:292:27
[INFO] [stdout]   10:     0x60df460708e9 - std[73adb7dc35730857]::panicking::default_hook
[INFO] [stdout]                                at /rustc/6b3fa26749ab40e159b2dd5cf577acaaf5902772/library/std/src/panicking.rs:316:9
[INFO] [stdout]   11:     0x60df45a86c90 - <alloc[55a36b64bcbf2c0d]::boxed::Box<dyn for<'a, 'b> core[6883ba1bc0fe4ed1]::ops::function::Fn<(&'a std[73adb7dc35730857]::panic::PanicHookInfo<'b>,), Output = ()> + core[6883ba1bc0fe4ed1]::marker::Send + core[6883ba1bc0fe4ed1]::marker::Sync> as core[6883ba1bc0fe4ed1]::ops::function::Fn<(&std[73adb7dc35730857]::panic::PanicHookInfo,)>>::call
[INFO] [stdout]                                at /rustc/6b3fa26749ab40e159b2dd5cf577acaaf5902772/library/alloc/src/boxed.rs:2333:9
[INFO] [stdout]   12:     0x60df45a86c90 - test[980ffaebd391d06d]::test_main_inner::<test[980ffaebd391d06d]::test_main_static::{closure#0}>::{closure#0}
[INFO] [stdout]                                at /rustc/6b3fa26749ab40e159b2dd5cf577acaaf5902772/library/test/src/lib.rs:155:21
[INFO] [stdout]   13:     0x60df46070c12 - <alloc[55a36b64bcbf2c0d]::boxed::Box<dyn for<'a, 'b> core[6883ba1bc0fe4ed1]::ops::function::Fn<(&'a std[73adb7dc35730857]::panic::PanicHookInfo<'b>,), Output = ()> + core[6883ba1bc0fe4ed1]::marker::Send + core[6883ba1bc0fe4ed1]::marker::Sync> as core[6883ba1bc0fe4ed1]::ops::function::Fn<(&std[73adb7dc35730857]::panic::PanicHookInfo,)>>::call
[INFO] [stdout]                                at /rustc/6b3fa26749ab40e159b2dd5cf577acaaf5902772/library/alloc/src/boxed.rs:2333:9
[INFO] [stdout]   14:     0x60df46070c12 - std[73adb7dc35730857]::panicking::panic_with_hook
[INFO] [stdout]                                at /rustc/6b3fa26749ab40e159b2dd5cf577acaaf5902772/library/std/src/panicking.rs:823:13
[INFO] [stdout]   15:     0x60df46055292 - std[73adb7dc35730857]::panicking::panic_handler::{closure#0}
[INFO] [stdout]                                at /rustc/6b3fa26749ab40e159b2dd5cf577acaaf5902772/library/std/src/panicking.rs:688:13
[INFO] [stdout]   16:     0x60df4604c2d9 - std[73adb7dc35730857]::sys::backtrace::__rust_end_short_backtrace::<std[73adb7dc35730857]::panicking::panic_handler::{closure#0}, !>
[INFO] [stdout]                                at /rustc/6b3fa26749ab40e159b2dd5cf577acaaf5902772/library/std/src/sys/backtrace.rs:182:18
[INFO] [stdout]   17:     0x60df46055f9d - __rustc[a7b7b02e776dd976]::rust_begin_unwind
[INFO] [stdout]                                at /rustc/6b3fa26749ab40e159b2dd5cf577acaaf5902772/library/std/src/panicking.rs:679:5
[INFO] [stdout]   18:     0x60df46092abc - core[6883ba1bc0fe4ed1]::panicking::panic_fmt
[INFO] [stdout]                                at /rustc/6b3fa26749ab40e159b2dd5cf577acaaf5902772/library/core/src/panicking.rs:80:14
[INFO] [stdout]   19:     0x60df46092943 - core[6883ba1bc0fe4ed1]::panicking::assert_failed_inner
[INFO] [stdout]                                at /rustc/6b3fa26749ab40e159b2dd5cf577acaaf5902772/library/core/src/panicking.rs:439:17
[INFO] [stdout]   20:     0x60df4608c70d - core[6883ba1bc0fe4ed1]::panicking::assert_failed::<usize, usize>
[INFO] [stdout]                                at /rustc/6b3fa26749ab40e159b2dd5cf577acaaf5902772/library/core/src/panicking.rs:394:5
[INFO] [stdout]   21:     0x60df45724eca - ariadne_graph[4bd5c150c31f2364]::query::communities::tests::infomap_splits_disconnected_pieces
[INFO] [stdout]                                at /opt/rustwide/workdir/crates/ariadne-graph/src/query/communities/mod.rs:515:9
[INFO] [stdout]   22:     0x60df4571fe17 - ariadne_graph[4bd5c150c31f2364]::query::communities::tests::infomap_splits_disconnected_pieces::{closure#0}
[INFO] [stdout]                                at /opt/rustwide/workdir/crates/ariadne-graph/src/query/communities/mod.rs:504:44
[INFO] [stdout]   23:     0x60df45546946 - <ariadne_graph[4bd5c150c31f2364]::query::communities::tests::infomap_splits_disconnected_pieces::{closure#0} as core[6883ba1bc0fe4ed1]::ops::function::FnOnce<()>>::call_once
[INFO] [stdout]                                at /rustc/6b3fa26749ab40e159b2dd5cf577acaaf5902772/library/core/src/ops/function.rs:250:5
[INFO] [stdout]   24:     0x60df45a79fcb - <fn() -> core[6883ba1bc0fe4ed1]::result::Result<(), alloc[55a36b64bcbf2c0d]::string::String> as core[6883ba1bc0fe4ed1]::ops::function::FnOnce<()>>::call_once
[INFO] [stdout]                                at /rustc/6b3fa26749ab40e159b2dd5cf577acaaf5902772/library/core/src/ops/function.rs:250:5
[INFO] [stdout]   25:     0x60df45a79fcb - test[980ffaebd391d06d]::__rust_begin_short_backtrace::<core[6883ba1bc0fe4ed1]::result::Result<(), alloc[55a36b64bcbf2c0d]::string::String>, fn() -> core[6883ba1bc0fe4ed1]::result::Result<(), alloc[55a36b64bcbf2c0d]::string::String>>
[INFO] [stdout]                                at /rustc/6b3fa26749ab40e159b2dd5cf577acaaf5902772/library/test/src/lib.rs:724:18
[INFO] [stdout]   26:     0x60df45a87615 - test[980ffaebd391d06d]::run_test_in_process::{closure#0}
[INFO] [stdout]                                at /rustc/6b3fa26749ab40e159b2dd5cf577acaaf5902772/library/test/src/lib.rs:747:74
[INFO] [stdout]   27:     0x60df45a87615 - <core[6883ba1bc0fe4ed1]::panic::unwind_safe::AssertUnwindSafe<test[980ffaebd391d06d]::run_test_in_process::{closure#0}> as core[6883ba1bc0fe4ed1]::ops::function::FnOnce<()>>::call_once
[INFO] [stdout]                                at /rustc/6b3fa26749ab40e159b2dd5cf577acaaf5902772/library/core/src/panic/unwind_safe.rs:275:9
[INFO] [stdout]   28:     0x60df45a87615 - std[73adb7dc35730857]::panicking::catch_unwind::do_call::<core[6883ba1bc0fe4ed1]::panic::unwind_safe::AssertUnwindSafe<test[980ffaebd391d06d]::run_test_in_process::{closure#0}>, core[6883ba1bc0fe4ed1]::result::Result<(), alloc[55a36b64bcbf2c0d]::string::String>>
[INFO] [stdout]                                at /rustc/6b3fa26749ab40e159b2dd5cf577acaaf5902772/library/std/src/panicking.rs:576:43
[INFO] [stdout]   29:     0x60df45a87615 - std[73adb7dc35730857]::panicking::catch_unwind::<core[6883ba1bc0fe4ed1]::result::Result<(), alloc[55a36b64bcbf2c0d]::string::String>, core[6883ba1bc0fe4ed1]::panic::unwind_safe::AssertUnwindSafe<test[980ffaebd391d06d]::run_test_in_process::{closure#0}>>
[INFO] [stdout]                                at /rustc/6b3fa26749ab40e159b2dd5cf577acaaf5902772/library/std/src/panicking.rs:544:19
[INFO] [stdout]   30:     0x60df45a87615 - std[73adb7dc35730857]::panic::catch_unwind::<core[6883ba1bc0fe4ed1]::panic::unwind_safe::AssertUnwindSafe<test[980ffaebd391d06d]::run_test_in_process::{closure#0}>, core[6883ba1bc0fe4ed1]::result::Result<(), alloc[55a36b64bcbf2c0d]::string::String>>
[INFO] [stdout]                                at /rustc/6b3fa26749ab40e159b2dd5cf577acaaf5902772/library/std/src/panic.rs:359:14
[INFO] [stdout]   31:     0x60df45a87615 - test[980ffaebd391d06d]::run_test_in_process
[INFO] [stdout]                                at /rustc/6b3fa26749ab40e159b2dd5cf577acaaf5902772/library/test/src/lib.rs:747:27
[INFO] [stdout]   32:     0x60df45a87615 - test[980ffaebd391d06d]::run_test::{closure#0}
[INFO] [stdout]                                at /rustc/6b3fa26749ab40e159b2dd5cf577acaaf5902772/library/test/src/lib.rs:668:43
[INFO] [stdout]   33:     0x60df45a820c4 - test[980ffaebd391d06d]::run_test::{closure#1}
[INFO] [stdout]                                at /rustc/6b3fa26749ab40e159b2dd5cf577acaaf5902772/library/test/src/lib.rs:698:41
[INFO] [stdout]   34:     0x60df45a820c4 - std[73adb7dc35730857]::sys::backtrace::__rust_begin_short_backtrace::<test[980ffaebd391d06d]::run_test::{closure#1}, ()>
[INFO] [stdout]                                at /rustc/6b3fa26749ab40e159b2dd5cf577acaaf5902772/library/std/src/sys/backtrace.rs:166:18
[INFO] [stdout]   35:     0x60df45a8a762 - std[73adb7dc35730857]::thread::lifecycle::spawn_unchecked::<test[980ffaebd391d06d]::run_test::{closure#1}, ()>::{closure#1}::{closure#0}
[INFO] [stdout]                                at /rustc/6b3fa26749ab40e159b2dd5cf577acaaf5902772/library/std/src/thread/lifecycle.rs:70:13
[INFO] [stdout]   36:     0x60df45a8a762 - <core[6883ba1bc0fe4ed1]::panic::unwind_safe::AssertUnwindSafe<std[73adb7dc35730857]::thread::lifecycle::spawn_unchecked<test[980ffaebd391d06d]::run_test::{closure#1}, ()>::{closure#1}::{closure#0}> as core[6883ba1bc0fe4ed1]::ops::function::FnOnce<()>>::call_once
[INFO] [stdout]                                at /rustc/6b3fa26749ab40e159b2dd5cf577acaaf5902772/library/core/src/panic/unwind_safe.rs:275:9
[INFO] [stdout]   37:     0x60df45a8a762 - std[73adb7dc35730857]::panicking::catch_unwind::do_call::<core[6883ba1bc0fe4ed1]::panic::unwind_safe::AssertUnwindSafe<std[73adb7dc35730857]::thread::lifecycle::spawn_unchecked<test[980ffaebd391d06d]::run_test::{closure#1}, ()>::{closure#1}::{closure#0}>, ()>
[INFO] [stdout]                                at /rustc/6b3fa26749ab40e159b2dd5cf577acaaf5902772/library/std/src/panicking.rs:576:43
[INFO] [stdout]   38:     0x60df45a8a762 - std[73adb7dc35730857]::panicking::catch_unwind::<(), core[6883ba1bc0fe4ed1]::panic::unwind_safe::AssertUnwindSafe<std[73adb7dc35730857]::thread::lifecycle::spawn_unchecked<test[980ffaebd391d06d]::run_test::{closure#1}, ()>::{closure#1}::{closure#0}>>
[INFO] [stdout]                                at /rustc/6b3fa26749ab40e159b2dd5cf577acaaf5902772/library/std/src/panicking.rs:544:19
[INFO] [stdout]   39:     0x60df45a8a762 - std[73adb7dc35730857]::panic::catch_unwind::<core[6883ba1bc0fe4ed1]::panic::unwind_safe::AssertUnwindSafe<std[73adb7dc35730857]::thread::lifecycle::spawn_unchecked<test[980ffaebd391d06d]::run_test::{closure#1}, ()>::{closure#1}::{closure#0}>, ()>
[INFO] [stdout]                                at /rustc/6b3fa26749ab40e159b2dd5cf577acaaf5902772/library/std/src/panic.rs:359:14
[INFO] [stdout]   40:     0x60df45a8a762 - std[73adb7dc35730857]::thread::lifecycle::spawn_unchecked::<test[980ffaebd391d06d]::run_test::{closure#1}, ()>::{closure#1}
[INFO] [stdout]                                at /rustc/6b3fa26749ab40e159b2dd5cf577acaaf5902772/library/std/src/thread/lifecycle.rs:68:26
[INFO] [stdout]   41:     0x60df45a8a762 - <std[73adb7dc35730857]::thread::lifecycle::spawn_unchecked<test[980ffaebd391d06d]::run_test::{closure#1}, ()>::{closure#1} as core[6883ba1bc0fe4ed1]::ops::function::FnOnce<()>>::call_once::{shim:vtable#0}
[INFO] [stdout]                                at /rustc/6b3fa26749ab40e159b2dd5cf577acaaf5902772/library/core/src/ops/function.rs:250:5
[INFO] [stdout]   42:     0x60df46078e1f - <alloc[55a36b64bcbf2c0d]::boxed::Box<dyn core[6883ba1bc0fe4ed1]::ops::function::FnOnce<(), Output = ()> + core[6883ba1bc0fe4ed1]::marker::Send> as core[6883ba1bc0fe4ed1]::ops::function::FnOnce<()>>::call_once
[INFO] [stdout]                                at /rustc/6b3fa26749ab40e159b2dd5cf577acaaf5902772/library/alloc/src/boxed.rs:2319:9
[INFO] [stdout]   43:     0x60df46078e1f - <std[73adb7dc35730857]::sys::thread::unix::Thread>::new::thread_start
[INFO] [stdout]                                at /rustc/6b3fa26749ab40e159b2dd5cf577acaaf5902772/library/std/src/sys/thread/unix.rs:123:17
[INFO] [stdout]   44:     0x75b43a8a5aa4 - <unknown>
[INFO] [stdout]   45:     0x75b43a932a64 - clone
[INFO] [stdout]   46:                0x0 - <unknown>
[INFO] [stdout] 
[INFO] [stdout] 
[INFO] [stdout] failures:
[INFO] [stdout]     extract::walker::tests::nested_ariadneignore_can_reinclude_file_patterns
[INFO] [stdout]     query::communities::tests::infomap_splits_disconnected_pieces
[INFO] [stdout] 
[INFO] [stdout] test result: FAILED. 166 passed; 2 failed; 0 ignored; 0 measured; 0 filtered out; finished in 1.00s
[INFO] [stdout] 
[INFO] [stderr] error: test failed, to rerun pass `--lib`
[INFO] running `Command { std: "docker" "inspect" "e780ed9cf2361c981e18e698c42b767bc1bd909b5869bc2e6dc4ee5c4cbb0848", kill_on_drop: false }`
[INFO] running `Command { std: "docker" "rm" "-f" "e780ed9cf2361c981e18e698c42b767bc1bd909b5869bc2e6dc4ee5c4cbb0848", kill_on_drop: false }`
[INFO] [stdout] e780ed9cf2361c981e18e698c42b767bc1bd909b5869bc2e6dc4ee5c4cbb0848
