[INFO] cloning repository https://github.com/loyality7/n0ne
[INFO] running `Command { std: "git" "-c" "credential.helper=" "-c" "credential.helper=/workspace/cargo-home/bin/git-credential-null" "clone" "--bare" "https://github.com/loyality7/n0ne" "/workspace/cache/git-repos/https%3A%2F%2Fgithub.com%2Floyality7%2Fn0ne", kill_on_drop: false }`
[INFO] [stderr] Cloning into bare repository '/workspace/cache/git-repos/https%3A%2F%2Fgithub.com%2Floyality7%2Fn0ne'...
[INFO] running `Command { std: "git" "rev-parse" "HEAD", kill_on_drop: false }`
[INFO] [stdout] 437d7cf2e6cc6c2d091d3b8c0e1fa1c5a956a600
[INFO] testing loyality7/n0ne against 1.98.0-beta.1 for beta-1.98-2
[INFO] running `Command { std: "git" "clone" "/workspace/cache/git-repos/https%3A%2F%2Fgithub.com%2Floyality7%2Fn0ne" "/workspace/builds/worker-6-tc2/source", kill_on_drop: false }`
[INFO] [stderr] Cloning into '/workspace/builds/worker-6-tc2/source'...
[INFO] [stderr] done.
[INFO] removed /workspace/builds/worker-6-tc2/source/rust-toolchain.toml
[INFO] started tweaking git repo https://github.com/loyality7/n0ne
[INFO] finished tweaking git repo https://github.com/loyality7/n0ne
[INFO] tweaked toml for git repo https://github.com/loyality7/n0ne written to /workspace/builds/worker-6-tc2/source/Cargo.toml
[INFO] validating manifest of git repo https://github.com/loyality7/n0ne on toolchain 1.98.0-beta.1
[INFO] running `Command { std: CARGO_HOME="/workspace/cargo-home" RUSTUP_HOME="/workspace/rustup-home" "/workspace/cargo-home/bin/cargo" "+1.98.0-beta.1" "metadata" "--manifest-path" "Cargo.toml" "--no-deps", kill_on_drop: false }`
[INFO] crate git repo https://github.com/loyality7/n0ne already has a lockfile, it will not be regenerated
[INFO] running `Command { std: CARGO_HOME="/workspace/cargo-home" RUSTUP_HOME="/workspace/rustup-home" "/workspace/cargo-home/bin/cargo" "+1.98.0-beta.1" "fetch" "--manifest-path" "Cargo.toml", kill_on_drop: false }`
[INFO] running `Command { std: "docker" "create" "-v" "/var/lib/crater-agent-workspace/builds/worker-6-tc2/source:/opt/rustwide/workdir:ro,Z" "-v" "/var/lib/crater-agent-workspace/builds/worker-6-tc2/target:/opt/rustwide/target:rw,Z" "-v" "/var/lib/crater-agent-workspace/cargo-home:/opt/rustwide/cargo-home:ro,Z" "-v" "/var/lib/crater-agent-workspace/rustup-home:/opt/rustwide/rustup-home:ro,Z" "-m" "1610612736" "--network" "none" "ghcr.io/rust-lang/crates-build-env/linux@sha256:3d5ced03c013a94a2f102a4510f48a6e9184255caf5fd8244f58017bde7f5210" "sleep" "infinity", kill_on_drop: false }`
[INFO] [stdout] 2778327618dbc9b42402aea285af793e84a5ef9dbd2f1103c0cfc5ef8b9470d0
[INFO] running `Command { std: "docker" "start" "2778327618dbc9b42402aea285af793e84a5ef9dbd2f1103c0cfc5ef8b9470d0", kill_on_drop: false }`
[INFO] running `Command { std: "docker" "inspect" "2778327618dbc9b42402aea285af793e84a5ef9dbd2f1103c0cfc5ef8b9470d0", kill_on_drop: false }`
[INFO] running `Command { std: "docker" "exec" "-e" "SOURCE_DIR=/opt/rustwide/workdir" "-e" "CARGO_HOME=/opt/rustwide/cargo-home" "-e" "RUSTUP_HOME=/opt/rustwide/rustup-home" "-e" "CARGO_TARGET_DIR=/opt/rustwide/target" "-w" "/opt/rustwide/workdir" "--user" "0:0" "2778327618dbc9b42402aea285af793e84a5ef9dbd2f1103c0cfc5ef8b9470d0" "/opt/rustwide/cargo-home/bin/cargo" "+1.98.0-beta.1" "metadata" "--no-deps" "--format-version=1", kill_on_drop: false }`
[INFO] running `Command { std: "docker" "inspect" "2778327618dbc9b42402aea285af793e84a5ef9dbd2f1103c0cfc5ef8b9470d0", kill_on_drop: false }`
[INFO] running `Command { std: "docker" "exec" "-e" "SOURCE_DIR=/opt/rustwide/workdir" "-e" "CARGO_HOME=/opt/rustwide/cargo-home" "-e" "RUSTUP_HOME=/opt/rustwide/rustup-home" "-e" "CARGO_TARGET_DIR=/opt/rustwide/target" "-e" "CARGO_INCREMENTAL=0" "-e" "RUST_BACKTRACE=full" "-e" "RUSTFLAGS=--cap-lints=warn" "-e" "RUSTDOCFLAGS=--cap-lints=warn" "-w" "/opt/rustwide/workdir" "--user" "0:0" "2778327618dbc9b42402aea285af793e84a5ef9dbd2f1103c0cfc5ef8b9470d0" "/opt/rustwide/cargo-home/bin/cargo" "+1.98.0-beta.1" "build" "--frozen" "--message-format=json", kill_on_drop: false }`
[INFO] [stderr]    Compiling unicode-ident v1.0.24
[INFO] [stderr]    Compiling quote v1.0.45
[INFO] [stderr]    Compiling serde_core v1.0.228
[INFO] [stderr]    Compiling ast v0.1.1 (/opt/rustwide/workdir/compiler/ast)
[INFO] [stderr]    Compiling lexer v0.1.1 (/opt/rustwide/workdir/compiler/lexer)
[INFO] [stderr]    Compiling serde v1.0.228
[INFO] [stderr]    Compiling anstyle v1.0.14
[INFO] [stderr]    Compiling clap_lex v1.1.0
[INFO] [stderr]    Compiling serde_json v1.0.150
[INFO] [stderr]    Compiling memchr v2.8.2
[INFO] [stderr]    Compiling proc-macro2 v1.0.106
[INFO] [stderr]    Compiling clap_builder v4.6.0
[INFO] [stderr]    Compiling parser v0.1.1 (/opt/rustwide/workdir/compiler/parser)
[INFO] [stderr]    Compiling formatter v0.1.1 (/opt/rustwide/workdir/tools/formatter)
[INFO] [stderr]    Compiling sema v0.1.1 (/opt/rustwide/workdir/compiler/sema)
[INFO] [stderr]    Compiling codegen_llvm v0.1.1 (/opt/rustwide/workdir/compiler/codegen/llvm)
[INFO] [stderr]    Compiling syn v2.0.117
[INFO] [stderr]    Compiling serde_derive v1.0.228
[INFO] [stderr]    Compiling clap_derive v4.6.1
[INFO] [stderr]    Compiling clap v4.6.1
[INFO] [stderr]    Compiling n0ne v0.1.1 (/opt/rustwide/workdir/compiler/cli)
[INFO] [stderr]     Finished `dev` profile [unoptimized + debuginfo] target(s) in 12.86s
[INFO] running `Command { std: "docker" "inspect" "2778327618dbc9b42402aea285af793e84a5ef9dbd2f1103c0cfc5ef8b9470d0", kill_on_drop: false }`
[INFO] running `Command { std: "docker" "exec" "-e" "SOURCE_DIR=/opt/rustwide/workdir" "-e" "CARGO_HOME=/opt/rustwide/cargo-home" "-e" "RUSTUP_HOME=/opt/rustwide/rustup-home" "-e" "CARGO_TARGET_DIR=/opt/rustwide/target" "-e" "CARGO_INCREMENTAL=0" "-e" "RUST_BACKTRACE=full" "-e" "RUSTFLAGS=--cap-lints=warn" "-e" "RUSTDOCFLAGS=--cap-lints=warn" "-w" "/opt/rustwide/workdir" "--user" "0:0" "2778327618dbc9b42402aea285af793e84a5ef9dbd2f1103c0cfc5ef8b9470d0" "/opt/rustwide/cargo-home/bin/cargo" "+1.98.0-beta.1" "test" "--frozen" "--no-run" "--message-format=json", kill_on_drop: false }`
[INFO] [stderr]    Compiling rustix v0.38.44
[INFO] [stderr]    Compiling bitflags v2.13.0
[INFO] [stderr]    Compiling linux-raw-sys v0.4.15
[INFO] [stderr]    Compiling fastrand v2.4.1
[INFO] [stderr]    Compiling similar v2.7.0
[INFO] [stderr]    Compiling formatter v0.1.1 (/opt/rustwide/workdir/tools/formatter)
[INFO] [stderr]    Compiling codegen_llvm v0.1.1 (/opt/rustwide/workdir/compiler/codegen/llvm)
[INFO] [stderr]    Compiling sema v0.1.1 (/opt/rustwide/workdir/compiler/sema)
[INFO] [stderr]    Compiling console v0.16.3
[INFO] [stderr]    Compiling parser v0.1.1 (/opt/rustwide/workdir/compiler/parser)
[INFO] [stderr]    Compiling ast v0.1.1 (/opt/rustwide/workdir/compiler/ast)
[INFO] [stderr]    Compiling lexer v0.1.1 (/opt/rustwide/workdir/compiler/lexer)
[INFO] [stderr]    Compiling tempfile v3.12.0
[INFO] [stderr]    Compiling insta v1.48.0
[INFO] [stderr]    Compiling n0ne v0.1.1 (/opt/rustwide/workdir/compiler/cli)
[INFO] [stderr]     Finished `test` profile [unoptimized + debuginfo] target(s) in 9.31s
[INFO] running `Command { std: "docker" "inspect" "2778327618dbc9b42402aea285af793e84a5ef9dbd2f1103c0cfc5ef8b9470d0", kill_on_drop: false }`
[INFO] running `Command { std: "docker" "exec" "-e" "SOURCE_DIR=/opt/rustwide/workdir" "-e" "CARGO_HOME=/opt/rustwide/cargo-home" "-e" "RUSTUP_HOME=/opt/rustwide/rustup-home" "-e" "CARGO_TARGET_DIR=/opt/rustwide/target" "-e" "CARGO_INCREMENTAL=0" "-e" "RUST_BACKTRACE=full" "-e" "RUSTFLAGS=--cap-lints=warn" "-e" "RUSTDOCFLAGS=--cap-lints=warn" "-w" "/opt/rustwide/workdir" "--user" "0:0" "2778327618dbc9b42402aea285af793e84a5ef9dbd2f1103c0cfc5ef8b9470d0" "/opt/rustwide/cargo-home/bin/cargo" "+1.98.0-beta.1" "test" "--frozen", kill_on_drop: false }`
[INFO] [stderr]     Finished `test` profile [unoptimized + debuginfo] target(s) in 0.12s
[INFO] [stderr]      Running unittests src/lib.rs (/opt/rustwide/target/debug/deps/ast-081e7f408330377e)
[INFO] [stderr]      Running unittests src/lib.rs (/opt/rustwide/target/debug/deps/codegen_llvm-84b8e47e2cd3f249)
[INFO] [stdout] 
[INFO] [stdout] running 0 tests
[INFO] [stdout] 
[INFO] [stdout] test result: ok. 0 passed; 0 failed; 0 ignored; 0 measured; 0 filtered out; finished in 0.00s
[INFO] [stdout] 
[INFO] [stdout] 
[INFO] [stdout] running 0 tests
[INFO] [stdout] 
[INFO] [stdout] test result: ok. 0 passed; 0 failed; 0 ignored; 0 measured; 0 filtered out; finished in 0.00s
[INFO] [stdout] 
[INFO] [stderr]      Running unittests src/lib.rs (/opt/rustwide/target/debug/deps/formatter-309af63228f9618d)
[INFO] [stdout] 
[INFO] [stdout] running 5 tests
[INFO] [stdout] test tests::test_format_list_and_map ... ok
[INFO] [stdout] test tests::test_format_type_decl ... ok
[INFO] [stdout] test tests::test_format_fstring ... ok
[INFO] [stdout] test tests::test_format_messy_spaces_and_blank_lines ... ok
[INFO] [stdout] test tests::test_format_fn_args ... ok
[INFO] [stdout] 
[INFO] [stderr]      Running unittests src/lib.rs (/opt/rustwide/target/debug/deps/lexer-4a81783d7d8f0d57)
[INFO] [stdout] test result: ok. 5 passed; 0 failed; 0 ignored; 0 measured; 0 filtered out; finished in 0.00s
[INFO] [stdout] 
[INFO] [stdout] 
[INFO] [stdout] running 13 tests
[INFO] [stdout] test tests::tests::test_comment_stripping ... ok
[INFO] [stdout] test tests::tests::test_keyword ... ok
[INFO] [stdout] test tests::tests::test_fstring_lexer ... ok
[INFO] [stdout] test tests::tests::test_string ... ok
[INFO] [stdout] test tests::tests::test_identifier ... ok
[INFO] [stdout] test tests::tests::test_number_dot_property ... ok
[INFO] [stdout] test tests::tests::test_indent_dedent ... ok
[INFO] [stdout] test tests::tests::test_number ... ok
[INFO] [stdout] test tests::tests::test_operators_delimiters ... ok
[INFO] [stdout] test tests::tests::test_error_on_misaligned_dedent - should panic ... ok
[INFO] [stdout] test tests::tests::test_error_on_invalid_indent - should panic ... ok
[INFO] [stdout] test tests::tests::test_error_on_tab - should panic ... ok
[INFO] [stdout] test tests::tests::test_nested_string_error - should panic ... ok
[INFO] [stdout] 
[INFO] [stdout] test result: ok. 13 passed; 0 failed; 0 ignored; 0 measured; 0 filtered out; finished in 0.06s
[INFO] [stdout] 
[INFO] [stderr]      Running unittests src/main.rs (/opt/rustwide/target/debug/deps/n0ne-165afab6dc2c82c7)
[INFO] [stdout] 
[INFO] [stdout] running 0 tests
[INFO] [stdout] 
[INFO] [stdout] test result: ok. 0 passed; 0 failed; 0 ignored; 0 measured; 0 filtered out; finished in 0.00s
[INFO] [stdout] 
[INFO] [stderr]      Running tests/helpers.rs (/opt/rustwide/target/debug/deps/helpers-125c168a8c649932)
[INFO] [stdout] 
[INFO] [stderr]      Running tests/integration_tests.rs (/opt/rustwide/target/debug/deps/integration_tests-63ce7175339556db)
[INFO] [stdout] running 0 tests
[INFO] [stdout] 
[INFO] [stdout] test result: ok. 0 passed; 0 failed; 0 ignored; 0 measured; 0 filtered out; finished in 0.00s
[INFO] [stdout] 
[INFO] [stdout] 
[INFO] [stdout] running 185 tests
[INFO] [stdout] test integration::default_args_missing_required ... ok
[INFO] [stdout] test integration::break_outside_loop ... ok
[INFO] [stdout] test integration::default_args_type_mismatch ... ok
[INFO] [stdout] test integration::defer_must_be_fn_call ... ok
[INFO] [stdout] test integration::continue_outside_loop ... ok
[INFO] [stdout] test integration::enum_undefined_variant ... ok
[INFO] [stdout] test codegen::snapshot_formatter ... ok
[INFO] [stdout] test codegen::snapshot_hello_world_ir ... ok
[INFO] [stdout] test codegen::snapshot_ast_output ... ok
[INFO] [stdout] test codegen::snapshot_lexer_token_streams ... ok
[INFO] [stdout] test integration::enum_wrong_bindings ... ok
[INFO] [stdout] test integration::enum_basic ... ok
[INFO] [stdout] test integration::enum_with_data ... ok
[INFO] [stdout] test integration::defer_early_return ... ok
[INFO] [stdout] test codegen::perf_compile_time ... ok
[INFO] [stdout] test integration::defer_basic ... ok
[INFO] [stdout] test integration::default_args_multiple ... ok
[INFO] [stdout] test integration::default_args_basic ... ok
[INFO] [stdout] test integration::exit_zero ... ok
[INFO] [stdout] test integration::fn_basic ... ok
[INFO] [stdout] test integration::divide ... ok
[INFO] [stdout] test integration::const_value ... ok
[INFO] [stdout] test integration::guard_must_diverge ... ok
[INFO] [stdout] test codegen::perf_binary_size ... ok
[INFO] [stdout] test integration::empty_string ... ok
[INFO] [stdout] test integration::add ... ok
[INFO] [stdout] test integration::exit_nonzero ... ok
[INFO] [stdout] test integration::fn_multiple_calls ... ok
[INFO] [stdout] test integration::fn_return ... ok
[INFO] [stdout] test integration::for_continue ... ok
[INFO] [stdout] test integration::hello_world ... ok
[INFO] [stdout] test integration::if_true ... ok
[INFO] [stdout] test integration::if_false ... ok
[INFO] [stdout] test integration::fstring_expr ... ok
[INFO] [stdout] test integration::fstring_int ... ok
[INFO] [stdout] test integration::guard_basic ... ok
[INFO] [stdout] test integration::fstring_basic ... ok
[INFO] [stdout] test integration::for_list ... ok
[INFO] [stdout] test integration::for_empty_list ... ok
[INFO] [stdout] test integration::for_break ... ok
[INFO] [stdout] test integration::list_contains_true ... ok
[INFO] [stdout] test integration::if_elif_else ... ok
[INFO] [stdout] test integration::guard_panic ... ok
[INFO] [stdout] test integration::list_contains_false ... ok
[INFO] [stdout] test integration::map_has_false ... ok
[INFO] [stdout] test integration::missing_return ... ok
[INFO] [stdout] test integration::list_literal ... ok
[INFO] [stdout] test integration::list_empty ... ok
[INFO] [stdout] test integration::list_len ... ok
[INFO] [stdout] test integration::list_first ... ok
[INFO] [stdout] test integration::list_hofs ... ok
[INFO] [stdout] test integration::list_push ... ok
[INFO] [stdout] test integration::map_missing_key ... ok
[INFO] [stdout] test integration::list_last ... ok
[INFO] [stdout] test integration::match_no_default_no_match ... ok
[INFO] [stdout] test integration::map_set ... ok
[INFO] [stdout] test integration::map_has_true ... ok
[INFO] [stdout] test integration::map_basic ... ok
[INFO] [stdout] test integration::match_basic ... ok
[INFO] [stdout] test integration::match_string ... ok
[INFO] [stdout] test integration::match_default ... ok
[INFO] [stdout] test integration::modulo ... ok
[INFO] [stdout] test integration::multiline_string ... ok
[INFO] [stdout] test integration::multiply ... ok
[INFO] [stdout] test integration::negative ... ok
[INFO] [stdout] test integration::operator_precedence ... ok
[INFO] [stdout] test integration::parens ... ok
[INFO] [stdout] test integration::pipe_operator ... ok
[INFO] [stdout] test integration::option_none ... ok
[INFO] [stdout] test integration::option_some ... ok
[INFO] [stdout] test integration::result_err ... ok
[INFO] [stdout] test integration::power ... ok
[INFO] [stdout] test integration::recursion_factorial ... ok
[INFO] [stdout] test integration::recursion_fibonacci ... ok
[INFO] [stdout] test integration::result_ok ... ok
[INFO] [stdout] test integration::test_diagnostic_formatting ... ok
[INFO] [stdout] test integration::show_bool ... ok
[INFO] [stdout] test integration::show_float ... ok
[INFO] [stdout] test integration::string_contains_false ... ok
[INFO] [stdout] test integration::string_concat ... ok
[INFO] [stdout] test integration::show_int ... ok
[INFO] [stdout] test integration::string_ends_with ... ok
[INFO] [stdout] test integration::test_integer_overflow_debug ... ok
[INFO] [stdout] test integration::test_lsp_server ... ok
[INFO] [stdout] test integration::string_contains_true ... ok
[INFO] [stdout] test integration::string_len ... ok
[INFO] [stdout] test integration::test_missing_return_paths_hint ... ok
[INFO] [stdout] test integration::string_split ... ok
[INFO] [stdout] test integration::string_lower ... ok
[INFO] [stdout] test integration::string_replace ... ok
[INFO] [stdout] test integration::subtract ... ok
[INFO] [stdout] test integration::string_starts_with ... ok
[INFO] [stdout] test integration::test_division_by_zero_div ... ok
[INFO] [stdout] test integration::test_division_by_zero_mod ... ok
[INFO] [stdout] test integration::test_integer_overflow_release ... ok
[INFO] [stdout] test integration::string_trim ... ok
[INFO] [stdout] test integration::test_list_index_oob ... ok
[INFO] [stdout] test integration::test_list_index_valid ... ok
[INFO] [stdout] test integration::string_upper ... ok
[INFO] [stdout] test integration::test_list_index_negative ... ok
[INFO] [stdout] test integration::test_map_index_missing ... ok
[INFO] [stdout] test integration::test_stdlib_json_encode ... ok
[INFO] [stdout] test integration::test_map_index_valid ... ok
[INFO] [stdout] test integration::test_stdlib_math_ceil ... ok
[INFO] [stdout] test integration::test_stdlib_http_get_timeout ... ok
[INFO] [stdout] test integration::test_stdlib_math_abs ... ok
[INFO] [stdout] test integration::test_stdlib_http_get ... ok
[INFO] [stdout] test integration::test_stdlib_env ... ok
[INFO] [stdout] test integration::test_stdlib_http_post ... FAILED
[INFO] [stdout] test integration::test_stdlib_json_decode ... ok
[INFO] [stdout] test integration::test_stdlib_json_decode_invalid ... ok
[INFO] [stdout] test integration::test_stdlib_http_get_json ... ok
[INFO] [stdout] test integration::test_stdlib_http_error ... ok
[INFO] [stdout] test integration::test_stdlib_math_clamp ... ok
[INFO] [stdout] test integration::test_stdlib_json_decode_nested ... ok
[INFO] [stdout] test integration::test_stdlib_math_e ... ok
[INFO] [stdout] test integration::test_stdlib_math_random_int ... ok
[INFO] [stdout] test integration::test_stdlib_math_min_max ... ok
[INFO] [stdout] test integration::tuple_size_mismatch ... ok
[INFO] [stdout] test integration::test_stdlib_math_floor ... ok
[INFO] [stdout] test integration::tuple_unpack_non_tuple ... ok
[INFO] [stdout] test integration::test_stdlib_math_pi ... ok
[INFO] [stdout] test integration::test_stdlib_process_args ... ok
[INFO] [stdout] test integration::test_stdlib_math_random ... ok
[INFO] [stdout] test integration::test_stdlib_math_sqrt ... ok
[INFO] [stdout] test integration::type_mismatch ... ok
[INFO] [stdout] test integration::undefined_var ... ok
[INFO] [stdout] test integration::test_stdlib_process ... ok
[INFO] [stdout] test integration::test_stdlib_math_round ... ok
[INFO] [stdout] test integration::test_stdlib_process_exit ... ok
[INFO] [stdout] test integration::wrong_arg_count ... ok
[INFO] [stdout] test lexer::test_lexer_comments_stripped ... ok
[INFO] [stdout] test lexer::test_lexer_errors ... ok
[INFO] [stdout] test lexer::test_lexer_indent_dedent ... ok
[INFO] [stdout] test lexer::test_lexer_keywords ... ok
[INFO] [stdout] test lexer::test_lexer_literals ... ok
[INFO] [stdout] test lexer::test_lexer_operators ... ok
[INFO] [stdout] test lexer::test_lexer_two_level_indent ... ok
[INFO] [stdout] test parser::test_parser_assign ... ok
[INFO] [stdout] test parser::test_parser_break_continue ... ok
[INFO] [stdout] test parser::test_parser_const_decl ... ok
[INFO] [stdout] test parser::test_parser_errors ... ok
[INFO] [stdout] test parser::test_parser_field_access_chain ... ok
[INFO] [stdout] test parser::test_parser_fn_decl ... ok
[INFO] [stdout] test parser::test_parser_for_stmt ... ok
[INFO] [stdout] test parser::test_parser_fstring ... ok
[INFO] [stdout] test parser::test_parser_if_stmt ... ok
[INFO] [stdout] test parser::test_parser_match_stmt ... ok
[INFO] [stdout] test parser::test_parser_method_call ... ok
[INFO] [stdout] test parser::test_parser_method_decl ... ok
[INFO] [stdout] test parser::test_parser_multiline_string ... ok
[INFO] [stdout] test parser::test_parser_precedence ... ok
[INFO] [stdout] test parser::test_parser_task_decl ... ok
[INFO] [stdout] test parser::test_parser_try_result ... ok
[INFO] [stdout] test parser::test_parser_type_decl ... ok
[INFO] [stdout] test parser::test_parser_while_stmt ... ok
[INFO] [stdout] test sema::test_sema_e001_type_mismatch ... ok
[INFO] [stdout] test sema::test_sema_e002_undefined_variable ... ok
[INFO] [stdout] test sema::test_sema_e003_undefined_function ... ok
[INFO] [stdout] test sema::test_sema_e004_wrong_arg_count ... ok
[INFO] [stdout] test sema::test_sema_e005_wrong_arg_type ... ok
[INFO] [stdout] test sema::test_sema_e006_missing_return ... ok
[INFO] [stdout] test sema::test_sema_e007_unreachable_code ... ok
[INFO] [stdout] test integration::test_stdlib_time_format ... ok
[INFO] [stdout] test sema::test_sema_e009_circular_import ... ok
[INFO] [stdout] test sema::test_sema_e012_duplicate_name ... ok
[INFO] [stdout] test sema::test_sema_e014_break_outside_loop ... ok
[INFO] [stdout] test sema::test_sema_e015_continue_outside_loop ... ok
[INFO] [stdout] test integration::test_stdlib_time_now ... ok
[INFO] [stdout] test integration::test_stdlib_string_extra ... ok
[INFO] [stdout] test integration::test_stdlib_time_sleep ... ok
[INFO] [stdout] test integration::try_propagate ... ok
[INFO] [stdout] test integration::type_alias_basic ... ok
[INFO] [stdout] test integration::tuple_literal ... ok
[INFO] [stdout] test integration::tuple_basic ... ok
[INFO] [stdout] test integration::type_basic ... ok
[INFO] [stdout] test integration::type_alias_complex ... ok
[INFO] [stdout] test integration::type_method ... ok
[INFO] [stdout] test integration::while_break ... ok
[INFO] [stdout] test integration::while_continue ... ok
[INFO] [stdout] test sema::test_sema_w001_unused_variable ... ok
[INFO] [stdout] test integration::type_method_return ... ok
[INFO] [stdout] test integration::while_basic ... ok
[INFO] [stdout] test sema::test_sema_w002_unused_import ... ok
[INFO] [stdout] test sema::test_sema_valid_programs ... ok
[INFO] [stdout] 
[INFO] [stdout] failures:
[INFO] [stdout] 
[INFO] [stdout] ---- integration::test_stdlib_http_post stdout ----
[INFO] [stdout] 
[INFO] [stdout] thread 'integration::test_stdlib_http_post' (1593) panicked at compiler/cli/tests/integration/mod.rs:777:5:
[INFO] [stdout] assertion `left == right` failed
[INFO] [stdout]   left: ""
[INFO] [stdout]  right: "OK"
[INFO] [stdout] stack backtrace:
[INFO] [stdout]    0:     0x5e586a7cf0d1 - std[73adb7dc35730857]::backtrace_rs::backtrace::libunwind::trace
[INFO] [stdout]                                at /rustc/6b3fa26749ab40e159b2dd5cf577acaaf5902772/library/std/src/../../backtrace/src/backtrace/libunwind.rs:117:9
[INFO] [stdout]    1:     0x5e586a7cf0d1 - std[73adb7dc35730857]::backtrace_rs::backtrace::trace_unsynchronized::<std[73adb7dc35730857]::sys::backtrace::_print_fmt::{closure#1}>
[INFO] [stdout]                                at /rustc/6b3fa26749ab40e159b2dd5cf577acaaf5902772/library/std/src/../../backtrace/src/backtrace/mod.rs:66:14
[INFO] [stdout]    2:     0x5e586a7cf0d1 - std[73adb7dc35730857]::sys::backtrace::_print_fmt
[INFO] [stdout]                                at /rustc/6b3fa26749ab40e159b2dd5cf577acaaf5902772/library/std/src/sys/backtrace.rs:74:9
[INFO] [stdout]    3:     0x5e586a7cf0d1 - <<std[73adb7dc35730857]::sys::backtrace::BacktraceLock>::print::DisplayBacktrace as core[6883ba1bc0fe4ed1]::fmt::Display>::fmt
[INFO] [stdout]                                at /rustc/6b3fa26749ab40e159b2dd5cf577acaaf5902772/library/std/src/sys/backtrace.rs:44:26
[INFO] [stdout]    4:     0x5e586a7e78da - <core[6883ba1bc0fe4ed1]::fmt::rt::Argument>::fmt
[INFO] [stdout]                                at /rustc/6b3fa26749ab40e159b2dd5cf577acaaf5902772/library/core/src/fmt/rt.rs:152:76
[INFO] [stdout]    5:     0x5e586a7e78da - core[6883ba1bc0fe4ed1]::fmt::write
[INFO] [stdout]    6:     0x5e586a7d3e0c - std[73adb7dc35730857]::io::default_write_fmt::<alloc[55a36b64bcbf2c0d]::vec::Vec<u8>>
[INFO] [stdout]                                at /rustc/6b3fa26749ab40e159b2dd5cf577acaaf5902772/library/std/src/io/mod.rs:626:11
[INFO] [stdout]    7:     0x5e586a7d3e0c - <alloc[55a36b64bcbf2c0d]::vec::Vec<u8> as std[73adb7dc35730857]::io::Write>::write_fmt
[INFO] [stdout]                                at /rustc/6b3fa26749ab40e159b2dd5cf577acaaf5902772/library/std/src/io/mod.rs:1730:13
[INFO] [stdout]    8:     0x5e586a7a9686 - <std[73adb7dc35730857]::sys::backtrace::BacktraceLock>::print
[INFO] [stdout]                                at /rustc/6b3fa26749ab40e159b2dd5cf577acaaf5902772/library/std/src/sys/backtrace.rs:47:9
[INFO] [stdout]    9:     0x5e586a7a9686 - std[73adb7dc35730857]::panicking::default_hook::{closure#0}
[INFO] [stdout]                                at /rustc/6b3fa26749ab40e159b2dd5cf577acaaf5902772/library/std/src/panicking.rs:292:27
[INFO] [stdout]   10:     0x5e586a7c56d9 - std[73adb7dc35730857]::panicking::default_hook
[INFO] [stdout]                                at /rustc/6b3fa26749ab40e159b2dd5cf577acaaf5902772/library/std/src/panicking.rs:316:9
[INFO] [stdout]   11:     0x5e586a73b940 - <alloc[55a36b64bcbf2c0d]::boxed::Box<dyn for<'a, 'b> core[6883ba1bc0fe4ed1]::ops::function::Fn<(&'a std[73adb7dc35730857]::panic::PanicHookInfo<'b>,), Output = ()> + core[6883ba1bc0fe4ed1]::marker::Send + core[6883ba1bc0fe4ed1]::marker::Sync> as core[6883ba1bc0fe4ed1]::ops::function::Fn<(&std[73adb7dc35730857]::panic::PanicHookInfo,)>>::call
[INFO] [stdout]                                at /rustc/6b3fa26749ab40e159b2dd5cf577acaaf5902772/library/alloc/src/boxed.rs:2333:9
[INFO] [stdout]   12:     0x5e586a73b940 - test[980ffaebd391d06d]::test_main_inner::<test[980ffaebd391d06d]::test_main_static::{closure#0}>::{closure#0}
[INFO] [stdout]                                at /rustc/6b3fa26749ab40e159b2dd5cf577acaaf5902772/library/test/src/lib.rs:155:21
[INFO] [stdout]   13:     0x5e586a7c5892 - <alloc[55a36b64bcbf2c0d]::boxed::Box<dyn for<'a, 'b> core[6883ba1bc0fe4ed1]::ops::function::Fn<(&'a std[73adb7dc35730857]::panic::PanicHookInfo<'b>,), Output = ()> + core[6883ba1bc0fe4ed1]::marker::Send + core[6883ba1bc0fe4ed1]::marker::Sync> as core[6883ba1bc0fe4ed1]::ops::function::Fn<(&std[73adb7dc35730857]::panic::PanicHookInfo,)>>::call
[INFO] [stdout]                                at /rustc/6b3fa26749ab40e159b2dd5cf577acaaf5902772/library/alloc/src/boxed.rs:2333:9
[INFO] [stdout]   14:     0x5e586a7c5892 - std[73adb7dc35730857]::panicking::panic_with_hook
[INFO] [stdout]                                at /rustc/6b3fa26749ab40e159b2dd5cf577acaaf5902772/library/std/src/panicking.rs:823:13
[INFO] [stdout]   15:     0x5e586a7a9732 - std[73adb7dc35730857]::panicking::panic_handler::{closure#0}
[INFO] [stdout]                                at /rustc/6b3fa26749ab40e159b2dd5cf577acaaf5902772/library/std/src/panicking.rs:688:13
[INFO] [stdout]   16:     0x5e586a7a0b09 - std[73adb7dc35730857]::sys::backtrace::__rust_end_short_backtrace::<std[73adb7dc35730857]::panicking::panic_handler::{closure#0}, !>
[INFO] [stdout]                                at /rustc/6b3fa26749ab40e159b2dd5cf577acaaf5902772/library/std/src/sys/backtrace.rs:182:18
[INFO] [stdout]   17:     0x5e586a7aa5bd - __rustc[a7b7b02e776dd976]::rust_begin_unwind
[INFO] [stdout]                                at /rustc/6b3fa26749ab40e159b2dd5cf577acaaf5902772/library/std/src/panicking.rs:679:5
[INFO] [stdout]   18:     0x5e586a7e80dc - core[6883ba1bc0fe4ed1]::panicking::panic_fmt
[INFO] [stdout]                                at /rustc/6b3fa26749ab40e159b2dd5cf577acaaf5902772/library/core/src/panicking.rs:80:14
[INFO] [stdout]   19:     0x5e586a7e7f93 - core[6883ba1bc0fe4ed1]::panicking::assert_failed_inner
[INFO] [stdout]                                at /rustc/6b3fa26749ab40e159b2dd5cf577acaaf5902772/library/core/src/panicking.rs:439:17
[INFO] [stdout]   20:     0x5e586a55a044 - core[6883ba1bc0fe4ed1]::panicking::assert_failed::<&str, &str>
[INFO] [stdout]                                at /rustc/6b3fa26749ab40e159b2dd5cf577acaaf5902772/library/core/src/panicking.rs:394:5
[INFO] [stdout]   21:     0x5e586a52655e - integration_tests[402db1e1efd7c726]::integration::test_stdlib_http_post
[INFO] [stdout]                                at /opt/rustwide/workdir/compiler/cli/tests/integration/mod.rs:777:5
[INFO] [stdout]   22:     0x5e586a50fac7 - integration_tests[402db1e1efd7c726]::integration::test_stdlib_http_post::{closure#0}
[INFO] [stdout]                                at /opt/rustwide/workdir/compiler/cli/tests/integration/mod.rs:753:27
[INFO] [stdout]   23:     0x5e586a55fdd6 - <integration_tests[402db1e1efd7c726]::integration::test_stdlib_http_post::{closure#0} as core[6883ba1bc0fe4ed1]::ops::function::FnOnce<()>>::call_once
[INFO] [stdout]                                at /rustc/6b3fa26749ab40e159b2dd5cf577acaaf5902772/library/core/src/ops/function.rs:250:5
[INFO] [stdout]   24:     0x5e586a72ec7b - <fn() -> core[6883ba1bc0fe4ed1]::result::Result<(), alloc[55a36b64bcbf2c0d]::string::String> as core[6883ba1bc0fe4ed1]::ops::function::FnOnce<()>>::call_once
[INFO] [stdout]                                at /rustc/6b3fa26749ab40e159b2dd5cf577acaaf5902772/library/core/src/ops/function.rs:250:5
[INFO] [stdout]   25:     0x5e586a72ec7b - test[980ffaebd391d06d]::__rust_begin_short_backtrace::<core[6883ba1bc0fe4ed1]::result::Result<(), alloc[55a36b64bcbf2c0d]::string::String>, fn() -> core[6883ba1bc0fe4ed1]::result::Result<(), alloc[55a36b64bcbf2c0d]::string::String>>
[INFO] [stdout]                                at /rustc/6b3fa26749ab40e159b2dd5cf577acaaf5902772/library/test/src/lib.rs:724:18
[INFO] [stderr] error: test failed, to rerun pass `-p n0ne --test integration_tests`
[INFO] [stdout]   26:     0x5e586a73c2c5 - test[980ffaebd391d06d]::run_test_in_process::{closure#0}
[INFO] [stdout]                                at /rustc/6b3fa26749ab40e159b2dd5cf577acaaf5902772/library/test/src/lib.rs:747:74
[INFO] [stdout]   27:     0x5e586a73c2c5 - <core[6883ba1bc0fe4ed1]::panic::unwind_safe::AssertUnwindSafe<test[980ffaebd391d06d]::run_test_in_process::{closure#0}> as core[6883ba1bc0fe4ed1]::ops::function::FnOnce<()>>::call_once
[INFO] [stdout]                                at /rustc/6b3fa26749ab40e159b2dd5cf577acaaf5902772/library/core/src/panic/unwind_safe.rs:275:9
[INFO] [stdout]   28:     0x5e586a73c2c5 - std[73adb7dc35730857]::panicking::catch_unwind::do_call::<core[6883ba1bc0fe4ed1]::panic::unwind_safe::AssertUnwindSafe<test[980ffaebd391d06d]::run_test_in_process::{closure#0}>, core[6883ba1bc0fe4ed1]::result::Result<(), alloc[55a36b64bcbf2c0d]::string::String>>
[INFO] [stdout]                                at /rustc/6b3fa26749ab40e159b2dd5cf577acaaf5902772/library/std/src/panicking.rs:576:43
[INFO] [stdout]   29:     0x5e586a73c2c5 - std[73adb7dc35730857]::panicking::catch_unwind::<core[6883ba1bc0fe4ed1]::result::Result<(), alloc[55a36b64bcbf2c0d]::string::String>, core[6883ba1bc0fe4ed1]::panic::unwind_safe::AssertUnwindSafe<test[980ffaebd391d06d]::run_test_in_process::{closure#0}>>
[INFO] [stdout]                                at /rustc/6b3fa26749ab40e159b2dd5cf577acaaf5902772/library/std/src/panicking.rs:544:19
[INFO] [stdout]   30:     0x5e586a73c2c5 - std[73adb7dc35730857]::panic::catch_unwind::<core[6883ba1bc0fe4ed1]::panic::unwind_safe::AssertUnwindSafe<test[980ffaebd391d06d]::run_test_in_process::{closure#0}>, core[6883ba1bc0fe4ed1]::result::Result<(), alloc[55a36b64bcbf2c0d]::string::String>>
[INFO] [stdout]                                at /rustc/6b3fa26749ab40e159b2dd5cf577acaaf5902772/library/std/src/panic.rs:359:14
[INFO] [stdout]   31:     0x5e586a73c2c5 - test[980ffaebd391d06d]::run_test_in_process
[INFO] [stdout]                                at /rustc/6b3fa26749ab40e159b2dd5cf577acaaf5902772/library/test/src/lib.rs:747:27
[INFO] [stdout]   32:     0x5e586a73c2c5 - test[980ffaebd391d06d]::run_test::{closure#0}
[INFO] [stdout]                                at /rustc/6b3fa26749ab40e159b2dd5cf577acaaf5902772/library/test/src/lib.rs:668:43
[INFO] [stdout]   33:     0x5e586a736d74 - test[980ffaebd391d06d]::run_test::{closure#1}
[INFO] [stdout]                                at /rustc/6b3fa26749ab40e159b2dd5cf577acaaf5902772/library/test/src/lib.rs:698:41
[INFO] [stdout]   34:     0x5e586a736d74 - std[73adb7dc35730857]::sys::backtrace::__rust_begin_short_backtrace::<test[980ffaebd391d06d]::run_test::{closure#1}, ()>
[INFO] [stdout]                                at /rustc/6b3fa26749ab40e159b2dd5cf577acaaf5902772/library/std/src/sys/backtrace.rs:166:18
[INFO] [stdout]   35:     0x5e586a73f412 - std[73adb7dc35730857]::thread::lifecycle::spawn_unchecked::<test[980ffaebd391d06d]::run_test::{closure#1}, ()>::{closure#1}::{closure#0}
[INFO] [stdout]                                at /rustc/6b3fa26749ab40e159b2dd5cf577acaaf5902772/library/std/src/thread/lifecycle.rs:70:13
[INFO] [stdout]   36:     0x5e586a73f412 - <core[6883ba1bc0fe4ed1]::panic::unwind_safe::AssertUnwindSafe<std[73adb7dc35730857]::thread::lifecycle::spawn_unchecked<test[980ffaebd391d06d]::run_test::{closure#1}, ()>::{closure#1}::{closure#0}> as core[6883ba1bc0fe4ed1]::ops::function::FnOnce<()>>::call_once
[INFO] [stdout]                                at /rustc/6b3fa26749ab40e159b2dd5cf577acaaf5902772/library/core/src/panic/unwind_safe.rs:275:9
[INFO] [stdout]   37:     0x5e586a73f412 - std[73adb7dc35730857]::panicking::catch_unwind::do_call::<core[6883ba1bc0fe4ed1]::panic::unwind_safe::AssertUnwindSafe<std[73adb7dc35730857]::thread::lifecycle::spawn_unchecked<test[980ffaebd391d06d]::run_test::{closure#1}, ()>::{closure#1}::{closure#0}>, ()>
[INFO] [stdout]                                at /rustc/6b3fa26749ab40e159b2dd5cf577acaaf5902772/library/std/src/panicking.rs:576:43
[INFO] [stdout]   38:     0x5e586a73f412 - std[73adb7dc35730857]::panicking::catch_unwind::<(), core[6883ba1bc0fe4ed1]::panic::unwind_safe::AssertUnwindSafe<std[73adb7dc35730857]::thread::lifecycle::spawn_unchecked<test[980ffaebd391d06d]::run_test::{closure#1}, ()>::{closure#1}::{closure#0}>>
[INFO] [stdout]                                at /rustc/6b3fa26749ab40e159b2dd5cf577acaaf5902772/library/std/src/panicking.rs:544:19
[INFO] [stdout]   39:     0x5e586a73f412 - std[73adb7dc35730857]::panic::catch_unwind::<core[6883ba1bc0fe4ed1]::panic::unwind_safe::AssertUnwindSafe<std[73adb7dc35730857]::thread::lifecycle::spawn_unchecked<test[980ffaebd391d06d]::run_test::{closure#1}, ()>::{closure#1}::{closure#0}>, ()>
[INFO] [stdout]                                at /rustc/6b3fa26749ab40e159b2dd5cf577acaaf5902772/library/std/src/panic.rs:359:14
[INFO] [stdout]   40:     0x5e586a73f412 - std[73adb7dc35730857]::thread::lifecycle::spawn_unchecked::<test[980ffaebd391d06d]::run_test::{closure#1}, ()>::{closure#1}
[INFO] [stdout]                                at /rustc/6b3fa26749ab40e159b2dd5cf577acaaf5902772/library/std/src/thread/lifecycle.rs:68:26
[INFO] [stdout]   41:     0x5e586a73f412 - <std[73adb7dc35730857]::thread::lifecycle::spawn_unchecked<test[980ffaebd391d06d]::run_test::{closure#1}, ()>::{closure#1} as core[6883ba1bc0fe4ed1]::ops::function::FnOnce<()>>::call_once::{shim:vtable#0}
[INFO] [stdout]                                at /rustc/6b3fa26749ab40e159b2dd5cf577acaaf5902772/library/core/src/ops/function.rs:250:5
[INFO] [stdout]   42:     0x5e586a7cdacf - <alloc[55a36b64bcbf2c0d]::boxed::Box<dyn core[6883ba1bc0fe4ed1]::ops::function::FnOnce<(), Output = ()> + core[6883ba1bc0fe4ed1]::marker::Send> as core[6883ba1bc0fe4ed1]::ops::function::FnOnce<()>>::call_once
[INFO] [stdout]                                at /rustc/6b3fa26749ab40e159b2dd5cf577acaaf5902772/library/alloc/src/boxed.rs:2319:9
[INFO] [stdout]   43:     0x5e586a7cdacf - <std[73adb7dc35730857]::sys::thread::unix::Thread>::new::thread_start
[INFO] [stdout]                                at /rustc/6b3fa26749ab40e159b2dd5cf577acaaf5902772/library/std/src/sys/thread/unix.rs:123:17
[INFO] [stdout]   44:     0x787e99c7aaa4 - <unknown>
[INFO] [stdout]   45:     0x787e99d07a64 - clone
[INFO] [stdout]   46:                0x0 - <unknown>
[INFO] [stdout] 
[INFO] [stdout] 
[INFO] [stdout] failures:
[INFO] [stdout]     integration::test_stdlib_http_post
[INFO] [stdout] 
[INFO] [stdout] test result: FAILED. 184 passed; 1 failed; 0 ignored; 0 measured; 0 filtered out; finished in 73.83s
[INFO] [stdout] 
[INFO] running `Command { std: "docker" "inspect" "2778327618dbc9b42402aea285af793e84a5ef9dbd2f1103c0cfc5ef8b9470d0", kill_on_drop: false }`
[INFO] running `Command { std: "docker" "rm" "-f" "2778327618dbc9b42402aea285af793e84a5ef9dbd2f1103c0cfc5ef8b9470d0", kill_on_drop: false }`
[INFO] [stdout] 2778327618dbc9b42402aea285af793e84a5ef9dbd2f1103c0cfc5ef8b9470d0
