[INFO] cloning repository https://github.com/lookbusy1344/HashRust
[INFO] running `Command { std: "git" "-c" "credential.helper=" "-c" "credential.helper=/workspace/cargo-home/bin/git-credential-null" "clone" "--bare" "https://github.com/lookbusy1344/HashRust" "/workspace/cache/git-repos/https%3A%2F%2Fgithub.com%2Flookbusy1344%2FHashRust", kill_on_drop: false }`
[INFO] [stderr] Cloning into bare repository '/workspace/cache/git-repos/https%3A%2F%2Fgithub.com%2Flookbusy1344%2FHashRust'...
[INFO] running `Command { std: "git" "rev-parse" "HEAD", kill_on_drop: false }`
[INFO] [stdout] 009f363f204ae5ff79fd7e2636993093d8723ebf
[INFO] testing lookbusy1344/HashRust against 1.98.0-beta.1 for beta-1.98-2
[INFO] running `Command { std: "git" "clone" "/workspace/cache/git-repos/https%3A%2F%2Fgithub.com%2Flookbusy1344%2FHashRust" "/workspace/builds/worker-6-tc2/source", kill_on_drop: false }`
[INFO] [stderr] Cloning into '/workspace/builds/worker-6-tc2/source'...
[INFO] [stderr] done.
[INFO] started tweaking git repo https://github.com/lookbusy1344/HashRust
[INFO] finished tweaking git repo https://github.com/lookbusy1344/HashRust
[INFO] tweaked toml for git repo https://github.com/lookbusy1344/HashRust written to /workspace/builds/worker-6-tc2/source/Cargo.toml
[INFO] validating manifest of git repo https://github.com/lookbusy1344/HashRust on toolchain 1.98.0-beta.1
[INFO] running `Command { std: CARGO_HOME="/workspace/cargo-home" RUSTUP_HOME="/workspace/rustup-home" "/workspace/cargo-home/bin/cargo" "+1.98.0-beta.1" "metadata" "--manifest-path" "Cargo.toml" "--no-deps", kill_on_drop: false }`
[INFO] crate git repo https://github.com/lookbusy1344/HashRust already has a lockfile, it will not be regenerated
[INFO] running `Command { std: CARGO_HOME="/workspace/cargo-home" RUSTUP_HOME="/workspace/rustup-home" "/workspace/cargo-home/bin/cargo" "+1.98.0-beta.1" "fetch" "--manifest-path" "Cargo.toml", kill_on_drop: false }`
[INFO] running `Command { std: "docker" "create" "-v" "/var/lib/crater-agent-workspace/builds/worker-6-tc2/source:/opt/rustwide/workdir:ro,Z" "-v" "/var/lib/crater-agent-workspace/builds/worker-6-tc2/target:/opt/rustwide/target:rw,Z" "-v" "/var/lib/crater-agent-workspace/cargo-home:/opt/rustwide/cargo-home:ro,Z" "-v" "/var/lib/crater-agent-workspace/rustup-home:/opt/rustwide/rustup-home:ro,Z" "-m" "1610612736" "--network" "none" "ghcr.io/rust-lang/crates-build-env/linux@sha256:3d5ced03c013a94a2f102a4510f48a6e9184255caf5fd8244f58017bde7f5210" "sleep" "infinity", kill_on_drop: false }`
[INFO] [stdout] e9deeb91be0c76db2a46638acc5f884a9037c6795f02a8f1abd6ae1fb8eb28e4
[INFO] running `Command { std: "docker" "start" "e9deeb91be0c76db2a46638acc5f884a9037c6795f02a8f1abd6ae1fb8eb28e4", kill_on_drop: false }`
[INFO] running `Command { std: "docker" "inspect" "e9deeb91be0c76db2a46638acc5f884a9037c6795f02a8f1abd6ae1fb8eb28e4", kill_on_drop: false }`
[INFO] running `Command { std: "docker" "exec" "-e" "SOURCE_DIR=/opt/rustwide/workdir" "-e" "CARGO_HOME=/opt/rustwide/cargo-home" "-e" "RUSTUP_HOME=/opt/rustwide/rustup-home" "-e" "CARGO_TARGET_DIR=/opt/rustwide/target" "-w" "/opt/rustwide/workdir" "--user" "0:0" "e9deeb91be0c76db2a46638acc5f884a9037c6795f02a8f1abd6ae1fb8eb28e4" "/opt/rustwide/cargo-home/bin/cargo" "+1.98.0-beta.1" "metadata" "--no-deps" "--format-version=1", kill_on_drop: false }`
[INFO] running `Command { std: "docker" "inspect" "e9deeb91be0c76db2a46638acc5f884a9037c6795f02a8f1abd6ae1fb8eb28e4", kill_on_drop: false }`
[INFO] running `Command { std: "docker" "exec" "-e" "SOURCE_DIR=/opt/rustwide/workdir" "-e" "CARGO_HOME=/opt/rustwide/cargo-home" "-e" "RUSTUP_HOME=/opt/rustwide/rustup-home" "-e" "CARGO_TARGET_DIR=/opt/rustwide/target" "-e" "CARGO_INCREMENTAL=0" "-e" "RUST_BACKTRACE=full" "-e" "RUSTFLAGS=--cap-lints=warn" "-e" "RUSTDOCFLAGS=--cap-lints=warn" "-w" "/opt/rustwide/workdir" "--user" "0:0" "e9deeb91be0c76db2a46638acc5f884a9037c6795f02a8f1abd6ae1fb8eb28e4" "/opt/rustwide/cargo-home/bin/cargo" "+1.98.0-beta.1" "build" "--frozen" "--message-format=json", kill_on_drop: false }`
[INFO] [stderr]    Compiling typenum v1.20.1
[INFO] [stderr]    Compiling cmov v0.5.4
[INFO] [stderr]    Compiling quote v1.0.46
[INFO] [stderr]    Compiling crossbeam-utils v0.8.22
[INFO] [stderr]    Compiling crossbeam-epoch v0.9.20
[INFO] [stderr]    Compiling crossbeam-deque v0.8.7
[INFO] [stderr]    Compiling portable-atomic v1.13.1
[INFO] [stderr]    Compiling rustversion v1.0.23
[INFO] [stderr]    Compiling ctutils v0.4.2
[INFO] [stderr]    Compiling crc32fast v1.5.0
[INFO] [stderr]    Compiling anyhow v1.0.103
[INFO] [stderr]    Compiling console v0.16.4
[INFO] [stderr]    Compiling keccak v0.2.0
[INFO] [stderr]    Compiling either v1.16.0
[INFO] [stderr]    Compiling syn v2.0.118
[INFO] [stderr]    Compiling sponge-cursor v0.1.0
[INFO] [stderr]    Compiling unit-prefix v0.5.2
[INFO] [stderr]    Compiling pico-args v0.5.0
[INFO] [stderr]    Compiling data-encoding v2.11.0
[INFO] [stderr]    Compiling indicatif v0.18.6
[INFO] [stderr]    Compiling glob v0.3.3
[INFO] [stderr]    Compiling hybrid-array v0.4.13
[INFO] [stderr]    Compiling generic-array v1.4.3
[INFO] [stderr]    Compiling rayon-core v1.13.0
[INFO] [stderr]    Compiling rayon v1.12.0
[INFO] [stderr]    Compiling block-buffer v0.12.1
[INFO] [stderr]    Compiling crypto-common v0.2.2
[INFO] [stderr]    Compiling digest v0.11.3
[INFO] [stderr]    Compiling md-5 v0.11.0
[INFO] [stderr]    Compiling sha2 v0.11.0
[INFO] [stderr]    Compiling sha1 v0.11.0
[INFO] [stderr]    Compiling sha3 v0.12.0
[INFO] [stderr]    Compiling git-version-macro v0.3.9
[INFO] [stderr]    Compiling strum_macros v0.28.0
[INFO] [stderr]    Compiling whirlpool v0.11.0
[INFO] [stderr]    Compiling blake2 v0.11.0-rc.6
[INFO] [stderr]    Compiling git-version v0.3.9
[INFO] [stderr]    Compiling strum v0.28.0
[INFO] [stderr]    Compiling hash_rust v1.6.4 (/opt/rustwide/workdir)
[INFO] [stderr]     Finished `dev` profile [unoptimized + debuginfo] target(s) in 27.30s
[INFO] running `Command { std: "docker" "inspect" "e9deeb91be0c76db2a46638acc5f884a9037c6795f02a8f1abd6ae1fb8eb28e4", kill_on_drop: false }`
[INFO] running `Command { std: "docker" "exec" "-e" "SOURCE_DIR=/opt/rustwide/workdir" "-e" "CARGO_HOME=/opt/rustwide/cargo-home" "-e" "RUSTUP_HOME=/opt/rustwide/rustup-home" "-e" "CARGO_TARGET_DIR=/opt/rustwide/target" "-e" "CARGO_INCREMENTAL=0" "-e" "RUST_BACKTRACE=full" "-e" "RUSTFLAGS=--cap-lints=warn" "-e" "RUSTDOCFLAGS=--cap-lints=warn" "-w" "/opt/rustwide/workdir" "--user" "0:0" "e9deeb91be0c76db2a46638acc5f884a9037c6795f02a8f1abd6ae1fb8eb28e4" "/opt/rustwide/cargo-home/bin/cargo" "+1.98.0-beta.1" "test" "--frozen" "--no-run" "--message-format=json", kill_on_drop: false }`
[INFO] [stderr]    Compiling getrandom v0.4.3
[INFO] [stderr]    Compiling rustix v1.1.4
[INFO] [stderr]    Compiling once_cell v1.21.4
[INFO] [stderr]    Compiling tempfile v3.27.0
[INFO] [stderr]    Compiling hash_rust v1.6.4 (/opt/rustwide/workdir)
[INFO] [stderr]     Finished `test` profile [unoptimized + debuginfo] target(s) in 6.26s
[INFO] running `Command { std: "docker" "inspect" "e9deeb91be0c76db2a46638acc5f884a9037c6795f02a8f1abd6ae1fb8eb28e4", kill_on_drop: false }`
[INFO] running `Command { std: "docker" "exec" "-e" "SOURCE_DIR=/opt/rustwide/workdir" "-e" "CARGO_HOME=/opt/rustwide/cargo-home" "-e" "RUSTUP_HOME=/opt/rustwide/rustup-home" "-e" "CARGO_TARGET_DIR=/opt/rustwide/target" "-e" "CARGO_INCREMENTAL=0" "-e" "RUST_BACKTRACE=full" "-e" "RUSTFLAGS=--cap-lints=warn" "-e" "RUSTDOCFLAGS=--cap-lints=warn" "-w" "/opt/rustwide/workdir" "--user" "0:0" "e9deeb91be0c76db2a46638acc5f884a9037c6795f02a8f1abd6ae1fb8eb28e4" "/opt/rustwide/cargo-home/bin/cargo" "+1.98.0-beta.1" "test" "--frozen", kill_on_drop: false }`
[INFO] [stderr]     Finished `test` profile [unoptimized + debuginfo] target(s) in 0.11s
[INFO] [stderr]      Running unittests src/main.rs (/opt/rustwide/target/debug/deps/hash_rust-de18bc0e3800a47f)
[INFO] [stdout] 
[INFO] [stdout] running 43 tests
[INFO] [stdout] test core::worker::tests::test_print_hash_line_includes_filename ... ok
[INFO] [stdout] test core::worker::tests::test_print_hash_line_propagates_broken_pipe ... ok
[INFO] [stdout] test core::worker::tests::test_print_hash_line_excludes_filename_when_requested ... ok
[INFO] [stdout] test unit_tests::glob_tests::test_dedup_overlapping_globs ... ok
[INFO] [stdout] test unit_tests::glob_tests::test_glob_no_matches ... ok
[INFO] [stdout] test unit_tests::glob_tests::test_glob_specific_extension ... ok
[INFO] [stdout] test unit_tests::glob_tests::test_glob_filters_directories ... ok
[INFO] [stdout] test unit_tests::glob_tests::test_glob_wildcard_star_case_sensitive ... ok
[INFO] [stdout] test unit_tests::glob_tests::test_multiple_patterns ... ok
[INFO] [stdout] test unit_tests::glob_tests::test_glob_with_limit ... ok
[INFO] [stdout] test unit_tests::glob_tests::test_literal_file_not_found ... ok
[INFO] [stdout] test unit_tests::glob_tests::test_literal_file_exists ... ok
[INFO] [stdout] test unit_tests::glob_tests::test_dedup_literal_duplicates ... ok
[INFO] [stdout] test unit_tests::hash_tests::test_call_hasher_blake2b512_known_answer ... ok
[INFO] [stdout] test unit_tests::glob_tests::test_directory_path_rejected ... ok
[INFO] [stdout] test unit_tests::hash_tests::test_call_hasher_md5_hex ... ok
[INFO] [stdout] test unit_tests::hash_tests::test_call_hasher_empty_file ... ok
[INFO] [stdout] test unit_tests::hash_tests::test_call_hasher_nonexistent_file ... ok
[INFO] [stdout] test unit_tests::glob_tests::test_glob_case_insensitive ... ok
[INFO] [stdout] test unit_tests::hash_tests::test_call_hasher_sha2_224_known_answer ... ok
[INFO] [stdout] test unit_tests::hash_tests::test_call_hasher_sha2_384_known_answer ... ok
[INFO] [stdout] test unit_tests::hash_tests::test_call_hasher_sha2_256_hex ... ok
[INFO] [stdout] test unit_tests::hash_tests::test_call_hasher_blake2s256 ... ok
[INFO] [stdout] test unit_tests::hash_tests::test_call_hasher_crc32_u32 ... ok
[INFO] [stdout] test unit_tests::hash_tests::test_call_hasher_sha2_512_known_answer ... ok
[INFO] [stdout] test unit_tests::hash_tests::test_call_hasher_whirlpool_known_answer ... ok
[INFO] [stdout] test unit_tests::test_basic_hash_display ... ok
[INFO] [stdout] test unit_tests::hash_tests::test_call_hasher_sha3_512_known_answer ... ok
[INFO] [stdout] test unit_tests::test_config_settings_new ... ok
[INFO] [stdout] test unit_tests::test_config_settings_with_paths ... ok
[INFO] [stdout] test unit_tests::test_hash_algorithm_from_str ... ok
[INFO] [stdout] test unit_tests::test_help_content ... ok
[INFO] [stdout] test unit_tests::test_parse_hash_algorithm_default ... ok
[INFO] [stdout] test unit_tests::test_parse_hash_algorithm_invalid ... ok
[INFO] [stdout] test unit_tests::test_parse_hash_algorithm_valid ... ok
[INFO] [stdout] test unit_tests::test_parse_hash_encoding_default ... ok
[INFO] [stdout] test unit_tests::test_parse_hash_encoding_valid ... ok
[INFO] [stdout] test unit_tests::hash_tests::test_call_hasher_sha3_256_base32 ... ok
[INFO] [stdout] test unit_tests::hash_tests::test_call_hasher_sha3_256_base64 ... ok
[INFO] [stdout] test unit_tests::hash_tests::test_call_hasher_sha3_256_hex ... ok
[INFO] [stdout] test unit_tests::hash_tests::test_call_hasher_sha3_384_known_answer ... ok
[INFO] [stdout] test unit_tests::hash_tests::test_call_hasher_sha1_hex ... ok
[INFO] [stdout] test unit_tests::hash_tests::test_call_hasher_large_file ... ok
[INFO] [stdout] 
[INFO] [stdout] test result: ok. 43 passed; 0 failed; 0 ignored; 0 measured; 0 filtered out; finished in 0.07s
[INFO] [stdout] 
[INFO] [stderr]      Running tests/integration_tests.rs (/opt/rustwide/target/debug/deps/integration_tests-5d59fce37a9d9d9b)
[INFO] [stdout] 
[INFO] [stdout] running 19 tests
[INFO] [stdout] test test_error_help_goes_to_stderr_not_stdout ... ok
[INFO] [stdout] test test_exclude_filenames ... ok
[INFO] [stdout] test test_invalid_algorithm_error ... ok
[INFO] [stdout] test test_crc32_hash ... ok
[INFO] [stdout] test test_crc32_with_invalid_encoding_error ... ok
[INFO] [stdout] test test_empty_file_path_error ... ok
[INFO] [stdout] test test_help_flag ... ok
[INFO] [stdout] test test_base64_encoding ... ok
[INFO] [stdout] test test_md5_hash ... ok
[INFO] [stdout] test test_nonexistent_file_error ... ok
[INFO] [stdout] test test_invalid_encoding_error ... ok
[INFO] [stdout] test test_multi_file_parallel_hashing ... ok
[INFO] [stdout] test test_stdin_io_error_always_reported_to_stderr ... ok
[INFO] [stdout] test test_sha3_256_hash ... ok
[INFO] [stdout] test test_stdin_file_paths ... ok
[INFO] [stdout] test test_overall_progress_bar_path_with_many_files ... ok
[INFO] [stdout] test test_unreadable_file_exits_nonzero ... FAILED
[INFO] [stdout] test test_stdin_with_nonexistent_paths ... ok
[INFO] [stdout] test test_u32_encoding_with_non_crc32_error ... ok
[INFO] [stdout] 
[INFO] [stdout] failures:
[INFO] [stdout] 
[INFO] [stdout] ---- test_unreadable_file_exits_nonzero stdout ----
[INFO] [stdout] 
[INFO] [stdout] thread 'test_unreadable_file_exits_nonzero' (1101) panicked at tests/integration_tests.rs:460:5:
[INFO] [stdout] Should exit non-zero when a file cannot be read
[INFO] [stdout] stack backtrace:
[INFO] [stdout]    0:     0x58fd70701541 - std[73adb7dc35730857]::backtrace_rs::backtrace::libunwind::trace
[INFO] [stdout]                                at /rustc/6b3fa26749ab40e159b2dd5cf577acaaf5902772/library/std/src/../../backtrace/src/backtrace/libunwind.rs:117:9
[INFO] [stdout]    1:     0x58fd70701541 - std[73adb7dc35730857]::backtrace_rs::backtrace::trace_unsynchronized::<std[73adb7dc35730857]::sys::backtrace::_print_fmt::{closure#1}>
[INFO] [stdout]                                at /rustc/6b3fa26749ab40e159b2dd5cf577acaaf5902772/library/std/src/../../backtrace/src/backtrace/mod.rs:66:14
[INFO] [stdout]    2:     0x58fd70701541 - std[73adb7dc35730857]::sys::backtrace::_print_fmt
[INFO] [stdout]                                at /rustc/6b3fa26749ab40e159b2dd5cf577acaaf5902772/library/std/src/sys/backtrace.rs:74:9
[INFO] [stdout]    3:     0x58fd70701541 - <<std[73adb7dc35730857]::sys::backtrace::BacktraceLock>::print::DisplayBacktrace as core[6883ba1bc0fe4ed1]::fmt::Display>::fmt
[INFO] [stdout]                                at /rustc/6b3fa26749ab40e159b2dd5cf577acaaf5902772/library/std/src/sys/backtrace.rs:44:26
[INFO] [stdout]    4:     0x58fd707160aa - <core[6883ba1bc0fe4ed1]::fmt::rt::Argument>::fmt
[INFO] [stdout]                                at /rustc/6b3fa26749ab40e159b2dd5cf577acaaf5902772/library/core/src/fmt/rt.rs:152:76
[INFO] [stdout]    5:     0x58fd707160aa - core[6883ba1bc0fe4ed1]::fmt::write
[INFO] [stdout]    6:     0x58fd70705a8c - std[73adb7dc35730857]::io::default_write_fmt::<alloc[55a36b64bcbf2c0d]::vec::Vec<u8>>
[INFO] [stdout]                                at /rustc/6b3fa26749ab40e159b2dd5cf577acaaf5902772/library/std/src/io/mod.rs:626:11
[INFO] [stdout]    7:     0x58fd70705a8c - <alloc[55a36b64bcbf2c0d]::vec::Vec<u8> as std[73adb7dc35730857]::io::Write>::write_fmt
[INFO] [stdout]                                at /rustc/6b3fa26749ab40e159b2dd5cf577acaaf5902772/library/std/src/io/mod.rs:1730:13
[INFO] [stdout]    8:     0x58fd706df0c6 - <std[73adb7dc35730857]::sys::backtrace::BacktraceLock>::print
[INFO] [stdout]                                at /rustc/6b3fa26749ab40e159b2dd5cf577acaaf5902772/library/std/src/sys/backtrace.rs:47:9
[INFO] [stdout]    9:     0x58fd706df0c6 - std[73adb7dc35730857]::panicking::default_hook::{closure#0}
[INFO] [stdout]                                at /rustc/6b3fa26749ab40e159b2dd5cf577acaaf5902772/library/std/src/panicking.rs:292:27
[INFO] [stdout]   10:     0x58fd706f9509 - std[73adb7dc35730857]::panicking::default_hook
[INFO] [stdout]                                at /rustc/6b3fa26749ab40e159b2dd5cf577acaaf5902772/library/std/src/panicking.rs:316:9
[INFO] [stdout]   11:     0x58fd70687db0 - <alloc[55a36b64bcbf2c0d]::boxed::Box<dyn for<'a, 'b> core[6883ba1bc0fe4ed1]::ops::function::Fn<(&'a std[73adb7dc35730857]::panic::PanicHookInfo<'b>,), Output = ()> + core[6883ba1bc0fe4ed1]::marker::Send + core[6883ba1bc0fe4ed1]::marker::Sync> as core[6883ba1bc0fe4ed1]::ops::function::Fn<(&std[73adb7dc35730857]::panic::PanicHookInfo,)>>::call
[INFO] [stdout]                                at /rustc/6b3fa26749ab40e159b2dd5cf577acaaf5902772/library/alloc/src/boxed.rs:2333:9
[INFO] [stdout]   12:     0x58fd70687db0 - test[980ffaebd391d06d]::test_main_inner::<test[980ffaebd391d06d]::test_main_static::{closure#0}>::{closure#0}
[INFO] [stdout]                                at /rustc/6b3fa26749ab40e159b2dd5cf577acaaf5902772/library/test/src/lib.rs:155:21
[INFO] [stdout]   13:     0x58fd706f96c2 - <alloc[55a36b64bcbf2c0d]::boxed::Box<dyn for<'a, 'b> core[6883ba1bc0fe4ed1]::ops::function::Fn<(&'a std[73adb7dc35730857]::panic::PanicHookInfo<'b>,), Output = ()> + core[6883ba1bc0fe4ed1]::marker::Send + core[6883ba1bc0fe4ed1]::marker::Sync> as core[6883ba1bc0fe4ed1]::ops::function::Fn<(&std[73adb7dc35730857]::panic::PanicHookInfo,)>>::call
[INFO] [stdout]                                at /rustc/6b3fa26749ab40e159b2dd5cf577acaaf5902772/library/alloc/src/boxed.rs:2333:9
[INFO] [stdout]   14:     0x58fd706f96c2 - std[73adb7dc35730857]::panicking::panic_with_hook
[INFO] [stdout]                                at /rustc/6b3fa26749ab40e159b2dd5cf577acaaf5902772/library/std/src/panicking.rs:823:13
[INFO] [stdout]   15:     0x58fd706df1a4 - std[73adb7dc35730857]::panicking::panic_handler::{closure#0}
[INFO] [stdout]                                at /rustc/6b3fa26749ab40e159b2dd5cf577acaaf5902772/library/std/src/panicking.rs:681:13
[INFO] [stdout]   16:     0x58fd706d6a29 - std[73adb7dc35730857]::sys::backtrace::__rust_end_short_backtrace::<std[73adb7dc35730857]::panicking::panic_handler::{closure#0}, !>
[INFO] [stdout]                                at /rustc/6b3fa26749ab40e159b2dd5cf577acaaf5902772/library/std/src/sys/backtrace.rs:182:18
[INFO] [stdout]   17:     0x58fd706dfe2d - __rustc[a7b7b02e776dd976]::rust_begin_unwind
[INFO] [stdout]                                at /rustc/6b3fa26749ab40e159b2dd5cf577acaaf5902772/library/std/src/panicking.rs:679:5
[INFO] [stdout]   18:     0x58fd7071683c - core[6883ba1bc0fe4ed1]::panicking::panic_fmt
[INFO] [stdout]                                at /rustc/6b3fa26749ab40e159b2dd5cf577acaaf5902772/library/core/src/panicking.rs:80:14
[INFO] [stdout]   19:     0x58fd7066b17f - integration_tests[24add489fca15bae]::test_unreadable_file_exits_nonzero
[INFO] [stdout]                                at /opt/rustwide/workdir/tests/integration_tests.rs:460:5
[INFO] [stdout]   20:     0x58fd70665dc7 - integration_tests[24add489fca15bae]::test_unreadable_file_exits_nonzero::{closure#0}
[INFO] [stdout]                                at /opt/rustwide/workdir/tests/integration_tests.rs:440:40
[INFO] [stdout]   21:     0x58fd706752c6 - <integration_tests[24add489fca15bae]::test_unreadable_file_exits_nonzero::{closure#0} as core[6883ba1bc0fe4ed1]::ops::function::FnOnce<()>>::call_once
[INFO] [stdout]                                at /rustc/6b3fa26749ab40e159b2dd5cf577acaaf5902772/library/core/src/ops/function.rs:250:5
[INFO] [stdout]   22:     0x58fd7067b0eb - <fn() -> core[6883ba1bc0fe4ed1]::result::Result<(), alloc[55a36b64bcbf2c0d]::string::String> as core[6883ba1bc0fe4ed1]::ops::function::FnOnce<()>>::call_once
[INFO] [stdout]                                at /rustc/6b3fa26749ab40e159b2dd5cf577acaaf5902772/library/core/src/ops/function.rs:250:5
[INFO] [stdout]   23:     0x58fd7067b0eb - test[980ffaebd391d06d]::__rust_begin_short_backtrace::<core[6883ba1bc0fe4ed1]::result::Result<(), alloc[55a36b64bcbf2c0d]::string::String>, fn() -> core[6883ba1bc0fe4ed1]::result::Result<(), alloc[55a36b64bcbf2c0d]::string::String>>
[INFO] [stdout]                                at /rustc/6b3fa26749ab40e159b2dd5cf577acaaf5902772/library/test/src/lib.rs:724:18
[INFO] [stdout]   24:     0x58fd70688735 - test[980ffaebd391d06d]::run_test_in_process::{closure#0}
[INFO] [stdout]                                at /rustc/6b3fa26749ab40e159b2dd5cf577acaaf5902772/library/test/src/lib.rs:747:74
[INFO] [stdout]   25:     0x58fd70688735 - <core[6883ba1bc0fe4ed1]::panic::unwind_safe::AssertUnwindSafe<test[980ffaebd391d06d]::run_test_in_process::{closure#0}> as core[6883ba1bc0fe4ed1]::ops::function::FnOnce<()>>::call_once
[INFO] [stdout]                                at /rustc/6b3fa26749ab40e159b2dd5cf577acaaf5902772/library/core/src/panic/unwind_safe.rs:275:9
[INFO] [stdout]   26:     0x58fd70688735 - std[73adb7dc35730857]::panicking::catch_unwind::do_call::<core[6883ba1bc0fe4ed1]::panic::unwind_safe::AssertUnwindSafe<test[980ffaebd391d06d]::run_test_in_process::{closure#0}>, core[6883ba1bc0fe4ed1]::result::Result<(), alloc[55a36b64bcbf2c0d]::string::String>>
[INFO] [stdout]                                at /rustc/6b3fa26749ab40e159b2dd5cf577acaaf5902772/library/std/src/panicking.rs:576:43
[INFO] [stdout]   27:     0x58fd70688735 - std[73adb7dc35730857]::panicking::catch_unwind::<core[6883ba1bc0fe4ed1]::result::Result<(), alloc[55a36b64bcbf2c0d]::string::String>, core[6883ba1bc0fe4ed1]::panic::unwind_safe::AssertUnwindSafe<test[980ffaebd391d06d]::run_test_in_process::{closure#0}>>
[INFO] [stdout]                                at /rustc/6b3fa26749ab40e159b2dd5cf577acaaf5902772/library/std/src/panicking.rs:544:19
[INFO] [stdout]   28:     0x58fd70688735 - std[73adb7dc35730857]::panic::catch_unwind::<core[6883ba1bc0fe4ed1]::panic::unwind_safe::AssertUnwindSafe<test[980ffaebd391d06d]::run_test_in_process::{closure#0}>, core[6883ba1bc0fe4ed1]::result::Result<(), alloc[55a36b64bcbf2c0d]::string::String>>
[INFO] [stdout]                                at /rustc/6b3fa26749ab40e159b2dd5cf577acaaf5902772/library/std/src/panic.rs:359:14
[INFO] [stdout]   29:     0x58fd70688735 - test[980ffaebd391d06d]::run_test_in_process
[INFO] [stdout]                                at /rustc/6b3fa26749ab40e159b2dd5cf577acaaf5902772/library/test/src/lib.rs:747:27
[INFO] [stdout]   30:     0x58fd70688735 - test[980ffaebd391d06d]::run_test::{closure#0}
[INFO] [stdout]                                at /rustc/6b3fa26749ab40e159b2dd5cf577acaaf5902772/library/test/src/lib.rs:668:43
[INFO] [stdout]   31:     0x58fd706831e4 - test[980ffaebd391d06d]::run_test::{closure#1}
[INFO] [stdout]                                at /rustc/6b3fa26749ab40e159b2dd5cf577acaaf5902772/library/test/src/lib.rs:698:41
[INFO] [stdout]   32:     0x58fd706831e4 - std[73adb7dc35730857]::sys::backtrace::__rust_begin_short_backtrace::<test[980ffaebd391d06d]::run_test::{closure#1}, ()>
[INFO] [stdout]                                at /rustc/6b3fa26749ab40e159b2dd5cf577acaaf5902772/library/std/src/sys/backtrace.rs:166:18
[INFO] [stdout]   33:     0x58fd7068b882 - std[73adb7dc35730857]::thread::lifecycle::spawn_unchecked::<test[980ffaebd391d06d]::run_test::{closure#1}, ()>::{closure#1}::{closure#0}
[INFO] [stdout]                                at /rustc/6b3fa26749ab40e159b2dd5cf577acaaf5902772/library/std/src/thread/lifecycle.rs:70:13
[INFO] [stdout]   34:     0x58fd7068b882 - <core[6883ba1bc0fe4ed1]::panic::unwind_safe::AssertUnwindSafe<std[73adb7dc35730857]::thread::lifecycle::spawn_unchecked<test[980ffaebd391d06d]::run_test::{closure#1}, ()>::{closure#1}::{closure#0}> as core[6883ba1bc0fe4ed1]::ops::function::FnOnce<()>>::call_once
[INFO] [stdout]                                at /rustc/6b3fa26749ab40e159b2dd5cf577acaaf5902772/library/core/src/panic/unwind_safe.rs:275:9
[INFO] [stdout]   35:     0x58fd7068b882 - std[73adb7dc35730857]::panicking::catch_unwind::do_call::<core[6883ba1bc0fe4ed1]::panic::unwind_safe::AssertUnwindSafe<std[73adb7dc35730857]::thread::lifecycle::spawn_unchecked<test[980ffaebd391d06d]::run_test::{closure#1}, ()>::{closure#1}::{closure#0}>, ()>
[INFO] [stdout]                                at /rustc/6b3fa26749ab40e159b2dd5cf577acaaf5902772/library/std/src/panicking.rs:576:43
[INFO] [stdout]   36:     0x58fd7068b882 - std[73adb7dc35730857]::panicking::catch_unwind::<(), core[6883ba1bc0fe4ed1]::panic::unwind_safe::AssertUnwindSafe<std[73adb7dc35730857]::thread::lifecycle::spawn_unchecked<test[980ffaebd391d06d]::run_test::{closure#1}, ()>::{closure#1}::{closure#0}>>
[INFO] [stdout]                                at /rustc/6b3fa26749ab40e159b2dd5cf577acaaf5902772/library/std/src/panicking.rs:544:19
[INFO] [stdout]   37:     0x58fd7068b882 - std[73adb7dc35730857]::panic::catch_unwind::<core[6883ba1bc0fe4ed1]::panic::unwind_safe::AssertUnwindSafe<std[73adb7dc35730857]::thread::lifecycle::spawn_unchecked<test[980ffaebd391d06d]::run_test::{closure#1}, ()>::{closure#1}::{closure#0}>, ()>
[INFO] [stdout]                                at /rustc/6b3fa26749ab40e159b2dd5cf577acaaf5902772/library/std/src/panic.rs:359:14
[INFO] [stdout]   38:     0x58fd7068b882 - std[73adb7dc35730857]::thread::lifecycle::spawn_unchecked::<test[980ffaebd391d06d]::run_test::{closure#1}, ()>::{closure#1}
[INFO] [stdout]                                at /rustc/6b3fa26749ab40e159b2dd5cf577acaaf5902772/library/std/src/thread/lifecycle.rs:68:26
[INFO] [stdout]   39:     0x58fd7068b882 - <std[73adb7dc35730857]::thread::lifecycle::spawn_unchecked<test[980ffaebd391d06d]::run_test::{closure#1}, ()>::{closure#1} as core[6883ba1bc0fe4ed1]::ops::function::FnOnce<()>>::call_once::{shim:vtable#0}
[INFO] [stdout]                                at /rustc/6b3fa26749ab40e159b2dd5cf577acaaf5902772/library/core/src/ops/function.rs:250:5
[INFO] [stdout]   40:     0x58fd70700dcf - <alloc[55a36b64bcbf2c0d]::boxed::Box<dyn core[6883ba1bc0fe4ed1]::ops::function::FnOnce<(), Output = ()> + core[6883ba1bc0fe4ed1]::marker::Send> as core[6883ba1bc0fe4ed1]::ops::function::FnOnce<()>>::call_once
[INFO] [stdout]                                at /rustc/6b3fa26749ab40e159b2dd5cf577acaaf5902772/library/alloc/src/boxed.rs:2319:9
[INFO] [stdout]   41:     0x58fd70700dcf - <std[73adb7dc35730857]::sys::thread::unix::Thread>::new::thread_start
[INFO] [stdout]                                at /rustc/6b3fa26749ab40e159b2dd5cf577acaaf5902772/library/std/src/sys/thread/unix.rs:123:17
[INFO] [stdout]   42:     0x712dad280aa4 - <unknown>
[INFO] [stdout]   43:     0x712dad30da64 - clone
[INFO] [stdout]   44:                0x0 - <unknown>
[INFO] [stdout] 
[INFO] [stdout] 
[INFO] [stdout] failures:
[INFO] [stdout]     test_unreadable_file_exits_nonzero
[INFO] [stdout] 
[INFO] [stdout] test result: FAILED. 18 passed; 1 failed; 0 ignored; 0 measured; 0 filtered out; finished in 1.28s
[INFO] [stdout] 
[INFO] [stderr] error: test failed, to rerun pass `--test integration_tests`
[INFO] running `Command { std: "docker" "inspect" "e9deeb91be0c76db2a46638acc5f884a9037c6795f02a8f1abd6ae1fb8eb28e4", kill_on_drop: false }`
[INFO] running `Command { std: "docker" "rm" "-f" "e9deeb91be0c76db2a46638acc5f884a9037c6795f02a8f1abd6ae1fb8eb28e4", kill_on_drop: false }`
[INFO] [stdout] e9deeb91be0c76db2a46638acc5f884a9037c6795f02a8f1abd6ae1fb8eb28e4
