[INFO] cloning repository https://github.com/liangchunn/atracdenc-rs
[INFO] running `Command { std: "git" "-c" "credential.helper=" "-c" "credential.helper=/workspace/cargo-home/bin/git-credential-null" "clone" "--bare" "https://github.com/liangchunn/atracdenc-rs" "/workspace/cache/git-repos/https%3A%2F%2Fgithub.com%2Fliangchunn%2Fatracdenc-rs", kill_on_drop: false }`
[INFO] [stderr] Cloning into bare repository '/workspace/cache/git-repos/https%3A%2F%2Fgithub.com%2Fliangchunn%2Fatracdenc-rs'...
[INFO] running `Command { std: "git" "rev-parse" "HEAD", kill_on_drop: false }`
[INFO] [stdout] 39118d6619b073c8382360b9d2c41a965d82ce29
[INFO] testing liangchunn/atracdenc-rs against 1.98.0-beta.1 for beta-1.98-2
[INFO] running `Command { std: "git" "clone" "/workspace/cache/git-repos/https%3A%2F%2Fgithub.com%2Fliangchunn%2Fatracdenc-rs" "/workspace/builds/worker-1-tc2/source", kill_on_drop: false }`
[INFO] [stderr] Cloning into '/workspace/builds/worker-1-tc2/source'...
[INFO] [stderr] done.
[INFO] removed /workspace/builds/worker-1-tc2/source/rust-toolchain.toml
[INFO] started tweaking git repo https://github.com/liangchunn/atracdenc-rs
[INFO] finished tweaking git repo https://github.com/liangchunn/atracdenc-rs
[INFO] tweaked toml for git repo https://github.com/liangchunn/atracdenc-rs written to /workspace/builds/worker-1-tc2/source/Cargo.toml
[INFO] validating manifest of git repo https://github.com/liangchunn/atracdenc-rs on toolchain 1.98.0-beta.1
[INFO] running `Command { std: CARGO_HOME="/workspace/cargo-home" RUSTUP_HOME="/workspace/rustup-home" "/workspace/cargo-home/bin/cargo" "+1.98.0-beta.1" "metadata" "--manifest-path" "Cargo.toml" "--no-deps", kill_on_drop: false }`
[INFO] crate git repo https://github.com/liangchunn/atracdenc-rs already has a lockfile, it will not be regenerated
[INFO] running `Command { std: CARGO_HOME="/workspace/cargo-home" RUSTUP_HOME="/workspace/rustup-home" "/workspace/cargo-home/bin/cargo" "+1.98.0-beta.1" "fetch" "--manifest-path" "Cargo.toml", kill_on_drop: false }`
[INFO] running `Command { std: "docker" "create" "-v" "/var/lib/crater-agent-workspace/builds/worker-1-tc2/source:/opt/rustwide/workdir:ro,Z" "-v" "/var/lib/crater-agent-workspace/builds/worker-1-tc2/target:/opt/rustwide/target:rw,Z" "-v" "/var/lib/crater-agent-workspace/cargo-home:/opt/rustwide/cargo-home:ro,Z" "-v" "/var/lib/crater-agent-workspace/rustup-home:/opt/rustwide/rustup-home:ro,Z" "-m" "1610612736" "--network" "none" "ghcr.io/rust-lang/crates-build-env/linux@sha256:3d5ced03c013a94a2f102a4510f48a6e9184255caf5fd8244f58017bde7f5210" "sleep" "infinity", kill_on_drop: false }`
[INFO] [stdout] 272f74e6fb9bc5040397f359521a810ab324ae558dfa484f0085856b5a12b790
[INFO] running `Command { std: "docker" "start" "272f74e6fb9bc5040397f359521a810ab324ae558dfa484f0085856b5a12b790", kill_on_drop: false }`
[INFO] running `Command { std: "docker" "inspect" "272f74e6fb9bc5040397f359521a810ab324ae558dfa484f0085856b5a12b790", kill_on_drop: false }`
[INFO] running `Command { std: "docker" "exec" "-e" "SOURCE_DIR=/opt/rustwide/workdir" "-e" "CARGO_HOME=/opt/rustwide/cargo-home" "-e" "RUSTUP_HOME=/opt/rustwide/rustup-home" "-e" "CARGO_TARGET_DIR=/opt/rustwide/target" "-w" "/opt/rustwide/workdir" "--user" "0:0" "272f74e6fb9bc5040397f359521a810ab324ae558dfa484f0085856b5a12b790" "/opt/rustwide/cargo-home/bin/cargo" "+1.98.0-beta.1" "metadata" "--no-deps" "--format-version=1", kill_on_drop: false }`
[INFO] running `Command { std: "docker" "inspect" "272f74e6fb9bc5040397f359521a810ab324ae558dfa484f0085856b5a12b790", kill_on_drop: false }`
[INFO] running `Command { std: "docker" "exec" "-e" "SOURCE_DIR=/opt/rustwide/workdir" "-e" "CARGO_HOME=/opt/rustwide/cargo-home" "-e" "RUSTUP_HOME=/opt/rustwide/rustup-home" "-e" "CARGO_TARGET_DIR=/opt/rustwide/target" "-e" "CARGO_INCREMENTAL=0" "-e" "RUST_BACKTRACE=full" "-e" "RUSTFLAGS=--cap-lints=warn" "-e" "RUSTDOCFLAGS=--cap-lints=warn" "-w" "/opt/rustwide/workdir" "--user" "0:0" "272f74e6fb9bc5040397f359521a810ab324ae558dfa484f0085856b5a12b790" "/opt/rustwide/cargo-home/bin/cargo" "+1.98.0-beta.1" "build" "--frozen" "--message-format=json", kill_on_drop: false }`
[INFO] [stderr]    Compiling num-traits v0.2.19
[INFO] [stderr]    Compiling quote v1.0.45
[INFO] [stderr]    Compiling unicode-ident v1.0.24
[INFO] [stderr]    Compiling memchr v2.8.2
[INFO] [stderr]    Compiling log v0.4.32
[INFO] [stderr]    Compiling regex-syntax v0.8.11
[INFO] [stderr]    Compiling strength_reduce v0.2.4
[INFO] [stderr]    Compiling hound v3.5.1
[INFO] [stderr]    Compiling jiff v0.2.28
[INFO] [stderr]    Compiling clap_builder v4.6.0
[INFO] [stderr]    Compiling proc-macro2 v1.0.106
[INFO] [stderr]    Compiling aho-corasick v1.1.4
[INFO] [stderr]    Compiling syn v2.0.117
[INFO] [stderr]    Compiling num-integer v0.1.46
[INFO] [stderr]    Compiling num-complex v0.4.6
[INFO] [stderr]    Compiling primal-check v0.3.4
[INFO] [stderr]    Compiling transpose v0.2.3
[INFO] [stderr]    Compiling rustfft v6.4.1
[INFO] [stderr]    Compiling regex-automata v0.4.14
[INFO] [stderr]    Compiling thiserror-impl v2.0.18
[INFO] [stderr]    Compiling clap_derive v4.6.1
[INFO] [stderr]    Compiling thiserror v2.0.18
[INFO] [stderr]    Compiling regex v1.12.4
[INFO] [stderr]    Compiling clap v4.6.1
[INFO] [stderr]    Compiling env_filter v1.0.1
[INFO] [stderr]    Compiling env_logger v0.11.10
[INFO] [stderr]    Compiling atracdenc-core v0.1.0 (/opt/rustwide/workdir/crates/atracdenc-core)
[INFO] [stderr]    Compiling atracdenc v0.1.0 (/opt/rustwide/workdir/crates/atracdenc)
[INFO] [stderr]    Compiling atracdenc-cli v0.1.0 (/opt/rustwide/workdir/crates/atracdenc-cli)
[INFO] [stderr]     Finished `dev` profile [unoptimized + debuginfo] target(s) in 33.37s
[INFO] running `Command { std: "docker" "inspect" "272f74e6fb9bc5040397f359521a810ab324ae558dfa484f0085856b5a12b790", kill_on_drop: false }`
[INFO] running `Command { std: "docker" "exec" "-e" "SOURCE_DIR=/opt/rustwide/workdir" "-e" "CARGO_HOME=/opt/rustwide/cargo-home" "-e" "RUSTUP_HOME=/opt/rustwide/rustup-home" "-e" "CARGO_TARGET_DIR=/opt/rustwide/target" "-e" "CARGO_INCREMENTAL=0" "-e" "RUST_BACKTRACE=full" "-e" "RUSTFLAGS=--cap-lints=warn" "-e" "RUSTDOCFLAGS=--cap-lints=warn" "-w" "/opt/rustwide/workdir" "--user" "0:0" "272f74e6fb9bc5040397f359521a810ab324ae558dfa484f0085856b5a12b790" "/opt/rustwide/cargo-home/bin/cargo" "+1.98.0-beta.1" "test" "--frozen" "--no-run" "--message-format=json", kill_on_drop: false }`
[INFO] [stderr]    Compiling libc v0.2.186
[INFO] [stderr]    Compiling getrandom v0.4.2
[INFO] [stderr]    Compiling chacha20 v0.10.0
[INFO] [stderr]    Compiling atracdenc v0.1.0 (/opt/rustwide/workdir/crates/atracdenc)
[INFO] [stderr]    Compiling atracdenc-cli v0.1.0 (/opt/rustwide/workdir/crates/atracdenc-cli)
[INFO] [stderr]    Compiling rand v0.10.1
[INFO] [stderr]    Compiling atracdenc-core v0.1.0 (/opt/rustwide/workdir/crates/atracdenc-core)
[INFO] [stderr]     Finished `test` profile [unoptimized + debuginfo] target(s) in 15.10s
[INFO] running `Command { std: "docker" "inspect" "272f74e6fb9bc5040397f359521a810ab324ae558dfa484f0085856b5a12b790", kill_on_drop: false }`
[INFO] running `Command { std: "docker" "exec" "-e" "SOURCE_DIR=/opt/rustwide/workdir" "-e" "CARGO_HOME=/opt/rustwide/cargo-home" "-e" "RUSTUP_HOME=/opt/rustwide/rustup-home" "-e" "CARGO_TARGET_DIR=/opt/rustwide/target" "-e" "CARGO_INCREMENTAL=0" "-e" "RUST_BACKTRACE=full" "-e" "RUSTFLAGS=--cap-lints=warn" "-e" "RUSTDOCFLAGS=--cap-lints=warn" "-w" "/opt/rustwide/workdir" "--user" "0:0" "272f74e6fb9bc5040397f359521a810ab324ae558dfa484f0085856b5a12b790" "/opt/rustwide/cargo-home/bin/cargo" "+1.98.0-beta.1" "test" "--frozen", kill_on_drop: false }`
[INFO] [stderr]     Finished `test` profile [unoptimized + debuginfo] target(s) in 0.07s
[INFO] [stderr]      Running unittests src/lib.rs (/opt/rustwide/target/debug/deps/atracdenc-e6dce6479465a398)
[INFO] [stdout] 
[INFO] [stdout] running 17 tests
[INFO] [stdout] test tests::rejects_advanced_for_non_atrac3plus ... ok
[INFO] [stdout] test tests::rejects_ignored_atrac3_options_for_atrac3plus ... ok
[INFO] [stdout] test tests::rejects_invalid_atrac1_bfu_idx_const ... ok
[INFO] [stdout] test tests::sony_delay_align_rejects_mono ... ok
[INFO] [stdout] test tests::sony_delay_align_rejects_non_atrac3_codec ... ok
[INFO] [stdout] test tests::run_requires_explicit_writer_output ... ok
[INFO] [stdout] test tests::validates_codec_container_matrix ... ok
[INFO] [stdout] test tests::sony_delay_align_rejects_non_lp2_lp4_bitrate ... ok
[INFO] [stdout] test tests::sony_delay_align_rejects_non_riff_container ... ok
[INFO] [stdout] test tests::encodes_atrac1_from_bytes_to_vec ... ok
[INFO] [stdout] test tests::encodes_atrac3_to_vec_with_default_container ... ok
[INFO] [stdout] test tests::encodes_atrac3_to_vec ... ok
[INFO] [stdout] test tests::encodes_atrac1_to_writer_with_default_container ... ok
[INFO] [stdout] test tests::encodes_atrac1_from_reader_to_vec ... ok
[INFO] [stdout] test tests::decodes_atrac1_from_bytes_to_wav_vec ... ok
[INFO] [stdout] test tests::sony_delay_align_lp4_sets_fact_and_flush_frame_count ... ok
[INFO] [stdout] test tests::sony_delay_align_sets_fact_to_true_samples_and_flush_frame_count ... ok
[INFO] [stdout] 
[INFO] [stdout] test result: ok. 17 passed; 0 failed; 0 ignored; 0 measured; 0 filtered out; finished in 0.10s
[INFO] [stdout] 
[INFO] [stderr]      Running tests/sony_delay_align.rs (/opt/rustwide/target/debug/deps/sony_delay_align-b7c175a445f839cc)
[INFO] [stdout] 
[INFO] [stdout] running 4 tests
[INFO] [stdout] test default_encoding_is_unchanged_regression_guard ... ok
[INFO] [stdout] test sony_delay_align_writes_true_sample_count_and_flush_frames ... ok
[INFO] [stdout] test sony_delay_align_applies_to_lp4_too ... ok
[INFO] [stdout] test alignment_adds_exactly_one_flush_frame_for_this_fixture ... ok
[INFO] [stdout] 
[INFO] [stdout] test result: ok. 4 passed; 0 failed; 0 ignored; 0 measured; 0 filtered out; finished in 2.48s
[INFO] [stdout] 
[INFO] [stderr]      Running unittests src/main.rs (/opt/rustwide/target/debug/deps/atracdenc-f8e30fa254ab0173)
[INFO] [stdout] 
[INFO] [stdout] running 9 tests
[INFO] [stdout] test tests::facade_infers_containers_from_extension ... ok
[INFO] [stdout] test tests::facade_validates_codec_container_matrix ... ok
[INFO] [stdout] test tests::rejects_conflicting_at3_bfu_mode_flags ... ok
[INFO] [stdout] test tests::keeps_encode_subcommand_compatibility ... ok
[INFO] [stdout] test tests::at3_bfu_mode_defaults_to_fast ... ok
[INFO] [stdout] test tests::replace_existing_output_restores_original_when_temp_is_missing ... ok
[INFO] [stdout] test tests::replace_existing_output_fallback_swaps_file_and_removes_backup ... ok
[INFO] [stdout] test tests::parses_original_style_atrac3_flags ... ok
[INFO] [stdout] test tests::parses_notransient_optional_mask ... ok
[INFO] [stdout] 
[INFO] [stdout] test result: ok. 9 passed; 0 failed; 0 ignored; 0 measured; 0 filtered out; finished in 0.00s
[INFO] [stdout] 
[INFO] [stderr]      Running tests/integration.rs (/opt/rustwide/target/debug/deps/integration-1038a04b885e90f0)
[INFO] [stdout] 
[INFO] [stdout] running 17 tests
[INFO] [stdout] test atrac3_bad_yaml_log_path_does_not_create_output_temp ... ok
[INFO] [stdout] test atrac1_yaml_log_is_rejected_before_touching_bad_yaml_path ... ok
[INFO] [stdout] test invalid_encode_does_not_truncate_existing_output ... ok
[INFO] [stdout] test missing_input_reports_open_error_before_wav_validation ... ok
[INFO] [stdout] test advanced_is_rejected_for_non_atrac3plus ... ok
[INFO] [stdout] test rust_log_trace_exposes_facade_and_core_diagnostics ... ok
[INFO] [stdout] test utf8_input_atrac3_encode_succeeds ... ok
[INFO] [stdout] test utf8_input_atrac1_encode_succeeds ... ok
[INFO] [stdout] test default_encode_emits_info_summary_progress_and_done ... ok
[INFO] [stdout] test utf8_atrac1_output_and_decode_succeed ... ok
[INFO] [stdout] test rust_log_off_suppresses_info_logs ... ok
[INFO] [stdout] test atrac3_yaml_log_path_is_written ... ok
[INFO] [stdout] test atrac3plus_advanced_opt ... ok
[INFO] [stdout] test atrac3_rm_output_uses_computed_frame_count ... ok
[INFO] [stdout] test explicit_container_overrides_extension_and_invalid_combos_fail ... ok
[INFO] [stdout] test utf8_atrac3_output_extensions_succeed ... ok
[INFO] [stdout] test atrac3plus_oma_smoke ... ok
[INFO] [stdout] 
[INFO] [stdout] test result: ok. 17 passed; 0 failed; 0 ignored; 0 measured; 0 filtered out; finished in 0.21s
[INFO] [stdout] 
[INFO] [stderr]      Running tests/quality.rs (/opt/rustwide/target/debug/deps/quality-c56d0c0bc9e269ee)
[INFO] [stdout] 
[INFO] [stdout] running 1 test
[INFO] [stdout] test atrac1_cli_encode_decode_keeps_aligned_snr_above_regression_floor ... ok
[INFO] [stdout] 
[INFO] [stdout] test result: ok. 1 passed; 0 failed; 0 ignored; 0 measured; 0 filtered out; finished in 1.00s
[INFO] [stdout] 
[INFO] [stderr]      Running unittests src/lib.rs (/opt/rustwide/target/debug/deps/atracdenc_core-1b9d043d0d3f34d6)
[INFO] [stdout] 
[INFO] [stdout] running 133 tests
[INFO] [stdout] test at1::bitalloc::tests::available_bits_matches_frame_budget ... ok
[INFO] [stdout] test at1::bitalloc::tests::bits_booster_spends_surplus_without_exceeding_limits ... ok
[INFO] [stdout] test at1::bitalloc::tests::encode_frame_produces_decodable_header_and_bounded_size ... ok
[INFO] [stdout] test at1::bitalloc::tests::encoded_frame_can_be_dequantised ... ok
[INFO] [stdout] test at1::codec::tests::try_new_rejects_out_of_range_bfu_idx_const ... ok
[INFO] [stdout] test at1::codec::tests::encoder_writes_one_atrac1_frame_per_channel ... ok
[INFO] [stdout] test at1::data::tests::block_size_parse_matches_cpp_encoding ... ok
[INFO] [stdout] test at1::codec::tests::scale_at1_frame_returns_all_bfus ... ok
[INFO] [stdout] test at1::data::tests::encode_settings_new_validates_bfu_idx_const ... ok
[INFO] [stdout] test at1::data::tests::tables_match_expected_shapes ... ok
[INFO] [stdout] test at1::mdct::tests::atrac1_mdct_long_encode_decode ... ok
[INFO] [stdout] test at1::codec::tests::try_new_accepts_valid_bfu_idx_const ... ok
[INFO] [stdout] test at1::mdct::tests::atrac1_mdct_short_encode_decode ... ok
[INFO] [stdout] test at3::bitstream::tests::check_bfus_trims_one_trailing_zero_bfu ... ok
[INFO] [stdout] test at3::bitstream::tests::block_band_uses_atrac3_bfu_boundaries ... ok
[INFO] [stdout] test at3::bitstream::tests::empty_sound_unit_writes_through_compressed_output ... ok
[INFO] [stdout] test at3::bitstream::tests::gain_energy_scale_helpers_match_log_domain_formula ... ok
[INFO] [stdout] test at3::bitstream::tests::initial_bfu_count_matches_budget_limit ... ok
[INFO] [stdout] test at3::bitstream::tests::energy_error_boosts_low_blocks_only ... ok
[INFO] [stdout] test at3::bitstream::tests::bitstream_writer_defaults_to_fast_bfu_allocation ... ok
[INFO] [stdout] test at3::bitstream::tests::clc_selector_one_packs_mantissa_pairs ... ok
[INFO] [stdout] test at3::bitstream::tests::non_empty_scaled_blocks_encode_spectral_payload ... ok
[INFO] [stdout] test at3::bitstream::tests::empty_lp2_mono_sound_unit_duplicates_first_channel ... ok
[INFO] [stdout] test at1::codec::tests::encoded_frame_runs_through_decoder_path ... ok
[INFO] [stdout] test at3::bitstream::tests::empty_lp4_joint_stereo_reverses_second_channel_region ... ok
[INFO] [stdout] test at3::bitstream::tests::specs_bit_count_matches_dumped_bits ... ok
[INFO] [stdout] test at1::qmf::tests::analysis_synthesis_filterbank_is_stable ... ok
[INFO] [stdout] test at3::bitstream::tests::tonal_bit_count_matches_dumped_bits ... ok
[INFO] [stdout] test at3::bitstream::tests::parity_bfu_allocation_encodes_valid_spectral_payload ... ok
[INFO] [stdout] test at3::bitstream::tests::tonal_blocks_encode_payload ... ok
[INFO] [stdout] test at3::data::tests::gain_params_are_usable_by_shared_processor ... ok
[INFO] [stdout] test at1::codec::tests::atrac1_file_aea_roundtrip_smoke ... ok
[INFO] [stdout] test at3::data::tests::bitrate_lookup_matches_cpp_lower_bound_defaulting ... ok
[INFO] [stdout] test at3::data::tests::helper_tables_match_expected_reverse_mappings ... ok
[INFO] [stdout] test at3::data::tests::subband_info_stores_and_resets_gain_points ... ok
[INFO] [stdout] test at3::data::tests::tables_match_expected_shapes ... ok
[INFO] [stdout] test at3::encoder::tests::map_tonal_components_groups_contiguous_positions_up_to_seven_values ... ok
[INFO] [stdout] test at3::encoder::tests::extract_tonal_components_picks_strongest_low_flatness_run_and_zeros_specs ... ok
[INFO] [stdout] test at3::encoder::tests::matrixing_converts_lr_to_mid_side ... ok
[INFO] [stdout] test at3::encoder::tests::scale_at3_frame_returns_all_bfus ... ok
[INFO] [stdout] test at3::encoder::tests::extracted_tonals_map_into_bitstream_frame ... ok
[INFO] [stdout] test at3::bitstream::tests::vlc_selector_one_counts_and_writes_huffman_pairs ... ok
[INFO] [stdout] test at3::encoder::tests::limit_rel_clamps_to_atrac3_gain_bounds ... ok
[INFO] [stdout] test at3::mdct::tests::atrac3_mdct_sine_roundtrip_one_band ... ok
[INFO] [stdout] test at3::yaml_log::tests::writes_compact_float_sequence_with_default_cpp_style_precision ... ok
[INFO] [stdout] test at3::yaml_log::tests::yaml_log_owns_and_returns_writer ... ok
[INFO] [stdout] test at3::mdct::tests::atrac3_mdct_zero_block ... ok
[INFO] [stdout] test at3p::bitstream::tests::tonal_bands_exceeding_quant_units_returns_error ... ok
[INFO] [stdout] test at3::mdct::tests::relation_to_idx_matches_cpp_cases ... ok
[INFO] [stdout] test at3p::bitstream::tests::tone_freq_bit_pack_1 ... ok
[INFO] [stdout] test at1::codec::tests::pcm_engine_atrac1_encode_decode_smoke ... ok
[INFO] [stdout] test at3p::bitstream::tests::tone_freq_bit_pack_1_2_1020_1021_1022 ... ok
[INFO] [stdout] test at3p::bitstream::tests::tone_freq_bit_pack_1_2_3 ... ok
[INFO] [stdout] test at3p::bitstream::tests::tone_freq_bit_pack_1_2_3_1020_1021_1022 ... ok
[INFO] [stdout] test at3p::bitstream::tests::tone_freq_bit_pack_512_1020_1023 ... ok
[INFO] [stdout] test at3::mdct::tests::atrac3_window_matches_cpp_identity ... ok
[INFO] [stdout] test at3::mdct::tests::gain_energy_scale_is_finite_and_tracks_no_gain_identity ... ok
[INFO] [stdout] test at3p::encoder::tests::parse_advanced_ghadbg ... ok
[INFO] [stdout] test at3p::bitstream::tests::wordlen ... ok
[INFO] [stdout] test at3p::mdct::tests::dc_sine_steep_win ... ok
[INFO] [stdout] test at3p::mdct::tests::dc_sine_win ... ok
[INFO] [stdout] test at3::qmf::tests::analysis_splits_pcm_into_four_finite_bands ... ok
[INFO] [stdout] test atrac::psy::tests::ath_and_loudness_curve_have_expected_shape ... ok
[INFO] [stdout] test atrac::psy::tests::spectral_flatness_impulse_maps_to_single_bfu ... ok
[INFO] [stdout] test atrac::psy::tests::scale_factor_spread_and_loudness_tracking ... ok
[INFO] [stdout] test at3p::tables::tests::inv_mant_tab_zero_and_inverse ... ok
[INFO] [stdout] test at3p::tables::tests::huff_tables_build ... ok
[INFO] [stdout] test at3p::mdct::tests::dc_steep_win ... ok
[INFO] [stdout] test at3p::tables::tests::scale_table_last_is_one ... ok
[INFO] [stdout] test atrac::psy::tests::spectral_flatness_uniform_block ... ok
[INFO] [stdout] test at3::mdct::tests::atrac3_mdct_gain_one_point_dc_roundtrip ... ok
[INFO] [stdout] test atrac::scale::tests::quant_save_energy_lost ... ok
[INFO] [stdout] test atrac::psy::tests::tone_like_energy_is_less_flat_than_noise_like_energy ... ok
[INFO] [stdout] test atrac::scale::tests::scaler_uses_lower_bound_scale_index ... ok
[INFO] [stdout] test at3p::mdct::tests::zero_one_block ... ok
[INFO] [stdout] test atrac::scale::tests::scale_frame_uses_short_or_long_offsets_per_band ... ok
[INFO] [stdout] test bitstream::encode::tests::alloc_with_repeat ... ok
[INFO] [stdout] test at3::encoder::tests::atrac3_encoder_writes_frame_after_lookahead ... ok
[INFO] [stdout] test bitstream::encode::tests::not_exact_alloc ... ok
[INFO] [stdout] test bitstream::encode::tests::simple_alloc ... ok
[INFO] [stdout] test at3p::mdct::tests::dc_steep_sine_win ... ok
[INFO] [stdout] test bitstream::tests::default_constructor ... ok
[INFO] [stdout] test bitstream::tests::fixed_seed_round_trip_property ... ok
[INFO] [stdout] test bitstream::tests::overlap_write_read ... ok
[INFO] [stdout] test bitstream::tests::overlap_write_read_2 ... ok
[INFO] [stdout] test bitstream::tests::overlap_write_read_3 ... ok
[INFO] [stdout] test bitstream::tests::sign_write_read ... ok
[INFO] [stdout] test bitstream::tests::simple_write_read ... ok
[INFO] [stdout] test at3::encoder::tests::atrac3_encoder_gain_control_path_writes_frame_after_lookahead ... ok
[INFO] [stdout] test container::aea::tests::aea_header_dummy_skip_and_readback ... ok
[INFO] [stdout] test container::at3::tests::atrac3_wave_header_and_backfill ... ok
[INFO] [stdout] test container::at3::tests::atrac3plus_rejects_oversized_u16_fields ... ok
[INFO] [stdout] test container::at3::tests::atrac3plus_wave_header ... ok
[INFO] [stdout] test container::oma::tests::oma_atrac3_header_and_frame ... ok
[INFO] [stdout] test container::rm::tests::rm_header_packet_and_data_backfill ... ok
[INFO] [stdout] test container::raw::tests::raw_output_pads_to_fixed_frame_size ... ok
[INFO] [stdout] test container::oma::tests::oma_atrac3plus_header ... ok
[INFO] [stdout] test dsp::dct::tests::dct4_16_matches_midct_adapter_contract ... ok
[INFO] [stdout] test dsp::delay_buffer::tests::shift_can_keep_second_half ... ok
[INFO] [stdout] test dsp::delay_buffer::tests::shift_copies_second_to_first_and_erases_by_default ... ok
[INFO] [stdout] test at3::encoder::tests::atrac3_encoder_yaml_log_emits_frame_channel_and_gain_sections ... ok
[INFO] [stdout] test dsp::gain::tests::empty_gain_is_noop_for_modulate_and_overlap_for_demodulate ... ok
[INFO] [stdout] test dsp::gain::tests::modulate_demodulate_mirror_on_constant_region ... ok
[INFO] [stdout] test dsp::transient::tests::calc_curve_skips_first_frame_then_emits_reasonable_points ... ok
[INFO] [stdout] test dsp::qmf::tests::calc_freq_resp_populates_response ... ok
[INFO] [stdout] test dsp::qmf::tests::calc_freq_resp_rejects_too_short_buffers ... ok
[INFO] [stdout] test dsp::transient::tests::transient_detector_flags_large_energy_change ... ok
[INFO] [stdout] test dsp::mdct::tests::mdct_random_256 ... ok
[INFO] [stdout] test gha::sle::tests::sle_not_ok_2 ... ok
[INFO] [stdout] test gha::sle::tests::sle_ok_1 ... ok
[INFO] [stdout] test gha::tests::one_tone_11025_a1 ... ok
[INFO] [stdout] test dsp::upsampler::tests::output_size ... ok
[INFO] [stdout] test gha::tests::one_tone_11025_a32768_partial_frame ... ok
[INFO] [stdout] test dsp::transient::tests::analyze_gain_simple_peak_case ... ok
[INFO] [stdout] test pcm::wav::tests::stereo_total_samples_counts_frames_not_values ... ok
[INFO] [stdout] test gha::tests::one_tone_11025_a32768 ... ok
[INFO] [stdout] test pcm::wav::tests::wav_round_trip_normalizes_i16_samples ... ok
[INFO] [stdout] test dsp::upsampler::tests::dc_is_removed_by_low_cut_filter ... ok
[INFO] [stdout] test dsp::mdct::tests::midct_random_256 ... ok
[INFO] [stdout] test gha::tests::one_tone_11025_a32768_adjust ... ok
[INFO] [stdout] test util::tests::get_first_set_bit_test ... ok
[INFO] [stdout] test gha::tests::one_tone_22000_a1 ... ok
[INFO] [stdout] test util::tests::extras_from_plan ... ok
[INFO] [stdout] test dsp::mdct::tests::midct_reference_vectors ... ok
[INFO] [stdout] test pcm::wav::tests::wav_round_trip_works_in_memory ... ok
[INFO] [stdout] test pcm::engine::tests::apply_process_handles_lookahead_and_drain ... ok
[INFO] [stdout] test gha::tests::one_tone_20000_a1 ... ok
[INFO] [stdout] test gha::tests::two_tones_5512hz5_11025_a32768_adjust ... ok
[INFO] [stdout] test dsp::upsampler::tests::high_frequency_sine_preserves_rms ... ok
[INFO] [stdout] test dsp::mdct::tests::mdct_reference_vectors ... ok
[INFO] [stdout] test dsp::qmf::tests::analysis_synthesis_sine_is_delayed_with_stable_gain ... ok
[INFO] [stdout] test gha::tests::two_tones_5000_11025_a32768_adjust ... FAILED
[INFO] [stdout] test dsp::upsampler::tests::chirp_no_false_transient_short_regression ... ok
[INFO] [stdout] 
[INFO] [stdout] failures:
[INFO] [stdout] 
[INFO] [stdout] ---- gha::tests::two_tones_5000_11025_a32768_adjust stdout ----
[INFO] [stdout] 
[INFO] [stdout] thread 'gha::tests::two_tones_5000_11025_a32768_adjust' (1294) panicked at crates/atracdenc-core/src/gha/mod.rs:733:9:
[INFO] [stdout] assertion failed: compare_phase(0.0, res[0].phase, 0.01)
[INFO] [stdout] stack backtrace:
[INFO] [stdout]    0:     0x5baa829df271 - std[73adb7dc35730857]::backtrace_rs::backtrace::libunwind::trace
[INFO] [stdout]                                at /rustc/6b3fa26749ab40e159b2dd5cf577acaaf5902772/library/std/src/../../backtrace/src/backtrace/libunwind.rs:117:9
[INFO] [stdout]    1:     0x5baa829df271 - std[73adb7dc35730857]::backtrace_rs::backtrace::trace_unsynchronized::<std[73adb7dc35730857]::sys::backtrace::_print_fmt::{closure#1}>
[INFO] [stdout]                                at /rustc/6b3fa26749ab40e159b2dd5cf577acaaf5902772/library/std/src/../../backtrace/src/backtrace/mod.rs:66:14
[INFO] [stdout]    2:     0x5baa829df271 - std[73adb7dc35730857]::sys::backtrace::_print_fmt
[INFO] [stdout]                                at /rustc/6b3fa26749ab40e159b2dd5cf577acaaf5902772/library/std/src/sys/backtrace.rs:74:9
[INFO] [stdout]    3:     0x5baa829df271 - <<std[73adb7dc35730857]::sys::backtrace::BacktraceLock>::print::DisplayBacktrace as core[6883ba1bc0fe4ed1]::fmt::Display>::fmt
[INFO] [stdout]                                at /rustc/6b3fa26749ab40e159b2dd5cf577acaaf5902772/library/std/src/sys/backtrace.rs:44:26
[INFO] [stdout]    4:     0x5baa829f4d1a - <core[6883ba1bc0fe4ed1]::fmt::rt::Argument>::fmt
[INFO] [stdout]                                at /rustc/6b3fa26749ab40e159b2dd5cf577acaaf5902772/library/core/src/fmt/rt.rs:152:76
[INFO] [stdout]    5:     0x5baa829f4d1a - core[6883ba1bc0fe4ed1]::fmt::write
[INFO] [stdout]    6:     0x5baa829e392c - std[73adb7dc35730857]::io::default_write_fmt::<alloc[55a36b64bcbf2c0d]::vec::Vec<u8>>
[INFO] [stdout]                                at /rustc/6b3fa26749ab40e159b2dd5cf577acaaf5902772/library/std/src/io/mod.rs:626:11
[INFO] [stdout]    7:     0x5baa829e392c - <alloc[55a36b64bcbf2c0d]::vec::Vec<u8> as std[73adb7dc35730857]::io::Write>::write_fmt
[INFO] [stdout]                                at /rustc/6b3fa26749ab40e159b2dd5cf577acaaf5902772/library/std/src/io/mod.rs:1730:13
[INFO] [stdout]    8:     0x5baa829bd786 - <std[73adb7dc35730857]::sys::backtrace::BacktraceLock>::print
[INFO] [stdout]                                at /rustc/6b3fa26749ab40e159b2dd5cf577acaaf5902772/library/std/src/sys/backtrace.rs:47:9
[INFO] [stdout]    9:     0x5baa829bd786 - std[73adb7dc35730857]::panicking::default_hook::{closure#0}
[INFO] [stdout]                                at /rustc/6b3fa26749ab40e159b2dd5cf577acaaf5902772/library/std/src/panicking.rs:292:27
[INFO] [stdout]   10:     0x5baa829d7399 - std[73adb7dc35730857]::panicking::default_hook
[INFO] [stdout]                                at /rustc/6b3fa26749ab40e159b2dd5cf577acaaf5902772/library/std/src/panicking.rs:316:9
[INFO] [stdout]   11:     0x5baa829536e0 - <alloc[55a36b64bcbf2c0d]::boxed::Box<dyn for<'a, 'b> core[6883ba1bc0fe4ed1]::ops::function::Fn<(&'a std[73adb7dc35730857]::panic::PanicHookInfo<'b>,), Output = ()> + core[6883ba1bc0fe4ed1]::marker::Send + core[6883ba1bc0fe4ed1]::marker::Sync> as core[6883ba1bc0fe4ed1]::ops::function::Fn<(&std[73adb7dc35730857]::panic::PanicHookInfo,)>>::call
[INFO] [stdout]                                at /rustc/6b3fa26749ab40e159b2dd5cf577acaaf5902772/library/alloc/src/boxed.rs:2333:9
[INFO] [stdout]   12:     0x5baa829536e0 - test[980ffaebd391d06d]::test_main_inner::<test[980ffaebd391d06d]::test_main_static::{closure#0}>::{closure#0}
[INFO] [stdout]                                at /rustc/6b3fa26749ab40e159b2dd5cf577acaaf5902772/library/test/src/lib.rs:155:21
[INFO] [stdout]   13:     0x5baa829d7552 - <alloc[55a36b64bcbf2c0d]::boxed::Box<dyn for<'a, 'b> core[6883ba1bc0fe4ed1]::ops::function::Fn<(&'a std[73adb7dc35730857]::panic::PanicHookInfo<'b>,), Output = ()> + core[6883ba1bc0fe4ed1]::marker::Send + core[6883ba1bc0fe4ed1]::marker::Sync> as core[6883ba1bc0fe4ed1]::ops::function::Fn<(&std[73adb7dc35730857]::panic::PanicHookInfo,)>>::call
[INFO] [stdout]                                at /rustc/6b3fa26749ab40e159b2dd5cf577acaaf5902772/library/alloc/src/boxed.rs:2333:9
[INFO] [stdout]   14:     0x5baa829d7552 - std[73adb7dc35730857]::panicking::panic_with_hook
[INFO] [stdout]                                at /rustc/6b3fa26749ab40e159b2dd5cf577acaaf5902772/library/std/src/panicking.rs:823:13
[INFO] [stdout]   15:     0x5baa829bd864 - std[73adb7dc35730857]::panicking::panic_handler::{closure#0}
[INFO] [stdout]                                at /rustc/6b3fa26749ab40e159b2dd5cf577acaaf5902772/library/std/src/panicking.rs:681:13
[INFO] [stdout]   16:     0x5baa829b50b9 - std[73adb7dc35730857]::sys::backtrace::__rust_end_short_backtrace::<std[73adb7dc35730857]::panicking::panic_handler::{closure#0}, !>
[INFO] [stdout]                                at /rustc/6b3fa26749ab40e159b2dd5cf577acaaf5902772/library/std/src/sys/backtrace.rs:182:18
[INFO] [stdout]   17:     0x5baa829be42d - __rustc[a7b7b02e776dd976]::rust_begin_unwind
[INFO] [stdout]                                at /rustc/6b3fa26749ab40e159b2dd5cf577acaaf5902772/library/std/src/panicking.rs:679:5
[INFO] [stdout]   18:     0x5baa829f554c - core[6883ba1bc0fe4ed1]::panicking::panic_fmt
[INFO] [stdout]                                at /rustc/6b3fa26749ab40e159b2dd5cf577acaaf5902772/library/core/src/panicking.rs:80:14
[INFO] [stdout]   19:     0x5baa829f5512 - core[6883ba1bc0fe4ed1]::panicking::panic
[INFO] [stdout]                                at /rustc/6b3fa26749ab40e159b2dd5cf577acaaf5902772/library/core/src/panicking.rs:150:5
[INFO] [stdout]   20:     0x5baa827cd8dc - atracdenc_core[a002da0adf082840]::gha::tests::two_tones_5000_11025_a32768_adjust
[INFO] [stdout]                                at /opt/rustwide/workdir/crates/atracdenc-core/src/gha/mod.rs:733:9
[INFO] [stdout]   21:     0x5baa827bef57 - atracdenc_core[a002da0adf082840]::gha::tests::two_tones_5000_11025_a32768_adjust::{closure#0}
[INFO] [stdout]                                at /opt/rustwide/workdir/crates/atracdenc-core/src/gha/mod.rs:711:44
[INFO] [stdout]   22:     0x5baa827b2226 - <atracdenc_core[a002da0adf082840]::gha::tests::two_tones_5000_11025_a32768_adjust::{closure#0} as core[6883ba1bc0fe4ed1]::ops::function::FnOnce<()>>::call_once
[INFO] [stdout]                                at /rustc/6b3fa26749ab40e159b2dd5cf577acaaf5902772/library/core/src/ops/function.rs:250:5
[INFO] [stdout]   23:     0x5baa82946a1b - <fn() -> core[6883ba1bc0fe4ed1]::result::Result<(), alloc[55a36b64bcbf2c0d]::string::String> as core[6883ba1bc0fe4ed1]::ops::function::FnOnce<()>>::call_once
[INFO] [stdout]                                at /rustc/6b3fa26749ab40e159b2dd5cf577acaaf5902772/library/core/src/ops/function.rs:250:5
[INFO] [stdout]   24:     0x5baa82946a1b - test[980ffaebd391d06d]::__rust_begin_short_backtrace::<core[6883ba1bc0fe4ed1]::result::Result<(), alloc[55a36b64bcbf2c0d]::string::String>, fn() -> core[6883ba1bc0fe4ed1]::result::Result<(), alloc[55a36b64bcbf2c0d]::string::String>>
[INFO] [stdout]                                at /rustc/6b3fa26749ab40e159b2dd5cf577acaaf5902772/library/test/src/lib.rs:724:18
[INFO] [stdout]   25:     0x5baa82954065 - test[980ffaebd391d06d]::run_test_in_process::{closure#0}
[INFO] [stdout]                                at /rustc/6b3fa26749ab40e159b2dd5cf577acaaf5902772/library/test/src/lib.rs:747:74
[INFO] [stdout]   26:     0x5baa82954065 - <core[6883ba1bc0fe4ed1]::panic::unwind_safe::AssertUnwindSafe<test[980ffaebd391d06d]::run_test_in_process::{closure#0}> as core[6883ba1bc0fe4ed1]::ops::function::FnOnce<()>>::call_once
[INFO] [stdout]                                at /rustc/6b3fa26749ab40e159b2dd5cf577acaaf5902772/library/core/src/panic/unwind_safe.rs:275:9
[INFO] [stdout]   27:     0x5baa82954065 - std[73adb7dc35730857]::panicking::catch_unwind::do_call::<core[6883ba1bc0fe4ed1]::panic::unwind_safe::AssertUnwindSafe<test[980ffaebd391d06d]::run_test_in_process::{closure#0}>, core[6883ba1bc0fe4ed1]::result::Result<(), alloc[55a36b64bcbf2c0d]::string::String>>
[INFO] [stdout]                                at /rustc/6b3fa26749ab40e159b2dd5cf577acaaf5902772/library/std/src/panicking.rs:576:43
[INFO] [stdout]   28:     0x5baa82954065 - std[73adb7dc35730857]::panicking::catch_unwind::<core[6883ba1bc0fe4ed1]::result::Result<(), alloc[55a36b64bcbf2c0d]::string::String>, core[6883ba1bc0fe4ed1]::panic::unwind_safe::AssertUnwindSafe<test[980ffaebd391d06d]::run_test_in_process::{closure#0}>>
[INFO] [stdout]                                at /rustc/6b3fa26749ab40e159b2dd5cf577acaaf5902772/library/std/src/panicking.rs:544:19
[INFO] [stdout]   29:     0x5baa82954065 - std[73adb7dc35730857]::panic::catch_unwind::<core[6883ba1bc0fe4ed1]::panic::unwind_safe::AssertUnwindSafe<test[980ffaebd391d06d]::run_test_in_process::{closure#0}>, core[6883ba1bc0fe4ed1]::result::Result<(), alloc[55a36b64bcbf2c0d]::string::String>>
[INFO] [stdout]                                at /rustc/6b3fa26749ab40e159b2dd5cf577acaaf5902772/library/std/src/panic.rs:359:14
[INFO] [stdout]   30:     0x5baa82954065 - test[980ffaebd391d06d]::run_test_in_process
[INFO] [stdout]                                at /rustc/6b3fa26749ab40e159b2dd5cf577acaaf5902772/library/test/src/lib.rs:747:27
[INFO] [stdout]   31:     0x5baa82954065 - test[980ffaebd391d06d]::run_test::{closure#0}
[INFO] [stdout]                                at /rustc/6b3fa26749ab40e159b2dd5cf577acaaf5902772/library/test/src/lib.rs:668:43
[INFO] [stdout]   32:     0x5baa8294eb14 - test[980ffaebd391d06d]::run_test::{closure#1}
[INFO] [stdout]                                at /rustc/6b3fa26749ab40e159b2dd5cf577acaaf5902772/library/test/src/lib.rs:698:41
[INFO] [stdout]   33:     0x5baa8294eb14 - std[73adb7dc35730857]::sys::backtrace::__rust_begin_short_backtrace::<test[980ffaebd391d06d]::run_test::{closure#1}, ()>
[INFO] [stdout]                                at /rustc/6b3fa26749ab40e159b2dd5cf577acaaf5902772/library/std/src/sys/backtrace.rs:166:18
[INFO] [stdout]   34:     0x5baa829571b2 - std[73adb7dc35730857]::thread::lifecycle::spawn_unchecked::<test[980ffaebd391d06d]::run_test::{closure#1}, ()>::{closure#1}::{closure#0}
[INFO] [stdout]                                at /rustc/6b3fa26749ab40e159b2dd5cf577acaaf5902772/library/std/src/thread/lifecycle.rs:70:13
[INFO] [stdout]   35:     0x5baa829571b2 - <core[6883ba1bc0fe4ed1]::panic::unwind_safe::AssertUnwindSafe<std[73adb7dc35730857]::thread::lifecycle::spawn_unchecked<test[980ffaebd391d06d]::run_test::{closure#1}, ()>::{closure#1}::{closure#0}> as core[6883ba1bc0fe4ed1]::ops::function::FnOnce<()>>::call_once
[INFO] [stdout]                                at /rustc/6b3fa26749ab40e159b2dd5cf577acaaf5902772/library/core/src/panic/unwind_safe.rs:275:9
[INFO] [stdout]   36:     0x5baa829571b2 - std[73adb7dc35730857]::panicking::catch_unwind::do_call::<core[6883ba1bc0fe4ed1]::panic::unwind_safe::AssertUnwindSafe<std[73adb7dc35730857]::thread::lifecycle::spawn_unchecked<test[980ffaebd391d06d]::run_test::{closure#1}, ()>::{closure#1}::{closure#0}>, ()>
[INFO] [stdout]                                at /rustc/6b3fa26749ab40e159b2dd5cf577acaaf5902772/library/std/src/panicking.rs:576:43
[INFO] [stdout]   37:     0x5baa829571b2 - std[73adb7dc35730857]::panicking::catch_unwind::<(), core[6883ba1bc0fe4ed1]::panic::unwind_safe::AssertUnwindSafe<std[73adb7dc35730857]::thread::lifecycle::spawn_unchecked<test[980ffaebd391d06d]::run_test::{closure#1}, ()>::{closure#1}::{closure#0}>>
[INFO] [stdout]                                at /rustc/6b3fa26749ab40e159b2dd5cf577acaaf5902772/library/std/src/panicking.rs:544:19
[INFO] [stdout]   38:     0x5baa829571b2 - std[73adb7dc35730857]::panic::catch_unwind::<core[6883ba1bc0fe4ed1]::panic::unwind_safe::AssertUnwindSafe<std[73adb7dc35730857]::thread::lifecycle::spawn_unchecked<test[980ffaebd391d06d]::run_test::{closure#1}, ()>::{closure#1}::{closure#0}>, ()>
[INFO] [stdout]                                at /rustc/6b3fa26749ab40e159b2dd5cf577acaaf5902772/library/std/src/panic.rs:359:14
[INFO] [stdout]   39:     0x5baa829571b2 - std[73adb7dc35730857]::thread::lifecycle::spawn_unchecked::<test[980ffaebd391d06d]::run_test::{closure#1}, ()>::{closure#1}
[INFO] [stdout]                                at /rustc/6b3fa26749ab40e159b2dd5cf577acaaf5902772/library/std/src/thread/lifecycle.rs:68:26
[INFO] [stdout]   40:     0x5baa829571b2 - <std[73adb7dc35730857]::thread::lifecycle::spawn_unchecked<test[980ffaebd391d06d]::run_test::{closure#1}, ()>::{closure#1} as core[6883ba1bc0fe4ed1]::ops::function::FnOnce<()>>::call_once::{shim:vtable#0}
[INFO] [stdout]                                at /rustc/6b3fa26749ab40e159b2dd5cf577acaaf5902772/library/core/src/ops/function.rs:250:5
[INFO] [stdout]   41:     0x5baa829deaff - <alloc[55a36b64bcbf2c0d]::boxed::Box<dyn core[6883ba1bc0fe4ed1]::ops::function::FnOnce<(), Output = ()> + core[6883ba1bc0fe4ed1]::marker::Send> as core[6883ba1bc0fe4ed1]::ops::function::FnOnce<()>>::call_once
[INFO] [stdout]                                at /rustc/6b3fa26749ab40e159b2dd5cf577acaaf5902772/library/alloc/src/boxed.rs:2319:9
[INFO] [stdout]   42:     0x5baa829deaff - <std[73adb7dc35730857]::sys::thread::unix::Thread>::new::thread_start
[INFO] [stdout]                                at /rustc/6b3fa26749ab40e159b2dd5cf577acaaf5902772/library/std/src/sys/thread/unix.rs:123:17
[INFO] [stdout]   43:     0x773afffafaa4 - <unknown>
[INFO] [stdout]   44:     0x773b0003ca64 - clone
[INFO] [stdout]   45:                0x0 - <unknown>
[INFO] [stdout] 
[INFO] [stdout] 
[INFO] [stdout] failures:
[INFO] [stdout]     gha::tests::two_tones_5000_11025_a32768_adjust
[INFO] [stdout] 
[INFO] [stdout] test result: FAILED. 132 passed; 1 failed; 0 ignored; 0 measured; 0 filtered out; finished in 0.12s
[INFO] [stdout] 
[INFO] [stderr] error: test failed, to rerun pass `-p atracdenc-core --lib`
[INFO] running `Command { std: "docker" "inspect" "272f74e6fb9bc5040397f359521a810ab324ae558dfa484f0085856b5a12b790", kill_on_drop: false }`
[INFO] running `Command { std: "docker" "rm" "-f" "272f74e6fb9bc5040397f359521a810ab324ae558dfa484f0085856b5a12b790", kill_on_drop: false }`
[INFO] [stdout] 272f74e6fb9bc5040397f359521a810ab324ae558dfa484f0085856b5a12b790
