[INFO] cloning repository https://github.com/larpios/jutui
[INFO] running `Command { std: "git" "-c" "credential.helper=" "-c" "credential.helper=/workspace/cargo-home/bin/git-credential-null" "clone" "--bare" "https://github.com/larpios/jutui" "/workspace/cache/git-repos/https%3A%2F%2Fgithub.com%2Flarpios%2Fjutui", kill_on_drop: false }`
[INFO] [stderr] Cloning into bare repository '/workspace/cache/git-repos/https%3A%2F%2Fgithub.com%2Flarpios%2Fjutui'...
[INFO] running `Command { std: "git" "rev-parse" "HEAD", kill_on_drop: false }`
[INFO] [stdout] aaf88d7fe0f37bdbaa78cc00aa2c124d887d657c
[INFO] testing larpios/jutui against 1.97.0-beta.6 for beta-1.98-2
[INFO] running `Command { std: "git" "clone" "/workspace/cache/git-repos/https%3A%2F%2Fgithub.com%2Flarpios%2Fjutui" "/workspace/builds/worker-7-tc1/source", kill_on_drop: false }`
[INFO] [stderr] Cloning into '/workspace/builds/worker-7-tc1/source'...
[INFO] [stderr] done.
[INFO] started tweaking git repo https://github.com/larpios/jutui
[INFO] finished tweaking git repo https://github.com/larpios/jutui
[INFO] tweaked toml for git repo https://github.com/larpios/jutui written to /workspace/builds/worker-7-tc1/source/Cargo.toml
[INFO] validating manifest of git repo https://github.com/larpios/jutui on toolchain 1.97.0-beta.6
[INFO] running `Command { std: CARGO_HOME="/workspace/cargo-home" RUSTUP_HOME="/workspace/rustup-home" "/workspace/cargo-home/bin/cargo" "+1.97.0-beta.6" "metadata" "--manifest-path" "Cargo.toml" "--no-deps", kill_on_drop: false }`
[INFO] crate git repo https://github.com/larpios/jutui already has a lockfile, it will not be regenerated
[INFO] running `Command { std: CARGO_HOME="/workspace/cargo-home" RUSTUP_HOME="/workspace/rustup-home" "/workspace/cargo-home/bin/cargo" "+1.97.0-beta.6" "fetch" "--manifest-path" "Cargo.toml", kill_on_drop: false }`
[INFO] [stderr]     Blocking waiting for file lock on package cache
[INFO] [stderr]     Updating crates.io index
[INFO] [stderr]     Blocking waiting for file lock on package cache
[INFO] [stderr]  Downloading crates ...
[INFO] [stderr]   Downloaded toml_write v0.1.2
[INFO] [stderr]   Downloaded toml v0.8.23
[INFO] [stderr]   Downloaded memchr v2.8.0
[INFO] [stderr]   Downloaded unicode-xid v0.2.6
[INFO] [stderr]   Downloaded darling_macro v0.23.0
[INFO] [stderr]   Downloaded wezterm-dynamic-derive v0.1.1
[INFO] [stderr]   Downloaded toml_edit v0.22.27
[INFO] [stderr]   Downloaded wezterm-dynamic v0.2.1
[INFO] [stderr]   Downloaded winnow v0.7.15
[INFO] [stderr]   Downloaded toml_datetime v0.6.11
[INFO] [stderr]   Downloaded cfg-if v1.0.4
[INFO] [stderr]   Downloaded itoa v1.0.18
[INFO] [stderr]   Downloaded r-efi v6.0.0
[INFO] [stderr]   Downloaded wasm-bindgen-macro v0.2.120
[INFO] [stderr]   Downloaded line-clipping v0.3.7
[INFO] [stderr]   Downloaded leb128fmt v0.1.0
[INFO] [stderr]   Downloaded wezterm-input-types v0.1.0
[INFO] [stderr]   Downloaded wasm-bindgen-shared v0.2.120
[INFO] [stderr]   Downloaded futures-task v0.3.32
[INFO] [stderr]   Downloaded serde_spanned v0.6.9
[INFO] [stderr]   Downloaded wasi v0.11.1+wasi-snapshot-preview1
[INFO] [stderr]   Downloaded num_threads v0.1.7
[INFO] [stderr]   Downloaded strum_macros v0.27.2
[INFO] [stderr]   Downloaded siphasher v1.0.3
[INFO] [stderr]   Downloaded futures-sink v0.3.32
[INFO] [stderr]   Downloaded bit-set v0.5.3
[INFO] [stderr]   Downloaded instability v0.3.12
[INFO] [stderr]   Downloaded windows-link v0.2.1
[INFO] [stderr]   Downloaded time-core v0.1.8
[INFO] [stderr]   Downloaded heck v0.5.0
[INFO] [stderr]   Downloaded errno v0.3.14
[INFO] [stderr]   Downloaded futures-io v0.3.32
[INFO] [stderr]   Downloaded lab v0.11.0
[INFO] [stderr]   Downloaded tokio-macros v2.7.0
[INFO] [stderr]   Downloaded wit-bindgen-rust-macro v0.51.0
[INFO] [stderr]   Downloaded id-arena v2.3.0
[INFO] [stderr]   Downloaded equivalent v1.0.2
[INFO] [stderr]   Downloaded castaway v0.2.4
[INFO] [stderr]   Downloaded filedescriptor v0.8.3
[INFO] [stderr]   Downloaded ordered-float v4.6.0
[INFO] [stderr]   Downloaded num-derive v0.4.2
[INFO] [stderr]   Downloaded foldhash v0.2.0
[INFO] [stderr]   Downloaded signal-hook-registry v1.4.8
[INFO] [stderr]   Downloaded pin-project-lite v0.2.17
[INFO] [stderr]   Downloaded foldhash v0.1.5
[INFO] [stderr]   Downloaded num-conv v0.2.1
[INFO] [stderr]   Downloaded unicode-truncate v2.0.1
[INFO] [stderr]   Downloaded kasuari v0.4.12
[INFO] [stderr]   Downloaded static_assertions v1.1.0
[INFO] [stderr]   Downloaded futures-macro v0.3.32
[INFO] [stderr]   Downloaded tempfile v3.27.0
[INFO] [stderr]   Downloaded wit-bindgen-rust v0.51.0
[INFO] [stderr]   Downloaded zmij v1.0.21
[INFO] [stderr]   Downloaded wasm-metadata v0.244.0
[INFO] [stderr]   Downloaded wit-bindgen-core v0.51.0
[INFO] [stderr]   Downloaded fastrand v2.4.1
[INFO] [stderr]   Downloaded deranged v0.5.8
[INFO] [stderr]   Downloaded strum v0.27.2
[INFO] [stderr]   Downloaded either v1.15.0
[INFO] [stderr]   Downloaded thiserror v2.0.18
[INFO] [stderr]   Downloaded thiserror-impl v2.0.18
[INFO] [stderr]   Downloaded lru v0.16.4
[INFO] [stderr]   Downloaded indoc v2.0.7
[INFO] [stderr]   Downloaded wezterm-blob-leases v0.1.1
[INFO] [stderr]   Downloaded utf8parse v0.2.2
[INFO] [stderr]   Downloaded document-features v0.2.12
[INFO] [stderr]   Downloaded quote v1.0.45
[INFO] [stderr]   Downloaded smallvec v1.15.1
[INFO] [stderr]   Downloaded redox_syscall v0.5.18
[INFO] [stderr]   Downloaded bitflags v2.11.1
[INFO] [stderr]   Downloaded lock_api v0.4.14
[INFO] [stderr]   Downloaded log v0.4.29
[INFO] [stderr]   Downloaded once_cell v1.21.4
[INFO] [stderr]   Downloaded parking_lot v0.12.5
[INFO] [stderr]   Downloaded parking_lot_core v0.9.12
[INFO] [stderr]   Downloaded darling v0.23.0
[INFO] [stderr]   Downloaded socket2 v0.6.3
[INFO] [stderr]   Downloaded semver v1.0.28
[INFO] [stderr]   Downloaded serde v1.0.228
[INFO] [stderr]   Downloaded unicode-ident v1.0.24
[INFO] [stderr]   Downloaded getrandom v0.4.2
[INFO] [stderr]   Downloaded anyhow v1.0.102
[INFO] [stderr]   Downloaded rustversion v1.0.22
[INFO] [stderr]   Downloaded ryu v1.0.23
[INFO] [stderr]   Downloaded serde_derive v1.0.228
[INFO] [stderr]   Downloaded proc-macro2 v1.0.106
[INFO] [stderr]   Downloaded serde_core v1.0.228
[INFO] [stderr]   Downloaded allocator-api2 v0.2.21
[INFO] [stderr]   Downloaded mio v1.2.0
[INFO] [stderr]   Downloaded prettyplease v0.2.37
[INFO] [stderr]   Downloaded wit-bindgen v0.57.1
[INFO] [stderr]   Downloaded ratatui v0.30.0
[INFO] [stderr]   Downloaded darling_core v0.23.0
[INFO] [stderr]   Downloaded strsim v0.11.1
[INFO] [stderr]   Downloaded bytes v1.11.1
[INFO] [stderr]   Downloaded wit-bindgen v0.51.0
[INFO] [stderr]   Downloaded wasm-encoder v0.244.0
[INFO] [stderr]   Downloaded unicode-segmentation v1.13.2
[INFO] [stderr]   Downloaded compact_str v0.9.0
[INFO] [stderr]   Downloaded wezterm-color-types v0.3.0
[INFO] [stderr]   Downloaded vtparse v0.6.2
[INFO] [stderr]   Downloaded indexmap v2.14.0
[INFO] [stderr]   Downloaded hashbrown v0.15.5
[INFO] [stderr]   Downloaded wasip3 v0.4.0+wasi-0.3.0-rc-2026-01-06
[INFO] [stderr]   Downloaded itertools v0.14.0
[INFO] [stderr]   Downloaded hashbrown v0.16.1
[INFO] [stderr]   Downloaded wit-parser v0.244.0
[INFO] [stderr]   Downloaded serde_json v1.0.149
[INFO] [stderr]   Downloaded wasip2 v1.0.3+wasi-0.2.9
[INFO] [stderr]   Downloaded ratatui-core v0.1.0
[INFO] [stderr]   Downloaded hashbrown v0.17.0
[INFO] [stderr]   Downloaded portable-atomic v1.13.1
[INFO] [stderr]   Downloaded ratatui-widgets v0.3.0
[INFO] [stderr]   Downloaded time v0.3.47
[INFO] [stderr]   Downloaded wit-component v0.244.0
[INFO] [stderr]   Downloaded wasmparser v0.244.0
[INFO] [stderr]   Downloaded crypto-common v0.1.7
[INFO] [stderr]   Downloaded memoffset v0.9.1
[INFO] [stderr]   Downloaded memmem v0.1.1
[INFO] [stderr]   Downloaded unicode-width v0.2.2
[INFO] [stderr]   Downloaded syn v2.0.117
[INFO] [stderr]   Downloaded rustix v1.1.4
[INFO] [stderr]   Downloaded atomic v0.6.1
[INFO] [stderr]   Downloaded csscolorparser v0.6.2
[INFO] [stderr]   Downloaded phf_macros v0.11.3
[INFO] [stderr]   Downloaded futures-core v0.3.32
[INFO] [stderr]   Downloaded sha2 v0.10.9
[INFO] [stderr]   Downloaded mac_address v1.1.8
[INFO] [stderr]   Downloaded termios v0.3.3
[INFO] [stderr]   Downloaded ratatui-termwiz v0.1.0
[INFO] [stderr]   Downloaded cfg_aliases v0.2.1
[INFO] [stderr]   Downloaded crossterm_winapi v0.9.1
[INFO] [stderr]   Downloaded libc v0.2.186
[INFO] [stderr]   Downloaded tokio v1.52.2
[INFO] [stderr]   Downloaded autocfg v1.5.0
[INFO] [stderr]   Downloaded slab v0.4.12
[INFO] [stderr]   Downloaded signal-hook-mio v0.2.5
[INFO] [stderr]   Downloaded convert_case v0.10.0
[INFO] [stderr]   Downloaded ratatui-macros v0.7.0
[INFO] [stderr]   Downloaded simdutf8 v0.1.5
[INFO] [stderr]   Downloaded futures-executor v0.3.32
[INFO] [stderr]   Downloaded thiserror v1.0.69
[INFO] [stderr]   Downloaded thiserror-impl v1.0.69
[INFO] [stderr]   Downloaded litrs v1.0.0
[INFO] [stderr]   Downloaded futures-channel v0.3.32
[INFO] [stderr]   Downloaded ansi-to-tui v8.0.1
[INFO] [stderr]   Downloaded pest_derive v2.8.6
[INFO] [stderr]   Downloaded ratatui-crossterm v0.1.0
[INFO] [stderr]   Downloaded windows-sys v0.61.2
[INFO] [stderr]   Downloaded linux-raw-sys v0.12.1
[INFO] [stderr]   Downloaded uuid v1.23.1
[INFO] [stderr]   Downloaded pest_generator v2.8.6
[INFO] [stderr]   Downloaded signal-hook v0.3.18
[INFO] [stderr]   Downloaded bytemuck v1.25.0
[INFO] [stderr]   Downloaded getrandom v0.3.4
[INFO] [stderr]   Downloaded r-efi v5.3.0
[INFO] [stderr]   Downloaded terminfo v0.9.0
[INFO] [stderr]   Downloaded futures v0.3.32
[INFO] [stderr]   Downloaded wasm-bindgen v0.2.120
[INFO] [stderr]   Downloaded wasm-bindgen-macro-support v0.2.120
[INFO] [stderr]   Downloaded pest_meta v2.8.6
[INFO] [stderr]   Downloaded wezterm-bidi v0.2.3
[INFO] [stderr]   Downloaded finl_unicode v1.4.0
[INFO] [stderr]   Downloaded rand v0.8.6
[INFO] [stderr]   Downloaded derive_more v2.1.1
[INFO] [stderr]   Downloaded euclid v0.22.14
[INFO] [stderr]   Downloaded fancy-regex v0.11.0
[INFO] [stderr]   Downloaded bumpalo v3.20.2
[INFO] [stderr]   Downloaded typenum v1.20.0
[INFO] [stderr]   Downloaded js-sys v0.3.97
[INFO] [stderr]   Downloaded nom v7.1.3
[INFO] [stderr]   Downloaded derive_more-impl v2.1.1
[INFO] [stderr]   Downloaded pest v2.8.6
[INFO] [stderr]   Downloaded crossterm v0.29.0
[INFO] [stderr]   Downloaded nom v8.0.0
[INFO] [stderr]   Downloaded regex v1.12.3
[INFO] [stderr]   Downloaded aho-corasick v1.1.4
[INFO] [stderr]   Downloaded futures-util v0.3.32
[INFO] [stderr]   Downloaded syn v1.0.109
[INFO] [stderr]   Downloaded nix v0.29.0
[INFO] [stderr]   Downloaded regex-syntax v0.8.10
[INFO] [stderr]   Downloaded termwiz v0.23.3
[INFO] [stderr]   Downloaded regex-automata v0.4.14
[INFO] [stderr]   Downloaded deltae v0.3.2
[INFO] running `Command { std: "docker" "create" "-v" "/var/lib/crater-agent-workspace/builds/worker-7-tc1/source:/opt/rustwide/workdir:ro,Z" "-v" "/var/lib/crater-agent-workspace/builds/worker-7-tc1/target:/opt/rustwide/target:rw,Z" "-v" "/var/lib/crater-agent-workspace/cargo-home:/opt/rustwide/cargo-home:ro,Z" "-v" "/var/lib/crater-agent-workspace/rustup-home:/opt/rustwide/rustup-home:ro,Z" "-m" "1610612736" "--network" "none" "ghcr.io/rust-lang/crates-build-env/linux@sha256:3d5ced03c013a94a2f102a4510f48a6e9184255caf5fd8244f58017bde7f5210" "sleep" "infinity", kill_on_drop: false }`
[INFO] [stdout] 023df9739ccaa1ce5e73d7df068b22fb8bb03048d0c79f7ab57b09a6c7ec553b
[INFO] running `Command { std: "docker" "start" "023df9739ccaa1ce5e73d7df068b22fb8bb03048d0c79f7ab57b09a6c7ec553b", kill_on_drop: false }`
[INFO] running `Command { std: "docker" "inspect" "023df9739ccaa1ce5e73d7df068b22fb8bb03048d0c79f7ab57b09a6c7ec553b", kill_on_drop: false }`
[INFO] running `Command { std: "docker" "exec" "-e" "SOURCE_DIR=/opt/rustwide/workdir" "-e" "CARGO_HOME=/opt/rustwide/cargo-home" "-e" "RUSTUP_HOME=/opt/rustwide/rustup-home" "-e" "CARGO_TARGET_DIR=/opt/rustwide/target" "-w" "/opt/rustwide/workdir" "--user" "0:0" "023df9739ccaa1ce5e73d7df068b22fb8bb03048d0c79f7ab57b09a6c7ec553b" "/opt/rustwide/cargo-home/bin/cargo" "+1.97.0-beta.6" "metadata" "--no-deps" "--format-version=1", kill_on_drop: false }`
[INFO] running `Command { std: "docker" "inspect" "023df9739ccaa1ce5e73d7df068b22fb8bb03048d0c79f7ab57b09a6c7ec553b", kill_on_drop: false }`
[INFO] running `Command { std: "docker" "exec" "-e" "SOURCE_DIR=/opt/rustwide/workdir" "-e" "CARGO_HOME=/opt/rustwide/cargo-home" "-e" "RUSTUP_HOME=/opt/rustwide/rustup-home" "-e" "CARGO_TARGET_DIR=/opt/rustwide/target" "-e" "CARGO_INCREMENTAL=0" "-e" "RUST_BACKTRACE=full" "-e" "RUSTFLAGS=--cap-lints=warn" "-e" "RUSTDOCFLAGS=--cap-lints=warn" "-w" "/opt/rustwide/workdir" "--user" "0:0" "023df9739ccaa1ce5e73d7df068b22fb8bb03048d0c79f7ab57b09a6c7ec553b" "/opt/rustwide/cargo-home/bin/cargo" "+1.97.0-beta.6" "build" "--frozen" "--message-format=json", kill_on_drop: false }`
[INFO] [stderr]    Compiling proc-macro2 v1.0.106
[INFO] [stderr]    Compiling unicode-ident v1.0.24
[INFO] [stderr]    Compiling quote v1.0.45
[INFO] [stderr]    Compiling libc v0.2.186
[INFO] [stderr]    Compiling foldhash v0.2.0
[INFO] [stderr]    Compiling equivalent v1.0.2
[INFO] [stderr]    Compiling allocator-api2 v0.2.21
[INFO] [stderr]    Compiling unicode-segmentation v1.13.2
[INFO] [stderr]    Compiling cfg-if v1.0.4
[INFO] [stderr]    Compiling rustversion v1.0.22
[INFO] [stderr]    Compiling thiserror v2.0.18
[INFO] [stderr]    Compiling bitflags v2.11.1
[INFO] [stderr]    Compiling heck v0.5.0
[INFO] [stderr]    Compiling ident_case v1.0.1
[INFO] [stderr]    Compiling itoa v1.0.18
[INFO] [stderr]    Compiling either v1.15.0
[INFO] [stderr]    Compiling strsim v0.11.1
[INFO] [stderr]    Compiling serde_core v1.0.228
[INFO] [stderr]    Compiling parking_lot_core v0.9.12
[INFO] [stderr]    Compiling itertools v0.14.0
[INFO] [stderr]    Compiling static_assertions v1.1.0
[INFO] [stderr]    Compiling unicode-width v0.2.2
[INFO] [stderr]    Compiling indoc v2.0.7
[INFO] [stderr]    Compiling ryu v1.0.23
[INFO] [stderr]    Compiling smallvec v1.15.1
[INFO] [stderr]    Compiling memchr v2.8.0
[INFO] [stderr]    Compiling signal-hook v0.3.18
[INFO] [stderr]    Compiling log v0.4.29
[INFO] [stderr]    Compiling instability v0.3.12
[INFO] [stderr]    Compiling serde v1.0.228
[INFO] [stderr]    Compiling scopeguard v1.2.0
[INFO] [stderr]    Compiling lock_api v0.4.14
[INFO] [stderr]    Compiling convert_case v0.10.0
[INFO] [stderr]    Compiling hashbrown v0.16.1
[INFO] [stderr]    Compiling powerfmt v0.2.0
[INFO] [stderr]    Compiling rustix v1.1.4
[INFO] [stderr]    Compiling num_threads v0.1.7
[INFO] [stderr]    Compiling litrs v1.0.0
[INFO] [stderr]    Compiling pin-project-lite v0.2.17
[INFO] [stderr]    Compiling num-conv v0.2.1
[INFO] [stderr]    Compiling futures-sink v0.3.32
[INFO] [stderr]    Compiling time-core v0.1.8
[INFO] [stderr]    Compiling futures-core v0.3.32
[INFO] [stderr]    Compiling linux-raw-sys v0.12.1
[INFO] [stderr]    Compiling hashbrown v0.17.0
[INFO] [stderr]    Compiling deranged v0.5.8
[INFO] [stderr]    Compiling futures-channel v0.3.32
[INFO] [stderr]    Compiling line-clipping v0.3.7
[INFO] [stderr]    Compiling zmij v1.0.21
[INFO] [stderr]    Compiling castaway v0.2.4
[INFO] [stderr]    Compiling slab v0.4.12
[INFO] [stderr]    Compiling compact_str v0.9.0
[INFO] [stderr]    Compiling futures-io v0.3.32
[INFO] [stderr]    Compiling futures-task v0.3.32
[INFO] [stderr]    Compiling lru v0.16.4
[INFO] [stderr]    Compiling toml_write v0.1.2
[INFO] [stderr]    Compiling anyhow v1.0.102
[INFO] [stderr]    Compiling serde_json v1.0.149
[INFO] [stderr]    Compiling winnow v0.7.15
[INFO] [stderr]    Compiling nom v8.0.0
[INFO] [stderr]    Compiling bytes v1.11.1
[INFO] [stderr]    Compiling simdutf8 v0.1.5
[INFO] [stderr]    Compiling syn v2.0.117
[INFO] [stderr]    Compiling document-features v0.2.12
[INFO] [stderr]    Compiling indexmap v2.14.0
[INFO] [stderr]    Compiling errno v0.3.14
[INFO] [stderr]    Compiling mio v1.2.0
[INFO] [stderr]    Compiling time v0.3.47
[INFO] [stderr]    Compiling socket2 v0.6.3
[INFO] [stderr]    Compiling signal-hook-registry v1.4.8
[INFO] [stderr]    Compiling parking_lot v0.12.5
[INFO] [stderr]    Compiling unicode-truncate v2.0.1
[INFO] [stderr]    Compiling signal-hook-mio v0.2.5
[INFO] [stderr]    Compiling darling_core v0.23.0
[INFO] [stderr]    Compiling thiserror-impl v2.0.18
[INFO] [stderr]    Compiling strum_macros v0.27.2
[INFO] [stderr]    Compiling serde_derive v1.0.228
[INFO] [stderr]    Compiling derive_more-impl v2.1.1
[INFO] [stderr]    Compiling futures-macro v0.3.32
[INFO] [stderr]    Compiling tokio-macros v2.7.0
[INFO] [stderr]    Compiling tokio v1.52.2
[INFO] [stderr]    Compiling futures-util v0.3.32
[INFO] [stderr]    Compiling derive_more v2.1.1
[INFO] [stderr]    Compiling crossterm v0.29.0
[INFO] [stderr]    Compiling kasuari v0.4.12
[INFO] [stderr]    Compiling darling_macro v0.23.0
[INFO] [stderr]    Compiling strum v0.27.2
[INFO] [stderr]    Compiling ratatui-core v0.1.0
[INFO] [stderr]    Compiling darling v0.23.0
[INFO] [stderr]    Compiling ratatui-widgets v0.3.0
[INFO] [stderr]    Compiling ratatui-crossterm v0.1.0
[INFO] [stderr]    Compiling ansi-to-tui v8.0.1
[INFO] [stderr]    Compiling serde_spanned v0.6.9
[INFO] [stderr]    Compiling toml_datetime v0.6.11
[INFO] [stderr]    Compiling toml_edit v0.22.27
[INFO] [stderr]    Compiling futures-executor v0.3.32
[INFO] [stderr]    Compiling futures v0.3.32
[INFO] [stderr]    Compiling ratatui-macros v0.7.0
[INFO] [stderr]    Compiling ratatui v0.30.0
[INFO] [stderr]    Compiling toml v0.8.23
[INFO] [stderr]    Compiling jujutui v0.1.0 (/opt/rustwide/workdir)
[INFO] [stderr]     Finished `dev` profile [unoptimized + debuginfo] target(s) in 41.47s
[INFO] running `Command { std: "docker" "inspect" "023df9739ccaa1ce5e73d7df068b22fb8bb03048d0c79f7ab57b09a6c7ec553b", kill_on_drop: false }`
[INFO] running `Command { std: "docker" "exec" "-e" "SOURCE_DIR=/opt/rustwide/workdir" "-e" "CARGO_HOME=/opt/rustwide/cargo-home" "-e" "RUSTUP_HOME=/opt/rustwide/rustup-home" "-e" "CARGO_TARGET_DIR=/opt/rustwide/target" "-e" "CARGO_INCREMENTAL=0" "-e" "RUST_BACKTRACE=full" "-e" "RUSTFLAGS=--cap-lints=warn" "-e" "RUSTDOCFLAGS=--cap-lints=warn" "-w" "/opt/rustwide/workdir" "--user" "0:0" "023df9739ccaa1ce5e73d7df068b22fb8bb03048d0c79f7ab57b09a6c7ec553b" "/opt/rustwide/cargo-home/bin/cargo" "+1.97.0-beta.6" "test" "--frozen" "--no-run" "--message-format=json", kill_on_drop: false }`
[INFO] [stderr]    Compiling rustix v1.1.4
[INFO] [stderr]    Compiling getrandom v0.4.2
[INFO] [stderr]    Compiling once_cell v1.21.4
[INFO] [stderr]    Compiling fastrand v2.4.1
[INFO] [stderr]    Compiling crossterm v0.29.0
[INFO] [stderr]    Compiling tempfile v3.27.0
[INFO] [stderr]    Compiling ratatui-crossterm v0.1.0
[INFO] [stderr]    Compiling ratatui v0.30.0
[INFO] [stderr]    Compiling jujutui v0.1.0 (/opt/rustwide/workdir)
[INFO] [stderr]     Finished `test` profile [unoptimized + debuginfo] target(s) in 7.03s
[INFO] running `Command { std: "docker" "inspect" "023df9739ccaa1ce5e73d7df068b22fb8bb03048d0c79f7ab57b09a6c7ec553b", kill_on_drop: false }`
[INFO] running `Command { std: "docker" "exec" "-e" "SOURCE_DIR=/opt/rustwide/workdir" "-e" "CARGO_HOME=/opt/rustwide/cargo-home" "-e" "RUSTUP_HOME=/opt/rustwide/rustup-home" "-e" "CARGO_TARGET_DIR=/opt/rustwide/target" "-e" "CARGO_INCREMENTAL=0" "-e" "RUST_BACKTRACE=full" "-e" "RUSTFLAGS=--cap-lints=warn" "-e" "RUSTDOCFLAGS=--cap-lints=warn" "-w" "/opt/rustwide/workdir" "--user" "0:0" "023df9739ccaa1ce5e73d7df068b22fb8bb03048d0c79f7ab57b09a6c7ec553b" "/opt/rustwide/cargo-home/bin/cargo" "+1.97.0-beta.6" "test" "--frozen", kill_on_drop: false }`
[INFO] [stderr]     Finished `test` profile [unoptimized + debuginfo] target(s) in 0.24s
[INFO] [stderr]      Running unittests src/main.rs (/opt/rustwide/target/debug/deps/jjtui-eed5c6e14fa5c8da)
[INFO] [stdout] 
[INFO] [stdout] running 3 tests
[INFO] [stdout] test app::actions::tests::test_s_enters_squash_target_mode ... ok
[INFO] [stdout] test app::actions::tests::test_squash_cursor_generates_correct_action ... ok
[INFO] [stdout] test jj::tests::test_squash_into_parent_real_jj ... FAILED
[INFO] [stdout] 
[INFO] [stdout] failures:
[INFO] [stdout] 
[INFO] [stdout] ---- jj::tests::test_squash_into_parent_real_jj stdout ----
[INFO] [stdout] 
[INFO] [stdout] thread 'jj::tests::test_squash_into_parent_real_jj' (1996) panicked at src/jj.rs:358:14:
[INFO] [stdout] Failed to execute jj: Os { code: 2, kind: NotFound, message: "No such file or directory" }
[INFO] [stdout] stack backtrace:
[INFO] [stdout]    0:     0x5ad95075ae38 - std[10d71ac2c42b111e]::backtrace_rs::backtrace::libunwind::trace
[INFO] [stdout]                                at /rustc/b2282dd5646a57d570fc86fbe8df0e8826665ef6/library/std/src/../../backtrace/src/backtrace/libunwind.rs:117:9
[INFO] [stdout]    1:     0x5ad95075ae38 - std[10d71ac2c42b111e]::backtrace_rs::backtrace::trace_unsynchronized::<std[10d71ac2c42b111e]::sys::backtrace::_print_fmt::{closure#1}>
[INFO] [stdout]                                at /rustc/b2282dd5646a57d570fc86fbe8df0e8826665ef6/library/std/src/../../backtrace/src/backtrace/mod.rs:66:14
[INFO] [stdout]    2:     0x5ad95075ae38 - std[10d71ac2c42b111e]::sys::backtrace::_print_fmt
[INFO] [stdout]                                at /rustc/b2282dd5646a57d570fc86fbe8df0e8826665ef6/library/std/src/sys/backtrace.rs:74:9
[INFO] [stdout]    3:     0x5ad95075ae38 - <<std[10d71ac2c42b111e]::sys::backtrace::BacktraceLock>::print::DisplayBacktrace as core[8fb95b77d25ab6c8]::fmt::Display>::fmt
[INFO] [stdout]                                at /rustc/b2282dd5646a57d570fc86fbe8df0e8826665ef6/library/std/src/sys/backtrace.rs:44:26
[INFO] [stdout]    4:     0x5ad95076f36a - <core[8fb95b77d25ab6c8]::fmt::rt::Argument>::fmt
[INFO] [stdout]                                at /rustc/b2282dd5646a57d570fc86fbe8df0e8826665ef6/library/core/src/fmt/rt.rs:152:76
[INFO] [stdout]    5:     0x5ad95076f36a - core[8fb95b77d25ab6c8]::fmt::write
[INFO] [stdout]    6:     0x5ad95075fc12 - std[10d71ac2c42b111e]::io::default_write_fmt::<alloc[a7ee25936407c584]::vec::Vec<u8>>
[INFO] [stdout]                                at /rustc/b2282dd5646a57d570fc86fbe8df0e8826665ef6/library/std/src/io/mod.rs:622:11
[INFO] [stdout]    7:     0x5ad95075fc12 - <alloc[a7ee25936407c584]::vec::Vec<u8> as std[10d71ac2c42b111e]::io::Write>::write_fmt
[INFO] [stdout]                                at /rustc/b2282dd5646a57d570fc86fbe8df0e8826665ef6/library/std/src/io/mod.rs:1977:13
[INFO] [stdout]    8:     0x5ad950738266 - <std[10d71ac2c42b111e]::sys::backtrace::BacktraceLock>::print
[INFO] [stdout]                                at /rustc/b2282dd5646a57d570fc86fbe8df0e8826665ef6/library/std/src/sys/backtrace.rs:47:9
[INFO] [stdout]    9:     0x5ad950738266 - std[10d71ac2c42b111e]::panicking::default_hook::{closure#0}
[INFO] [stdout]                                at /rustc/b2282dd5646a57d570fc86fbe8df0e8826665ef6/library/std/src/panicking.rs:292:27
[INFO] [stdout]   10:     0x5ad950752aa9 - std[10d71ac2c42b111e]::panicking::default_hook
[INFO] [stdout]                                at /rustc/b2282dd5646a57d570fc86fbe8df0e8826665ef6/library/std/src/panicking.rs:316:9
[INFO] [stdout]   11:     0x5ad9506c95dc - <alloc[a7ee25936407c584]::boxed::Box<dyn for<'a, 'b> core[8fb95b77d25ab6c8]::ops::function::Fn<(&'a std[10d71ac2c42b111e]::panic::PanicHookInfo<'b>,), Output = ()> + core[8fb95b77d25ab6c8]::marker::Sync + core[8fb95b77d25ab6c8]::marker::Send> as core[8fb95b77d25ab6c8]::ops::function::Fn<(&std[10d71ac2c42b111e]::panic::PanicHookInfo,)>>::call
[INFO] [stdout]                                at /rustc/b2282dd5646a57d570fc86fbe8df0e8826665ef6/library/alloc/src/boxed.rs:2289:9
[INFO] [stdout]   12:     0x5ad9506c95dc - test[213991da798b1c03]::test_main_inner::<test[213991da798b1c03]::test_main_static::{closure#0}>::{closure#0}
[INFO] [stdout]                                at /rustc/b2282dd5646a57d570fc86fbe8df0e8826665ef6/library/test/src/lib.rs:155:21
[INFO] [stdout]   13:     0x5ad950752c62 - <alloc[a7ee25936407c584]::boxed::Box<dyn for<'a, 'b> core[8fb95b77d25ab6c8]::ops::function::Fn<(&'a std[10d71ac2c42b111e]::panic::PanicHookInfo<'b>,), Output = ()> + core[8fb95b77d25ab6c8]::marker::Sync + core[8fb95b77d25ab6c8]::marker::Send> as core[8fb95b77d25ab6c8]::ops::function::Fn<(&std[10d71ac2c42b111e]::panic::PanicHookInfo,)>>::call
[INFO] [stdout]                                at /rustc/b2282dd5646a57d570fc86fbe8df0e8826665ef6/library/alloc/src/boxed.rs:2289:9
[INFO] [stdout]   14:     0x5ad950752c62 - std[10d71ac2c42b111e]::panicking::panic_with_hook
[INFO] [stdout]                                at /rustc/b2282dd5646a57d570fc86fbe8df0e8826665ef6/library/std/src/panicking.rs:833:13
[INFO] [stdout]   15:     0x5ad950738322 - std[10d71ac2c42b111e]::panicking::panic_handler::{closure#0}
[INFO] [stdout]                                at /rustc/b2282dd5646a57d570fc86fbe8df0e8826665ef6/library/std/src/panicking.rs:698:13
[INFO] [stdout]   16:     0x5ad95072ce59 - std[10d71ac2c42b111e]::sys::backtrace::__rust_end_short_backtrace::<std[10d71ac2c42b111e]::panicking::panic_handler::{closure#0}, !>
[INFO] [stdout]                                at /rustc/b2282dd5646a57d570fc86fbe8df0e8826665ef6/library/std/src/sys/backtrace.rs:182:18
[INFO] [stdout]   17:     0x5ad95073912d - __rustc[3be9ba60078d4c86]::rust_begin_unwind
[INFO] [stdout]                                at /rustc/b2282dd5646a57d570fc86fbe8df0e8826665ef6/library/std/src/panicking.rs:689:5
[INFO] [stdout]   18:     0x5ad95076fafc - core[8fb95b77d25ab6c8]::panicking::panic_fmt
[INFO] [stdout]                                at /rustc/b2282dd5646a57d570fc86fbe8df0e8826665ef6/library/core/src/panicking.rs:80:14
[INFO] [stdout]   19:     0x5ad95076f872 - core[8fb95b77d25ab6c8]::result::unwrap_failed
[INFO] [stdout]                                at /rustc/b2282dd5646a57d570fc86fbe8df0e8826665ef6/library/core/src/result.rs:1867:5
[INFO] [stdout]   20:     0x5ad9506a042e - <core[8fb95b77d25ab6c8]::result::Result<std[10d71ac2c42b111e]::process::ExitStatus, std[10d71ac2c42b111e]::io::error::Error>>::expect
[INFO] [stdout]                                at /rustc/b2282dd5646a57d570fc86fbe8df0e8826665ef6/library/core/src/result.rs:1185:23
[INFO] [stdout]   21:     0x5ad9506ad534 - jjtui[f819bd9ca8b3a38c]::jj::tests::test_squash_into_parent_real_jj
[INFO] [stdout]                                at /opt/rustwide/workdir/src/jj.rs:358:14
[INFO] [stdout]   22:     0x5ad9506acba7 - jjtui[f819bd9ca8b3a38c]::jj::tests::test_squash_into_parent_real_jj::{closure#0}
[INFO] [stdout]                                at /opt/rustwide/workdir/src/jj.rs:349:41
[INFO] [stdout]   23:     0x5ad9506aa8b6 - <jjtui[f819bd9ca8b3a38c]::jj::tests::test_squash_into_parent_real_jj::{closure#0} as core[8fb95b77d25ab6c8]::ops::function::FnOnce<()>>::call_once
[INFO] [stdout]                                at /rustc/b2282dd5646a57d570fc86fbe8df0e8826665ef6/library/core/src/ops/function.rs:250:5
[INFO] [stdout]   24:     0x5ad9506bc6bb - <fn() -> core[8fb95b77d25ab6c8]::result::Result<(), alloc[a7ee25936407c584]::string::String> as core[8fb95b77d25ab6c8]::ops::function::FnOnce<()>>::call_once
[INFO] [stdout]                                at /rustc/b2282dd5646a57d570fc86fbe8df0e8826665ef6/library/core/src/ops/function.rs:250:5
[INFO] [stdout]   25:     0x5ad9506bc6bb - test[213991da798b1c03]::__rust_begin_short_backtrace::<core[8fb95b77d25ab6c8]::result::Result<(), alloc[a7ee25936407c584]::string::String>, fn() -> core[8fb95b77d25ab6c8]::result::Result<(), alloc[a7ee25936407c584]::string::String>>
[INFO] [stdout]                                at /rustc/b2282dd5646a57d570fc86fbe8df0e8826665ef6/library/test/src/lib.rs:724:18
[INFO] [stdout]   26:     0x5ad9506c9f35 - test[213991da798b1c03]::run_test_in_process::{closure#0}
[INFO] [stdout]                                at /rustc/b2282dd5646a57d570fc86fbe8df0e8826665ef6/library/test/src/lib.rs:747:74
[INFO] [stdout]   27:     0x5ad9506c9f35 - <core[8fb95b77d25ab6c8]::panic::unwind_safe::AssertUnwindSafe<test[213991da798b1c03]::run_test_in_process::{closure#0}> as core[8fb95b77d25ab6c8]::ops::function::FnOnce<()>>::call_once
[INFO] [stdout]                                at /rustc/b2282dd5646a57d570fc86fbe8df0e8826665ef6/library/core/src/panic/unwind_safe.rs:275:9
[INFO] [stdout]   28:     0x5ad9506c9f35 - std[10d71ac2c42b111e]::panicking::catch_unwind::do_call::<core[8fb95b77d25ab6c8]::panic::unwind_safe::AssertUnwindSafe<test[213991da798b1c03]::run_test_in_process::{closure#0}>, core[8fb95b77d25ab6c8]::result::Result<(), alloc[a7ee25936407c584]::string::String>>
[INFO] [stdout]                                at /rustc/b2282dd5646a57d570fc86fbe8df0e8826665ef6/library/std/src/panicking.rs:581:40
[INFO] [stdout]   29:     0x5ad9506c9f35 - std[10d71ac2c42b111e]::panicking::catch_unwind::<core[8fb95b77d25ab6c8]::result::Result<(), alloc[a7ee25936407c584]::string::String>, core[8fb95b77d25ab6c8]::panic::unwind_safe::AssertUnwindSafe<test[213991da798b1c03]::run_test_in_process::{closure#0}>>
[INFO] [stdout]                                at /rustc/b2282dd5646a57d570fc86fbe8df0e8826665ef6/library/std/src/panicking.rs:544:19
[INFO] [stdout]   30:     0x5ad9506c9f35 - std[10d71ac2c42b111e]::panic::catch_unwind::<core[8fb95b77d25ab6c8]::panic::unwind_safe::AssertUnwindSafe<test[213991da798b1c03]::run_test_in_process::{closure#0}>, core[8fb95b77d25ab6c8]::result::Result<(), alloc[a7ee25936407c584]::string::String>>
[INFO] [stdout]                                at /rustc/b2282dd5646a57d570fc86fbe8df0e8826665ef6/library/std/src/panic.rs:359:14
[INFO] [stdout]   31:     0x5ad9506c9f35 - test[213991da798b1c03]::run_test_in_process
[INFO] [stdout]                                at /rustc/b2282dd5646a57d570fc86fbe8df0e8826665ef6/library/test/src/lib.rs:747:27
[INFO] [stdout]   32:     0x5ad9506c9f35 - test[213991da798b1c03]::run_test::{closure#0}
[INFO] [stdout]                                at /rustc/b2282dd5646a57d570fc86fbe8df0e8826665ef6/library/test/src/lib.rs:668:43
[INFO] [stdout]   33:     0x5ad9506c3844 - test[213991da798b1c03]::run_test::{closure#1}
[INFO] [stdout]                                at /rustc/b2282dd5646a57d570fc86fbe8df0e8826665ef6/library/test/src/lib.rs:698:41
[INFO] [stdout]   34:     0x5ad9506c3844 - std[10d71ac2c42b111e]::sys::backtrace::__rust_begin_short_backtrace::<test[213991da798b1c03]::run_test::{closure#1}, ()>
[INFO] [stdout]                                at /rustc/b2282dd5646a57d570fc86fbe8df0e8826665ef6/library/std/src/sys/backtrace.rs:166:18
[INFO] [stdout]   35:     0x5ad9506ccfb2 - std[10d71ac2c42b111e]::thread::lifecycle::spawn_unchecked::<test[213991da798b1c03]::run_test::{closure#1}, ()>::{closure#1}::{closure#0}
[INFO] [stdout]                                at /rustc/b2282dd5646a57d570fc86fbe8df0e8826665ef6/library/std/src/thread/lifecycle.rs:70:13
[INFO] [stdout]   36:     0x5ad9506ccfb2 - <core[8fb95b77d25ab6c8]::panic::unwind_safe::AssertUnwindSafe<std[10d71ac2c42b111e]::thread::lifecycle::spawn_unchecked<test[213991da798b1c03]::run_test::{closure#1}, ()>::{closure#1}::{closure#0}> as core[8fb95b77d25ab6c8]::ops::function::FnOnce<()>>::call_once
[INFO] [stdout]                                at /rustc/b2282dd5646a57d570fc86fbe8df0e8826665ef6/library/core/src/panic/unwind_safe.rs:275:9
[INFO] [stdout]   37:     0x5ad9506ccfb2 - std[10d71ac2c42b111e]::panicking::catch_unwind::do_call::<core[8fb95b77d25ab6c8]::panic::unwind_safe::AssertUnwindSafe<std[10d71ac2c42b111e]::thread::lifecycle::spawn_unchecked<test[213991da798b1c03]::run_test::{closure#1}, ()>::{closure#1}::{closure#0}>, ()>
[INFO] [stdout]                                at /rustc/b2282dd5646a57d570fc86fbe8df0e8826665ef6/library/std/src/panicking.rs:581:40
[INFO] [stdout]   38:     0x5ad9506ccfb2 - std[10d71ac2c42b111e]::panicking::catch_unwind::<(), core[8fb95b77d25ab6c8]::panic::unwind_safe::AssertUnwindSafe<std[10d71ac2c42b111e]::thread::lifecycle::spawn_unchecked<test[213991da798b1c03]::run_test::{closure#1}, ()>::{closure#1}::{closure#0}>>
[INFO] [stdout]                                at /rustc/b2282dd5646a57d570fc86fbe8df0e8826665ef6/library/std/src/panicking.rs:544:19
[INFO] [stdout]   39:     0x5ad9506ccfb2 - std[10d71ac2c42b111e]::panic::catch_unwind::<core[8fb95b77d25ab6c8]::panic::unwind_safe::AssertUnwindSafe<std[10d71ac2c42b111e]::thread::lifecycle::spawn_unchecked<test[213991da798b1c03]::run_test::{closure#1}, ()>::{closure#1}::{closure#0}>, ()>
[INFO] [stdout]                                at /rustc/b2282dd5646a57d570fc86fbe8df0e8826665ef6/library/std/src/panic.rs:359:14
[INFO] [stdout]   40:     0x5ad9506ccfb2 - std[10d71ac2c42b111e]::thread::lifecycle::spawn_unchecked::<test[213991da798b1c03]::run_test::{closure#1}, ()>::{closure#1}
[INFO] [stdout]                                at /rustc/b2282dd5646a57d570fc86fbe8df0e8826665ef6/library/std/src/thread/lifecycle.rs:68:26
[INFO] [stdout]   41:     0x5ad9506ccfb2 - <std[10d71ac2c42b111e]::thread::lifecycle::spawn_unchecked<test[213991da798b1c03]::run_test::{closure#1}, ()>::{closure#1} as core[8fb95b77d25ab6c8]::ops::function::FnOnce<()>>::call_once::{shim:vtable#0}
[INFO] [stdout]                                at /rustc/b2282dd5646a57d570fc86fbe8df0e8826665ef6/library/core/src/ops/function.rs:250:5
[INFO] [stdout]   42:     0x5ad95075a5cf - <alloc[a7ee25936407c584]::boxed::Box<dyn core[8fb95b77d25ab6c8]::ops::function::FnOnce<(), Output = ()> + core[8fb95b77d25ab6c8]::marker::Send> as core[8fb95b77d25ab6c8]::ops::function::FnOnce<()>>::call_once
[INFO] [stdout]                                at /rustc/b2282dd5646a57d570fc86fbe8df0e8826665ef6/library/alloc/src/boxed.rs:2275:9
[INFO] [stdout]   43:     0x5ad95075a5cf - <std[10d71ac2c42b111e]::sys::thread::unix::Thread>::new::thread_start
[INFO] [stdout]                                at /rustc/b2282dd5646a57d570fc86fbe8df0e8826665ef6/library/std/src/sys/thread/unix.rs:118:17
[INFO] [stdout]   44:     0x77ddca37caa4 - <unknown>
[INFO] [stdout]   45:     0x77ddca409a64 - clone
[INFO] [stdout]   46:                0x0 - <unknown>
[INFO] [stdout] 
[INFO] [stdout] 
[INFO] [stdout] failures:
[INFO] [stdout]     jj::tests::test_squash_into_parent_real_jj
[INFO] [stdout] 
[INFO] [stdout] test result: FAILED. 2 passed; 1 failed; 0 ignored; 0 measured; 0 filtered out; finished in 0.06s
[INFO] [stdout] 
[INFO] [stderr] error: test failed, to rerun pass `--bin jjtui`
[INFO] running `Command { std: "docker" "inspect" "023df9739ccaa1ce5e73d7df068b22fb8bb03048d0c79f7ab57b09a6c7ec553b", kill_on_drop: false }`
[INFO] running `Command { std: "docker" "rm" "-f" "023df9739ccaa1ce5e73d7df068b22fb8bb03048d0c79f7ab57b09a6c7ec553b", kill_on_drop: false }`
[INFO] [stdout] 023df9739ccaa1ce5e73d7df068b22fb8bb03048d0c79f7ab57b09a6c7ec553b
