[INFO] cloning repository https://github.com/konabe/ts-analyzer
[INFO] running `Command { std: "git" "-c" "credential.helper=" "-c" "credential.helper=/workspace/cargo-home/bin/git-credential-null" "clone" "--bare" "https://github.com/konabe/ts-analyzer" "/workspace/cache/git-repos/https%3A%2F%2Fgithub.com%2Fkonabe%2Fts-analyzer", kill_on_drop: false }`
[INFO] [stderr] Cloning into bare repository '/workspace/cache/git-repos/https%3A%2F%2Fgithub.com%2Fkonabe%2Fts-analyzer'...
[INFO] running `Command { std: "git" "rev-parse" "HEAD", kill_on_drop: false }`
[INFO] [stdout] 6549253cd7c4bddf9a95c1f393f7cc51ade53316
[INFO] testing konabe/ts-analyzer against 1.98.0-beta.1 for beta-1.98-2
[INFO] running `Command { std: "git" "clone" "/workspace/cache/git-repos/https%3A%2F%2Fgithub.com%2Fkonabe%2Fts-analyzer" "/workspace/builds/worker-6-tc2/source", kill_on_drop: false }`
[INFO] [stderr] Cloning into '/workspace/builds/worker-6-tc2/source'...
[INFO] [stderr] done.
[INFO] removed /workspace/builds/worker-6-tc2/source/rust-toolchain.toml
[INFO] started tweaking git repo https://github.com/konabe/ts-analyzer
[INFO] finished tweaking git repo https://github.com/konabe/ts-analyzer
[INFO] tweaked toml for git repo https://github.com/konabe/ts-analyzer written to /workspace/builds/worker-6-tc2/source/Cargo.toml
[INFO] validating manifest of git repo https://github.com/konabe/ts-analyzer on toolchain 1.98.0-beta.1
[INFO] running `Command { std: CARGO_HOME="/workspace/cargo-home" RUSTUP_HOME="/workspace/rustup-home" "/workspace/cargo-home/bin/cargo" "+1.98.0-beta.1" "metadata" "--manifest-path" "Cargo.toml" "--no-deps", kill_on_drop: false }`
[INFO] crate git repo https://github.com/konabe/ts-analyzer already has a lockfile, it will not be regenerated
[INFO] running `Command { std: CARGO_HOME="/workspace/cargo-home" RUSTUP_HOME="/workspace/rustup-home" "/workspace/cargo-home/bin/cargo" "+1.98.0-beta.1" "fetch" "--manifest-path" "Cargo.toml", kill_on_drop: false }`
[INFO] running `Command { std: "docker" "create" "-v" "/var/lib/crater-agent-workspace/builds/worker-6-tc2/source:/opt/rustwide/workdir:ro,Z" "-v" "/var/lib/crater-agent-workspace/builds/worker-6-tc2/target:/opt/rustwide/target:rw,Z" "-v" "/var/lib/crater-agent-workspace/cargo-home:/opt/rustwide/cargo-home:ro,Z" "-v" "/var/lib/crater-agent-workspace/rustup-home:/opt/rustwide/rustup-home:ro,Z" "-m" "1610612736" "--network" "none" "ghcr.io/rust-lang/crates-build-env/linux@sha256:3d5ced03c013a94a2f102a4510f48a6e9184255caf5fd8244f58017bde7f5210" "sleep" "infinity", kill_on_drop: false }`
[INFO] [stdout] f1ac79c6c5d616f75f1f050c0a19230e95a93bb43b3b7fdd688d7e121a93c3f3
[INFO] running `Command { std: "docker" "start" "f1ac79c6c5d616f75f1f050c0a19230e95a93bb43b3b7fdd688d7e121a93c3f3", kill_on_drop: false }`
[INFO] running `Command { std: "docker" "inspect" "f1ac79c6c5d616f75f1f050c0a19230e95a93bb43b3b7fdd688d7e121a93c3f3", kill_on_drop: false }`
[INFO] running `Command { std: "docker" "exec" "-e" "SOURCE_DIR=/opt/rustwide/workdir" "-e" "CARGO_HOME=/opt/rustwide/cargo-home" "-e" "RUSTUP_HOME=/opt/rustwide/rustup-home" "-e" "CARGO_TARGET_DIR=/opt/rustwide/target" "-w" "/opt/rustwide/workdir" "--user" "0:0" "f1ac79c6c5d616f75f1f050c0a19230e95a93bb43b3b7fdd688d7e121a93c3f3" "/opt/rustwide/cargo-home/bin/cargo" "+1.98.0-beta.1" "metadata" "--no-deps" "--format-version=1", kill_on_drop: false }`
[INFO] running `Command { std: "docker" "inspect" "f1ac79c6c5d616f75f1f050c0a19230e95a93bb43b3b7fdd688d7e121a93c3f3", kill_on_drop: false }`
[INFO] running `Command { std: "docker" "exec" "-e" "SOURCE_DIR=/opt/rustwide/workdir" "-e" "CARGO_HOME=/opt/rustwide/cargo-home" "-e" "RUSTUP_HOME=/opt/rustwide/rustup-home" "-e" "CARGO_TARGET_DIR=/opt/rustwide/target" "-e" "CARGO_INCREMENTAL=0" "-e" "RUST_BACKTRACE=full" "-e" "RUSTFLAGS=--cap-lints=warn" "-e" "RUSTDOCFLAGS=--cap-lints=warn" "-w" "/opt/rustwide/workdir" "--user" "0:0" "f1ac79c6c5d616f75f1f050c0a19230e95a93bb43b3b7fdd688d7e121a93c3f3" "/opt/rustwide/cargo-home/bin/cargo" "+1.98.0-beta.1" "build" "--frozen" "--message-format=json", kill_on_drop: false }`
[INFO] [stderr]    Compiling litemap v0.8.0
[INFO] [stderr]    Compiling writeable v0.6.1
[INFO] [stderr]    Compiling zerocopy v0.8.26
[INFO] [stderr]    Compiling icu_properties_data v2.0.1
[INFO] [stderr]    Compiling cfg-if v1.0.1
[INFO] [stderr]    Compiling icu_normalizer_data v2.0.0
[INFO] [stderr]    Compiling smallvec v1.15.1
[INFO] [stderr]    Compiling siphasher v1.0.1
[INFO] [stderr]    Compiling cc v1.2.30
[INFO] [stderr]    Compiling num-traits v0.2.19
[INFO] [stderr]    Compiling new_debug_unreachable v1.0.6
[INFO] [stderr]    Compiling rand_core v0.6.4
[INFO] [stderr]    Compiling percent-encoding v2.3.1
[INFO] [stderr]    Compiling syn v2.0.104
[INFO] [stderr]    Compiling wasm-bindgen-shared v0.2.100
[INFO] [stderr]    Compiling anyhow v1.0.98
[INFO] [stderr]    Compiling tracing-core v0.1.34
[INFO] [stderr]    Compiling either v1.15.0
[INFO] [stderr]    Compiling libc v0.2.174
[INFO] [stderr]    Compiling phf_shared v0.11.3
[INFO] [stderr]    Compiling form_urlencoded v1.2.1
[INFO] [stderr]    Compiling better_scoped_tls v1.0.1
[INFO] [stderr]    Compiling rand v0.8.5
[INFO] [stderr]    Compiling smartstring v1.0.1
[INFO] [stderr]    Compiling swc_visit v2.0.1
[INFO] [stderr]    Compiling siphasher v0.3.11
[INFO] [stderr]    Compiling bumpalo v3.19.0
[INFO] [stderr]    Compiling rustversion v1.0.21
[INFO] [stderr]    Compiling bitflags v2.9.1
[INFO] [stderr]    Compiling unicode-id-start v1.3.1
[INFO] [stderr]    Compiling arrayvec v0.7.6
[INFO] [stderr]    Compiling wasm-bindgen v0.2.100
[INFO] [stderr]    Compiling phf_generator v0.11.3
[INFO] [stderr]    Compiling serde_json v1.0.141
[INFO] [stderr]    Compiling seq-macro v0.3.6
[INFO] [stderr]    Compiling anstyle v1.0.11
[INFO] [stderr]    Compiling anstyle-query v1.1.3
[INFO] [stderr]    Compiling memchr v2.7.5
[INFO] [stderr]    Compiling clap_lex v0.7.5
[INFO] [stderr]    Compiling anstream v0.6.19
[INFO] [stderr]    Compiling num-integer v0.1.46
[INFO] [stderr]    Compiling clap_builder v4.5.41
[INFO] [stderr]    Compiling psm v0.1.26
[INFO] [stderr]    Compiling stacker v0.1.21
[INFO] [stderr]    Compiling ahash v0.8.12
[INFO] [stderr]    Compiling hashbrown v0.14.5
[INFO] [stderr]    Compiling synstructure v0.13.2
[INFO] [stderr]    Compiling swc_macros_common v1.0.1
[INFO] [stderr]    Compiling wasm-bindgen-backend v0.2.100
[INFO] [stderr]    Compiling zerofrom-derive v0.1.6
[INFO] [stderr]    Compiling yoke-derive v0.8.0
[INFO] [stderr]    Compiling zerovec-derive v0.11.1
[INFO] [stderr]    Compiling displaydoc v0.2.5
[INFO] [stderr]    Compiling serde_derive v1.0.219
[INFO] [stderr]    Compiling tracing-attributes v0.1.30
[INFO] [stderr]    Compiling phf_macros v0.11.3
[INFO] [stderr]    Compiling from_variant v2.0.2
[INFO] [stderr]    Compiling ast_node v3.0.3
[INFO] [stderr]    Compiling swc_eq_ignore_macros v1.0.1
[INFO] [stderr]    Compiling string_enum v1.0.2
[INFO] [stderr]    Compiling is-macro v0.3.7
[INFO] [stderr]    Compiling clap_derive v4.5.41
[INFO] [stderr]    Compiling phf v0.11.3
[INFO] [stderr]    Compiling wasm-bindgen-macro-support v0.2.100
[INFO] [stderr]    Compiling zerofrom v0.1.6
[INFO] [stderr]    Compiling yoke v0.8.0
[INFO] [stderr]    Compiling zerovec v0.11.2
[INFO] [stderr]    Compiling zerotrie v0.2.2
[INFO] [stderr]    Compiling tracing v0.1.41
[INFO] [stderr]    Compiling wasm-bindgen-macro v0.2.100
[INFO] [stderr]    Compiling clap v4.5.41
[INFO] [stderr]    Compiling tinystr v0.8.1
[INFO] [stderr]    Compiling potential_utf v0.1.2
[INFO] [stderr]    Compiling serde v1.0.219
[INFO] [stderr]    Compiling icu_collections v2.0.0
[INFO] [stderr]    Compiling icu_locale_core v2.0.0
[INFO] [stderr]    Compiling icu_provider v2.0.0
[INFO] [stderr]    Compiling icu_properties v2.0.1
[INFO] [stderr]    Compiling icu_normalizer v2.0.0
[INFO] [stderr]    Compiling idna_adapter v1.2.1
[INFO] [stderr]    Compiling idna v1.0.3
[INFO] [stderr]    Compiling triomphe v0.1.14
[INFO] [stderr]    Compiling num-bigint v0.4.6
[INFO] [stderr]    Compiling bytes-str v0.2.7
[INFO] [stderr]    Compiling url v2.5.4
[INFO] [stderr]    Compiling hstr v2.0.0
[INFO] [stderr]    Compiling swc_atoms v7.0.0
[INFO] [stderr]    Compiling swc_common v14.0.1
[INFO] [stderr]    Compiling swc_ecma_ast v14.0.0
[INFO] [stderr]    Compiling swc_ecma_lexer v21.0.0
[INFO] [stderr]    Compiling swc_ecma_parser v21.0.1
[INFO] [stderr]    Compiling tarq_core v0.1.7 (/opt/rustwide/workdir/tarq_core)
[INFO] [stderr]    Compiling tarq v0.1.7 (/opt/rustwide/workdir/tarq)
[INFO] [stderr]     Finished `dev` profile [unoptimized + debuginfo] target(s) in 1m 00s
[INFO] running `Command { std: "docker" "inspect" "f1ac79c6c5d616f75f1f050c0a19230e95a93bb43b3b7fdd688d7e121a93c3f3", kill_on_drop: false }`
[INFO] running `Command { std: "docker" "exec" "-e" "SOURCE_DIR=/opt/rustwide/workdir" "-e" "CARGO_HOME=/opt/rustwide/cargo-home" "-e" "RUSTUP_HOME=/opt/rustwide/rustup-home" "-e" "CARGO_TARGET_DIR=/opt/rustwide/target" "-e" "CARGO_INCREMENTAL=0" "-e" "RUST_BACKTRACE=full" "-e" "RUSTFLAGS=--cap-lints=warn" "-e" "RUSTDOCFLAGS=--cap-lints=warn" "-w" "/opt/rustwide/workdir" "--user" "0:0" "f1ac79c6c5d616f75f1f050c0a19230e95a93bb43b3b7fdd688d7e121a93c3f3" "/opt/rustwide/cargo-home/bin/cargo" "+1.98.0-beta.1" "test" "--frozen" "--no-run" "--message-format=json", kill_on_drop: false }`
[INFO] [stderr]    Compiling tarq v0.1.7 (/opt/rustwide/workdir/tarq)
[INFO] [stderr]    Compiling tarq_core v0.1.7 (/opt/rustwide/workdir/tarq_core)
[INFO] [stderr]     Finished `test` profile [unoptimized + debuginfo] target(s) in 1.19s
[INFO] running `Command { std: "docker" "inspect" "f1ac79c6c5d616f75f1f050c0a19230e95a93bb43b3b7fdd688d7e121a93c3f3", kill_on_drop: false }`
[INFO] running `Command { std: "docker" "exec" "-e" "SOURCE_DIR=/opt/rustwide/workdir" "-e" "CARGO_HOME=/opt/rustwide/cargo-home" "-e" "RUSTUP_HOME=/opt/rustwide/rustup-home" "-e" "CARGO_TARGET_DIR=/opt/rustwide/target" "-e" "CARGO_INCREMENTAL=0" "-e" "RUST_BACKTRACE=full" "-e" "RUSTFLAGS=--cap-lints=warn" "-e" "RUSTDOCFLAGS=--cap-lints=warn" "-w" "/opt/rustwide/workdir" "--user" "0:0" "f1ac79c6c5d616f75f1f050c0a19230e95a93bb43b3b7fdd688d7e121a93c3f3" "/opt/rustwide/cargo-home/bin/cargo" "+1.98.0-beta.1" "test" "--frozen", kill_on_drop: false }`
[INFO] [stderr]     Finished `test` profile [unoptimized + debuginfo] target(s) in 0.17s
[INFO] [stderr]      Running unittests src/main.rs (/opt/rustwide/target/debug/deps/tarq-5d8f58a46143a89a)
[INFO] [stderr]      Running tests/e2e_test.rs (/opt/rustwide/target/debug/deps/e2e_test-48be16e17508cfe3)
[INFO] [stdout] 
[INFO] [stdout] running 0 tests
[INFO] [stdout] 
[INFO] [stdout] test result: ok. 0 passed; 0 failed; 0 ignored; 0 measured; 0 filtered out; finished in 0.00s
[INFO] [stdout] 
[INFO] [stdout] 
[INFO] [stdout] running 1 test
[INFO] [stderr] error: test failed, to rerun pass `-p tarq --test e2e_test`
[INFO] [stdout] test e2e_test ... FAILED
[INFO] [stdout] 
[INFO] [stdout] failures:
[INFO] [stdout] 
[INFO] [stdout] ---- e2e_test stdout ----
[INFO] [stdout] 
[INFO] [stdout] thread 'e2e_test' (1972) panicked at tarq/tests/e2e_test.rs:12:58:
[INFO] [stdout] called `Result::unwrap()` on an `Err` value: Os { code: 2, kind: NotFound, message: "No such file or directory" }
[INFO] [stdout] stack backtrace:
[INFO] [stdout]    0:     0x5f6b5addb8e1 - std[73adb7dc35730857]::backtrace_rs::backtrace::libunwind::trace
[INFO] [stdout]                                at /rustc/6b3fa26749ab40e159b2dd5cf577acaaf5902772/library/std/src/../../backtrace/src/backtrace/libunwind.rs:117:9
[INFO] [stdout]    1:     0x5f6b5addb8e1 - std[73adb7dc35730857]::backtrace_rs::backtrace::trace_unsynchronized::<std[73adb7dc35730857]::sys::backtrace::_print_fmt::{closure#1}>
[INFO] [stdout]                                at /rustc/6b3fa26749ab40e159b2dd5cf577acaaf5902772/library/std/src/../../backtrace/src/backtrace/mod.rs:66:14
[INFO] [stdout]    2:     0x5f6b5addb8e1 - std[73adb7dc35730857]::sys::backtrace::_print_fmt
[INFO] [stdout]                                at /rustc/6b3fa26749ab40e159b2dd5cf577acaaf5902772/library/std/src/sys/backtrace.rs:74:9
[INFO] [stdout]    3:     0x5f6b5addb8e1 - <<std[73adb7dc35730857]::sys::backtrace::BacktraceLock>::print::DisplayBacktrace as core[6883ba1bc0fe4ed1]::fmt::Display>::fmt
[INFO] [stdout]                                at /rustc/6b3fa26749ab40e159b2dd5cf577acaaf5902772/library/std/src/sys/backtrace.rs:44:26
[INFO] [stdout]    4:     0x5f6b5adef65a - <core[6883ba1bc0fe4ed1]::fmt::rt::Argument>::fmt
[INFO] [stdout]                                at /rustc/6b3fa26749ab40e159b2dd5cf577acaaf5902772/library/core/src/fmt/rt.rs:152:76
[INFO] [stdout]    5:     0x5f6b5adef65a - core[6883ba1bc0fe4ed1]::fmt::write
[INFO] [stdout]    6:     0x5f6b5addfd9c - std[73adb7dc35730857]::io::default_write_fmt::<alloc[55a36b64bcbf2c0d]::vec::Vec<u8>>
[INFO] [stdout]                                at /rustc/6b3fa26749ab40e159b2dd5cf577acaaf5902772/library/std/src/io/mod.rs:626:11
[INFO] [stdout]    7:     0x5f6b5addfd9c - <alloc[55a36b64bcbf2c0d]::vec::Vec<u8> as std[73adb7dc35730857]::io::Write>::write_fmt
[INFO] [stdout]                                at /rustc/6b3fa26749ab40e159b2dd5cf577acaaf5902772/library/std/src/io/mod.rs:1730:13
[INFO] [stdout]    8:     0x5f6b5adb9be6 - <std[73adb7dc35730857]::sys::backtrace::BacktraceLock>::print
[INFO] [stdout]                                at /rustc/6b3fa26749ab40e159b2dd5cf577acaaf5902772/library/std/src/sys/backtrace.rs:47:9
[INFO] [stdout]    9:     0x5f6b5adb9be6 - std[73adb7dc35730857]::panicking::default_hook::{closure#0}
[INFO] [stdout]                                at /rustc/6b3fa26749ab40e159b2dd5cf577acaaf5902772/library/std/src/panicking.rs:292:27
[INFO] [stdout]   10:     0x5f6b5add3799 - std[73adb7dc35730857]::panicking::default_hook
[INFO] [stdout]                                at /rustc/6b3fa26749ab40e159b2dd5cf577acaaf5902772/library/std/src/panicking.rs:316:9
[INFO] [stdout]   11:     0x5f6b5ad6e2a0 - <alloc[55a36b64bcbf2c0d]::boxed::Box<dyn for<'a, 'b> core[6883ba1bc0fe4ed1]::ops::function::Fn<(&'a std[73adb7dc35730857]::panic::PanicHookInfo<'b>,), Output = ()> + core[6883ba1bc0fe4ed1]::marker::Send + core[6883ba1bc0fe4ed1]::marker::Sync> as core[6883ba1bc0fe4ed1]::ops::function::Fn<(&std[73adb7dc35730857]::panic::PanicHookInfo,)>>::call
[INFO] [stdout]                                at /rustc/6b3fa26749ab40e159b2dd5cf577acaaf5902772/library/alloc/src/boxed.rs:2333:9
[INFO] [stdout]   12:     0x5f6b5ad6e2a0 - test[980ffaebd391d06d]::test_main_inner::<test[980ffaebd391d06d]::test_main_static::{closure#0}>::{closure#0}
[INFO] [stdout]                                at /rustc/6b3fa26749ab40e159b2dd5cf577acaaf5902772/library/test/src/lib.rs:155:21
[INFO] [stdout]   13:     0x5f6b5add3952 - <alloc[55a36b64bcbf2c0d]::boxed::Box<dyn for<'a, 'b> core[6883ba1bc0fe4ed1]::ops::function::Fn<(&'a std[73adb7dc35730857]::panic::PanicHookInfo<'b>,), Output = ()> + core[6883ba1bc0fe4ed1]::marker::Send + core[6883ba1bc0fe4ed1]::marker::Sync> as core[6883ba1bc0fe4ed1]::ops::function::Fn<(&std[73adb7dc35730857]::panic::PanicHookInfo,)>>::call
[INFO] [stdout]                                at /rustc/6b3fa26749ab40e159b2dd5cf577acaaf5902772/library/alloc/src/boxed.rs:2333:9
[INFO] [stdout]   14:     0x5f6b5add3952 - std[73adb7dc35730857]::panicking::panic_with_hook
[INFO] [stdout]                                at /rustc/6b3fa26749ab40e159b2dd5cf577acaaf5902772/library/std/src/panicking.rs:823:13
[INFO] [stdout]   15:     0x5f6b5adb9c92 - std[73adb7dc35730857]::panicking::panic_handler::{closure#0}
[INFO] [stdout]                                at /rustc/6b3fa26749ab40e159b2dd5cf577acaaf5902772/library/std/src/panicking.rs:688:13
[INFO] [stdout]   16:     0x5f6b5adb1469 - std[73adb7dc35730857]::sys::backtrace::__rust_end_short_backtrace::<std[73adb7dc35730857]::panicking::panic_handler::{closure#0}, !>
[INFO] [stdout]                                at /rustc/6b3fa26749ab40e159b2dd5cf577acaaf5902772/library/std/src/sys/backtrace.rs:182:18
[INFO] [stdout]   17:     0x5f6b5adba88d - __rustc[a7b7b02e776dd976]::rust_begin_unwind
[INFO] [stdout]                                at /rustc/6b3fa26749ab40e159b2dd5cf577acaaf5902772/library/std/src/panicking.rs:679:5
[INFO] [stdout]   18:     0x5f6b5adefd8c - core[6883ba1bc0fe4ed1]::panicking::panic_fmt
[INFO] [stdout]                                at /rustc/6b3fa26749ab40e159b2dd5cf577acaaf5902772/library/core/src/panicking.rs:80:14
[INFO] [stdout]   19:     0x5f6b5adefb62 - core[6883ba1bc0fe4ed1]::result::unwrap_failed
[INFO] [stdout]                                at /rustc/6b3fa26749ab40e159b2dd5cf577acaaf5902772/library/core/src/result.rs:1870:5
[INFO] [stdout]   20:     0x5f6b5ad5e495 - <core[6883ba1bc0fe4ed1]::result::Result<alloc[55a36b64bcbf2c0d]::string::String, core[6883ba1bc0fe4ed1]::io::error::Error>>::unwrap
[INFO] [stdout]                                at /rustc/6b3fa26749ab40e159b2dd5cf577acaaf5902772/library/core/src/result.rs:1231:23
[INFO] [stdout]   21:     0x5f6b5ad5e495 - e2e_test[5a0a05734c931ca3]::e2e_test
[INFO] [stdout]                                at /opt/rustwide/workdir/tarq/tests/e2e_test.rs:12:58
[INFO] [stdout]   22:     0x5f6b5ad5e177 - e2e_test[5a0a05734c931ca3]::e2e_test::{closure#0}
[INFO] [stdout]                                at /opt/rustwide/workdir/tarq/tests/e2e_test.rs:5:14
[INFO] [stdout]   23:     0x5f6b5ad612e6 - <e2e_test[5a0a05734c931ca3]::e2e_test::{closure#0} as core[6883ba1bc0fe4ed1]::ops::function::FnOnce<()>>::call_once
[INFO] [stdout]                                at /rustc/6b3fa26749ab40e159b2dd5cf577acaaf5902772/library/core/src/ops/function.rs:250:5
[INFO] [stdout]   24:     0x5f6b5ad615db - <fn() -> core[6883ba1bc0fe4ed1]::result::Result<(), alloc[55a36b64bcbf2c0d]::string::String> as core[6883ba1bc0fe4ed1]::ops::function::FnOnce<()>>::call_once
[INFO] [stdout]                                at /rustc/6b3fa26749ab40e159b2dd5cf577acaaf5902772/library/core/src/ops/function.rs:250:5
[INFO] [stdout]   25:     0x5f6b5ad615db - test[980ffaebd391d06d]::__rust_begin_short_backtrace::<core[6883ba1bc0fe4ed1]::result::Result<(), alloc[55a36b64bcbf2c0d]::string::String>, fn() -> core[6883ba1bc0fe4ed1]::result::Result<(), alloc[55a36b64bcbf2c0d]::string::String>>
[INFO] [stdout]                                at /rustc/6b3fa26749ab40e159b2dd5cf577acaaf5902772/library/test/src/lib.rs:724:18
[INFO] [stdout]   26:     0x5f6b5ad6ec25 - test[980ffaebd391d06d]::run_test_in_process::{closure#0}
[INFO] [stdout]                                at /rustc/6b3fa26749ab40e159b2dd5cf577acaaf5902772/library/test/src/lib.rs:747:74
[INFO] [stdout]   27:     0x5f6b5ad6ec25 - <core[6883ba1bc0fe4ed1]::panic::unwind_safe::AssertUnwindSafe<test[980ffaebd391d06d]::run_test_in_process::{closure#0}> as core[6883ba1bc0fe4ed1]::ops::function::FnOnce<()>>::call_once
[INFO] [stdout]                                at /rustc/6b3fa26749ab40e159b2dd5cf577acaaf5902772/library/core/src/panic/unwind_safe.rs:275:9
[INFO] [stdout]   28:     0x5f6b5ad6ec25 - std[73adb7dc35730857]::panicking::catch_unwind::do_call::<core[6883ba1bc0fe4ed1]::panic::unwind_safe::AssertUnwindSafe<test[980ffaebd391d06d]::run_test_in_process::{closure#0}>, core[6883ba1bc0fe4ed1]::result::Result<(), alloc[55a36b64bcbf2c0d]::string::String>>
[INFO] [stdout]                                at /rustc/6b3fa26749ab40e159b2dd5cf577acaaf5902772/library/std/src/panicking.rs:576:43
[INFO] [stdout]   29:     0x5f6b5ad6ec25 - std[73adb7dc35730857]::panicking::catch_unwind::<core[6883ba1bc0fe4ed1]::result::Result<(), alloc[55a36b64bcbf2c0d]::string::String>, core[6883ba1bc0fe4ed1]::panic::unwind_safe::AssertUnwindSafe<test[980ffaebd391d06d]::run_test_in_process::{closure#0}>>
[INFO] [stdout]                                at /rustc/6b3fa26749ab40e159b2dd5cf577acaaf5902772/library/std/src/panicking.rs:544:19
[INFO] [stdout]   30:     0x5f6b5ad6ec25 - std[73adb7dc35730857]::panic::catch_unwind::<core[6883ba1bc0fe4ed1]::panic::unwind_safe::AssertUnwindSafe<test[980ffaebd391d06d]::run_test_in_process::{closure#0}>, core[6883ba1bc0fe4ed1]::result::Result<(), alloc[55a36b64bcbf2c0d]::string::String>>
[INFO] [stdout]                                at /rustc/6b3fa26749ab40e159b2dd5cf577acaaf5902772/library/std/src/panic.rs:359:14
[INFO] [stdout]   31:     0x5f6b5ad6ec25 - test[980ffaebd391d06d]::run_test_in_process
[INFO] [stdout]                                at /rustc/6b3fa26749ab40e159b2dd5cf577acaaf5902772/library/test/src/lib.rs:747:27
[INFO] [stdout]   32:     0x5f6b5ad6ec25 - test[980ffaebd391d06d]::run_test::{closure#0}
[INFO] [stdout]                                at /rustc/6b3fa26749ab40e159b2dd5cf577acaaf5902772/library/test/src/lib.rs:668:43
[INFO] [stdout]   33:     0x5f6b5ad696d4 - test[980ffaebd391d06d]::run_test::{closure#1}
[INFO] [stdout]                                at /rustc/6b3fa26749ab40e159b2dd5cf577acaaf5902772/library/test/src/lib.rs:698:41
[INFO] [stdout]   34:     0x5f6b5ad696d4 - std[73adb7dc35730857]::sys::backtrace::__rust_begin_short_backtrace::<test[980ffaebd391d06d]::run_test::{closure#1}, ()>
[INFO] [stdout]                                at /rustc/6b3fa26749ab40e159b2dd5cf577acaaf5902772/library/std/src/sys/backtrace.rs:166:18
[INFO] [stdout]   35:     0x5f6b5ad71d72 - std[73adb7dc35730857]::thread::lifecycle::spawn_unchecked::<test[980ffaebd391d06d]::run_test::{closure#1}, ()>::{closure#1}::{closure#0}
[INFO] [stdout]                                at /rustc/6b3fa26749ab40e159b2dd5cf577acaaf5902772/library/std/src/thread/lifecycle.rs:70:13
[INFO] [stdout]   36:     0x5f6b5ad71d72 - <core[6883ba1bc0fe4ed1]::panic::unwind_safe::AssertUnwindSafe<std[73adb7dc35730857]::thread::lifecycle::spawn_unchecked<test[980ffaebd391d06d]::run_test::{closure#1}, ()>::{closure#1}::{closure#0}> as core[6883ba1bc0fe4ed1]::ops::function::FnOnce<()>>::call_once
[INFO] [stdout]                                at /rustc/6b3fa26749ab40e159b2dd5cf577acaaf5902772/library/core/src/panic/unwind_safe.rs:275:9
[INFO] [stdout]   37:     0x5f6b5ad71d72 - std[73adb7dc35730857]::panicking::catch_unwind::do_call::<core[6883ba1bc0fe4ed1]::panic::unwind_safe::AssertUnwindSafe<std[73adb7dc35730857]::thread::lifecycle::spawn_unchecked<test[980ffaebd391d06d]::run_test::{closure#1}, ()>::{closure#1}::{closure#0}>, ()>
[INFO] [stdout]                                at /rustc/6b3fa26749ab40e159b2dd5cf577acaaf5902772/library/std/src/panicking.rs:576:43
[INFO] [stdout]   38:     0x5f6b5ad71d72 - std[73adb7dc35730857]::panicking::catch_unwind::<(), core[6883ba1bc0fe4ed1]::panic::unwind_safe::AssertUnwindSafe<std[73adb7dc35730857]::thread::lifecycle::spawn_unchecked<test[980ffaebd391d06d]::run_test::{closure#1}, ()>::{closure#1}::{closure#0}>>
[INFO] [stdout]                                at /rustc/6b3fa26749ab40e159b2dd5cf577acaaf5902772/library/std/src/panicking.rs:544:19
[INFO] [stdout]   39:     0x5f6b5ad71d72 - std[73adb7dc35730857]::panic::catch_unwind::<core[6883ba1bc0fe4ed1]::panic::unwind_safe::AssertUnwindSafe<std[73adb7dc35730857]::thread::lifecycle::spawn_unchecked<test[980ffaebd391d06d]::run_test::{closure#1}, ()>::{closure#1}::{closure#0}>, ()>
[INFO] [stdout]                                at /rustc/6b3fa26749ab40e159b2dd5cf577acaaf5902772/library/std/src/panic.rs:359:14
[INFO] [stdout]   40:     0x5f6b5ad71d72 - std[73adb7dc35730857]::thread::lifecycle::spawn_unchecked::<test[980ffaebd391d06d]::run_test::{closure#1}, ()>::{closure#1}
[INFO] [stdout]                                at /rustc/6b3fa26749ab40e159b2dd5cf577acaaf5902772/library/std/src/thread/lifecycle.rs:68:26
[INFO] [stdout]   41:     0x5f6b5ad71d72 - <std[73adb7dc35730857]::thread::lifecycle::spawn_unchecked<test[980ffaebd391d06d]::run_test::{closure#1}, ()>::{closure#1} as core[6883ba1bc0fe4ed1]::ops::function::FnOnce<()>>::call_once::{shim:vtable#0}
[INFO] [stdout]                                at /rustc/6b3fa26749ab40e159b2dd5cf577acaaf5902772/library/core/src/ops/function.rs:250:5
[INFO] [stdout]   42:     0x5f6b5addadff - <alloc[55a36b64bcbf2c0d]::boxed::Box<dyn core[6883ba1bc0fe4ed1]::ops::function::FnOnce<(), Output = ()> + core[6883ba1bc0fe4ed1]::marker::Send> as core[6883ba1bc0fe4ed1]::ops::function::FnOnce<()>>::call_once
[INFO] [stdout]                                at /rustc/6b3fa26749ab40e159b2dd5cf577acaaf5902772/library/alloc/src/boxed.rs:2319:9
[INFO] [stdout]   43:     0x5f6b5addadff - <std[73adb7dc35730857]::sys::thread::unix::Thread>::new::thread_start
[INFO] [stdout]                                at /rustc/6b3fa26749ab40e159b2dd5cf577acaaf5902772/library/std/src/sys/thread/unix.rs:123:17
[INFO] [stdout]   44:     0x7a3b9c45caa4 - <unknown>
[INFO] [stdout]   45:     0x7a3b9c4e9a64 - clone
[INFO] [stdout]   46:                0x0 - <unknown>
[INFO] [stdout] 
[INFO] [stdout] 
[INFO] [stdout] failures:
[INFO] [stdout]     e2e_test
[INFO] [stdout] 
[INFO] [stdout] test result: FAILED. 0 passed; 1 failed; 0 ignored; 0 measured; 0 filtered out; finished in 0.39s
[INFO] [stdout] 
[INFO] running `Command { std: "docker" "inspect" "f1ac79c6c5d616f75f1f050c0a19230e95a93bb43b3b7fdd688d7e121a93c3f3", kill_on_drop: false }`
[INFO] running `Command { std: "docker" "rm" "-f" "f1ac79c6c5d616f75f1f050c0a19230e95a93bb43b3b7fdd688d7e121a93c3f3", kill_on_drop: false }`
[INFO] [stdout] f1ac79c6c5d616f75f1f050c0a19230e95a93bb43b3b7fdd688d7e121a93c3f3
