[INFO] cloning repository https://github.com/jshook/coding-tools
[INFO] running `Command { std: "git" "-c" "credential.helper=" "-c" "credential.helper=/workspace/cargo-home/bin/git-credential-null" "clone" "--bare" "https://github.com/jshook/coding-tools" "/workspace/cache/git-repos/https%3A%2F%2Fgithub.com%2Fjshook%2Fcoding-tools", kill_on_drop: false }`
[INFO] [stderr] Cloning into bare repository '/workspace/cache/git-repos/https%3A%2F%2Fgithub.com%2Fjshook%2Fcoding-tools'...
[INFO] running `Command { std: "git" "rev-parse" "HEAD", kill_on_drop: false }`
[INFO] [stdout] 14425780bb9f3807c979014ad3026f09658355d1
[INFO] testing jshook/coding-tools/14425780bb9f3807c979014ad3026f09658355d1 against 1.97.0-beta.6 for beta-1.98-2
[INFO] running `Command { std: "git" "clone" "/workspace/cache/git-repos/https%3A%2F%2Fgithub.com%2Fjshook%2Fcoding-tools" "/workspace/builds/worker-2-tc1/source", kill_on_drop: false }`
[INFO] [stderr] Cloning into '/workspace/builds/worker-2-tc1/source'...
[INFO] [stderr] done.
[INFO] started tweaking git repo https://github.com/jshook/coding-tools
[INFO] finished tweaking git repo https://github.com/jshook/coding-tools
[INFO] tweaked toml for git repo https://github.com/jshook/coding-tools written to /workspace/builds/worker-2-tc1/source/Cargo.toml
[INFO] validating manifest of git repo https://github.com/jshook/coding-tools on toolchain 1.97.0-beta.6
[INFO] running `Command { std: CARGO_HOME="/workspace/cargo-home" RUSTUP_HOME="/workspace/rustup-home" "/workspace/cargo-home/bin/cargo" "+1.97.0-beta.6" "metadata" "--manifest-path" "Cargo.toml" "--no-deps", kill_on_drop: false }`
[INFO] crate git repo https://github.com/jshook/coding-tools already has a lockfile, it will not be regenerated
[INFO] running `Command { std: CARGO_HOME="/workspace/cargo-home" RUSTUP_HOME="/workspace/rustup-home" "/workspace/cargo-home/bin/cargo" "+1.97.0-beta.6" "fetch" "--manifest-path" "Cargo.toml", kill_on_drop: false }`
[INFO] [stderr]     Updating crates.io index
[INFO] [stderr]  Downloading crates ...
[INFO] [stderr]   Downloaded rowan v0.16.1
[INFO] [stderr]   Downloaded text-size v1.1.1
[INFO] [stderr]   Downloaded ignore v0.4.26
[INFO] [stderr]   Downloaded rustls-pki-types v1.15.0
[INFO] [stderr]   Downloaded utf8-ranges v1.0.5
[INFO] [stderr]   Downloaded veks-completion v1.6.1
[INFO] [stderr]   Downloaded webpki-roots v1.0.8
[INFO] [stderr]   Downloaded jsonc-parser v0.26.3
[INFO] [stderr]   Downloaded yaml-edit v0.2.1
[INFO] [stderr]   Downloaded fst v0.4.7
[INFO] running `Command { std: "docker" "create" "-v" "/var/lib/crater-agent-workspace/builds/worker-2-tc1/source:/opt/rustwide/workdir:ro,Z" "-v" "/var/lib/crater-agent-workspace/builds/worker-2-tc1/target:/opt/rustwide/target:rw,Z" "-v" "/var/lib/crater-agent-workspace/cargo-home:/opt/rustwide/cargo-home:ro,Z" "-v" "/var/lib/crater-agent-workspace/rustup-home:/opt/rustwide/rustup-home:ro,Z" "-m" "1610612736" "--network" "none" "ghcr.io/rust-lang/crates-build-env/linux@sha256:3d5ced03c013a94a2f102a4510f48a6e9184255caf5fd8244f58017bde7f5210" "sleep" "infinity", kill_on_drop: false }`
[INFO] [stdout] a9428789a1030a0a8e52d93c866c1f0c8760f911b120a5d0657e7b53617447c1
[INFO] running `Command { std: "docker" "start" "a9428789a1030a0a8e52d93c866c1f0c8760f911b120a5d0657e7b53617447c1", kill_on_drop: false }`
[INFO] running `Command { std: "docker" "inspect" "a9428789a1030a0a8e52d93c866c1f0c8760f911b120a5d0657e7b53617447c1", kill_on_drop: false }`
[INFO] running `Command { std: "docker" "exec" "-e" "SOURCE_DIR=/opt/rustwide/workdir" "-e" "CARGO_HOME=/opt/rustwide/cargo-home" "-e" "RUSTUP_HOME=/opt/rustwide/rustup-home" "-e" "CARGO_TARGET_DIR=/opt/rustwide/target" "-w" "/opt/rustwide/workdir" "--user" "0:0" "a9428789a1030a0a8e52d93c866c1f0c8760f911b120a5d0657e7b53617447c1" "/opt/rustwide/cargo-home/bin/cargo" "+1.97.0-beta.6" "metadata" "--no-deps" "--format-version=1", kill_on_drop: false }`
[INFO] running `Command { std: "docker" "inspect" "a9428789a1030a0a8e52d93c866c1f0c8760f911b120a5d0657e7b53617447c1", kill_on_drop: false }`
[INFO] running `Command { std: "docker" "exec" "-e" "SOURCE_DIR=/opt/rustwide/workdir" "-e" "CARGO_HOME=/opt/rustwide/cargo-home" "-e" "RUSTUP_HOME=/opt/rustwide/rustup-home" "-e" "CARGO_TARGET_DIR=/opt/rustwide/target" "-e" "CARGO_INCREMENTAL=0" "-e" "RUST_BACKTRACE=full" "-e" "RUSTFLAGS=--cap-lints=warn" "-e" "RUSTDOCFLAGS=--cap-lints=warn" "-w" "/opt/rustwide/workdir" "--user" "0:0" "a9428789a1030a0a8e52d93c866c1f0c8760f911b120a5d0657e7b53617447c1" "/opt/rustwide/cargo-home/bin/cargo" "+1.97.0-beta.6" "build" "--frozen" "--message-format=json", kill_on_drop: false }`
[INFO] [stderr]    Compiling memchr v2.8.1
[INFO] [stderr]    Compiling quote v1.0.45
[INFO] [stderr]    Compiling log v0.4.32
[INFO] [stderr]    Compiling crossbeam-utils v0.8.21
[INFO] [stderr]    Compiling ring v0.17.14
[INFO] [stderr]    Compiling rustls-pki-types v1.15.0
[INFO] [stderr]    Compiling crc32fast v1.5.0
[INFO] [stderr]    Compiling serde_core v1.0.228
[INFO] [stderr]    Compiling httparse v1.10.1
[INFO] [stderr]    Compiling regex-syntax v0.8.10
[INFO] [stderr]    Compiling adler2 v2.0.1
[INFO] [stderr]    Compiling simd-adler32 v0.3.9
[INFO] [stderr]    Compiling http v1.4.2
[INFO] [stderr]    Compiling miniz_oxide v0.8.9
[INFO] [stderr]    Compiling aho-corasick v1.1.4
[INFO] [stderr]    Compiling crossbeam-epoch v0.9.18
[INFO] [stderr]    Compiling bstr v1.12.1
[INFO] [stderr]    Compiling syn v2.0.117
[INFO] [stderr]    Compiling countme v3.0.1
[INFO] [stderr]    Compiling fst v0.4.7
[INFO] [stderr]    Compiling hashbrown v0.14.5
[INFO] [stderr]    Compiling text-size v1.1.1
[INFO] [stderr]    Compiling once_cell v1.21.4
[INFO] [stderr]    Compiling same-file v1.0.6
[INFO] [stderr]    Compiling rustc-hash v1.1.0
[INFO] [stderr]    Compiling walkdir v2.5.0
[INFO] [stderr]    Compiling clap_builder v4.6.0
[INFO] [stderr]    Compiling ureq-proto v0.6.0
[INFO] [stderr]    Compiling rowan v0.16.1
[INFO] [stderr]    Compiling regex-automata v0.4.14
[INFO] [stderr]    Compiling rustls v0.23.41
[INFO] [stderr]    Compiling flate2 v1.1.9
[INFO] [stderr]    Compiling crossbeam-deque v0.8.6
[INFO] [stderr]    Compiling webpki-roots v1.0.8
[INFO] [stderr]    Compiling utf8-zero v0.8.1
[INFO] [stderr]    Compiling utf8-ranges v1.0.5
[INFO] [stderr]    Compiling yaml-edit v0.2.1
[INFO] [stderr]    Compiling veks-completion v1.6.1
[INFO] [stderr]    Compiling rustls-webpki v0.103.13
[INFO] [stderr]    Compiling serde_json v1.0.150
[INFO] [stderr]    Compiling clap_derive v4.6.1
[INFO] [stderr]    Compiling jsonc-parser v0.26.3
[INFO] [stderr]    Compiling globset v0.4.18
[INFO] [stderr]    Compiling regex v1.12.3
[INFO] [stderr]    Compiling ignore v0.4.26
[INFO] [stderr]    Compiling clap v4.6.1
[INFO] [stderr]    Compiling ureq v3.3.0
[INFO] [stderr]    Compiling coding-tools v0.8.7 (/opt/rustwide/workdir)
[INFO] [stderr]     Finished `dev` profile [unoptimized + debuginfo] target(s) in 1m 38s
[INFO] running `Command { std: "docker" "inspect" "a9428789a1030a0a8e52d93c866c1f0c8760f911b120a5d0657e7b53617447c1", kill_on_drop: false }`
[INFO] running `Command { std: "docker" "exec" "-e" "SOURCE_DIR=/opt/rustwide/workdir" "-e" "CARGO_HOME=/opt/rustwide/cargo-home" "-e" "RUSTUP_HOME=/opt/rustwide/rustup-home" "-e" "CARGO_TARGET_DIR=/opt/rustwide/target" "-e" "CARGO_INCREMENTAL=0" "-e" "RUST_BACKTRACE=full" "-e" "RUSTFLAGS=--cap-lints=warn" "-e" "RUSTDOCFLAGS=--cap-lints=warn" "-w" "/opt/rustwide/workdir" "--user" "0:0" "a9428789a1030a0a8e52d93c866c1f0c8760f911b120a5d0657e7b53617447c1" "/opt/rustwide/cargo-home/bin/cargo" "+1.97.0-beta.6" "test" "--frozen" "--no-run" "--message-format=json", kill_on_drop: false }`
[INFO] [stderr]    Compiling coding-tools v0.8.7 (/opt/rustwide/workdir)
[INFO] [stderr]     Finished `test` profile [unoptimized + debuginfo] target(s) in 24.08s
[INFO] running `Command { std: "docker" "inspect" "a9428789a1030a0a8e52d93c866c1f0c8760f911b120a5d0657e7b53617447c1", kill_on_drop: false }`
[INFO] running `Command { std: "docker" "exec" "-e" "SOURCE_DIR=/opt/rustwide/workdir" "-e" "CARGO_HOME=/opt/rustwide/cargo-home" "-e" "RUSTUP_HOME=/opt/rustwide/rustup-home" "-e" "CARGO_TARGET_DIR=/opt/rustwide/target" "-e" "CARGO_INCREMENTAL=0" "-e" "RUST_BACKTRACE=full" "-e" "RUSTFLAGS=--cap-lints=warn" "-e" "RUSTDOCFLAGS=--cap-lints=warn" "-w" "/opt/rustwide/workdir" "--user" "0:0" "a9428789a1030a0a8e52d93c866c1f0c8760f911b120a5d0657e7b53617447c1" "/opt/rustwide/cargo-home/bin/cargo" "+1.97.0-beta.6" "test" "--frozen", kill_on_drop: false }`
[INFO] [stderr]     Finished `test` profile [unoptimized + debuginfo] target(s) in 0.20s
[INFO] [stderr]      Running unittests src/lib.rs (/opt/rustwide/target/debug/deps/coding_tools-a96d43caf0f4048b)
[INFO] [stdout] 
[INFO] [stdout] running 196 tests
[INFO] [stdout] test allowlist::tests::builtins_allowed_everything_else_refused ... ok
[INFO] [stdout] test allowlist::tests::builtin_unions_core_and_native ... ok
[INFO] [stdout] test allowlist::tests::each_gate_extends_only_to_suite_tools ... ok
[INFO] [stdout] test allowlist::tests::gated_name_uses_basename ... ok
[INFO] [stdout] test block::tests::block_edit_matches_crlf_and_preserves_endings ... ok
[INFO] [stdout] test block::tests::block_edit_preserves_missing_final_newline ... ok
[INFO] [stdout] test block::tests::block_edit_replaces_multiple_sites ... ok
[INFO] [stdout] test block::tests::nearest_miss_carries_block_len_and_blank_line_hint ... ok
[INFO] [stdout] test block::tests::nearest_miss_diagnoses_whitespace_drift_on_the_anchor_line ... ok
[INFO] [stdout] test block::tests::matches_are_byte_exact_and_non_overlapping ... ok
[INFO] [stdout] test block::tests::nearest_miss_past_eof_reports_empty_found ... ok
[INFO] [stdout] test block::tests::nearest_miss_reports_first_divergence ... ok
[INFO] [stdout] test blockdoc::tests::attribute_only_items_close_implicitly ... ok
[INFO] [stdout] test block::tests::squeeze_nearest_miss_diverges_on_the_nonblank_line ... ok
[INFO] [stdout] test blockdoc::tests::parses_items_attrs_and_verbatim_sections ... ok
[INFO] [stdout] test blockdoc::tests::payload_lines_resembling_the_fence_prefix_are_fences ... ok
[INFO] [stdout] test blockdoc::tests::quoted_values_carry_spaces_and_read_unambiguously ... ok
[INFO] [stdout] test block::tests::squeeze_edit_replaces_the_full_source_span ... ok
[INFO] [stdout] test block::tests::squeeze_still_requires_at_least_one_blank_and_exact_nonblank ... ok
[INFO] [stdout] test blockdoc::tests::errors_are_specific ... ok
[INFO] [stdout] test blockdoc::tests::custom_fence_lets_payloads_contain_the_default ... ok
[INFO] [stdout] test deps::tests::acyclic_graph_has_no_cycles ... ok
[INFO] [stdout] test block::tests::squeeze_matches_blank_runs_of_any_length ... ok
[INFO] [stdout] test blockdoc::tests::empty_section_is_zero_lines_and_end_is_implicit_between_items ... ok
[INFO] [stdout] test deps::tests::cycles_members_only_scopes_to_workspace ... ok
[INFO] [stdout] test deps::tests::assign_layers_reports_unassigned_and_ambiguous ... ok
[INFO] [stdout] test deps::tests::assign_layers_rejects_an_empty_layer ... ok
[INFO] [stdout] test deps::tests::duplicates_lists_versions ... ok
[INFO] [stdout] test deps::tests::cycles_respect_edge_kinds ... ok
[INFO] [stdout] test deps::tests::deny_reports_an_evidence_path ... ok
[INFO] [stdout] test deps::tests::layers_flag_a_lower_layer_reaching_a_higher_one ... ok
[INFO] [stdout] test deps::tests::edge_kind_filter_changes_reachability ... ok
[INFO] [stdout] test deps::tests::forbid_requires_the_source_to_exist ... ok
[INFO] [stdout] test deps::tests::cycles_report_a_concrete_loop ... ok
[INFO] [stdout] test deps::tests::layers_report_transitive_violations_per_member ... ok
[INFO] [stdout] test edit::tests::preserves_untouched_lines_and_terminators ... ok
[INFO] [stdout] test edit::tests::literal_find_does_not_expand_dollar_in_replacement ... ok
[INFO] [stdout] test editscript::tests::cascade_lets_a_later_edit_see_an_earlier_one ... ok
[INFO] [stdout] test edit::tests::missing_final_newline_is_preserved ... ok
[INFO] [stdout] test deps::tests::layers_allow_top_down_dependencies ... ok
[INFO] [stdout] test editscript::tests::file_narrowing_limits_and_validates ... ok
[INFO] [stdout] test editscript::tests::failing_block_edit_carries_a_nearest_miss ... ok
[INFO] [stdout] test editscript::tests::file_narrowing_matches_backslash_paths ... ok
[INFO] [stdout] test editscript::tests::no_cascade_judges_pristine_and_rejects_overlap ... ok
[INFO] [stdout] test editscript::tests::no_cascade_applies_disjoint_edits_positionally ... ok
[INFO] [stdout] test editscript::tests::script_default_expect_is_exactly_one ... ok
[INFO] [stdout] test edit::tests::regex_find_expands_captures ... ok
[INFO] [stdout] test block::tests::block_edit_preserves_crlf_missing_final_newline ... ok
[INFO] [stdout] test modgraph::tests::resolve_picks_the_longest_known_module ... ok
[INFO] [stdout] test okf::tests::parse_handles_block_tags_and_quotes ... ok
[INFO] [stdout] test okf::tests::parse_returns_none_without_a_fence ... ok
[INFO] [stdout] test okf::tests::reserved_files_recognised ... ok
[INFO] [stdout] test okf::tests::unclosed_fence_is_not_frontmatter ... ok
[INFO] [stdout] test okf::tests::parse_detects_and_extracts_frontmatter ... ok
[INFO] [stdout] test okf::tests::links_classifies_and_filters ... ok
[INFO] [stdout] test okfindex::tests::empty_query_returns_no_hits ... ok
[INFO] [stdout] test modgraph::tests::use_targets_joins_multiline_groups ... ok
[INFO] [stdout] test modgraph::tests::build_graph_layers_flag_an_upward_module_edge ... ok
[INFO] [stdout] test modgraph::tests::use_targets_handles_the_common_forms ... ok
[INFO] [stdout] test modgraph::tests::build_graph_detects_a_module_cycle ... ok
[INFO] [stdout] test modgraph::tests::build_graph_edges_and_forbid ... ok
[INFO] [stdout] test okfindex::tests::parse_query_recognizes_all_modes ... ok
[INFO] [stdout] test okfindex::tests::index_search_exact_prefix_and_fuzzy ... ok
[INFO] [stdout] test okfindex::tests::condense_merges_segments_and_drops_tombstones ... ok
[INFO] [stdout] test okfindex::tests::pending_counts_added_changed_removed_without_mutating ... ok
[INFO] [stdout] test okfindex::tests::tokenize_lowercases_and_splits_on_nonalnum ... ok
[INFO] [stdout] test okfindex::tests::varint_roundtrips ... ok
[INFO] [stdout] test okfroots::tests::config_roundtrips_and_dedups ... ok
[INFO] [stdout] test okfroots::tests::concept_files_respects_ignore_files ... ok
[INFO] [stdout] test okfroots::tests::concept_files_lists_md_excluding_reserved ... ok
[INFO] [stdout] test okfroots::tests::detects_roots_via_marker_okf_version_and_config ... ok
[INFO] [stdout] test okfroots::tests::project_root_walks_up_to_ct ... ok
[INFO] [stdout] test okfroots::tests::load_doc_extracts_frontmatter_and_body ... ok
[INFO] [stdout] test okfroots::tests::write_marker_is_idempotent_and_detected ... ok
[INFO] [stdout] test okfscript::tests::cascade_new_then_index_then_set_then_log ... ok
[INFO] [stdout] test okfindex::tests::search_merges_postings_across_segments ... ok
[INFO] [stdout] test okfscript::tests::missing_required_attribute_is_rejected ... ok
[INFO] [stdout] test okfindex::tests::reset_clears_then_reindexes_from_scratch ... ok
[INFO] [stdout] test okfscript::tests::new_refuses_to_clobber_disk_or_overlay ... ok
[INFO] [stdout] test okfscript::tests::unknown_attribute_is_rejected ... ok
[INFO] [stdout] test okfscript::tests::set_on_a_missing_concept_aborts ... ok
[INFO] [stdout] test outline::tests::language_keying_is_extension_based ... ok
[INFO] [stdout] test outline::tests::python_docstring_text_is_not_a_declaration ... ok
[INFO] [stdout] test okfindex::tests::regex_mode_matches_substrings_via_the_dfa_adapter ... ok
[INFO] [stdout] test okfindex::tests::incremental_update_supersedes_changed_and_drops_removed ... ok
[INFO] [stdout] test okfroots::tests::rel_key_normalizes_under_project ... ok
[INFO] [stdout] test outline::tests::markdown_headings_with_fenced_code_ignored ... ok
[INFO] [stdout] test outline::tests::python_indentation_nesting_and_spans ... ok
[INFO] [stdout] test patch::tests::add_appends_without_index ... ok
[INFO] [stdout] test outline::tests::rust_unclosed_block_yields_unknown_end ... ok
[INFO] [stdout] test patch::tests::assign_splits_outside_brackets ... ok
[INFO] [stdout] test patch::tests::append_array_element_via_index ... ok
[INFO] [stdout] test okfroots::tests::scan_collapses_nested_concept_dirs_to_topmost ... ok
[INFO] [stdout] test patch::tests::nested_set_and_array_index ... ok
[INFO] [stdout] test patch::tests::delete_takes_its_comma ... ok
[INFO] [stdout] test outline::tests::rust_detects_kinds_spans_and_nesting ... ok
[INFO] [stdout] test outline::tests::rust_suppresses_locals_inside_fn_but_keeps_assoc_items ... ok
[INFO] [stdout] test patch::tests::path_parsing ... ok
[INFO] [stdout] test patch::tests::set_adds_missing_key_multiline_with_indent ... ok
[INFO] [stdout] test patch::tests::set_string_fallback_quotes_value ... ok
[INFO] [stdout] test patch::tests::value_normalisation ... ok
[INFO] [stdout] test patch::tests::predicate_selects_object_in_array ... ok
[INFO] [stdout] test patch::tests::set_replaces_value_preserving_comments_and_layout ... ok
[INFO] [stdout] test patch::tests::move_reorders_preserving_separator ... ok
[INFO] [stdout] test pattern::tests::classifies_literal_when_no_metacharacters ... ok
[INFO] [stdout] test patch::tests::yaml_set_replace_and_delete_preserve_comments ... ok
[INFO] [stdout] test pattern::tests::literal_matches_as_unanchored_substring ... ok
[INFO] [stdout] test patch::tests::yaml_add_and_predicate_paths_error ... ok
[INFO] [stdout] test pattern::tests::absent_mode_keeps_promotion ... ok
[INFO] [stdout] test pattern::tests::classifies_glob_when_not_valid_regex ... ok
[INFO] [stdout] test payload::tests::text_prefix_strips_once_and_only_once ... ok
[INFO] [stdout] test payload::tests::missing_payload_file_is_an_error ... ok
[INFO] [stdout] test payload::tests::to_find_lines_drops_trailing_blank_lines ... ok
[INFO] [stdout] test payload::tests::to_lines_normalizes_crlf_to_lf ... ok
[INFO] [stdout] test payload::tests::unprefixed_values_pass_through_verbatim ... ok
[INFO] [stdout] test pattern::tests::explicit_mode_overrides_promotion ... ok
[INFO] [stdout] test pulse::tests::limit_label_drops_trailing_zeroes ... ok
[INFO] [stdout] test pulse::tests::pulse_state_set_replaces_existing_keys ... ok
[INFO] [stdout] test payload::tests::file_prefix_reads_exact_bytes ... ok
[INFO] [stdout] test payload::tests::to_lines_treats_one_trailing_newline_as_a_terminator ... ok
[INFO] [stdout] test pattern::tests::regex_alternation_is_preserved_for_content ... ok
[INFO] [stdout] test okfindex::tests::search_ranks_more_relevant_documents_higher ... ok
[INFO] [stdout] test rules::tests::adapter_parsing_accepts_strings_and_matcher_objects ... ok
[INFO] [stdout] test pulse::tests::secs_accepts_positive_fractions_only ... ok
[INFO] [stdout] test rules::tests::gate_classifies_builtin_checks ... ok
[INFO] [stdout] test rules::tests::parses_defs_rules_and_optional_fields ... ok
[INFO] [stdout] test rules::tests::rejects_duplicates_and_malformed_entries ... ok
[INFO] [stdout] test steer::tests::allows_safe_and_unknown_commands ... ok
[INFO] [stdout] test steer::tests::chain_only_when_all_segments_serviceable ... ok
[INFO] [stdout] test steer::tests::date_stem_is_utc_civil_date ... ok
[INFO] [stdout] test steer::tests::extracts_obvious_slots ... ok
[INFO] [stdout] test steer::tests::folds_all_ct_or_advisable_scriptlet_into_one_chain ... ok
[INFO] [stdout] test steer::tests::gitignore_rule_is_added_once ... ok
[INFO] [stdout] test steer::tests::hook_command_bakes_logging_flags ... ok
[INFO] [stdout] test pulse::tests::heartbeat_stops_on_drop ... ok
[INFO] [stdout] test steer::tests::hook_decisions_respect_mode ... ok
[INFO] [stdout] test steer::tests::hook_fails_open ... ok
[INFO] [stdout] test steer::tests::hook_steers_harness_grep_glob_read ... ok
[INFO] [stdout] test steer::tests::install_all_tools_writes_a_wildcard_matcher ... ok
[INFO] [stdout] test steer::tests::install_and_uninstall_preserve_comments ... ok
[INFO] [stdout] test steer::tests::install_covers_multiple_tools ... ok
[INFO] [stdout] test rules::tests::gate_admits_observers_and_bridge_only ... ok
[INFO] [stdout] test steer::tests::install_is_idempotent_and_preserves_other_settings ... ok
[INFO] [stdout] test steer::tests::line_continuations_are_one_command ... ok
[INFO] [stdout] test steer::tests::log_record_is_lenient_on_malformed_envelopes ... ok
[INFO] [stdout] test steer::tests::log_record_captures_steered_and_allowed_calls ... ok
[INFO] [stdout] test steer::tests::lone_real_step_among_setup_is_still_steered ... ok
[INFO] [stdout] test steer::tests::never_resteers_a_ct_command ... ok
[INFO] [stdout] test steer::tests::pipeline_nudge_only_on_unmapped_pipes ... ok
[INFO] [stdout] test steer::tests::post_record_marks_ct_calls_and_carries_context ... ok
[INFO] [stdout] test steer::tests::scope_paths ... ok
[INFO] [stdout] test steer::tests::scriptlet_of_only_ct_calls_is_left_alone ... ok
[INFO] [stdout] test steer::tests::scriptlet_with_an_opaque_step_advises_lines_not_a_fold ... ok
[INFO] [stdout] test steer::tests::steers_interpreter_file_reads ... ok
[INFO] [stdout] test steer::tests::steers_high_confidence_idioms ... ok
[INFO] [stdout] test steer::tests::steers_count_idioms ... ok
[INFO] [stdout] test steer::tests::steers_wait_loops_to_await_not_each ... ok
[INFO] [stdout] test steer::tests::uninstall_removes_only_our_hook ... ok
[INFO] [stdout] test supervise::tests::resolve_falls_back_to_bare_name ... ok
[INFO] [stdout] test steer::tests::install_post_adds_recorder_and_uninstall_clears_both_events ... ok
[INFO] [stdout] test survey::tests::malformed_or_incomplete_metadata_errors ... ok
[INFO] [stdout] test survey::tests::parses_packages_members_and_targets ... ok
[INFO] [stdout] test survey::tests::sort_orders_crates_and_breaks_ties_by_name ... ok
[INFO] [stdout] test pattern::tests::name_set_anchors_each_glob_alternative ... ok
[INFO] [stdout] test template::tests::copies_unbalanced_brace_through ... ok
[INFO] [stdout] test template::tests::does_not_rescan_substituted_values ... ok
[INFO] [stdout] test template::tests::expands_known_tokens ... ok
[INFO] [stdout] test template::tests::leaves_unknown_tokens_verbatim ... ok
[INFO] [stdout] test pattern::tests::classifies_regex_when_explicit_and_valid ... ok
[INFO] [stdout] test testrun::tests::focus_keeps_matching_windows_with_context ... ok
[INFO] [stdout] test tree::tests::metrics_count_lines_words_chars ... ok
[INFO] [stdout] test testrun::tests::focus_none_when_no_match ... ok
[INFO] [stdout] test tree::tests::parent_dir_of_paths ... ok
[INFO] [stdout] test tree::tests::within_bounds ... ok
[INFO] [stdout] test update::tests::latest_from_index_picks_highest_unyanked ... ok
[INFO] [stdout] test update::tests::notices_name_the_versions_and_the_off_switch ... ok
[INFO] [stdout] test supervise::tests::stdin_text_reaches_the_child ... ok
[INFO] [stdout] test update::tests::version_orders_core_and_prerelease ... ok
[INFO] [stdout] test verdict::tests::default_expectation_is_any ... ok
[INFO] [stdout] test verdict::tests::keywords_parse_to_numeric_forms ... ok
[INFO] [stdout] test verdict::tests::none_passes_only_on_zero ... ok
[INFO] [stdout] test verdict::tests::rejects_non_numeric_specs ... ok
[INFO] [stdout] test verdict::tests::threshold_grammar_matches_size_conventions ... ok
[INFO] [stdout] test supervise::tests::captures_streams_and_status ... ok
[INFO] [stdout] test verdict::tests::thresholds_classify_counts ... ok
[INFO] [stdout] test view::tests::range_parsing_handles_open_and_closed_forms ... ok
[INFO] [stdout] test view::tests::segments_split_on_gaps ... ok
[INFO] [stdout] test view::tests::windows_merge_when_they_overlap ... ok
[INFO] [stdout] test walk::tests::size_grammar_directions ... ok
[INFO] [stdout] test walk::tests::size_matches_compares ... ok
[INFO] [stdout] test survey::tests::test_scan_counts_attributes_not_cfg_gates ... ok
[INFO] [stdout] test pulse::tests::watchdog_disarmed_by_drop_does_not_kill ... ok
[INFO] [stdout] test rules::tests::classify_exit_empty_and_matchers ... ok
[INFO] [stdout] test update::tests::empty_string_etag_loads_as_none ... FAILED
[INFO] [stdout] test update::tests::state_round_trips_through_a_file ... FAILED
[INFO] [stdout] test supervise::tests::timeout_kills_and_reports ... ok
[INFO] [stdout] 
[INFO] [stdout] failures:
[INFO] [stdout] 
[INFO] [stdout] ---- update::tests::empty_string_etag_loads_as_none stdout ----
[INFO] [stdout] 
[INFO] [stdout] thread 'update::tests::empty_string_etag_loads_as_none' (2091) panicked at src/update.rs:584:61:
[INFO] [stdout] called `Result::unwrap()` on an `Err` value: Os { code: 2, kind: NotFound, message: "No such file or directory" }
[INFO] [stdout] stack backtrace:
[INFO] [stdout]    0:     0x6399fee525e8 - std[10d71ac2c42b111e]::backtrace_rs::backtrace::libunwind::trace
[INFO] [stdout]                                at /rustc/b2282dd5646a57d570fc86fbe8df0e8826665ef6/library/std/src/../../backtrace/src/backtrace/libunwind.rs:117:9
[INFO] [stdout]    1:     0x6399fee525e8 - std[10d71ac2c42b111e]::backtrace_rs::backtrace::trace_unsynchronized::<std[10d71ac2c42b111e]::sys::backtrace::_print_fmt::{closure#1}>
[INFO] [stdout]                                at /rustc/b2282dd5646a57d570fc86fbe8df0e8826665ef6/library/std/src/../../backtrace/src/backtrace/mod.rs:66:14
[INFO] [stdout]    2:     0x6399fee525e8 - std[10d71ac2c42b111e]::sys::backtrace::_print_fmt
[INFO] [stdout]                                at /rustc/b2282dd5646a57d570fc86fbe8df0e8826665ef6/library/std/src/sys/backtrace.rs:74:9
[INFO] [stdout]    3:     0x6399fee525e8 - <<std[10d71ac2c42b111e]::sys::backtrace::BacktraceLock>::print::DisplayBacktrace as core[8fb95b77d25ab6c8]::fmt::Display>::fmt
[INFO] [stdout]                                at /rustc/b2282dd5646a57d570fc86fbe8df0e8826665ef6/library/std/src/sys/backtrace.rs:44:26
[INFO] [stdout]    4:     0x6399fee6949a - <core[8fb95b77d25ab6c8]::fmt::rt::Argument>::fmt
[INFO] [stdout]                                at /rustc/b2282dd5646a57d570fc86fbe8df0e8826665ef6/library/core/src/fmt/rt.rs:152:76
[INFO] [stdout]    5:     0x6399fee6949a - core[8fb95b77d25ab6c8]::fmt::write
[INFO] [stdout]    6:     0x6399fee57232 - std[10d71ac2c42b111e]::io::default_write_fmt::<alloc[a7ee25936407c584]::vec::Vec<u8>>
[INFO] [stdout]                                at /rustc/b2282dd5646a57d570fc86fbe8df0e8826665ef6/library/std/src/io/mod.rs:622:11
[INFO] [stdout]    7:     0x6399fee57232 - <alloc[a7ee25936407c584]::vec::Vec<u8> as std[10d71ac2c42b111e]::io::Write>::write_fmt
[INFO] [stdout]                                at /rustc/b2282dd5646a57d570fc86fbe8df0e8826665ef6/library/std/src/io/mod.rs:1977:13
[INFO] [stdout]    8:     0x6399fee2e4b6 - <std[10d71ac2c42b111e]::sys::backtrace::BacktraceLock>::print
[INFO] [stdout]                                at /rustc/b2282dd5646a57d570fc86fbe8df0e8826665ef6/library/std/src/sys/backtrace.rs:47:9
[INFO] [stdout]    9:     0x6399fee2e4b6 - std[10d71ac2c42b111e]::panicking::default_hook::{closure#0}
[INFO] [stdout]                                at /rustc/b2282dd5646a57d570fc86fbe8df0e8826665ef6/library/std/src/panicking.rs:292:27
[INFO] [stdout]   10:     0x6399fee49819 - std[10d71ac2c42b111e]::panicking::default_hook
[INFO] [stdout]                                at /rustc/b2282dd5646a57d570fc86fbe8df0e8826665ef6/library/std/src/panicking.rs:316:9
[INFO] [stdout]   11:     0x6399fe95e07c - <alloc[a7ee25936407c584]::boxed::Box<dyn for<'a, 'b> core[8fb95b77d25ab6c8]::ops::function::Fn<(&'a std[10d71ac2c42b111e]::panic::PanicHookInfo<'b>,), Output = ()> + core[8fb95b77d25ab6c8]::marker::Sync + core[8fb95b77d25ab6c8]::marker::Send> as core[8fb95b77d25ab6c8]::ops::function::Fn<(&std[10d71ac2c42b111e]::panic::PanicHookInfo,)>>::call
[INFO] [stdout]                                at /rustc/b2282dd5646a57d570fc86fbe8df0e8826665ef6/library/alloc/src/boxed.rs:2289:9
[INFO] [stdout]   12:     0x6399fe95e07c - test[213991da798b1c03]::test_main_inner::<test[213991da798b1c03]::test_main_static::{closure#0}>::{closure#0}
[INFO] [stdout]                                at /rustc/b2282dd5646a57d570fc86fbe8df0e8826665ef6/library/test/src/lib.rs:155:21
[INFO] [stdout]   13:     0x6399fee499d2 - <alloc[a7ee25936407c584]::boxed::Box<dyn for<'a, 'b> core[8fb95b77d25ab6c8]::ops::function::Fn<(&'a std[10d71ac2c42b111e]::panic::PanicHookInfo<'b>,), Output = ()> + core[8fb95b77d25ab6c8]::marker::Sync + core[8fb95b77d25ab6c8]::marker::Send> as core[8fb95b77d25ab6c8]::ops::function::Fn<(&std[10d71ac2c42b111e]::panic::PanicHookInfo,)>>::call
[INFO] [stdout]                                at /rustc/b2282dd5646a57d570fc86fbe8df0e8826665ef6/library/alloc/src/boxed.rs:2289:9
[INFO] [stdout]   14:     0x6399fee499d2 - std[10d71ac2c42b111e]::panicking::panic_with_hook
[INFO] [stdout]                                at /rustc/b2282dd5646a57d570fc86fbe8df0e8826665ef6/library/std/src/panicking.rs:833:13
[INFO] [stdout]   15:     0x6399fee2e572 - std[10d71ac2c42b111e]::panicking::panic_handler::{closure#0}
[INFO] [stdout]                                at /rustc/b2282dd5646a57d570fc86fbe8df0e8826665ef6/library/std/src/panicking.rs:698:13
[INFO] [stdout]   16:     0x6399fee23479 - std[10d71ac2c42b111e]::sys::backtrace::__rust_end_short_backtrace::<std[10d71ac2c42b111e]::panicking::panic_handler::{closure#0}, !>
[INFO] [stdout]                                at /rustc/b2282dd5646a57d570fc86fbe8df0e8826665ef6/library/std/src/sys/backtrace.rs:182:18
[INFO] [stdout]   17:     0x6399fee2f28d - __rustc[3be9ba60078d4c86]::rust_begin_unwind
[INFO] [stdout]                                at /rustc/b2282dd5646a57d570fc86fbe8df0e8826665ef6/library/std/src/panicking.rs:689:5
[INFO] [stdout]   18:     0x6399fee69d0c - core[8fb95b77d25ab6c8]::panicking::panic_fmt
[INFO] [stdout]                                at /rustc/b2282dd5646a57d570fc86fbe8df0e8826665ef6/library/core/src/panicking.rs:80:14
[INFO] [stdout]   19:     0x6399fee69a52 - core[8fb95b77d25ab6c8]::result::unwrap_failed
[INFO] [stdout]                                at /rustc/b2282dd5646a57d570fc86fbe8df0e8826665ef6/library/core/src/result.rs:1867:5
[INFO] [stdout]   20:     0x6399fe9183f4 - <core[8fb95b77d25ab6c8]::result::Result<(), std[10d71ac2c42b111e]::io::error::Error>>::unwrap
[INFO] [stdout]                                at /rustc/b2282dd5646a57d570fc86fbe8df0e8826665ef6/library/core/src/result.rs:1233:23
[INFO] [stdout]   21:     0x6399fe9183f4 - coding_tools[7170acf8b5325300]::update::tests::empty_string_etag_loads_as_none
[INFO] [stdout]                                at /opt/rustwide/workdir/src/update.rs:584:61
[INFO] [stdout]   22:     0x6399fe909077 - coding_tools[7170acf8b5325300]::update::tests::empty_string_etag_loads_as_none::{closure#0}
[INFO] [stdout]                                at /opt/rustwide/workdir/src/update.rs:580:41
[INFO] [stdout]   23:     0x6399fe946986 - <coding_tools[7170acf8b5325300]::update::tests::empty_string_etag_loads_as_none::{closure#0} as core[8fb95b77d25ab6c8]::ops::function::FnOnce<()>>::call_once
[INFO] [stdout]                                at /rustc/b2282dd5646a57d570fc86fbe8df0e8826665ef6/library/core/src/ops/function.rs:250:5
[INFO] [stdout]   24:     0x6399fe95115b - <fn() -> core[8fb95b77d25ab6c8]::result::Result<(), alloc[a7ee25936407c584]::string::String> as core[8fb95b77d25ab6c8]::ops::function::FnOnce<()>>::call_once
[INFO] [stdout]                                at /rustc/b2282dd5646a57d570fc86fbe8df0e8826665ef6/library/core/src/ops/function.rs:250:5
[INFO] [stdout]   25:     0x6399fe95115b - test[213991da798b1c03]::__rust_begin_short_backtrace::<core[8fb95b77d25ab6c8]::result::Result<(), alloc[a7ee25936407c584]::string::String>, fn() -> core[8fb95b77d25ab6c8]::result::Result<(), alloc[a7ee25936407c584]::string::String>>
[INFO] [stdout]                                at /rustc/b2282dd5646a57d570fc86fbe8df0e8826665ef6/library/test/src/lib.rs:724:18
[INFO] [stdout]   26:     0x6399fe95e9d5 - test[213991da798b1c03]::run_test_in_process::{closure#0}
[INFO] [stdout]                                at /rustc/b2282dd5646a57d570fc86fbe8df0e8826665ef6/library/test/src/lib.rs:747:74
[INFO] [stdout]   27:     0x6399fe95e9d5 - <core[8fb95b77d25ab6c8]::panic::unwind_safe::AssertUnwindSafe<test[213991da798b1c03]::run_test_in_process::{closure#0}> as core[8fb95b77d25ab6c8]::ops::function::FnOnce<()>>::call_once
[INFO] [stdout]                                at /rustc/b2282dd5646a57d570fc86fbe8df0e8826665ef6/library/core/src/panic/unwind_safe.rs:275:9
[INFO] [stdout]   28:     0x6399fe95e9d5 - std[10d71ac2c42b111e]::panicking::catch_unwind::do_call::<core[8fb95b77d25ab6c8]::panic::unwind_safe::AssertUnwindSafe<test[213991da798b1c03]::run_test_in_process::{closure#0}>, core[8fb95b77d25ab6c8]::result::Result<(), alloc[a7ee25936407c584]::string::String>>
[INFO] [stdout]                                at /rustc/b2282dd5646a57d570fc86fbe8df0e8826665ef6/library/std/src/panicking.rs:581:40
[INFO] [stdout]   29:     0x6399fe95e9d5 - std[10d71ac2c42b111e]::panicking::catch_unwind::<core[8fb95b77d25ab6c8]::result::Result<(), alloc[a7ee25936407c584]::string::String>, core[8fb95b77d25ab6c8]::panic::unwind_safe::AssertUnwindSafe<test[213991da798b1c03]::run_test_in_process::{closure#0}>>
[INFO] [stdout]                                at /rustc/b2282dd5646a57d570fc86fbe8df0e8826665ef6/library/std/src/panicking.rs:544:19
[INFO] [stdout]   30:     0x6399fe95e9d5 - std[10d71ac2c42b111e]::panic::catch_unwind::<core[8fb95b77d25ab6c8]::panic::unwind_safe::AssertUnwindSafe<test[213991da798b1c03]::run_test_in_process::{closure#0}>, core[8fb95b77d25ab6c8]::result::Result<(), alloc[a7ee25936407c584]::string::String>>
[INFO] [stdout]                                at /rustc/b2282dd5646a57d570fc86fbe8df0e8826665ef6/library/std/src/panic.rs:359:14
[INFO] [stdout]   31:     0x6399fe95e9d5 - test[213991da798b1c03]::run_test_in_process
[INFO] [stdout]                                at /rustc/b2282dd5646a57d570fc86fbe8df0e8826665ef6/library/test/src/lib.rs:747:27
[INFO] [stdout]   32:     0x6399fe95e9d5 - test[213991da798b1c03]::run_test::{closure#0}
[INFO] [stdout]                                at /rustc/b2282dd5646a57d570fc86fbe8df0e8826665ef6/library/test/src/lib.rs:668:43
[INFO] [stdout]   33:     0x6399fe9582e4 - test[213991da798b1c03]::run_test::{closure#1}
[INFO] [stdout]                                at /rustc/b2282dd5646a57d570fc86fbe8df0e8826665ef6/library/test/src/lib.rs:698:41
[INFO] [stdout]   34:     0x6399fe9582e4 - std[10d71ac2c42b111e]::sys::backtrace::__rust_begin_short_backtrace::<test[213991da798b1c03]::run_test::{closure#1}, ()>
[INFO] [stdout]                                at /rustc/b2282dd5646a57d570fc86fbe8df0e8826665ef6/library/std/src/sys/backtrace.rs:166:18
[INFO] [stdout]   35:     0x6399fe961a52 - std[10d71ac2c42b111e]::thread::lifecycle::spawn_unchecked::<test[213991da798b1c03]::run_test::{closure#1}, ()>::{closure#1}::{closure#0}
[INFO] [stdout]                                at /rustc/b2282dd5646a57d570fc86fbe8df0e8826665ef6/library/std/src/thread/lifecycle.rs:70:13
[INFO] [stdout]   36:     0x6399fe961a52 - <core[8fb95b77d25ab6c8]::panic::unwind_safe::AssertUnwindSafe<std[10d71ac2c42b111e]::thread::lifecycle::spawn_unchecked<test[213991da798b1c03]::run_test::{closure#1}, ()>::{closure#1}::{closure#0}> as core[8fb95b77d25ab6c8]::ops::function::FnOnce<()>>::call_once
[INFO] [stdout]                                at /rustc/b2282dd5646a57d570fc86fbe8df0e8826665ef6/library/core/src/panic/unwind_safe.rs:275:9
[INFO] [stdout]   37:     0x6399fe961a52 - std[10d71ac2c42b111e]::panicking::catch_unwind::do_call::<core[8fb95b77d25ab6c8]::panic::unwind_safe::AssertUnwindSafe<std[10d71ac2c42b111e]::thread::lifecycle::spawn_unchecked<test[213991da798b1c03]::run_test::{closure#1}, ()>::{closure#1}::{closure#0}>, ()>
[INFO] [stdout]                                at /rustc/b2282dd5646a57d570fc86fbe8df0e8826665ef6/library/std/src/panicking.rs:581:40
[INFO] [stdout]   38:     0x6399fe961a52 - std[10d71ac2c42b111e]::panicking::catch_unwind::<(), core[8fb95b77d25ab6c8]::panic::unwind_safe::AssertUnwindSafe<std[10d71ac2c42b111e]::thread::lifecycle::spawn_unchecked<test[213991da798b1c03]::run_test::{closure#1}, ()>::{closure#1}::{closure#0}>>
[INFO] [stdout]                                at /rustc/b2282dd5646a57d570fc86fbe8df0e8826665ef6/library/std/src/panicking.rs:544:19
[INFO] [stdout]   39:     0x6399fe961a52 - std[10d71ac2c42b111e]::panic::catch_unwind::<core[8fb95b77d25ab6c8]::panic::unwind_safe::AssertUnwindSafe<std[10d71ac2c42b111e]::thread::lifecycle::spawn_unchecked<test[213991da798b1c03]::run_test::{closure#1}, ()>::{closure#1}::{closure#0}>, ()>
[INFO] [stdout]                                at /rustc/b2282dd5646a57d570fc86fbe8df0e8826665ef6/library/std/src/panic.rs:359:14
[INFO] [stdout]   40:     0x6399fe961a52 - std[10d71ac2c42b111e]::thread::lifecycle::spawn_unchecked::<test[213991da798b1c03]::run_test::{closure#1}, ()>::{closure#1}
[INFO] [stdout]                                at /rustc/b2282dd5646a57d570fc86fbe8df0e8826665ef6/library/std/src/thread/lifecycle.rs:68:26
[INFO] [stdout]   41:     0x6399fe961a52 - <std[10d71ac2c42b111e]::thread::lifecycle::spawn_unchecked<test[213991da798b1c03]::run_test::{closure#1}, ()>::{closure#1} as core[8fb95b77d25ab6c8]::ops::function::FnOnce<()>>::call_once::{shim:vtable#0}
[INFO] [stdout]                                at /rustc/b2282dd5646a57d570fc86fbe8df0e8826665ef6/library/core/src/ops/function.rs:250:5
[INFO] [stdout]   42:     0x6399fee5175f - <alloc[a7ee25936407c584]::boxed::Box<dyn core[8fb95b77d25ab6c8]::ops::function::FnOnce<(), Output = ()> + core[8fb95b77d25ab6c8]::marker::Send> as core[8fb95b77d25ab6c8]::ops::function::FnOnce<()>>::call_once
[INFO] [stdout]                                at /rustc/b2282dd5646a57d570fc86fbe8df0e8826665ef6/library/alloc/src/boxed.rs:2275:9
[INFO] [stdout]   43:     0x6399fee5175f - <std[10d71ac2c42b111e]::sys::thread::unix::Thread>::new::thread_start
[INFO] [stdout]                                at /rustc/b2282dd5646a57d570fc86fbe8df0e8826665ef6/library/std/src/sys/thread/unix.rs:118:17
[INFO] [stdout]   44:     0x79dfd7964aa4 - <unknown>
[INFO] [stdout]   45:     0x79dfd79f1a64 - clone
[INFO] [stdout]   46:                0x0 - <unknown>
[INFO] [stdout] 
[INFO] [stdout] ---- update::tests::state_round_trips_through_a_file stdout ----
[INFO] [stdout] 
[INFO] [stdout] thread 'update::tests::state_round_trips_through_a_file' (2094) panicked at src/update.rs:557:9:
[INFO] [stdout] assertion `left == right` failed
[INFO] [stdout]   left: State { last_check: 0, last_notified: 0, latest: None, etag: None, notice_shown: false }
[INFO] [stdout]  right: State { last_check: 111, last_notified: 222, latest: Some("0.9.0"), etag: Some("\"abc\""), notice_shown: true }
[INFO] [stdout] stack backtrace:
[INFO] [stdout]    0:     0x6399fee525e8 - std[10d71ac2c42b111e]::backtrace_rs::backtrace::libunwind::trace
[INFO] [stdout]                                at /rustc/b2282dd5646a57d570fc86fbe8df0e8826665ef6/library/std/src/../../backtrace/src/backtrace/libunwind.rs:117:9
[INFO] [stdout]    1:     0x6399fee525e8 - std[10d71ac2c42b111e]::backtrace_rs::backtrace::trace_unsynchronized::<std[10d71ac2c42b111e]::sys::backtrace::_print_fmt::{closure#1}>
[INFO] [stdout]                                at /rustc/b2282dd5646a57d570fc86fbe8df0e8826665ef6/library/std/src/../../backtrace/src/backtrace/mod.rs:66:14
[INFO] [stdout]    2:     0x6399fee525e8 - std[10d71ac2c42b111e]::sys::backtrace::_print_fmt
[INFO] [stdout]                                at /rustc/b2282dd5646a57d570fc86fbe8df0e8826665ef6/library/std/src/sys/backtrace.rs:74:9
[INFO] [stdout]    3:     0x6399fee525e8 - <<std[10d71ac2c42b111e]::sys::backtrace::BacktraceLock>::print::DisplayBacktrace as core[8fb95b77d25ab6c8]::fmt::Display>::fmt
[INFO] [stdout]                                at /rustc/b2282dd5646a57d570fc86fbe8df0e8826665ef6/library/std/src/sys/backtrace.rs:44:26
[INFO] [stdout]    4:     0x6399fee6949a - <core[8fb95b77d25ab6c8]::fmt::rt::Argument>::fmt
[INFO] [stdout]                                at /rustc/b2282dd5646a57d570fc86fbe8df0e8826665ef6/library/core/src/fmt/rt.rs:152:76
[INFO] [stdout]    5:     0x6399fee6949a - core[8fb95b77d25ab6c8]::fmt::write
[INFO] [stdout]    6:     0x6399fee57232 - std[10d71ac2c42b111e]::io::default_write_fmt::<alloc[a7ee25936407c584]::vec::Vec<u8>>
[INFO] [stdout]                                at /rustc/b2282dd5646a57d570fc86fbe8df0e8826665ef6/library/std/src/io/mod.rs:622:11
[INFO] [stdout]    7:     0x6399fee57232 - <alloc[a7ee25936407c584]::vec::Vec<u8> as std[10d71ac2c42b111e]::io::Write>::write_fmt
[INFO] [stdout]                                at /rustc/b2282dd5646a57d570fc86fbe8df0e8826665ef6/library/std/src/io/mod.rs:1977:13
[INFO] [stdout]    8:     0x6399fee2e4b6 - <std[10d71ac2c42b111e]::sys::backtrace::BacktraceLock>::print
[INFO] [stdout]                                at /rustc/b2282dd5646a57d570fc86fbe8df0e8826665ef6/library/std/src/sys/backtrace.rs:47:9
[INFO] [stdout]    9:     0x6399fee2e4b6 - std[10d71ac2c42b111e]::panicking::default_hook::{closure#0}
[INFO] [stdout]                                at /rustc/b2282dd5646a57d570fc86fbe8df0e8826665ef6/library/std/src/panicking.rs:292:27
[INFO] [stdout]   10:     0x6399fee49819 - std[10d71ac2c42b111e]::panicking::default_hook
[INFO] [stdout]                                at /rustc/b2282dd5646a57d570fc86fbe8df0e8826665ef6/library/std/src/panicking.rs:316:9
[INFO] [stdout]   11:     0x6399fe95e07c - <alloc[a7ee25936407c584]::boxed::Box<dyn for<'a, 'b> core[8fb95b77d25ab6c8]::ops::function::Fn<(&'a std[10d71ac2c42b111e]::panic::PanicHookInfo<'b>,), Output = ()> + core[8fb95b77d25ab6c8]::marker::Sync + core[8fb95b77d25ab6c8]::marker::Send> as core[8fb95b77d25ab6c8]::ops::function::Fn<(&std[10d71ac2c42b111e]::panic::PanicHookInfo,)>>::call
[INFO] [stdout]                                at /rustc/b2282dd5646a57d570fc86fbe8df0e8826665ef6/library/alloc/src/boxed.rs:2289:9
[INFO] [stdout]   12:     0x6399fe95e07c - test[213991da798b1c03]::test_main_inner::<test[213991da798b1c03]::test_main_static::{closure#0}>::{closure#0}
[INFO] [stdout]                                at /rustc/b2282dd5646a57d570fc86fbe8df0e8826665ef6/library/test/src/lib.rs:155:21
[INFO] [stdout]   13:     0x6399fee499d2 - <alloc[a7ee25936407c584]::boxed::Box<dyn for<'a, 'b> core[8fb95b77d25ab6c8]::ops::function::Fn<(&'a std[10d71ac2c42b111e]::panic::PanicHookInfo<'b>,), Output = ()> + core[8fb95b77d25ab6c8]::marker::Sync + core[8fb95b77d25ab6c8]::marker::Send> as core[8fb95b77d25ab6c8]::ops::function::Fn<(&std[10d71ac2c42b111e]::panic::PanicHookInfo,)>>::call
[INFO] [stdout]                                at /rustc/b2282dd5646a57d570fc86fbe8df0e8826665ef6/library/alloc/src/boxed.rs:2289:9
[INFO] [stdout]   14:     0x6399fee499d2 - std[10d71ac2c42b111e]::panicking::panic_with_hook
[INFO] [stdout]                                at /rustc/b2282dd5646a57d570fc86fbe8df0e8826665ef6/library/std/src/panicking.rs:833:13
[INFO] [stdout]   15:     0x6399fee2e572 - std[10d71ac2c42b111e]::panicking::panic_handler::{closure#0}
[INFO] [stdout]                                at /rustc/b2282dd5646a57d570fc86fbe8df0e8826665ef6/library/std/src/panicking.rs:698:13
[INFO] [stdout]   16:     0x6399fee23479 - std[10d71ac2c42b111e]::sys::backtrace::__rust_end_short_backtrace::<std[10d71ac2c42b111e]::panicking::panic_handler::{closure#0}, !>
[INFO] [stdout]                                at /rustc/b2282dd5646a57d570fc86fbe8df0e8826665ef6/library/std/src/sys/backtrace.rs:182:18
[INFO] [stdout]   17:     0x6399fee2f28d - __rustc[3be9ba60078d4c86]::rust_begin_unwind
[INFO] [stdout]                                at /rustc/b2282dd5646a57d570fc86fbe8df0e8826665ef6/library/std/src/panicking.rs:689:5
[INFO] [stdout]   18:     0x6399fee69d0c - core[8fb95b77d25ab6c8]::panicking::panic_fmt
[INFO] [stdout]                                at /rustc/b2282dd5646a57d570fc86fbe8df0e8826665ef6/library/core/src/panicking.rs:80:14
[INFO] [stdout]   19:     0x6399fee69b93 - core[8fb95b77d25ab6c8]::panicking::assert_failed_inner
[INFO] [stdout]                                at /rustc/b2282dd5646a57d570fc86fbe8df0e8826665ef6/library/core/src/panicking.rs:439:17
[INFO] [stdout]   20:     0x6399fe7a37dc - core[8fb95b77d25ab6c8]::panicking::assert_failed::<coding_tools[7170acf8b5325300]::update::State, coding_tools[7170acf8b5325300]::update::State>
[INFO] [stdout]                                at /rustc/b2282dd5646a57d570fc86fbe8df0e8826665ef6/library/core/src/panicking.rs:394:5
[INFO] [stdout]   21:     0x6399fe918a46 - coding_tools[7170acf8b5325300]::update::tests::state_round_trips_through_a_file
[INFO] [stdout]                                at /opt/rustwide/workdir/src/update.rs:557:9
[INFO] [stdout]   22:     0x6399fe9090a7 - coding_tools[7170acf8b5325300]::update::tests::state_round_trips_through_a_file::{closure#0}
[INFO] [stdout]                                at /opt/rustwide/workdir/src/update.rs:540:42
[INFO] [stdout]   23:     0x6399fe9469c6 - <coding_tools[7170acf8b5325300]::update::tests::state_round_trips_through_a_file::{closure#0} as core[8fb95b77d25ab6c8]::ops::function::FnOnce<()>>::call_once
[INFO] [stdout]                                at /rustc/b2282dd5646a57d570fc86fbe8df0e8826665ef6/library/core/src/ops/function.rs:250:5
[INFO] [stdout]   24:     0x6399fe95115b - <fn() -> core[8fb95b77d25ab6c8]::result::Result<(), alloc[a7ee25936407c584]::string::String> as core[8fb95b77d25ab6c8]::ops::function::FnOnce<()>>::call_once
[INFO] [stdout]                                at /rustc/b2282dd5646a57d570fc86fbe8df0e8826665ef6/library/core/src/ops/function.rs:250:5
[INFO] [stdout]   25:     0x6399fe95115b - test[213991da798b1c03]::__rust_begin_short_backtrace::<core[8fb95b77d25ab6c8]::result::Result<(), alloc[a7ee25936407c584]::string::String>, fn() -> core[8fb95b77d25ab6c8]::result::Result<(), alloc[a7ee25936407c584]::string::String>>
[INFO] [stdout]                                at /rustc/b2282dd5646a57d570fc86fbe8df0e8826665ef6/library/test/src/lib.rs:724:18
[INFO] [stdout]   26:     0x6399fe95e9d5 - test[213991da798b1c03]::run_test_in_process::{closure#0}
[INFO] [stdout]                                at /rustc/b2282dd5646a57d570fc86fbe8df0e8826665ef6/library/test/src/lib.rs:747:74
[INFO] [stdout]   27:     0x6399fe95e9d5 - <core[8fb95b77d25ab6c8]::panic::unwind_safe::AssertUnwindSafe<test[213991da798b1c03]::run_test_in_process::{closure#0}> as core[8fb95b77d25ab6c8]::ops::function::FnOnce<()>>::call_once
[INFO] [stdout]                                at /rustc/b2282dd5646a57d570fc86fbe8df0e8826665ef6/library/core/src/panic/unwind_safe.rs:275:9
[INFO] [stdout]   28:     0x6399fe95e9d5 - std[10d71ac2c42b111e]::panicking::catch_unwind::do_call::<core[8fb95b77d25ab6c8]::panic::unwind_safe::AssertUnwindSafe<test[213991da798b1c03]::run_test_in_process::{closure#0}>, core[8fb95b77d25ab6c8]::result::Result<(), alloc[a7ee25936407c584]::string::String>>
[INFO] [stdout]                                at /rustc/b2282dd5646a57d570fc86fbe8df0e8826665ef6/library/std/src/panicking.rs:581:40
[INFO] [stdout]   29:     0x6399fe95e9d5 - std[10d71ac2c42b111e]::panicking::catch_unwind::<core[8fb95b77d25ab6c8]::result::Result<(), alloc[a7ee25936407c584]::string::String>, core[8fb95b77d25ab6c8]::panic::unwind_safe::AssertUnwindSafe<test[213991da798b1c03]::run_test_in_process::{closure#0}>>
[INFO] [stdout]                                at /rustc/b2282dd5646a57d570fc86fbe8df0e8826665ef6/library/std/src/panicking.rs:544:19
[INFO] [stdout]   30:     0x6399fe95e9d5 - std[10d71ac2c42b111e]::panic::catch_unwind::<core[8fb95b77d25ab6c8]::panic::unwind_safe::AssertUnwindSafe<test[213991da798b1c03]::run_test_in_process::{closure#0}>, core[8fb95b77d25ab6c8]::result::Result<(), alloc[a7ee25936407c584]::string::String>>
[INFO] [stdout]                                at /rustc/b2282dd5646a57d570fc86fbe8df0e8826665ef6/library/std/src/panic.rs:359:14
[INFO] [stdout]   31:     0x6399fe95e9d5 - test[213991da798b1c03]::run_test_in_process
[INFO] [stdout]                                at /rustc/b2282dd5646a57d570fc86fbe8df0e8826665ef6/library/test/src/lib.rs:747:27
[INFO] [stdout]   32:     0x6399fe95e9d5 - test[213991da798b1c03]::run_test::{closure#0}
[INFO] [stdout]                                at /rustc/b2282dd5646a57d570fc86fbe8df0e8826665ef6/library/test/src/lib.rs:668:43
[INFO] [stdout]   33:     0x6399fe9582e4 - test[213991da798b1c03]::run_test::{closure#1}
[INFO] [stdout]                                at /rustc/b2282dd5646a57d570fc86fbe8df0e8826665ef6/library/test/src/lib.rs:698:41
[INFO] [stdout]   34:     0x6399fe9582e4 - std[10d71ac2c42b111e]::sys::backtrace::__rust_begin_short_backtrace::<test[213991da798b1c03]::run_test::{closure#1}, ()>
[INFO] [stdout]                                at /rustc/b2282dd5646a57d570fc86fbe8df0e8826665ef6/library/std/src/sys/backtrace.rs:166:18
[INFO] [stdout]   35:     0x6399fe961a52 - std[10d71ac2c42b111e]::thread::lifecycle::spawn_unchecked::<test[213991da798b1c03]::run_test::{closure#1}, ()>::{closure#1}::{closure#0}
[INFO] [stdout]                                at /rustc/b2282dd5646a57d570fc86fbe8df0e8826665ef6/library/std/src/thread/lifecycle.rs:70:13
[INFO] [stdout]   36:     0x6399fe961a52 - <core[8fb95b77d25ab6c8]::panic::unwind_safe::AssertUnwindSafe<std[10d71ac2c42b111e]::thread::lifecycle::spawn_unchecked<test[213991da798b1c03]::run_test::{closure#1}, ()>::{closure#1}::{closure#0}> as core[8fb95b77d25ab6c8]::ops::function::FnOnce<()>>::call_once
[INFO] [stdout]                                at /rustc/b2282dd5646a57d570fc86fbe8df0e8826665ef6/library/core/src/panic/unwind_safe.rs:275:9
[INFO] [stdout]   37:     0x6399fe961a52 - std[10d71ac2c42b111e]::panicking::catch_unwind::do_call::<core[8fb95b77d25ab6c8]::panic::unwind_safe::AssertUnwindSafe<std[10d71ac2c42b111e]::thread::lifecycle::spawn_unchecked<test[213991da798b1c03]::run_test::{closure#1}, ()>::{closure#1}::{closure#0}>, ()>
[INFO] [stdout]                                at /rustc/b2282dd5646a57d570fc86fbe8df0e8826665ef6/library/std/src/panicking.rs:581:40
[INFO] [stdout]   38:     0x6399fe961a52 - std[10d71ac2c42b111e]::panicking::catch_unwind::<(), core[8fb95b77d25ab6c8]::panic::unwind_safe::AssertUnwindSafe<std[10d71ac2c42b111e]::thread::lifecycle::spawn_unchecked<test[213991da798b1c03]::run_test::{closure#1}, ()>::{closure#1}::{closure#0}>>
[INFO] [stdout]                                at /rustc/b2282dd5646a57d570fc86fbe8df0e8826665ef6/library/std/src/panicking.rs:544:19
[INFO] [stdout]   39:     0x6399fe961a52 - std[10d71ac2c42b111e]::panic::catch_unwind::<core[8fb95b77d25ab6c8]::panic::unwind_safe::AssertUnwindSafe<std[10d71ac2c42b111e]::thread::lifecycle::spawn_unchecked<test[213991da798b1c03]::run_test::{closure#1}, ()>::{closure#1}::{closure#0}>, ()>
[INFO] [stdout]                                at /rustc/b2282dd5646a57d570fc86fbe8df0e8826665ef6/library/std/src/panic.rs:359:14
[INFO] [stdout]   40:     0x6399fe961a52 - std[10d71ac2c42b111e]::thread::lifecycle::spawn_unchecked::<test[213991da798b1c03]::run_test::{closure#1}, ()>::{closure#1}
[INFO] [stdout]                                at /rustc/b2282dd5646a57d570fc86fbe8df0e8826665ef6/library/std/src/thread/lifecycle.rs:68:26
[INFO] [stdout]   41:     0x6399fe961a52 - <std[10d71ac2c42b111e]::thread::lifecycle::spawn_unchecked<test[213991da798b1c03]::run_test::{closure#1}, ()>::{closure#1} as core[8fb95b77d25ab6c8]::ops::function::FnOnce<()>>::call_once::{shim:vtable#0}
[INFO] [stdout]                                at /rustc/b2282dd5646a57d570fc86fbe8df0e8826665ef6/library/core/src/ops/function.rs:250:5
[INFO] [stdout]   42:     0x6399fee5175f - <alloc[a7ee25936407c584]::boxed::Box<dyn core[8fb95b77d25ab6c8]::ops::function::FnOnce<(), Output = ()> + core[8fb95b77d25ab6c8]::marker::Send> as core[8fb95b77d25ab6c8]::ops::function::FnOnce<()>>::call_once
[INFO] [stdout]                                at /rustc/b2282dd5646a57d570fc86fbe8df0e8826665ef6/library/alloc/src/boxed.rs:2275:9
[INFO] [stdout]   43:     0x6399fee5175f - <std[10d71ac2c42b111e]::sys::thread::unix::Thread>::new::thread_start
[INFO] [stdout]                                at /rustc/b2282dd5646a57d570fc86fbe8df0e8826665ef6/library/std/src/sys/thread/unix.rs:118:17
[INFO] [stdout]   44:     0x79dfd7964aa4 - <unknown>
[INFO] [stdout]   45:     0x79dfd79f1a64 - clone
[INFO] [stdout]   46:                0x0 - <unknown>
[INFO] [stdout] 
[INFO] [stdout] 
[INFO] [stdout] failures:
[INFO] [stdout]     update::tests::empty_string_etag_loads_as_none
[INFO] [stdout]     update::tests::state_round_trips_through_a_file
[INFO] [stdout] 
[INFO] [stdout] test result: FAILED. 194 passed; 2 failed; 0 ignored; 0 measured; 0 filtered out; finished in 0.23s
[INFO] [stdout] 
[INFO] [stderr] error: test failed, to rerun pass `--lib`
[INFO] running `Command { std: "docker" "inspect" "a9428789a1030a0a8e52d93c866c1f0c8760f911b120a5d0657e7b53617447c1", kill_on_drop: false }`
[INFO] running `Command { std: "docker" "rm" "-f" "a9428789a1030a0a8e52d93c866c1f0c8760f911b120a5d0657e7b53617447c1", kill_on_drop: false }`
[INFO] [stdout] a9428789a1030a0a8e52d93c866c1f0c8760f911b120a5d0657e7b53617447c1
