[INFO] cloning repository https://github.com/joshua-crews/gpu_testing
[INFO] running `Command { std: "git" "-c" "credential.helper=" "-c" "credential.helper=/workspace/cargo-home/bin/git-credential-null" "clone" "--bare" "https://github.com/joshua-crews/gpu_testing" "/workspace/cache/git-repos/https%3A%2F%2Fgithub.com%2Fjoshua-crews%2Fgpu_testing", kill_on_drop: false }`
[INFO] [stderr] Cloning into bare repository '/workspace/cache/git-repos/https%3A%2F%2Fgithub.com%2Fjoshua-crews%2Fgpu_testing'...
[INFO] running `Command { std: "git" "rev-parse" "HEAD", kill_on_drop: false }`
[INFO] [stdout] ab4c660e4dc44230892135ded29c03ce8989daf6
[INFO] testing joshua-crews/gpu_testing against 1.98.0-beta.1 for beta-1.98-2
[INFO] running `Command { std: "git" "clone" "/workspace/cache/git-repos/https%3A%2F%2Fgithub.com%2Fjoshua-crews%2Fgpu_testing" "/workspace/builds/worker-3-tc2/source", kill_on_drop: false }`
[INFO] [stderr] Cloning into '/workspace/builds/worker-3-tc2/source'...
[INFO] [stderr] done.
[INFO] started tweaking git repo https://github.com/joshua-crews/gpu_testing
[INFO] finished tweaking git repo https://github.com/joshua-crews/gpu_testing
[INFO] tweaked toml for git repo https://github.com/joshua-crews/gpu_testing written to /workspace/builds/worker-3-tc2/source/Cargo.toml
[INFO] validating manifest of git repo https://github.com/joshua-crews/gpu_testing on toolchain 1.98.0-beta.1
[INFO] running `Command { std: CARGO_HOME="/workspace/cargo-home" RUSTUP_HOME="/workspace/rustup-home" "/workspace/cargo-home/bin/cargo" "+1.98.0-beta.1" "metadata" "--manifest-path" "Cargo.toml" "--no-deps", kill_on_drop: false }`
[INFO] crate git repo https://github.com/joshua-crews/gpu_testing already has a lockfile, it will not be regenerated
[INFO] running `Command { std: CARGO_HOME="/workspace/cargo-home" RUSTUP_HOME="/workspace/rustup-home" "/workspace/cargo-home/bin/cargo" "+1.98.0-beta.1" "fetch" "--manifest-path" "Cargo.toml", kill_on_drop: false }`
[INFO] running `Command { std: "docker" "create" "-v" "/var/lib/crater-agent-workspace/builds/worker-3-tc2/source:/opt/rustwide/workdir:ro,Z" "-v" "/var/lib/crater-agent-workspace/builds/worker-3-tc2/target:/opt/rustwide/target:rw,Z" "-v" "/var/lib/crater-agent-workspace/cargo-home:/opt/rustwide/cargo-home:ro,Z" "-v" "/var/lib/crater-agent-workspace/rustup-home:/opt/rustwide/rustup-home:ro,Z" "-m" "1610612736" "--network" "none" "ghcr.io/rust-lang/crates-build-env/linux@sha256:3d5ced03c013a94a2f102a4510f48a6e9184255caf5fd8244f58017bde7f5210" "sleep" "infinity", kill_on_drop: false }`
[INFO] [stdout] ca604ac810a1b1e907a0722df72a3e1ace654e991c65da36650a9b895fda6669
[INFO] running `Command { std: "docker" "start" "ca604ac810a1b1e907a0722df72a3e1ace654e991c65da36650a9b895fda6669", kill_on_drop: false }`
[INFO] running `Command { std: "docker" "inspect" "ca604ac810a1b1e907a0722df72a3e1ace654e991c65da36650a9b895fda6669", kill_on_drop: false }`
[INFO] running `Command { std: "docker" "exec" "-e" "SOURCE_DIR=/opt/rustwide/workdir" "-e" "CARGO_HOME=/opt/rustwide/cargo-home" "-e" "RUSTUP_HOME=/opt/rustwide/rustup-home" "-e" "CARGO_TARGET_DIR=/opt/rustwide/target" "-w" "/opt/rustwide/workdir" "--user" "0:0" "ca604ac810a1b1e907a0722df72a3e1ace654e991c65da36650a9b895fda6669" "/opt/rustwide/cargo-home/bin/cargo" "+1.98.0-beta.1" "metadata" "--no-deps" "--format-version=1", kill_on_drop: false }`
[INFO] running `Command { std: "docker" "inspect" "ca604ac810a1b1e907a0722df72a3e1ace654e991c65da36650a9b895fda6669", kill_on_drop: false }`
[INFO] running `Command { std: "docker" "exec" "-e" "SOURCE_DIR=/opt/rustwide/workdir" "-e" "CARGO_HOME=/opt/rustwide/cargo-home" "-e" "RUSTUP_HOME=/opt/rustwide/rustup-home" "-e" "CARGO_TARGET_DIR=/opt/rustwide/target" "-e" "CARGO_INCREMENTAL=0" "-e" "RUST_BACKTRACE=full" "-e" "RUSTFLAGS=--cap-lints=warn" "-e" "RUSTDOCFLAGS=--cap-lints=warn" "-w" "/opt/rustwide/workdir" "--user" "0:0" "ca604ac810a1b1e907a0722df72a3e1ace654e991c65da36650a9b895fda6669" "/opt/rustwide/cargo-home/bin/cargo" "+1.98.0-beta.1" "build" "--frozen" "--message-format=json", kill_on_drop: false }`
[INFO] [stderr]    Compiling cudarc v0.16.6
[INFO] [stderr]    Compiling libloading v0.8.8
[INFO] [stderr]    Compiling gpu_testing v0.1.0 (/opt/rustwide/workdir)
[INFO] [stderr]     Finished `dev` profile [unoptimized + debuginfo] target(s) in 19.94s
[INFO] running `Command { std: "docker" "inspect" "ca604ac810a1b1e907a0722df72a3e1ace654e991c65da36650a9b895fda6669", kill_on_drop: false }`
[INFO] running `Command { std: "docker" "exec" "-e" "SOURCE_DIR=/opt/rustwide/workdir" "-e" "CARGO_HOME=/opt/rustwide/cargo-home" "-e" "RUSTUP_HOME=/opt/rustwide/rustup-home" "-e" "CARGO_TARGET_DIR=/opt/rustwide/target" "-e" "CARGO_INCREMENTAL=0" "-e" "RUST_BACKTRACE=full" "-e" "RUSTFLAGS=--cap-lints=warn" "-e" "RUSTDOCFLAGS=--cap-lints=warn" "-w" "/opt/rustwide/workdir" "--user" "0:0" "ca604ac810a1b1e907a0722df72a3e1ace654e991c65da36650a9b895fda6669" "/opt/rustwide/cargo-home/bin/cargo" "+1.98.0-beta.1" "test" "--frozen" "--no-run" "--message-format=json", kill_on_drop: false }`
[INFO] [stderr]    Compiling gpu_testing v0.1.0 (/opt/rustwide/workdir)
[INFO] [stderr]     Finished `test` profile [unoptimized + debuginfo] target(s) in 0.97s
[INFO] running `Command { std: "docker" "inspect" "ca604ac810a1b1e907a0722df72a3e1ace654e991c65da36650a9b895fda6669", kill_on_drop: false }`
[INFO] running `Command { std: "docker" "exec" "-e" "SOURCE_DIR=/opt/rustwide/workdir" "-e" "CARGO_HOME=/opt/rustwide/cargo-home" "-e" "RUSTUP_HOME=/opt/rustwide/rustup-home" "-e" "CARGO_TARGET_DIR=/opt/rustwide/target" "-e" "CARGO_INCREMENTAL=0" "-e" "RUST_BACKTRACE=full" "-e" "RUSTFLAGS=--cap-lints=warn" "-e" "RUSTDOCFLAGS=--cap-lints=warn" "-w" "/opt/rustwide/workdir" "--user" "0:0" "ca604ac810a1b1e907a0722df72a3e1ace654e991c65da36650a9b895fda6669" "/opt/rustwide/cargo-home/bin/cargo" "+1.98.0-beta.1" "test" "--frozen", kill_on_drop: false }`
[INFO] [stderr]     Finished `test` profile [unoptimized + debuginfo] target(s) in 0.05s
[INFO] [stderr]      Running unittests src/lib.rs (/opt/rustwide/target/debug/deps/gpu_testing-0b79a6ab3b8d3197)
[INFO] [stdout] 
[INFO] [stdout] running 3 tests
[INFO] [stdout] test tests::test_dot_product ... FAILED
[INFO] [stdout] test tests::test_multiply ... FAILED
[INFO] [stdout] test tests::test_add ... FAILED
[INFO] [stdout] 
[INFO] [stdout] failures:
[INFO] [stdout] 
[INFO] [stdout] ---- tests::test_dot_product stdout ----
[INFO] [stdout] 
[INFO] [stdout] thread 'tests::test_dot_product' (229) panicked at /opt/rustwide/cargo-home/registry/src/index.crates.io-1949cf8c6b5b557f/cudarc-0.16.6/src/lib.rs:108:5:
[INFO] [stdout] Unable to dynamically load the "cuda" shared library - searched for library names: ["libcuda.so", "libcuda64.so", "libcuda64_12.so", "libcuda64_129.so", "libcuda64_129_0.so", "libcuda64_120_9.so", "libcuda64_10.so", "libcuda64_120_0.so", "libcuda64_9.so", "libcuda.so.12", "libcuda.so.11", "libcuda.so.10", "libcuda.so.1", "libnvcuda.so", "libnvcuda64.so", "libnvcuda64_12.so", "libnvcuda64_129.so", "libnvcuda64_129_0.so", "libnvcuda64_120_9.so", "libnvcuda64_10.so", "libnvcuda64_120_0.so", "libnvcuda64_9.so", "libnvcuda.so.12", "libnvcuda.so.11", "libnvcuda.so.10", "libnvcuda.so.1"]. Ensure that `LD_LIBRARY_PATH` has the correct path to the installed library. If the shared library is present on the system under a different name than one of those listed above, please open a GitHub issue.
[INFO] [stdout] stack backtrace:
[INFO] [stdout]    0:     0x64e4ac143a81 - std[73adb7dc35730857]::backtrace_rs::backtrace::libunwind::trace
[INFO] [stdout]                                at /rustc/6b3fa26749ab40e159b2dd5cf577acaaf5902772/library/std/src/../../backtrace/src/backtrace/libunwind.rs:117:9
[INFO] [stdout]    1:     0x64e4ac143a81 - std[73adb7dc35730857]::backtrace_rs::backtrace::trace_unsynchronized::<std[73adb7dc35730857]::sys::backtrace::_print_fmt::{closure#1}>
[INFO] [stdout]                                at /rustc/6b3fa26749ab40e159b2dd5cf577acaaf5902772/library/std/src/../../backtrace/src/backtrace/mod.rs:66:14
[INFO] [stdout]    2:     0x64e4ac143a81 - std[73adb7dc35730857]::sys::backtrace::_print_fmt
[INFO] [stdout]                                at /rustc/6b3fa26749ab40e159b2dd5cf577acaaf5902772/library/std/src/sys/backtrace.rs:74:9
[INFO] [stdout]    3:     0x64e4ac143a81 - <<std[73adb7dc35730857]::sys::backtrace::BacktraceLock>::print::DisplayBacktrace as core[6883ba1bc0fe4ed1]::fmt::Display>::fmt
[INFO] [stdout]                                at /rustc/6b3fa26749ab40e159b2dd5cf577acaaf5902772/library/std/src/sys/backtrace.rs:44:26
[INFO] [stdout]    4:     0x64e4ac157b3a - <core[6883ba1bc0fe4ed1]::fmt::rt::Argument>::fmt
[INFO] [stdout]                                at /rustc/6b3fa26749ab40e159b2dd5cf577acaaf5902772/library/core/src/fmt/rt.rs:152:76
[INFO] [stdout]    5:     0x64e4ac157b3a - core[6883ba1bc0fe4ed1]::fmt::write
[INFO] [stdout]    6:     0x64e4ac147f3c - std[73adb7dc35730857]::io::default_write_fmt::<alloc[55a36b64bcbf2c0d]::vec::Vec<u8>>
[INFO] [stdout]                                at /rustc/6b3fa26749ab40e159b2dd5cf577acaaf5902772/library/std/src/io/mod.rs:626:11
[INFO] [stdout]    7:     0x64e4ac147f3c - <alloc[55a36b64bcbf2c0d]::vec::Vec<u8> as std[73adb7dc35730857]::io::Write>::write_fmt
[INFO] [stdout]                                at /rustc/6b3fa26749ab40e159b2dd5cf577acaaf5902772/library/std/src/io/mod.rs:1730:13
[INFO] [stdout]    8:     0x64e4ac1221f6 - <std[73adb7dc35730857]::sys::backtrace::BacktraceLock>::print
[INFO] [stdout]                                at /rustc/6b3fa26749ab40e159b2dd5cf577acaaf5902772/library/std/src/sys/backtrace.rs:47:9
[INFO] [stdout]    9:     0x64e4ac1221f6 - std[73adb7dc35730857]::panicking::default_hook::{closure#0}
[INFO] [stdout]                                at /rustc/6b3fa26749ab40e159b2dd5cf577acaaf5902772/library/std/src/panicking.rs:292:27
[INFO] [stdout]   10:     0x64e4ac13bca9 - std[73adb7dc35730857]::panicking::default_hook
[INFO] [stdout]                                at /rustc/6b3fa26749ab40e159b2dd5cf577acaaf5902772/library/std/src/panicking.rs:316:9
[INFO] [stdout]   11:     0x64e4abfa7590 - <alloc[55a36b64bcbf2c0d]::boxed::Box<dyn for<'a, 'b> core[6883ba1bc0fe4ed1]::ops::function::Fn<(&'a std[73adb7dc35730857]::panic::PanicHookInfo<'b>,), Output = ()> + core[6883ba1bc0fe4ed1]::marker::Send + core[6883ba1bc0fe4ed1]::marker::Sync> as core[6883ba1bc0fe4ed1]::ops::function::Fn<(&std[73adb7dc35730857]::panic::PanicHookInfo,)>>::call
[INFO] [stdout]                                at /rustc/6b3fa26749ab40e159b2dd5cf577acaaf5902772/library/alloc/src/boxed.rs:2333:9
[INFO] [stdout]   12:     0x64e4abfa7590 - test[980ffaebd391d06d]::test_main_inner::<test[980ffaebd391d06d]::test_main_static::{closure#0}>::{closure#0}
[INFO] [stdout]                                at /rustc/6b3fa26749ab40e159b2dd5cf577acaaf5902772/library/test/src/lib.rs:155:21
[INFO] [stdout]   13:     0x64e4ac13be62 - <alloc[55a36b64bcbf2c0d]::boxed::Box<dyn for<'a, 'b> core[6883ba1bc0fe4ed1]::ops::function::Fn<(&'a std[73adb7dc35730857]::panic::PanicHookInfo<'b>,), Output = ()> + core[6883ba1bc0fe4ed1]::marker::Send + core[6883ba1bc0fe4ed1]::marker::Sync> as core[6883ba1bc0fe4ed1]::ops::function::Fn<(&std[73adb7dc35730857]::panic::PanicHookInfo,)>>::call
[INFO] [stdout]                                at /rustc/6b3fa26749ab40e159b2dd5cf577acaaf5902772/library/alloc/src/boxed.rs:2333:9
[INFO] [stdout]   14:     0x64e4ac13be62 - std[73adb7dc35730857]::panicking::panic_with_hook
[INFO] [stdout]                                at /rustc/6b3fa26749ab40e159b2dd5cf577acaaf5902772/library/std/src/panicking.rs:823:13
[INFO] [stdout]   15:     0x64e4ac1222a2 - std[73adb7dc35730857]::panicking::panic_handler::{closure#0}
[INFO] [stdout]                                at /rustc/6b3fa26749ab40e159b2dd5cf577acaaf5902772/library/std/src/panicking.rs:688:13
[INFO] [stdout]   16:     0x64e4ac119c09 - std[73adb7dc35730857]::sys::backtrace::__rust_end_short_backtrace::<std[73adb7dc35730857]::panicking::panic_handler::{closure#0}, !>
[INFO] [stdout]                                at /rustc/6b3fa26749ab40e159b2dd5cf577acaaf5902772/library/std/src/sys/backtrace.rs:182:18
[INFO] [stdout]   17:     0x64e4ac122e9d - __rustc[a7b7b02e776dd976]::rust_begin_unwind
[INFO] [stdout]                                at /rustc/6b3fa26749ab40e159b2dd5cf577acaaf5902772/library/std/src/panicking.rs:679:5
[INFO] [stdout]   18:     0x64e4ac1582fc - core[6883ba1bc0fe4ed1]::panicking::panic_fmt
[INFO] [stdout]                                at /rustc/6b3fa26749ab40e159b2dd5cf577acaaf5902772/library/core/src/panicking.rs:80:14
[INFO] [stdout]   19:     0x64e4ac0f6079 - cudarc[3603f6a94a3b7f7e]::panic_no_lib_found::<alloc[55a36b64bcbf2c0d]::string::String>
[INFO] [stdout]                                at /opt/rustwide/cargo-home/registry/src/index.crates.io-1949cf8c6b5b557f/cudarc-0.16.6/src/lib.rs:108:5
[INFO] [stdout]   20:     0x64e4ac0f5860 - cudarc[3603f6a94a3b7f7e]::driver::sys::loaded::culib::{closure#0}
[INFO] [stdout]                                at /opt/rustwide/cargo-home/registry/src/index.crates.io-1949cf8c6b5b557f/cudarc-0.16.6/src/driver/sys/mod.rs:23553:13
[INFO] [stdout]   21:     0x64e4ac1064bb - <std[73adb7dc35730857]::sync::once_lock::OnceLock<cudarc[3603f6a94a3b7f7e]::driver::sys::loaded::Lib>>::get_or_init::<cudarc[3603f6a94a3b7f7e]::driver::sys::loaded::culib::{closure#0}>::{closure#0}
[INFO] [stdout]                                at /rustc/6b3fa26749ab40e159b2dd5cf577acaaf5902772/library/std/src/sync/once_lock.rs:321:50
[INFO] [stdout]   22:     0x64e4ac1063fb - <std[73adb7dc35730857]::sync::once_lock::OnceLock<cudarc[3603f6a94a3b7f7e]::driver::sys::loaded::Lib>>::initialize::<<std[73adb7dc35730857]::sync::once_lock::OnceLock<cudarc[3603f6a94a3b7f7e]::driver::sys::loaded::Lib>>::get_or_init<cudarc[3603f6a94a3b7f7e]::driver::sys::loaded::culib::{closure#0}>::{closure#0}, !>::{closure#0}
[INFO] [stdout]                                at /rustc/6b3fa26749ab40e159b2dd5cf577acaaf5902772/library/std/src/sync/once_lock.rs:543:19
[INFO] [stdout]   23:     0x64e4ac106552 - <std[73adb7dc35730857]::sync::once::Once>::call_once_force::<<std[73adb7dc35730857]::sync::once_lock::OnceLock<cudarc[3603f6a94a3b7f7e]::driver::sys::loaded::Lib>>::initialize<<std[73adb7dc35730857]::sync::once_lock::OnceLock<cudarc[3603f6a94a3b7f7e]::driver::sys::loaded::Lib>>::get_or_init<cudarc[3603f6a94a3b7f7e]::driver::sys::loaded::culib::{closure#0}>::{closure#0}, !>::{closure#0}>::{closure#0}
[INFO] [stdout]                                at /rustc/6b3fa26749ab40e159b2dd5cf577acaaf5902772/library/std/src/sync/once.rs:226:40
[INFO] [stdout]   24:     0x64e4ac127af9 - <std[73adb7dc35730857]::sys::sync::once::futex::Once>::call
[INFO] [stdout]                                at /rustc/6b3fa26749ab40e159b2dd5cf577acaaf5902772/library/std/src/sys/sync/once/futex.rs:183:21
[INFO] [stdout]   25:     0x64e4ac106364 - <std[73adb7dc35730857]::sync::once::Once>::call_once_force::<<std[73adb7dc35730857]::sync::once_lock::OnceLock<cudarc[3603f6a94a3b7f7e]::driver::sys::loaded::Lib>>::initialize<<std[73adb7dc35730857]::sync::once_lock::OnceLock<cudarc[3603f6a94a3b7f7e]::driver::sys::loaded::Lib>>::get_or_init<cudarc[3603f6a94a3b7f7e]::driver::sys::loaded::culib::{closure#0}>::{closure#0}, !>::{closure#0}>
[INFO] [stdout]                                at /rustc/6b3fa26749ab40e159b2dd5cf577acaaf5902772/library/std/src/sync/once.rs:226:20
[INFO] [stdout]   26:     0x64e4ac1061a6 - <std[73adb7dc35730857]::sync::once_lock::OnceLock<cudarc[3603f6a94a3b7f7e]::driver::sys::loaded::Lib>>::initialize::<<std[73adb7dc35730857]::sync::once_lock::OnceLock<cudarc[3603f6a94a3b7f7e]::driver::sys::loaded::Lib>>::get_or_init<cudarc[3603f6a94a3b7f7e]::driver::sys::loaded::culib::{closure#0}>::{closure#0}, !>
[INFO] [stdout]                                at /rustc/6b3fa26749ab40e159b2dd5cf577acaaf5902772/library/std/src/sync/once_lock.rs:542:19
[INFO] [stdout]   27:     0x64e4ac106282 - <std[73adb7dc35730857]::sync::once_lock::OnceLock<cudarc[3603f6a94a3b7f7e]::driver::sys::loaded::Lib>>::get_or_try_init::<<std[73adb7dc35730857]::sync::once_lock::OnceLock<cudarc[3603f6a94a3b7f7e]::driver::sys::loaded::Lib>>::get_or_init<cudarc[3603f6a94a3b7f7e]::driver::sys::loaded::culib::{closure#0}>::{closure#0}, !>
[INFO] [stdout]                                at /rustc/6b3fa26749ab40e159b2dd5cf577acaaf5902772/library/std/src/sync/once_lock.rs:410:14
[INFO] [stdout]   28:     0x64e4ac1061de - <std[73adb7dc35730857]::sync::once_lock::OnceLock<cudarc[3603f6a94a3b7f7e]::driver::sys::loaded::Lib>>::get_or_init::<cudarc[3603f6a94a3b7f7e]::driver::sys::loaded::culib::{closure#0}>
[INFO] [stdout]                                at /rustc/6b3fa26749ab40e159b2dd5cf577acaaf5902772/library/std/src/sync/once_lock.rs:321:20
[INFO] [stdout]   29:     0x64e4ac0f5fbe - cudarc[3603f6a94a3b7f7e]::driver::sys::loaded::culib
[INFO] [stdout]                                at /opt/rustwide/cargo-home/registry/src/index.crates.io-1949cf8c6b5b557f/cudarc-0.16.6/src/driver/sys/mod.rs:23541:13
[INFO] [stdout]   30:     0x64e4ac0f5fce - cudarc[3603f6a94a3b7f7e]::driver::sys::loaded::cuInit
[INFO] [stdout]                                at /opt/rustwide/cargo-home/registry/src/index.crates.io-1949cf8c6b5b557f/cudarc-0.16.6/src/driver/sys/mod.rs:13694:10
[INFO] [stdout]   31:     0x64e4ac1057c9 - cudarc[3603f6a94a3b7f7e]::driver::result::init
[INFO] [stdout]                                at /opt/rustwide/cargo-home/registry/src/index.crates.io-1949cf8c6b5b557f/cudarc-0.16.6/src/driver/result.rs:89:14
[INFO] [stdout]   32:     0x64e4ac104ad4 - <cudarc[3603f6a94a3b7f7e]::driver::safe::core::CudaContext>::new
[INFO] [stdout]                                at /opt/rustwide/cargo-home/registry/src/index.crates.io-1949cf8c6b5b557f/cudarc-0.16.6/src/driver/safe/core.rs:62:9
[INFO] [stdout]   33:     0x64e4abf92cdc - gpu_testing[4af61e74ec7c2f9f]::dot_product
[INFO] [stdout]                                at /opt/rustwide/workdir/src/lib.rs:49:15
[INFO] [stdout]   34:     0x64e4abf984e4 - gpu_testing[4af61e74ec7c2f9f]::tests::test_dot_product
[INFO] [stdout]                                at /opt/rustwide/workdir/src/lib.rs:103:26
[INFO] [stdout]   35:     0x64e4abf92c37 - gpu_testing[4af61e74ec7c2f9f]::tests::test_dot_product::{closure#0}
[INFO] [stdout]                                at /opt/rustwide/workdir/src/lib.rs:99:26
[INFO] [stdout]   36:     0x64e4abf9a766 - <gpu_testing[4af61e74ec7c2f9f]::tests::test_dot_product::{closure#0} as core[6883ba1bc0fe4ed1]::ops::function::FnOnce<()>>::call_once
[INFO] [stdout]                                at /rustc/6b3fa26749ab40e159b2dd5cf577acaaf5902772/library/core/src/ops/function.rs:250:5
[INFO] [stdout]   37:     0x64e4abf9a8cb - <fn() -> core[6883ba1bc0fe4ed1]::result::Result<(), alloc[55a36b64bcbf2c0d]::string::String> as core[6883ba1bc0fe4ed1]::ops::function::FnOnce<()>>::call_once
[INFO] [stdout]                                at /rustc/6b3fa26749ab40e159b2dd5cf577acaaf5902772/library/core/src/ops/function.rs:250:5
[INFO] [stdout]   38:     0x64e4abf9a8cb - test[980ffaebd391d06d]::__rust_begin_short_backtrace::<core[6883ba1bc0fe4ed1]::result::Result<(), alloc[55a36b64bcbf2c0d]::string::String>, fn() -> core[6883ba1bc0fe4ed1]::result::Result<(), alloc[55a36b64bcbf2c0d]::string::String>>
[INFO] [stdout]                                at /rustc/6b3fa26749ab40e159b2dd5cf577acaaf5902772/library/test/src/lib.rs:724:18
[INFO] [stdout]   39:     0x64e4abfa7f15 - test[980ffaebd391d06d]::run_test_in_process::{closure#0}
[INFO] [stdout]                                at /rustc/6b3fa26749ab40e159b2dd5cf577acaaf5902772/library/test/src/lib.rs:747:74
[INFO] [stdout]   40:     0x64e4abfa7f15 - <core[6883ba1bc0fe4ed1]::panic::unwind_safe::AssertUnwindSafe<test[980ffaebd391d06d]::run_test_in_process::{closure#0}> as core[6883ba1bc0fe4ed1]::ops::function::FnOnce<()>>::call_once
[INFO] [stdout]                                at /rustc/6b3fa26749ab40e159b2dd5cf577acaaf5902772/library/core/src/panic/unwind_safe.rs:275:9
[INFO] [stdout]   41:     0x64e4abfa7f15 - std[73adb7dc35730857]::panicking::catch_unwind::do_call::<core[6883ba1bc0fe4ed1]::panic::unwind_safe::AssertUnwindSafe<test[980ffaebd391d06d]::run_test_in_process::{closure#0}>, core[6883ba1bc0fe4ed1]::result::Result<(), alloc[55a36b64bcbf2c0d]::string::String>>
[INFO] [stdout]                                at /rustc/6b3fa26749ab40e159b2dd5cf577acaaf5902772/library/std/src/panicking.rs:576:43
[INFO] [stdout]   42:     0x64e4abfa7f15 - std[73adb7dc35730857]::panicking::catch_unwind::<core[6883ba1bc0fe4ed1]::result::Result<(), alloc[55a36b64bcbf2c0d]::string::String>, core[6883ba1bc0fe4ed1]::panic::unwind_safe::AssertUnwindSafe<test[980ffaebd391d06d]::run_test_in_process::{closure#0}>>
[INFO] [stdout]                                at /rustc/6b3fa26749ab40e159b2dd5cf577acaaf5902772/library/std/src/panicking.rs:544:19
[INFO] [stdout]   43:     0x64e4abfa7f15 - std[73adb7dc35730857]::panic::catch_unwind::<core[6883ba1bc0fe4ed1]::panic::unwind_safe::AssertUnwindSafe<test[980ffaebd391d06d]::run_test_in_process::{closure#0}>, core[6883ba1bc0fe4ed1]::result::Result<(), alloc[55a36b64bcbf2c0d]::string::String>>
[INFO] [stdout]                                at /rustc/6b3fa26749ab40e159b2dd5cf577acaaf5902772/library/std/src/panic.rs:359:14
[INFO] [stdout]   44:     0x64e4abfa7f15 - test[980ffaebd391d06d]::run_test_in_process
[INFO] [stdout]                                at /rustc/6b3fa26749ab40e159b2dd5cf577acaaf5902772/library/test/src/lib.rs:747:27
[INFO] [stdout]   45:     0x64e4abfa7f15 - test[980ffaebd391d06d]::run_test::{closure#0}
[INFO] [stdout]                                at /rustc/6b3fa26749ab40e159b2dd5cf577acaaf5902772/library/test/src/lib.rs:668:43
[INFO] [stdout]   46:     0x64e4abfa29c4 - test[980ffaebd391d06d]::run_test::{closure#1}
[INFO] [stdout]                                at /rustc/6b3fa26749ab40e159b2dd5cf577acaaf5902772/library/test/src/lib.rs:698:41
[INFO] [stdout]   47:     0x64e4abfa29c4 - std[73adb7dc35730857]::sys::backtrace::__rust_begin_short_backtrace::<test[980ffaebd391d06d]::run_test::{closure#1}, ()>
[INFO] [stdout]                                at /rustc/6b3fa26749ab40e159b2dd5cf577acaaf5902772/library/std/src/sys/backtrace.rs:166:18
[INFO] [stdout]   48:     0x64e4abfab062 - std[73adb7dc35730857]::thread::lifecycle::spawn_unchecked::<test[980ffaebd391d06d]::run_test::{closure#1}, ()>::{closure#1}::{closure#0}
[INFO] [stdout]                                at /rustc/6b3fa26749ab40e159b2dd5cf577acaaf5902772/library/std/src/thread/lifecycle.rs:70:13
[INFO] [stdout]   49:     0x64e4abfab062 - <core[6883ba1bc0fe4ed1]::panic::unwind_safe::AssertUnwindSafe<std[73adb7dc35730857]::thread::lifecycle::spawn_unchecked<test[980ffaebd391d06d]::run_test::{closure#1}, ()>::{closure#1}::{closure#0}> as core[6883ba1bc0fe4ed1]::ops::function::FnOnce<()>>::call_once
[INFO] [stdout]                                at /rustc/6b3fa26749ab40e159b2dd5cf577acaaf5902772/library/core/src/panic/unwind_safe.rs:275:9
[INFO] [stdout]   50:     0x64e4abfab062 - std[73adb7dc35730857]::panicking::catch_unwind::do_call::<core[6883ba1bc0fe4ed1]::panic::unwind_safe::AssertUnwindSafe<std[73adb7dc35730857]::thread::lifecycle::spawn_unchecked<test[980ffaebd391d06d]::run_test::{closure#1}, ()>::{closure#1}::{closure#0}>, ()>
[INFO] [stdout]                                at /rustc/6b3fa26749ab40e159b2dd5cf577acaaf5902772/library/std/src/panicking.rs:576:43
[INFO] [stdout]   51:     0x64e4abfab062 - std[73adb7dc35730857]::panicking::catch_unwind::<(), core[6883ba1bc0fe4ed1]::panic::unwind_safe::AssertUnwindSafe<std[73adb7dc35730857]::thread::lifecycle::spawn_unchecked<test[980ffaebd391d06d]::run_test::{closure#1}, ()>::{closure#1}::{closure#0}>>
[INFO] [stdout]                                at /rustc/6b3fa26749ab40e159b2dd5cf577acaaf5902772/library/std/src/panicking.rs:544:19
[INFO] [stdout]   52:     0x64e4abfab062 - std[73adb7dc35730857]::panic::catch_unwind::<core[6883ba1bc0fe4ed1]::panic::unwind_safe::AssertUnwindSafe<std[73adb7dc35730857]::thread::lifecycle::spawn_unchecked<test[980ffaebd391d06d]::run_test::{closure#1}, ()>::{closure#1}::{closure#0}>, ()>
[INFO] [stdout]                                at /rustc/6b3fa26749ab40e159b2dd5cf577acaaf5902772/library/std/src/panic.rs:359:14
[INFO] [stdout]   53:     0x64e4abfab062 - std[73adb7dc35730857]::thread::lifecycle::spawn_unchecked::<test[980ffaebd391d06d]::run_test::{closure#1}, ()>::{closure#1}
[INFO] [stdout]                                at /rustc/6b3fa26749ab40e159b2dd5cf577acaaf5902772/library/std/src/thread/lifecycle.rs:68:26
[INFO] [stdout]   54:     0x64e4abfab062 - <std[73adb7dc35730857]::thread::lifecycle::spawn_unchecked<test[980ffaebd391d06d]::run_test::{closure#1}, ()>::{closure#1} as core[6883ba1bc0fe4ed1]::ops::function::FnOnce<()>>::call_once::{shim:vtable#0}
[INFO] [stdout]                                at /rustc/6b3fa26749ab40e159b2dd5cf577acaaf5902772/library/core/src/ops/function.rs:250:5
[INFO] [stdout]   55:     0x64e4ac14330f - <alloc[55a36b64bcbf2c0d]::boxed::Box<dyn core[6883ba1bc0fe4ed1]::ops::function::FnOnce<(), Output = ()> + core[6883ba1bc0fe4ed1]::marker::Send> as core[6883ba1bc0fe4ed1]::ops::function::FnOnce<()>>::call_once
[INFO] [stdout]                                at /rustc/6b3fa26749ab40e159b2dd5cf577acaaf5902772/library/alloc/src/boxed.rs:2319:9
[INFO] [stdout]   56:     0x64e4ac14330f - <std[73adb7dc35730857]::sys::thread::unix::Thread>::new::thread_start
[INFO] [stdout]                                at /rustc/6b3fa26749ab40e159b2dd5cf577acaaf5902772/library/std/src/sys/thread/unix.rs:123:17
[INFO] [stdout]   57:     0x70e3e9dffaa4 - <unknown>
[INFO] [stdout]   58:     0x70e3e9e8ca64 - clone
[INFO] [stdout]   59:                0x0 - <unknown>
[INFO] [stdout] 
[INFO] [stdout] ---- tests::test_multiply stdout ----
[INFO] [stdout] 
[INFO] [stdout] thread 'tests::test_multiply' (230) panicked at /opt/rustwide/cargo-home/registry/src/index.crates.io-1949cf8c6b5b557f/cudarc-0.16.6/src/lib.rs:108:5:
[INFO] [stdout] Unable to dynamically load the "cuda" shared library - searched for library names: ["libcuda.so", "libcuda64.so", "libcuda64_12.so", "libcuda64_129.so", "libcuda64_129_0.so", "libcuda64_120_9.so", "libcuda64_10.so", "libcuda64_120_0.so", "libcuda64_9.so", "libcuda.so.12", "libcuda.so.11", "libcuda.so.10", "libcuda.so.1", "libnvcuda.so", "libnvcuda64.so", "libnvcuda64_12.so", "libnvcuda64_129.so", "libnvcuda64_129_0.so", "libnvcuda64_120_9.so", "libnvcuda64_10.so", "libnvcuda64_120_0.so", "libnvcuda64_9.so", "libnvcuda.so.12", "libnvcuda.so.11", "libnvcuda.so.10", "libnvcuda.so.1"]. Ensure that `LD_LIBRARY_PATH` has the correct path to the installed library. If the shared library is present on the system under a different name than one of those listed above, please open a GitHub issue.
[INFO] [stdout] stack backtrace:
[INFO] [stdout]    0:     0x64e4ac143a81 - std[73adb7dc35730857]::backtrace_rs::backtrace::libunwind::trace
[INFO] [stdout]                                at /rustc/6b3fa26749ab40e159b2dd5cf577acaaf5902772/library/std/src/../../backtrace/src/backtrace/libunwind.rs:117:9
[INFO] [stdout]    1:     0x64e4ac143a81 - std[73adb7dc35730857]::backtrace_rs::backtrace::trace_unsynchronized::<std[73adb7dc35730857]::sys::backtrace::_print_fmt::{closure#1}>
[INFO] [stdout]                                at /rustc/6b3fa26749ab40e159b2dd5cf577acaaf5902772/library/std/src/../../backtrace/src/backtrace/mod.rs:66:14
[INFO] [stdout]    2:     0x64e4ac143a81 - std[73adb7dc35730857]::sys::backtrace::_print_fmt
[INFO] [stdout]                                at /rustc/6b3fa26749ab40e159b2dd5cf577acaaf5902772/library/std/src/sys/backtrace.rs:74:9
[INFO] [stdout]    3:     0x64e4ac143a81 - <<std[73adb7dc35730857]::sys::backtrace::BacktraceLock>::print::DisplayBacktrace as core[6883ba1bc0fe4ed1]::fmt::Display>::fmt
[INFO] [stdout]                                at /rustc/6b3fa26749ab40e159b2dd5cf577acaaf5902772/library/std/src/sys/backtrace.rs:44:26
[INFO] [stdout]    4:     0x64e4ac157b3a - <core[6883ba1bc0fe4ed1]::fmt::rt::Argument>::fmt
[INFO] [stdout]                                at /rustc/6b3fa26749ab40e159b2dd5cf577acaaf5902772/library/core/src/fmt/rt.rs:152:76
[INFO] [stdout]    5:     0x64e4ac157b3a - core[6883ba1bc0fe4ed1]::fmt::write
[INFO] [stdout]    6:     0x64e4ac147f3c - std[73adb7dc35730857]::io::default_write_fmt::<alloc[55a36b64bcbf2c0d]::vec::Vec<u8>>
[INFO] [stdout]                                at /rustc/6b3fa26749ab40e159b2dd5cf577acaaf5902772/library/std/src/io/mod.rs:626:11
[INFO] [stdout]    7:     0x64e4ac147f3c - <alloc[55a36b64bcbf2c0d]::vec::Vec<u8> as std[73adb7dc35730857]::io::Write>::write_fmt
[INFO] [stdout]                                at /rustc/6b3fa26749ab40e159b2dd5cf577acaaf5902772/library/std/src/io/mod.rs:1730:13
[INFO] [stdout]    8:     0x64e4ac1221f6 - <std[73adb7dc35730857]::sys::backtrace::BacktraceLock>::print
[INFO] [stdout]                                at /rustc/6b3fa26749ab40e159b2dd5cf577acaaf5902772/library/std/src/sys/backtrace.rs:47:9
[INFO] [stdout]    9:     0x64e4ac1221f6 - std[73adb7dc35730857]::panicking::default_hook::{closure#0}
[INFO] [stdout]                                at /rustc/6b3fa26749ab40e159b2dd5cf577acaaf5902772/library/std/src/panicking.rs:292:27
[INFO] [stdout]   10:     0x64e4ac13bca9 - std[73adb7dc35730857]::panicking::default_hook
[INFO] [stdout]                                at /rustc/6b3fa26749ab40e159b2dd5cf577acaaf5902772/library/std/src/panicking.rs:316:9
[INFO] [stdout]   11:     0x64e4abfa7590 - <alloc[55a36b64bcbf2c0d]::boxed::Box<dyn for<'a, 'b> core[6883ba1bc0fe4ed1]::ops::function::Fn<(&'a std[73adb7dc35730857]::panic::PanicHookInfo<'b>,), Output = ()> + core[6883ba1bc0fe4ed1]::marker::Send + core[6883ba1bc0fe4ed1]::marker::Sync> as core[6883ba1bc0fe4ed1]::ops::function::Fn<(&std[73adb7dc35730857]::panic::PanicHookInfo,)>>::call
[INFO] [stdout]                                at /rustc/6b3fa26749ab40e159b2dd5cf577acaaf5902772/library/alloc/src/boxed.rs:2333:9
[INFO] [stdout]   12:     0x64e4abfa7590 - test[980ffaebd391d06d]::test_main_inner::<test[980ffaebd391d06d]::test_main_static::{closure#0}>::{closure#0}
[INFO] [stdout]                                at /rustc/6b3fa26749ab40e159b2dd5cf577acaaf5902772/library/test/src/lib.rs:155:21
[INFO] [stdout]   13:     0x64e4ac13be62 - <alloc[55a36b64bcbf2c0d]::boxed::Box<dyn for<'a, 'b> core[6883ba1bc0fe4ed1]::ops::function::Fn<(&'a std[73adb7dc35730857]::panic::PanicHookInfo<'b>,), Output = ()> + core[6883ba1bc0fe4ed1]::marker::Send + core[6883ba1bc0fe4ed1]::marker::Sync> as core[6883ba1bc0fe4ed1]::ops::function::Fn<(&std[73adb7dc35730857]::panic::PanicHookInfo,)>>::call
[INFO] [stdout]                                at /rustc/6b3fa26749ab40e159b2dd5cf577acaaf5902772/library/alloc/src/boxed.rs:2333:9
[INFO] [stdout]   14:     0x64e4ac13be62 - std[73adb7dc35730857]::panicking::panic_with_hook
[INFO] [stdout]                                at /rustc/6b3fa26749ab40e159b2dd5cf577acaaf5902772/library/std/src/panicking.rs:823:13
[INFO] [stdout]   15:     0x64e4ac1222a2 - std[73adb7dc35730857]::panicking::panic_handler::{closure#0}
[INFO] [stdout]                                at /rustc/6b3fa26749ab40e159b2dd5cf577acaaf5902772/library/std/src/panicking.rs:688:13
[INFO] [stdout]   16:     0x64e4ac119c09 - std[73adb7dc35730857]::sys::backtrace::__rust_end_short_backtrace::<std[73adb7dc35730857]::panicking::panic_handler::{closure#0}, !>
[INFO] [stdout]                                at /rustc/6b3fa26749ab40e159b2dd5cf577acaaf5902772/library/std/src/sys/backtrace.rs:182:18
[INFO] [stdout]   17:     0x64e4ac122e9d - __rustc[a7b7b02e776dd976]::rust_begin_unwind
[INFO] [stdout]                                at /rustc/6b3fa26749ab40e159b2dd5cf577acaaf5902772/library/std/src/panicking.rs:679:5
[INFO] [stdout]   18:     0x64e4ac1582fc - core[6883ba1bc0fe4ed1]::panicking::panic_fmt
[INFO] [stdout]                                at /rustc/6b3fa26749ab40e159b2dd5cf577acaaf5902772/library/core/src/panicking.rs:80:14
[INFO] [stdout]   19:     0x64e4ac0f6079 - cudarc[3603f6a94a3b7f7e]::panic_no_lib_found::<alloc[55a36b64bcbf2c0d]::string::String>
[INFO] [stdout]                                at /opt/rustwide/cargo-home/registry/src/index.crates.io-1949cf8c6b5b557f/cudarc-0.16.6/src/lib.rs:108:5
[INFO] [stdout]   20:     0x64e4ac0f5860 - cudarc[3603f6a94a3b7f7e]::driver::sys::loaded::culib::{closure#0}
[INFO] [stdout]                                at /opt/rustwide/cargo-home/registry/src/index.crates.io-1949cf8c6b5b557f/cudarc-0.16.6/src/driver/sys/mod.rs:23553:13
[INFO] [stdout]   21:     0x64e4ac1064bb - <std[73adb7dc35730857]::sync::once_lock::OnceLock<cudarc[3603f6a94a3b7f7e]::driver::sys::loaded::Lib>>::get_or_init::<cudarc[3603f6a94a3b7f7e]::driver::sys::loaded::culib::{closure#0}>::{closure#0}
[INFO] [stdout]                                at /rustc/6b3fa26749ab40e159b2dd5cf577acaaf5902772/library/std/src/sync/once_lock.rs:321:50
[INFO] [stdout]   22:     0x64e4ac1063fb - <std[73adb7dc35730857]::sync::once_lock::OnceLock<cudarc[3603f6a94a3b7f7e]::driver::sys::loaded::Lib>>::initialize::<<std[73adb7dc35730857]::sync::once_lock::OnceLock<cudarc[3603f6a94a3b7f7e]::driver::sys::loaded::Lib>>::get_or_init<cudarc[3603f6a94a3b7f7e]::driver::sys::loaded::culib::{closure#0}>::{closure#0}, !>::{closure#0}
[INFO] [stdout]                                at /rustc/6b3fa26749ab40e159b2dd5cf577acaaf5902772/library/std/src/sync/once_lock.rs:543:19
[INFO] [stdout]   23:     0x64e4ac106552 - <std[73adb7dc35730857]::sync::once::Once>::call_once_force::<<std[73adb7dc35730857]::sync::once_lock::OnceLock<cudarc[3603f6a94a3b7f7e]::driver::sys::loaded::Lib>>::initialize<<std[73adb7dc35730857]::sync::once_lock::OnceLock<cudarc[3603f6a94a3b7f7e]::driver::sys::loaded::Lib>>::get_or_init<cudarc[3603f6a94a3b7f7e]::driver::sys::loaded::culib::{closure#0}>::{closure#0}, !>::{closure#0}>::{closure#0}
[INFO] [stdout]                                at /rustc/6b3fa26749ab40e159b2dd5cf577acaaf5902772/library/std/src/sync/once.rs:226:40
[INFO] [stdout]   24:     0x64e4ac127af9 - <std[73adb7dc35730857]::sys::sync::once::futex::Once>::call
[INFO] [stdout]                                at /rustc/6b3fa26749ab40e159b2dd5cf577acaaf5902772/library/std/src/sys/sync/once/futex.rs:183:21
[INFO] [stdout]   25:     0x64e4ac106364 - <std[73adb7dc35730857]::sync::once::Once>::call_once_force::<<std[73adb7dc35730857]::sync::once_lock::OnceLock<cudarc[3603f6a94a3b7f7e]::driver::sys::loaded::Lib>>::initialize<<std[73adb7dc35730857]::sync::once_lock::OnceLock<cudarc[3603f6a94a3b7f7e]::driver::sys::loaded::Lib>>::get_or_init<cudarc[3603f6a94a3b7f7e]::driver::sys::loaded::culib::{closure#0}>::{closure#0}, !>::{closure#0}>
[INFO] [stdout]                                at /rustc/6b3fa26749ab40e159b2dd5cf577acaaf5902772/library/std/src/sync/once.rs:226:20
[INFO] [stdout]   26:     0x64e4ac1061a6 - <std[73adb7dc35730857]::sync::once_lock::OnceLock<cudarc[3603f6a94a3b7f7e]::driver::sys::loaded::Lib>>::initialize::<<std[73adb7dc35730857]::sync::once_lock::OnceLock<cudarc[3603f6a94a3b7f7e]::driver::sys::loaded::Lib>>::get_or_init<cudarc[3603f6a94a3b7f7e]::driver::sys::loaded::culib::{closure#0}>::{closure#0}, !>
[INFO] [stdout]                                at /rustc/6b3fa26749ab40e159b2dd5cf577acaaf5902772/library/std/src/sync/once_lock.rs:542:19
[INFO] [stdout]   27:     0x64e4ac106282 - <std[73adb7dc35730857]::sync::once_lock::OnceLock<cudarc[3603f6a94a3b7f7e]::driver::sys::loaded::Lib>>::get_or_try_init::<<std[73adb7dc35730857]::sync::once_lock::OnceLock<cudarc[3603f6a94a3b7f7e]::driver::sys::loaded::Lib>>::get_or_init<cudarc[3603f6a94a3b7f7e]::driver::sys::loaded::culib::{closure#0}>::{closure#0}, !>
[INFO] [stdout]                                at /rustc/6b3fa26749ab40e159b2dd5cf577acaaf5902772/library/std/src/sync/once_lock.rs:410:14
[INFO] [stdout]   28:     0x64e4ac1061de - <std[73adb7dc35730857]::sync::once_lock::OnceLock<cudarc[3603f6a94a3b7f7e]::driver::sys::loaded::Lib>>::get_or_init::<cudarc[3603f6a94a3b7f7e]::driver::sys::loaded::culib::{closure#0}>
[INFO] [stdout]                                at /rustc/6b3fa26749ab40e159b2dd5cf577acaaf5902772/library/std/src/sync/once_lock.rs:321:20
[INFO] [stdout]   29:     0x64e4ac0f5fbe - cudarc[3603f6a94a3b7f7e]::driver::sys::loaded::culib
[INFO] [stdout]                                at /opt/rustwide/cargo-home/registry/src/index.crates.io-1949cf8c6b5b557f/cudarc-0.16.6/src/driver/sys/mod.rs:23541:13
[INFO] [stdout]   30:     0x64e4ac0f5fce - cudarc[3603f6a94a3b7f7e]::driver::sys::loaded::cuInit
[INFO] [stdout]                                at /opt/rustwide/cargo-home/registry/src/index.crates.io-1949cf8c6b5b557f/cudarc-0.16.6/src/driver/sys/mod.rs:13694:10
[INFO] [stdout]   31:     0x64e4ac1057c9 - cudarc[3603f6a94a3b7f7e]::driver::result::init
[INFO] [stdout]                                at /opt/rustwide/cargo-home/registry/src/index.crates.io-1949cf8c6b5b557f/cudarc-0.16.6/src/driver/result.rs:89:14
[INFO] [stdout]   32:     0x64e4ac104ad4 - <cudarc[3603f6a94a3b7f7e]::driver::safe::core::CudaContext>::new
[INFO] [stdout]                                at /opt/rustwide/cargo-home/registry/src/index.crates.io-1949cf8c6b5b557f/cudarc-0.16.6/src/driver/safe/core.rs:62:9
[INFO] [stdout]   33:     0x64e4abf95c6c - gpu_testing[4af61e74ec7c2f9f]::multiply
[INFO] [stdout]                                at /opt/rustwide/workdir/src/lib.rs:28:15
[INFO] [stdout]   34:     0x64e4abf97e95 - gpu_testing[4af61e74ec7c2f9f]::tests::test_multiply
[INFO] [stdout]                                at /opt/rustwide/workdir/src/lib.rs:94:22
[INFO] [stdout]   35:     0x64e4abf92c07 - gpu_testing[4af61e74ec7c2f9f]::tests::test_multiply::{closure#0}
[INFO] [stdout]                                at /opt/rustwide/workdir/src/lib.rs:91:23
[INFO] [stdout]   36:     0x64e4abf9a726 - <gpu_testing[4af61e74ec7c2f9f]::tests::test_multiply::{closure#0} as core[6883ba1bc0fe4ed1]::ops::function::FnOnce<()>>::call_once
[INFO] [stdout]                                at /rustc/6b3fa26749ab40e159b2dd5cf577acaaf5902772/library/core/src/ops/function.rs:250:5
[INFO] [stdout]   37:     0x64e4abf9a8cb - <fn() -> core[6883ba1bc0fe4ed1]::result::Result<(), alloc[55a36b64bcbf2c0d]::string::String> as core[6883ba1bc0fe4ed1]::ops::function::FnOnce<()>>::call_once
[INFO] [stdout]                                at /rustc/6b3fa26749ab40e159b2dd5cf577acaaf5902772/library/core/src/ops/function.rs:250:5
[INFO] [stdout]   38:     0x64e4abf9a8cb - test[980ffaebd391d06d]::__rust_begin_short_backtrace::<core[6883ba1bc0fe4ed1]::result::Result<(), alloc[55a36b64bcbf2c0d]::string::String>, fn() -> core[6883ba1bc0fe4ed1]::result::Result<(), alloc[55a36b64bcbf2c0d]::string::String>>
[INFO] [stdout]                                at /rustc/6b3fa26749ab40e159b2dd5cf577acaaf5902772/library/test/src/lib.rs:724:18
[INFO] [stdout]   39:     0x64e4abfa7f15 - test[980ffaebd391d06d]::run_test_in_process::{closure#0}
[INFO] [stdout]                                at /rustc/6b3fa26749ab40e159b2dd5cf577acaaf5902772/library/test/src/lib.rs:747:74
[INFO] [stdout]   40:     0x64e4abfa7f15 - <core[6883ba1bc0fe4ed1]::panic::unwind_safe::AssertUnwindSafe<test[980ffaebd391d06d]::run_test_in_process::{closure#0}> as core[6883ba1bc0fe4ed1]::ops::function::FnOnce<()>>::call_once
[INFO] [stdout]                                at /rustc/6b3fa26749ab40e159b2dd5cf577acaaf5902772/library/core/src/panic/unwind_safe.rs:275:9
[INFO] [stdout]   41:     0x64e4abfa7f15 - std[73adb7dc35730857]::panicking::catch_unwind::do_call::<core[6883ba1bc0fe4ed1]::panic::unwind_safe::AssertUnwindSafe<test[980ffaebd391d06d]::run_test_in_process::{closure#0}>, core[6883ba1bc0fe4ed1]::result::Result<(), alloc[55a36b64bcbf2c0d]::string::String>>
[INFO] [stdout]                                at /rustc/6b3fa26749ab40e159b2dd5cf577acaaf5902772/library/std/src/panicking.rs:576:43
[INFO] [stdout]   42:     0x64e4abfa7f15 - std[73adb7dc35730857]::panicking::catch_unwind::<core[6883ba1bc0fe4ed1]::result::Result<(), alloc[55a36b64bcbf2c0d]::string::String>, core[6883ba1bc0fe4ed1]::panic::unwind_safe::AssertUnwindSafe<test[980ffaebd391d06d]::run_test_in_process::{closure#0}>>
[INFO] [stdout]                                at /rustc/6b3fa26749ab40e159b2dd5cf577acaaf5902772/library/std/src/panicking.rs:544:19
[INFO] [stdout]   43:     0x64e4abfa7f15 - std[73adb7dc35730857]::panic::catch_unwind::<core[6883ba1bc0fe4ed1]::panic::unwind_safe::AssertUnwindSafe<test[980ffaebd391d06d]::run_test_in_process::{closure#0}>, core[6883ba1bc0fe4ed1]::result::Result<(), alloc[55a36b64bcbf2c0d]::string::String>>
[INFO] [stdout]                                at /rustc/6b3fa26749ab40e159b2dd5cf577acaaf5902772/library/std/src/panic.rs:359:14
[INFO] [stdout]   44:     0x64e4abfa7f15 - test[980ffaebd391d06d]::run_test_in_process
[INFO] [stdout]                                at /rustc/6b3fa26749ab40e159b2dd5cf577acaaf5902772/library/test/src/lib.rs:747:27
[INFO] [stdout]   45:     0x64e4abfa7f15 - test[980ffaebd391d06d]::run_test::{closure#0}
[INFO] [stdout]                                at /rustc/6b3fa26749ab40e159b2dd5cf577acaaf5902772/library/test/src/lib.rs:668:43
[INFO] [stdout]   46:     0x64e4abfa29c4 - test[980ffaebd391d06d]::run_test::{closure#1}
[INFO] [stdout]                                at /rustc/6b3fa26749ab40e159b2dd5cf577acaaf5902772/library/test/src/lib.rs:698:41
[INFO] [stdout]   47:     0x64e4abfa29c4 - std[73adb7dc35730857]::sys::backtrace::__rust_begin_short_backtrace::<test[980ffaebd391d06d]::run_test::{closure#1}, ()>
[INFO] [stdout]                                at /rustc/6b3fa26749ab40e159b2dd5cf577acaaf5902772/library/std/src/sys/backtrace.rs:166:18
[INFO] [stdout]   48:     0x64e4abfab062 - std[73adb7dc35730857]::thread::lifecycle::spawn_unchecked::<test[980ffaebd391d06d]::run_test::{closure#1}, ()>::{closure#1}::{closure#0}
[INFO] [stdout]                                at /rustc/6b3fa26749ab40e159b2dd5cf577acaaf5902772/library/std/src/thread/lifecycle.rs:70:13
[INFO] [stdout]   49:     0x64e4abfab062 - <core[6883ba1bc0fe4ed1]::panic::unwind_safe::AssertUnwindSafe<std[73adb7dc35730857]::thread::lifecycle::spawn_unchecked<test[980ffaebd391d06d]::run_test::{closure#1}, ()>::{closure#1}::{closure#0}> as core[6883ba1bc0fe4ed1]::ops::function::FnOnce<()>>::call_once
[INFO] [stdout]                                at /rustc/6b3fa26749ab40e159b2dd5cf577acaaf5902772/library/core/src/panic/unwind_safe.rs:275:9
[INFO] [stdout]   50:     0x64e4abfab062 - std[73adb7dc35730857]::panicking::catch_unwind::do_call::<core[6883ba1bc0fe4ed1]::panic::unwind_safe::AssertUnwindSafe<std[73adb7dc35730857]::thread::lifecycle::spawn_unchecked<test[980ffaebd391d06d]::run_test::{closure#1}, ()>::{closure#1}::{closure#0}>, ()>
[INFO] [stdout]                                at /rustc/6b3fa26749ab40e159b2dd5cf577acaaf5902772/library/std/src/panicking.rs:576:43
[INFO] [stdout]   51:     0x64e4abfab062 - std[73adb7dc35730857]::panicking::catch_unwind::<(), core[6883ba1bc0fe4ed1]::panic::unwind_safe::AssertUnwindSafe<std[73adb7dc35730857]::thread::lifecycle::spawn_unchecked<test[980ffaebd391d06d]::run_test::{closure#1}, ()>::{closure#1}::{closure#0}>>
[INFO] [stdout]                                at /rustc/6b3fa26749ab40e159b2dd5cf577acaaf5902772/library/std/src/panicking.rs:544:19
[INFO] [stdout]   52:     0x64e4abfab062 - std[73adb7dc35730857]::panic::catch_unwind::<core[6883ba1bc0fe4ed1]::panic::unwind_safe::AssertUnwindSafe<std[73adb7dc35730857]::thread::lifecycle::spawn_unchecked<test[980ffaebd391d06d]::run_test::{closure#1}, ()>::{closure#1}::{closure#0}>, ()>
[INFO] [stdout]                                at /rustc/6b3fa26749ab40e159b2dd5cf577acaaf5902772/library/std/src/panic.rs:359:14
[INFO] [stdout]   53:     0x64e4abfab062 - std[73adb7dc35730857]::thread::lifecycle::spawn_unchecked::<test[980ffaebd391d06d]::run_test::{closure#1}, ()>::{closure#1}
[INFO] [stdout]                                at /rustc/6b3fa26749ab40e159b2dd5cf577acaaf5902772/library/std/src/thread/lifecycle.rs:68:26
[INFO] [stdout]   54:     0x64e4abfab062 - <std[73adb7dc35730857]::thread::lifecycle::spawn_unchecked<test[980ffaebd391d06d]::run_test::{closure#1}, ()>::{closure#1} as core[6883ba1bc0fe4ed1]::ops::function::FnOnce<()>>::call_once::{shim:vtable#0}
[INFO] [stdout]                                at /rustc/6b3fa26749ab40e159b2dd5cf577acaaf5902772/library/core/src/ops/function.rs:250:5
[INFO] [stdout]   55:     0x64e4ac14330f - <alloc[55a36b64bcbf2c0d]::boxed::Box<dyn core[6883ba1bc0fe4ed1]::ops::function::FnOnce<(), Output = ()> + core[6883ba1bc0fe4ed1]::marker::Send> as core[6883ba1bc0fe4ed1]::ops::function::FnOnce<()>>::call_once
[INFO] [stdout]                                at /rustc/6b3fa26749ab40e159b2dd5cf577acaaf5902772/library/alloc/src/boxed.rs:2319:9
[INFO] [stdout]   56:     0x64e4ac14330f - <std[73adb7dc35730857]::sys::thread::unix::Thread>::new::thread_start
[INFO] [stdout]                                at /rustc/6b3fa26749ab40e159b2dd5cf577acaaf5902772/library/std/src/sys/thread/unix.rs:123:17
[INFO] [stdout]   57:     0x70e3e9dffaa4 - <unknown>
[INFO] [stdout]   58:     0x70e3e9e8ca64 - clone
[INFO] [stdout]   59:                0x0 - <unknown>
[INFO] [stdout] 
[INFO] [stdout] ---- tests::test_add stdout ----
[INFO] [stdout] 
[INFO] [stdout] thread 'tests::test_add' (228) panicked at /opt/rustwide/cargo-home/registry/src/index.crates.io-1949cf8c6b5b557f/cudarc-0.16.6/src/lib.rs:108:5:
[INFO] [stdout] Unable to dynamically load the "cuda" shared library - searched for library names: ["libcuda.so", "libcuda64.so", "libcuda64_12.so", "libcuda64_129.so", "libcuda64_129_0.so", "libcuda64_120_9.so", "libcuda64_10.so", "libcuda64_120_0.so", "libcuda64_9.so", "libcuda.so.12", "libcuda.so.11", "libcuda.so.10", "libcuda.so.1", "libnvcuda.so", "libnvcuda64.so", "libnvcuda64_12.so", "libnvcuda64_129.so", "libnvcuda64_129_0.so", "libnvcuda64_120_9.so", "libnvcuda64_10.so", "libnvcuda64_120_0.so", "libnvcuda64_9.so", "libnvcuda.so.12", "libnvcuda.so.11", "libnvcuda.so.10", "libnvcuda.so.1"]. Ensure that `LD_LIBRARY_PATH` has the correct path to the installed library. If the shared library is present on the system under a different name than one of those listed above, please open a GitHub issue.
[INFO] [stdout] stack backtrace:
[INFO] [stdout]    0:     0x64e4ac143a81 - std[73adb7dc35730857]::backtrace_rs::backtrace::libunwind::trace
[INFO] [stdout]                                at /rustc/6b3fa26749ab40e159b2dd5cf577acaaf5902772/library/std/src/../../backtrace/src/backtrace/libunwind.rs:117:9
[INFO] [stdout]    1:     0x64e4ac143a81 - std[73adb7dc35730857]::backtrace_rs::backtrace::trace_unsynchronized::<std[73adb7dc35730857]::sys::backtrace::_print_fmt::{closure#1}>
[INFO] [stdout]                                at /rustc/6b3fa26749ab40e159b2dd5cf577acaaf5902772/library/std/src/../../backtrace/src/backtrace/mod.rs:66:14
[INFO] [stdout]    2:     0x64e4ac143a81 - std[73adb7dc35730857]::sys::backtrace::_print_fmt
[INFO] [stdout]                                at /rustc/6b3fa26749ab40e159b2dd5cf577acaaf5902772/library/std/src/sys/backtrace.rs:74:9
[INFO] [stdout]    3:     0x64e4ac143a81 - <<std[73adb7dc35730857]::sys::backtrace::BacktraceLock>::print::DisplayBacktrace as core[6883ba1bc0fe4ed1]::fmt::Display>::fmt
[INFO] [stdout]                                at /rustc/6b3fa26749ab40e159b2dd5cf577acaaf5902772/library/std/src/sys/backtrace.rs:44:26
[INFO] [stdout]    4:     0x64e4ac157b3a - <core[6883ba1bc0fe4ed1]::fmt::rt::Argument>::fmt
[INFO] [stdout]                                at /rustc/6b3fa26749ab40e159b2dd5cf577acaaf5902772/library/core/src/fmt/rt.rs:152:76
[INFO] [stdout]    5:     0x64e4ac157b3a - core[6883ba1bc0fe4ed1]::fmt::write
[INFO] [stdout]    6:     0x64e4ac147f3c - std[73adb7dc35730857]::io::default_write_fmt::<alloc[55a36b64bcbf2c0d]::vec::Vec<u8>>
[INFO] [stdout]                                at /rustc/6b3fa26749ab40e159b2dd5cf577acaaf5902772/library/std/src/io/mod.rs:626:11
[INFO] [stdout]    7:     0x64e4ac147f3c - <alloc[55a36b64bcbf2c0d]::vec::Vec<u8> as std[73adb7dc35730857]::io::Write>::write_fmt
[INFO] [stdout]                                at /rustc/6b3fa26749ab40e159b2dd5cf577acaaf5902772/library/std/src/io/mod.rs:1730:13
[INFO] [stdout]    8:     0x64e4ac1221f6 - <std[73adb7dc35730857]::sys::backtrace::BacktraceLock>::print
[INFO] [stdout]                                at /rustc/6b3fa26749ab40e159b2dd5cf577acaaf5902772/library/std/src/sys/backtrace.rs:47:9
[INFO] [stdout]    9:     0x64e4ac1221f6 - std[73adb7dc35730857]::panicking::default_hook::{closure#0}
[INFO] [stdout]                                at /rustc/6b3fa26749ab40e159b2dd5cf577acaaf5902772/library/std/src/panicking.rs:292:27
[INFO] [stdout]   10:     0x64e4ac13bca9 - std[73adb7dc35730857]::panicking::default_hook
[INFO] [stdout]                                at /rustc/6b3fa26749ab40e159b2dd5cf577acaaf5902772/library/std/src/panicking.rs:316:9
[INFO] [stdout]   11:     0x64e4abfa7590 - <alloc[55a36b64bcbf2c0d]::boxed::Box<dyn for<'a, 'b> core[6883ba1bc0fe4ed1]::ops::function::Fn<(&'a std[73adb7dc35730857]::panic::PanicHookInfo<'b>,), Output = ()> + core[6883ba1bc0fe4ed1]::marker::Send + core[6883ba1bc0fe4ed1]::marker::Sync> as core[6883ba1bc0fe4ed1]::ops::function::Fn<(&std[73adb7dc35730857]::panic::PanicHookInfo,)>>::call
[INFO] [stdout]                                at /rustc/6b3fa26749ab40e159b2dd5cf577acaaf5902772/library/alloc/src/boxed.rs:2333:9
[INFO] [stdout]   12:     0x64e4abfa7590 - test[980ffaebd391d06d]::test_main_inner::<test[980ffaebd391d06d]::test_main_static::{closure#0}>::{closure#0}
[INFO] [stdout]                                at /rustc/6b3fa26749ab40e159b2dd5cf577acaaf5902772/library/test/src/lib.rs:155:21
[INFO] [stdout]   13:     0x64e4ac13be62 - <alloc[55a36b64bcbf2c0d]::boxed::Box<dyn for<'a, 'b> core[6883ba1bc0fe4ed1]::ops::function::Fn<(&'a std[73adb7dc35730857]::panic::PanicHookInfo<'b>,), Output = ()> + core[6883ba1bc0fe4ed1]::marker::Send + core[6883ba1bc0fe4ed1]::marker::Sync> as core[6883ba1bc0fe4ed1]::ops::function::Fn<(&std[73adb7dc35730857]::panic::PanicHookInfo,)>>::call
[INFO] [stdout]                                at /rustc/6b3fa26749ab40e159b2dd5cf577acaaf5902772/library/alloc/src/boxed.rs:2333:9
[INFO] [stdout]   14:     0x64e4ac13be62 - std[73adb7dc35730857]::panicking::panic_with_hook
[INFO] [stdout]                                at /rustc/6b3fa26749ab40e159b2dd5cf577acaaf5902772/library/std/src/panicking.rs:823:13
[INFO] [stdout]   15:     0x64e4ac1222a2 - std[73adb7dc35730857]::panicking::panic_handler::{closure#0}
[INFO] [stdout]                                at /rustc/6b3fa26749ab40e159b2dd5cf577acaaf5902772/library/std/src/panicking.rs:688:13
[INFO] [stdout]   16:     0x64e4ac119c09 - std[73adb7dc35730857]::sys::backtrace::__rust_end_short_backtrace::<std[73adb7dc35730857]::panicking::panic_handler::{closure#0}, !>
[INFO] [stdout]                                at /rustc/6b3fa26749ab40e159b2dd5cf577acaaf5902772/library/std/src/sys/backtrace.rs:182:18
[INFO] [stdout]   17:     0x64e4ac122e9d - __rustc[a7b7b02e776dd976]::rust_begin_unwind
[INFO] [stdout]                                at /rustc/6b3fa26749ab40e159b2dd5cf577acaaf5902772/library/std/src/panicking.rs:679:5
[INFO] [stdout]   18:     0x64e4ac1582fc - core[6883ba1bc0fe4ed1]::panicking::panic_fmt
[INFO] [stdout]                                at /rustc/6b3fa26749ab40e159b2dd5cf577acaaf5902772/library/core/src/panicking.rs:80:14
[INFO] [stdout]   19:     0x64e4ac0f6079 - cudarc[3603f6a94a3b7f7e]::panic_no_lib_found::<alloc[55a36b64bcbf2c0d]::string::String>
[INFO] [stdout]                                at /opt/rustwide/cargo-home/registry/src/index.crates.io-1949cf8c6b5b557f/cudarc-0.16.6/src/lib.rs:108:5
[INFO] [stdout]   20:     0x64e4ac0f5860 - cudarc[3603f6a94a3b7f7e]::driver::sys::loaded::culib::{closure#0}
[INFO] [stdout]                                at /opt/rustwide/cargo-home/registry/src/index.crates.io-1949cf8c6b5b557f/cudarc-0.16.6/src/driver/sys/mod.rs:23553:13
[INFO] [stdout]   21:     0x64e4ac1064bb - <std[73adb7dc35730857]::sync::once_lock::OnceLock<cudarc[3603f6a94a3b7f7e]::driver::sys::loaded::Lib>>::get_or_init::<cudarc[3603f6a94a3b7f7e]::driver::sys::loaded::culib::{closure#0}>::{closure#0}
[INFO] [stdout]                                at /rustc/6b3fa26749ab40e159b2dd5cf577acaaf5902772/library/std/src/sync/once_lock.rs:321:50
[INFO] [stdout]   22:     0x64e4ac1063fb - <std[73adb7dc35730857]::sync::once_lock::OnceLock<cudarc[3603f6a94a3b7f7e]::driver::sys::loaded::Lib>>::initialize::<<std[73adb7dc35730857]::sync::once_lock::OnceLock<cudarc[3603f6a94a3b7f7e]::driver::sys::loaded::Lib>>::get_or_init<cudarc[3603f6a94a3b7f7e]::driver::sys::loaded::culib::{closure#0}>::{closure#0}, !>::{closure#0}
[INFO] [stdout]                                at /rustc/6b3fa26749ab40e159b2dd5cf577acaaf5902772/library/std/src/sync/once_lock.rs:543:19
[INFO] [stdout]   23:     0x64e4ac106552 - <std[73adb7dc35730857]::sync::once::Once>::call_once_force::<<std[73adb7dc35730857]::sync::once_lock::OnceLock<cudarc[3603f6a94a3b7f7e]::driver::sys::loaded::Lib>>::initialize<<std[73adb7dc35730857]::sync::once_lock::OnceLock<cudarc[3603f6a94a3b7f7e]::driver::sys::loaded::Lib>>::get_or_init<cudarc[3603f6a94a3b7f7e]::driver::sys::loaded::culib::{closure#0}>::{closure#0}, !>::{closure#0}>::{closure#0}
[INFO] [stdout]                                at /rustc/6b3fa26749ab40e159b2dd5cf577acaaf5902772/library/std/src/sync/once.rs:226:40
[INFO] [stdout]   24:     0x64e4ac127af9 - <std[73adb7dc35730857]::sys::sync::once::futex::Once>::call
[INFO] [stdout]                                at /rustc/6b3fa26749ab40e159b2dd5cf577acaaf5902772/library/std/src/sys/sync/once/futex.rs:183:21
[INFO] [stdout]   25:     0x64e4ac106364 - <std[73adb7dc35730857]::sync::once::Once>::call_once_force::<<std[73adb7dc35730857]::sync::once_lock::OnceLock<cudarc[3603f6a94a3b7f7e]::driver::sys::loaded::Lib>>::initialize<<std[73adb7dc35730857]::sync::once_lock::OnceLock<cudarc[3603f6a94a3b7f7e]::driver::sys::loaded::Lib>>::get_or_init<cudarc[3603f6a94a3b7f7e]::driver::sys::loaded::culib::{closure#0}>::{closure#0}, !>::{closure#0}>
[INFO] [stdout]                                at /rustc/6b3fa26749ab40e159b2dd5cf577acaaf5902772/library/std/src/sync/once.rs:226:20
[INFO] [stdout]   26:     0x64e4ac1061a6 - <std[73adb7dc35730857]::sync::once_lock::OnceLock<cudarc[3603f6a94a3b7f7e]::driver::sys::loaded::Lib>>::initialize::<<std[73adb7dc35730857]::sync::once_lock::OnceLock<cudarc[3603f6a94a3b7f7e]::driver::sys::loaded::Lib>>::get_or_init<cudarc[3603f6a94a3b7f7e]::driver::sys::loaded::culib::{closure#0}>::{closure#0}, !>
[INFO] [stdout]                                at /rustc/6b3fa26749ab40e159b2dd5cf577acaaf5902772/library/std/src/sync/once_lock.rs:542:19
[INFO] [stdout]   27:     0x64e4ac106282 - <std[73adb7dc35730857]::sync::once_lock::OnceLock<cudarc[3603f6a94a3b7f7e]::driver::sys::loaded::Lib>>::get_or_try_init::<<std[73adb7dc35730857]::sync::once_lock::OnceLock<cudarc[3603f6a94a3b7f7e]::driver::sys::loaded::Lib>>::get_or_init<cudarc[3603f6a94a3b7f7e]::driver::sys::loaded::culib::{closure#0}>::{closure#0}, !>
[INFO] [stdout]                                at /rustc/6b3fa26749ab40e159b2dd5cf577acaaf5902772/library/std/src/sync/once_lock.rs:410:14
[INFO] [stdout]   28:     0x64e4ac1061de - <std[73adb7dc35730857]::sync::once_lock::OnceLock<cudarc[3603f6a94a3b7f7e]::driver::sys::loaded::Lib>>::get_or_init::<cudarc[3603f6a94a3b7f7e]::driver::sys::loaded::culib::{closure#0}>
[INFO] [stdout]                                at /rustc/6b3fa26749ab40e159b2dd5cf577acaaf5902772/library/std/src/sync/once_lock.rs:321:20
[INFO] [stdout]   29:     0x64e4ac0f5fbe - cudarc[3603f6a94a3b7f7e]::driver::sys::loaded::culib
[INFO] [stdout]                                at /opt/rustwide/cargo-home/registry/src/index.crates.io-1949cf8c6b5b557f/cudarc-0.16.6/src/driver/sys/mod.rs:23541:13
[INFO] [stdout]   30:     0x64e4ac0f5fce - cudarc[3603f6a94a3b7f7e]::driver::sys::loaded::cuInit
[INFO] [stdout]                                at /opt/rustwide/cargo-home/registry/src/index.crates.io-1949cf8c6b5b557f/cudarc-0.16.6/src/driver/sys/mod.rs:13694:10
[INFO] [stdout]   31:     0x64e4ac1057c9 - cudarc[3603f6a94a3b7f7e]::driver::result::init
[INFO] [stdout]                                at /opt/rustwide/cargo-home/registry/src/index.crates.io-1949cf8c6b5b557f/cudarc-0.16.6/src/driver/result.rs:89:14
[INFO] [stdout]   32:     0x64e4ac104ad4 - <cudarc[3603f6a94a3b7f7e]::driver::safe::core::CudaContext>::new
[INFO] [stdout]                                at /opt/rustwide/cargo-home/registry/src/index.crates.io-1949cf8c6b5b557f/cudarc-0.16.6/src/driver/safe/core.rs:62:9
[INFO] [stdout]   33:     0x64e4abf9449c - gpu_testing[4af61e74ec7c2f9f]::add
[INFO] [stdout]                                at /opt/rustwide/workdir/src/lib.rs:7:15
[INFO] [stdout]   34:     0x64e4abf98945 - gpu_testing[4af61e74ec7c2f9f]::tests::test_add
[INFO] [stdout]                                at /opt/rustwide/workdir/src/lib.rs:86:22
[INFO] [stdout]   35:     0x64e4abf92c67 - gpu_testing[4af61e74ec7c2f9f]::tests::test_add::{closure#0}
[INFO] [stdout]                                at /opt/rustwide/workdir/src/lib.rs:83:18
[INFO] [stdout]   36:     0x64e4abf9a7a6 - <gpu_testing[4af61e74ec7c2f9f]::tests::test_add::{closure#0} as core[6883ba1bc0fe4ed1]::ops::function::FnOnce<()>>::call_once
[INFO] [stdout]                                at /rustc/6b3fa26749ab40e159b2dd5cf577acaaf5902772/library/core/src/ops/function.rs:250:5
[INFO] [stdout]   37:     0x64e4abf9a8cb - <fn() -> core[6883ba1bc0fe4ed1]::result::Result<(), alloc[55a36b64bcbf2c0d]::string::String> as core[6883ba1bc0fe4ed1]::ops::function::FnOnce<()>>::call_once
[INFO] [stdout]                                at /rustc/6b3fa26749ab40e159b2dd5cf577acaaf5902772/library/core/src/ops/function.rs:250:5
[INFO] [stdout]   38:     0x64e4abf9a8cb - test[980ffaebd391d06d]::__rust_begin_short_backtrace::<core[6883ba1bc0fe4ed1]::result::Result<(), alloc[55a36b64bcbf2c0d]::string::String>, fn() -> core[6883ba1bc0fe4ed1]::result::Result<(), alloc[55a36b64bcbf2c0d]::string::String>>
[INFO] [stdout]                                at /rustc/6b3fa26749ab40e159b2dd5cf577acaaf5902772/library/test/src/lib.rs:724:18
[INFO] [stdout]   39:     0x64e4abfa7f15 - test[980ffaebd391d06d]::run_test_in_process::{closure#0}
[INFO] [stdout]                                at /rustc/6b3fa26749ab40e159b2dd5cf577acaaf5902772/library/test/src/lib.rs:747:74
[INFO] [stdout]   40:     0x64e4abfa7f15 - <core[6883ba1bc0fe4ed1]::panic::unwind_safe::AssertUnwindSafe<test[980ffaebd391d06d]::run_test_in_process::{closure#0}> as core[6883ba1bc0fe4ed1]::ops::function::FnOnce<()>>::call_once
[INFO] [stdout]                                at /rustc/6b3fa26749ab40e159b2dd5cf577acaaf5902772/library/core/src/panic/unwind_safe.rs:275:9
[INFO] [stdout]   41:     0x64e4abfa7f15 - std[73adb7dc35730857]::panicking::catch_unwind::do_call::<core[6883ba1bc0fe4ed1]::panic::unwind_safe::AssertUnwindSafe<test[980ffaebd391d06d]::run_test_in_process::{closure#0}>, core[6883ba1bc0fe4ed1]::result::Result<(), alloc[55a36b64bcbf2c0d]::string::String>>
[INFO] [stdout]                                at /rustc/6b3fa26749ab40e159b2dd5cf577acaaf5902772/library/std/src/panicking.rs:576:43
[INFO] [stdout]   42:     0x64e4abfa7f15 - std[73adb7dc35730857]::panicking::catch_unwind::<core[6883ba1bc0fe4ed1]::result::Result<(), alloc[55a36b64bcbf2c0d]::string::String>, core[6883ba1bc0fe4ed1]::panic::unwind_safe::AssertUnwindSafe<test[980ffaebd391d06d]::run_test_in_process::{closure#0}>>
[INFO] [stdout]                                at /rustc/6b3fa26749ab40e159b2dd5cf577acaaf5902772/library/std/src/panicking.rs:544:19
[INFO] [stdout]   43:     0x64e4abfa7f15 - std[73adb7dc35730857]::panic::catch_unwind::<core[6883ba1bc0fe4ed1]::panic::unwind_safe::AssertUnwindSafe<test[980ffaebd391d06d]::run_test_in_process::{closure#0}>, core[6883ba1bc0fe4ed1]::result::Result<(), alloc[55a36b64bcbf2c0d]::string::String>>
[INFO] [stdout]                                at /rustc/6b3fa26749ab40e159b2dd5cf577acaaf5902772/library/std/src/panic.rs:359:14
[INFO] [stdout]   44:     0x64e4abfa7f15 - test[980ffaebd391d06d]::run_test_in_process
[INFO] [stdout]                                at /rustc/6b3fa26749ab40e159b2dd5cf577acaaf5902772/library/test/src/lib.rs:747:27
[INFO] [stdout]   45:     0x64e4abfa7f15 - test[980ffaebd391d06d]::run_test::{closure#0}
[INFO] [stdout]                                at /rustc/6b3fa26749ab40e159b2dd5cf577acaaf5902772/library/test/src/lib.rs:668:43
[INFO] [stdout]   46:     0x64e4abfa29c4 - test[980ffaebd391d06d]::run_test::{closure#1}
[INFO] [stdout]                                at /rustc/6b3fa26749ab40e159b2dd5cf577acaaf5902772/library/test/src/lib.rs:698:41
[INFO] [stdout]   47:     0x64e4abfa29c4 - std[73adb7dc35730857]::sys::backtrace::__rust_begin_short_backtrace::<test[980ffaebd391d06d]::run_test::{closure#1}, ()>
[INFO] [stdout]                                at /rustc/6b3fa26749ab40e159b2dd5cf577acaaf5902772/library/std/src/sys/backtrace.rs:166:18
[INFO] [stdout]   48:     0x64e4abfab062 - std[73adb7dc35730857]::thread::lifecycle::spawn_unchecked::<test[980ffaebd391d06d]::run_test::{closure#1}, ()>::{closure#1}::{closure#0}
[INFO] [stdout]                                at /rustc/6b3fa26749ab40e159b2dd5cf577acaaf5902772/library/std/src/thread/lifecycle.rs:70:13
[INFO] [stdout]   49:     0x64e4abfab062 - <core[6883ba1bc0fe4ed1]::panic::unwind_safe::AssertUnwindSafe<std[73adb7dc35730857]::thread::lifecycle::spawn_unchecked<test[980ffaebd391d06d]::run_test::{closure#1}, ()>::{closure#1}::{closure#0}> as core[6883ba1bc0fe4ed1]::ops::function::FnOnce<()>>::call_once
[INFO] [stdout]                                at /rustc/6b3fa26749ab40e159b2dd5cf577acaaf5902772/library/core/src/panic/unwind_safe.rs:275:9
[INFO] [stdout]   50:     0x64e4abfab062 - std[73adb7dc35730857]::panicking::catch_unwind::do_call::<core[6883ba1bc0fe4ed1]::panic::unwind_safe::AssertUnwindSafe<std[73adb7dc35730857]::thread::lifecycle::spawn_unchecked<test[980ffaebd391d06d]::run_test::{closure#1}, ()>::{closure#1}::{closure#0}>, ()>
[INFO] [stdout]                                at /rustc/6b3fa26749ab40e159b2dd5cf577acaaf5902772/library/std/src/panicking.rs:576:43
[INFO] [stdout]   51:     0x64e4abfab062 - std[73adb7dc35730857]::panicking::catch_unwind::<(), core[6883ba1bc0fe4ed1]::panic::unwind_safe::AssertUnwindSafe<std[73adb7dc35730857]::thread::lifecycle::spawn_unchecked<test[980ffaebd391d06d]::run_test::{closure#1}, ()>::{closure#1}::{closure#0}>>
[INFO] [stdout]                                at /rustc/6b3fa26749ab40e159b2dd5cf577acaaf5902772/library/std/src/panicking.rs:544:19
[INFO] [stdout]   52:     0x64e4abfab062 - std[73adb7dc35730857]::panic::catch_unwind::<core[6883ba1bc0fe4ed1]::panic::unwind_safe::AssertUnwindSafe<std[73adb7dc35730857]::thread::lifecycle::spawn_unchecked<test[980ffaebd391d06d]::run_test::{closure#1}, ()>::{closure#1}::{closure#0}>, ()>
[INFO] [stdout]                                at /rustc/6b3fa26749ab40e159b2dd5cf577acaaf5902772/library/std/src/panic.rs:359:14
[INFO] [stdout]   53:     0x64e4abfab062 - std[73adb7dc35730857]::thread::lifecycle::spawn_unchecked::<test[980ffaebd391d06d]::run_test::{closure#1}, ()>::{closure#1}
[INFO] [stdout]                                at /rustc/6b3fa26749ab40e159b2dd5cf577acaaf5902772/library/std/src/thread/lifecycle.rs:68:26
[INFO] [stdout]   54:     0x64e4abfab062 - <std[73adb7dc35730857]::thread::lifecycle::spawn_unchecked<test[980ffaebd391d06d]::run_test::{closure#1}, ()>::{closure#1} as core[6883ba1bc0fe4ed1]::ops::function::FnOnce<()>>::call_once::{shim:vtable#0}
[INFO] [stdout]                                at /rustc/6b3fa26749ab40e159b2dd5cf577acaaf5902772/library/core/src/ops/function.rs:250:5
[INFO] [stdout]   55:     0x64e4ac14330f - <alloc[55a36b64bcbf2c0d]::boxed::Box<dyn core[6883ba1bc0fe4ed1]::ops::function::FnOnce<(), Output = ()> + core[6883ba1bc0fe4ed1]::marker::Send> as core[6883ba1bc0fe4ed1]::ops::function::FnOnce<()>>::call_once
[INFO] [stdout]                                at /rustc/6b3fa26749ab40e159b2dd5cf577acaaf5902772/library/alloc/src/boxed.rs:2319:9
[INFO] [stdout]   56:     0x64e4ac14330f - <std[73adb7dc35730857]::sys::thread::unix::Thread>::new::thread_start
[INFO] [stdout]                                at /rustc/6b3fa26749ab40e159b2dd5cf577acaaf5902772/library/std/src/sys/thread/unix.rs:123:17
[INFO] [stdout]   57:     0x70e3e9dffaa4 - <unknown>
[INFO] [stdout]   58:     0x70e3e9e8ca64 - clone
[INFO] [stdout]   59:                0x0 - <unknown>
[INFO] [stdout] 
[INFO] [stdout] 
[INFO] [stdout] failures:
[INFO] [stdout]     tests::test_add
[INFO] [stdout]     tests::test_dot_product
[INFO] [stdout]     tests::test_multiply
[INFO] [stdout] 
[INFO] [stdout] test result: FAILED. 0 passed; 3 failed; 0 ignored; 0 measured; 0 filtered out; finished in 0.09s
[INFO] [stdout] 
[INFO] [stderr] error: test failed, to rerun pass `--lib`
[INFO] running `Command { std: "docker" "inspect" "ca604ac810a1b1e907a0722df72a3e1ace654e991c65da36650a9b895fda6669", kill_on_drop: false }`
[INFO] running `Command { std: "docker" "rm" "-f" "ca604ac810a1b1e907a0722df72a3e1ace654e991c65da36650a9b895fda6669", kill_on_drop: false }`
[INFO] [stdout] ca604ac810a1b1e907a0722df72a3e1ace654e991c65da36650a9b895fda6669
