[INFO] cloning repository https://github.com/josealmada/working_days_scaler
[INFO] running `Command { std: "git" "-c" "credential.helper=" "-c" "credential.helper=/workspace/cargo-home/bin/git-credential-null" "clone" "--bare" "https://github.com/josealmada/working_days_scaler" "/workspace/cache/git-repos/https%3A%2F%2Fgithub.com%2Fjosealmada%2Fworking_days_scaler", kill_on_drop: false }`
[INFO] [stderr] Cloning into bare repository '/workspace/cache/git-repos/https%3A%2F%2Fgithub.com%2Fjosealmada%2Fworking_days_scaler'...
[INFO] running `Command { std: "git" "rev-parse" "HEAD", kill_on_drop: false }`
[INFO] [stdout] d59a8cbc413e274c29d24310b80d2be06c3f652a
[INFO] testing josealmada/working_days_scaler against 1.97.0-beta.6 for beta-1.98-2
[INFO] running `Command { std: "git" "clone" "/workspace/cache/git-repos/https%3A%2F%2Fgithub.com%2Fjosealmada%2Fworking_days_scaler" "/workspace/builds/worker-1-tc1/source", kill_on_drop: false }`
[INFO] [stderr] Cloning into '/workspace/builds/worker-1-tc1/source'...
[INFO] [stderr] done.
[INFO] started tweaking git repo https://github.com/josealmada/working_days_scaler
[INFO] finished tweaking git repo https://github.com/josealmada/working_days_scaler
[INFO] tweaked toml for git repo https://github.com/josealmada/working_days_scaler written to /workspace/builds/worker-1-tc1/source/Cargo.toml
[INFO] validating manifest of git repo https://github.com/josealmada/working_days_scaler on toolchain 1.97.0-beta.6
[INFO] running `Command { std: CARGO_HOME="/workspace/cargo-home" RUSTUP_HOME="/workspace/rustup-home" "/workspace/cargo-home/bin/cargo" "+1.97.0-beta.6" "metadata" "--manifest-path" "Cargo.toml" "--no-deps", kill_on_drop: false }`
[INFO] crate git repo https://github.com/josealmada/working_days_scaler already has a lockfile, it will not be regenerated
[INFO] running `Command { std: CARGO_HOME="/workspace/cargo-home" RUSTUP_HOME="/workspace/rustup-home" "/workspace/cargo-home/bin/cargo" "+1.97.0-beta.6" "fetch" "--manifest-path" "Cargo.toml", kill_on_drop: false }`
[INFO] [stderr]     Updating crates.io index
[INFO] [stderr]  Downloading crates ...
[INFO] [stderr]   Downloaded tracing-attributes v0.1.23
[INFO] [stderr]   Downloaded prost-build v0.11.1
[INFO] [stderr]   Downloaded tonic-build v0.8.2
[INFO] [stderr]   Downloaded tokio-macros v1.8.0
[INFO] [stderr]   Downloaded tower-layer v0.3.2
[INFO] [stderr]   Downloaded tracing-core v0.1.30
[INFO] [stderr]   Downloaded remove_dir_all v0.5.3
[INFO] [stderr]   Downloaded fastrand v1.8.0
[INFO] [stderr]   Downloaded which v4.3.0
[INFO] [stderr]   Downloaded multimap v0.8.3
[INFO] [stderr]   Downloaded heck v0.4.0
[INFO] [stderr]   Downloaded futures-core v0.3.25
[INFO] [stderr]   Downloaded percent-encoding v2.2.0
[INFO] [stderr]   Downloaded want v0.3.0
[INFO] [stderr]   Downloaded futures-sink v0.3.25
[INFO] [stderr]   Downloaded hyper-timeout v0.4.1
[INFO] [stderr]   Downloaded tokio-io-timeout v1.2.0
[INFO] [stderr]   Downloaded futures-task v0.3.25
[INFO] [stderr]   Downloaded tempfile v3.3.0
[INFO] [stderr]   Downloaded prost v0.11.0
[INFO] [stderr]   Downloaded prost-derive v0.11.0
[INFO] [stderr]   Downloaded pin-project-internal v1.0.12
[INFO] [stderr]   Downloaded slab v0.4.7
[INFO] [stderr]   Downloaded sync_wrapper v0.1.1
[INFO] [stderr]   Downloaded socket2 v0.4.7
[INFO] [stderr]   Downloaded httpdate v1.0.2
[INFO] [stderr]   Downloaded wasm-bindgen-macro v0.2.83
[INFO] [stderr]   Downloaded wasm-bindgen-shared v0.2.83
[INFO] [stderr]   Downloaded prost-types v0.11.1
[INFO] [stderr]   Downloaded prettyplease v0.1.21
[INFO] [stderr]   Downloaded tokio-stream v0.1.11
[INFO] [stderr]   Downloaded try-lock v0.2.3
[INFO] [stderr]   Downloaded http-range-header v0.3.0
[INFO] [stderr]   Downloaded async-trait v0.1.58
[INFO] [stderr]   Downloaded async-stream v0.3.3
[INFO] [stderr]   Downloaded async-stream-impl v0.3.3
[INFO] [stderr]   Downloaded os_str_bytes v6.3.0
[INFO] [stderr]   Downloaded iana-time-zone-haiku v0.1.1
[INFO] [stderr]   Downloaded scratch v1.0.2
[INFO] [stderr]   Downloaded pin-project v1.0.12
[INFO] [stderr]   Downloaded http-body v0.4.5
[INFO] [stderr]   Downloaded matchit v0.5.0
[INFO] [stderr]   Downloaded axum-core v0.2.9
[INFO] [stderr]   Downloaded iana-time-zone v0.1.51
[INFO] [stderr]   Downloaded unicode-width v0.1.10
[INFO] [stderr]   Downloaded link-cplusplus v1.0.7
[INFO] [stderr]   Downloaded cxxbridge-flags v1.0.80
[INFO] [stderr]   Downloaded futures-channel v0.3.25
[INFO] [stderr]   Downloaded clap_derive v4.0.18
[INFO] [stderr]   Downloaded clap_lex v0.3.0
[INFO] [stderr]   Downloaded wasm-bindgen-macro-support v0.2.83
[INFO] [stderr]   Downloaded tracing-subscriber v0.3.16
[INFO] [stderr]   Downloaded tokio-util v0.7.4
[INFO] [stderr]   Downloaded wasm-bindgen-backend v0.2.83
[INFO] [stderr]   Downloaded cxxbridge-macro v1.0.80
[INFO] [stderr]   Downloaded tonic v0.8.2
[INFO] [stderr]   Downloaded bumpalo v3.11.1
[INFO] [stderr]   Downloaded js-sys v0.3.60
[INFO] [stderr]   Downloaded http v0.2.8
[INFO] [stderr]   Downloaded axum v0.5.17
[INFO] [stderr]   Downloaded tower-http v0.3.4
[INFO] [stderr]   Downloaded cxx-build v1.0.80
[INFO] [stderr]   Downloaded futures-util v0.3.25
[INFO] [stderr]   Downloaded h2 v0.3.14
[INFO] [stderr]   Downloaded chrono v0.4.22
[INFO] [stderr]   Downloaded wasm-bindgen v0.2.83
[INFO] [stderr]   Downloaded hyper v0.14.20
[INFO] [stderr]   Downloaded cxx v1.0.80
[INFO] [stderr]   Downloaded clap v4.0.18
[INFO] [stderr]   Downloaded tokio v1.21.2
[INFO] running `Command { std: "docker" "create" "-v" "/var/lib/crater-agent-workspace/builds/worker-1-tc1/source:/opt/rustwide/workdir:ro,Z" "-v" "/var/lib/crater-agent-workspace/builds/worker-1-tc1/target:/opt/rustwide/target:rw,Z" "-v" "/var/lib/crater-agent-workspace/cargo-home:/opt/rustwide/cargo-home:ro,Z" "-v" "/var/lib/crater-agent-workspace/rustup-home:/opt/rustwide/rustup-home:ro,Z" "-m" "1610612736" "--network" "none" "ghcr.io/rust-lang/crates-build-env/linux@sha256:3d5ced03c013a94a2f102a4510f48a6e9184255caf5fd8244f58017bde7f5210" "sleep" "infinity", kill_on_drop: false }`
[INFO] [stdout] c581191580cfda357166f328d648ede33b67e1915f8c9dbc62406371f4c6abf8
[INFO] running `Command { std: "docker" "start" "c581191580cfda357166f328d648ede33b67e1915f8c9dbc62406371f4c6abf8", kill_on_drop: false }`
[INFO] running `Command { std: "docker" "inspect" "c581191580cfda357166f328d648ede33b67e1915f8c9dbc62406371f4c6abf8", kill_on_drop: false }`
[INFO] running `Command { std: "docker" "exec" "-e" "SOURCE_DIR=/opt/rustwide/workdir" "-e" "CARGO_HOME=/opt/rustwide/cargo-home" "-e" "RUSTUP_HOME=/opt/rustwide/rustup-home" "-e" "CARGO_TARGET_DIR=/opt/rustwide/target" "-w" "/opt/rustwide/workdir" "--user" "0:0" "c581191580cfda357166f328d648ede33b67e1915f8c9dbc62406371f4c6abf8" "/opt/rustwide/cargo-home/bin/cargo" "+1.97.0-beta.6" "metadata" "--no-deps" "--format-version=1", kill_on_drop: false }`
[INFO] running `Command { std: "docker" "inspect" "c581191580cfda357166f328d648ede33b67e1915f8c9dbc62406371f4c6abf8", kill_on_drop: false }`
[INFO] running `Command { std: "docker" "exec" "-e" "SOURCE_DIR=/opt/rustwide/workdir" "-e" "CARGO_HOME=/opt/rustwide/cargo-home" "-e" "RUSTUP_HOME=/opt/rustwide/rustup-home" "-e" "CARGO_TARGET_DIR=/opt/rustwide/target" "-e" "CARGO_INCREMENTAL=0" "-e" "RUST_BACKTRACE=full" "-e" "RUSTFLAGS=--cap-lints=warn" "-e" "RUSTDOCFLAGS=--cap-lints=warn" "-w" "/opt/rustwide/workdir" "--user" "0:0" "c581191580cfda357166f328d648ede33b67e1915f8c9dbc62406371f4c6abf8" "/opt/rustwide/cargo-home/bin/cargo" "+1.97.0-beta.6" "build" "--frozen" "--message-format=json", kill_on_drop: false }`
[INFO] [stderr]    Compiling proc-macro2 v1.0.47
[INFO] [stderr]    Compiling quote v1.0.21
[INFO] [stderr]    Compiling unicode-ident v1.0.5
[INFO] [stderr]    Compiling syn v1.0.103
[INFO] [stderr]    Compiling libc v0.2.135
[INFO] [stderr]    Compiling log v0.4.17
[INFO] [stderr]    Compiling pin-project-lite v0.2.9
[INFO] [stderr]    Compiling memchr v2.5.0
[INFO] [stderr]    Compiling bytes v1.2.1
[INFO] [stderr]    Compiling futures-core v0.3.25
[INFO] [stderr]    Compiling either v1.8.0
[INFO] [stderr]    Compiling anyhow v1.0.66
[INFO] [stderr]    Compiling tokio v1.21.2
[INFO] [stderr]    Compiling tracing-core v0.1.30
[INFO] [stderr]    Compiling futures-task v0.3.25
[INFO] [stderr]    Compiling futures-util v0.3.25
[INFO] [stderr]    Compiling indexmap v1.9.1
[INFO] [stderr]    Compiling slab v0.4.7
[INFO] [stderr]    Compiling itoa v1.0.4
[INFO] [stderr]    Compiling itertools v0.10.5
[INFO] [stderr]    Compiling futures-sink v0.3.25
[INFO] [stderr]    Compiling heck v0.4.0
[INFO] [stderr]    Compiling serde v1.0.147
[INFO] [stderr]    Compiling futures-channel v0.3.25
[INFO] [stderr]    Compiling proc-macro-error-attr v1.0.4
[INFO] [stderr]    Compiling http v0.2.8
[INFO] [stderr]    Compiling regex-syntax v0.6.27
[INFO] [stderr]    Compiling fastrand v1.8.0
[INFO] [stderr]    Compiling fixedbitset v0.4.2
[INFO] [stderr]    Compiling remove_dir_all v0.5.3
[INFO] [stderr]    Compiling try-lock v0.2.3
[INFO] [stderr]    Compiling async-trait v0.1.58
[INFO] [stderr]    Compiling prettyplease v0.1.21
[INFO] [stderr]    Compiling tower-layer v0.3.2
[INFO] [stderr]    Compiling want v0.3.0
[INFO] [stderr]    Compiling petgraph v0.6.2
[INFO] [stderr]    Compiling proc-macro-error v1.0.4
[INFO] [stderr]    Compiling num-traits v0.2.15
[INFO] [stderr]    Compiling multimap v0.8.3
[INFO] [stderr]    Compiling httpdate v1.0.2
[INFO] [stderr]    Compiling num-integer v0.1.45
[INFO] [stderr]    Compiling mime v0.3.16
[INFO] [stderr]    Compiling num_cpus v1.13.1
[INFO] [stderr]    Compiling mio v0.8.4
[INFO] [stderr]    Compiling socket2 v0.4.7
[INFO] [stderr]    Compiling getrandom v0.2.8
[INFO] [stderr]    Compiling which v4.3.0
[INFO] [stderr]    Compiling tempfile v3.3.0
[INFO] [stderr]    Compiling http-body v0.4.5
[INFO] [stderr]    Compiling http-range-header v0.3.0
[INFO] [stderr]    Compiling rand_core v0.6.4
[INFO] [stderr]    Compiling sync_wrapper v0.1.1
[INFO] [stderr]    Compiling matchit v0.5.0
[INFO] [stderr]    Compiling os_str_bytes v6.3.0
[INFO] [stderr]    Compiling percent-encoding v2.2.0
[INFO] [stderr]    Compiling thiserror v1.0.37
[INFO] [stderr]    Compiling regex-automata v0.1.10
[INFO] [stderr]    Compiling rand_chacha v0.3.1
[INFO] [stderr]    Compiling atty v0.2.14
[INFO] [stderr]    Compiling time v0.1.44
[INFO] [stderr]    Compiling csv-core v0.1.10
[INFO] [stderr]    Compiling clap_lex v0.3.0
[INFO] [stderr]    Compiling tracing-log v0.1.3
[INFO] [stderr]    Compiling sharded-slab v0.1.4
[INFO] [stderr]    Compiling thread_local v1.1.4
[INFO] [stderr]    Compiling smallvec v1.10.0
[INFO] [stderr]    Compiling ryu v1.0.11
[INFO] [stderr]    Compiling rand v0.8.5
[INFO] [stderr]    Compiling strsim v0.10.0
[INFO] [stderr]    Compiling termcolor v1.1.3
[INFO] [stderr]    Compiling iana-time-zone v0.1.51
[INFO] [stderr]    Compiling regex v1.6.0
[INFO] [stderr]    Compiling itoa v0.4.8
[INFO] [stderr]    Compiling chrono v0.4.22
[INFO] [stderr]    Compiling tracing-subscriber v0.3.16
[INFO] [stderr]    Compiling bstr v0.2.17
[INFO] [stderr]    Compiling csv v1.1.6
[INFO] [stderr]    Compiling tokio-macros v1.8.0
[INFO] [stderr]    Compiling tracing-attributes v0.1.23
[INFO] [stderr]    Compiling prost-derive v0.11.0
[INFO] [stderr]    Compiling pin-project-internal v1.0.12
[INFO] [stderr]    Compiling async-stream-impl v0.3.3
[INFO] [stderr]    Compiling thiserror-impl v1.0.37
[INFO] [stderr]    Compiling clap_derive v4.0.18
[INFO] [stderr]    Compiling async-stream v0.3.3
[INFO] [stderr]    Compiling axum-core v0.2.9
[INFO] [stderr]    Compiling tracing v0.1.37
[INFO] [stderr]    Compiling pin-project v1.0.12
[INFO] [stderr]    Compiling tracing-futures v0.2.5
[INFO] [stderr]    Compiling clap v4.0.18
[INFO] [stderr]    Compiling prost v0.11.0
[INFO] [stderr]    Compiling prost-types v0.11.1
[INFO] [stderr]    Compiling prost-build v0.11.1
[INFO] [stderr]    Compiling tokio-util v0.7.4
[INFO] [stderr]    Compiling tokio-io-timeout v1.2.0
[INFO] [stderr]    Compiling tokio-stream v0.1.11
[INFO] [stderr]    Compiling tonic-build v0.8.2
[INFO] [stderr]    Compiling h2 v0.3.14
[INFO] [stderr]    Compiling tower v0.4.13
[INFO] [stderr]    Compiling working_days_scaler v0.1.0 (/opt/rustwide/workdir)
[INFO] [stderr]    Compiling tower-http v0.3.4
[INFO] [stderr]    Compiling hyper v0.14.20
[INFO] [stderr]    Compiling axum v0.5.17
[INFO] [stderr]    Compiling hyper-timeout v0.4.1
[INFO] [stderr]    Compiling tonic v0.8.2
[INFO] [stderr]     Finished `dev` profile [unoptimized + debuginfo] target(s) in 1m 39s
[INFO] running `Command { std: "docker" "inspect" "c581191580cfda357166f328d648ede33b67e1915f8c9dbc62406371f4c6abf8", kill_on_drop: false }`
[INFO] running `Command { std: "docker" "exec" "-e" "SOURCE_DIR=/opt/rustwide/workdir" "-e" "CARGO_HOME=/opt/rustwide/cargo-home" "-e" "RUSTUP_HOME=/opt/rustwide/rustup-home" "-e" "CARGO_TARGET_DIR=/opt/rustwide/target" "-e" "CARGO_INCREMENTAL=0" "-e" "RUST_BACKTRACE=full" "-e" "RUSTFLAGS=--cap-lints=warn" "-e" "RUSTDOCFLAGS=--cap-lints=warn" "-w" "/opt/rustwide/workdir" "--user" "0:0" "c581191580cfda357166f328d648ede33b67e1915f8c9dbc62406371f4c6abf8" "/opt/rustwide/cargo-home/bin/cargo" "+1.97.0-beta.6" "test" "--frozen" "--no-run" "--message-format=json", kill_on_drop: false }`
[INFO] [stderr]    Compiling working_days_scaler v0.1.0 (/opt/rustwide/workdir)
[INFO] [stderr]     Finished `test` profile [unoptimized + debuginfo] target(s) in 3.65s
[INFO] running `Command { std: "docker" "inspect" "c581191580cfda357166f328d648ede33b67e1915f8c9dbc62406371f4c6abf8", kill_on_drop: false }`
[INFO] running `Command { std: "docker" "exec" "-e" "SOURCE_DIR=/opt/rustwide/workdir" "-e" "CARGO_HOME=/opt/rustwide/cargo-home" "-e" "RUSTUP_HOME=/opt/rustwide/rustup-home" "-e" "CARGO_TARGET_DIR=/opt/rustwide/target" "-e" "CARGO_INCREMENTAL=0" "-e" "RUST_BACKTRACE=full" "-e" "RUSTFLAGS=--cap-lints=warn" "-e" "RUSTDOCFLAGS=--cap-lints=warn" "-w" "/opt/rustwide/workdir" "--user" "0:0" "c581191580cfda357166f328d648ede33b67e1915f8c9dbc62406371f4c6abf8" "/opt/rustwide/cargo-home/bin/cargo" "+1.97.0-beta.6" "test" "--frozen", kill_on_drop: false }`
[INFO] [stderr]     Finished `test` profile [unoptimized + debuginfo] target(s) in 0.24s
[INFO] [stderr]      Running unittests src/main.rs (/opt/rustwide/target/debug/deps/working_days_scaler-2ca2b81cd882e766)
[INFO] [stdout] 
[INFO] [stdout] running 13 tests
[INFO] [stdout] test handler::tests::should_return_error_if_today_is_out_of_range ... ok
[INFO] [stdout] test holidays_loader::tests::should_load_holidays_ignoring_offset ... ok
[INFO] [stdout] test working_days::tests::should_calculate_start_date_and_end_date_correctly ... ok
[INFO] [stdout] test working_days::tests::should_require_a_holiday_list_not_empty ... ok
[INFO] [stdout] test working_days::tests::should_return_error_if_date_out_of_range ... ok
[INFO] [stdout] test working_days::tests::should_working_days_calculation ... ok
[INFO] [stdout] test holidays_loader::tests::should_return_error_if_holidays_file_not_found ... ok
[INFO] [stdout] test handler::tests::should_require_valid_from_date_and_to_date ... ok
[INFO] [stdout] test handler::tests::should_require_valid_nth_working_day_argument ... ok
[INFO] [stdout] test handler::tests::should_execute_without_errors ... ok
[INFO] [stdout] test handler::tests::should_require_valid_target_size_argument ... ok
[INFO] [stdout] test holidays_loader::tests::should_return_error_if_any_invalid_date ... FAILED
[INFO] [stdout] test handler::tests::should_execute_stream_without_errors ... ok
[INFO] [stdout] 
[INFO] [stdout] failures:
[INFO] [stdout] 
[INFO] [stdout] ---- holidays_loader::tests::should_return_error_if_any_invalid_date stdout ----
[INFO] [stdout] 
[INFO] [stdout] thread 'holidays_loader::tests::should_return_error_if_any_invalid_date' (2315) panicked at src/holidays_loader.rs:76:9:
[INFO] [stdout] assertion `left == right` failed
[INFO] [stdout]   left: "Invalid date format at line 6."
[INFO] [stdout]  right: "Invalid date format at line 5."
[INFO] [stdout] stack backtrace:
[INFO] [stdout]    0:     0x566b3b22c1c8 - std[10d71ac2c42b111e]::backtrace_rs::backtrace::libunwind::trace
[INFO] [stdout]                                at /rustc/b2282dd5646a57d570fc86fbe8df0e8826665ef6/library/std/src/../../backtrace/src/backtrace/libunwind.rs:117:9
[INFO] [stdout]    1:     0x566b3b22c1c8 - std[10d71ac2c42b111e]::backtrace_rs::backtrace::trace_unsynchronized::<std[10d71ac2c42b111e]::sys::backtrace::_print_fmt::{closure#1}>
[INFO] [stdout]                                at /rustc/b2282dd5646a57d570fc86fbe8df0e8826665ef6/library/std/src/../../backtrace/src/backtrace/mod.rs:66:14
[INFO] [stdout]    2:     0x566b3b22c1c8 - std[10d71ac2c42b111e]::sys::backtrace::_print_fmt
[INFO] [stdout]                                at /rustc/b2282dd5646a57d570fc86fbe8df0e8826665ef6/library/std/src/sys/backtrace.rs:74:9
[INFO] [stdout]    3:     0x566b3b22c1c8 - <<std[10d71ac2c42b111e]::sys::backtrace::BacktraceLock>::print::DisplayBacktrace as core[8fb95b77d25ab6c8]::fmt::Display>::fmt
[INFO] [stdout]                                at /rustc/b2282dd5646a57d570fc86fbe8df0e8826665ef6/library/std/src/sys/backtrace.rs:44:26
[INFO] [stdout]    4:     0x566b3b2410fa - <core[8fb95b77d25ab6c8]::fmt::rt::Argument>::fmt
[INFO] [stdout]                                at /rustc/b2282dd5646a57d570fc86fbe8df0e8826665ef6/library/core/src/fmt/rt.rs:152:76
[INFO] [stdout]    5:     0x566b3b2410fa - core[8fb95b77d25ab6c8]::fmt::write
[INFO] [stdout]    6:     0x566b3b230b42 - std[10d71ac2c42b111e]::io::default_write_fmt::<alloc[a7ee25936407c584]::vec::Vec<u8>>
[INFO] [stdout]                                at /rustc/b2282dd5646a57d570fc86fbe8df0e8826665ef6/library/std/src/io/mod.rs:622:11
[INFO] [stdout]    7:     0x566b3b230b42 - <alloc[a7ee25936407c584]::vec::Vec<u8> as std[10d71ac2c42b111e]::io::Write>::write_fmt
[INFO] [stdout]                                at /rustc/b2282dd5646a57d570fc86fbe8df0e8826665ef6/library/std/src/io/mod.rs:1977:13
[INFO] [stdout]    8:     0x566b3b20acb6 - <std[10d71ac2c42b111e]::sys::backtrace::BacktraceLock>::print
[INFO] [stdout]                                at /rustc/b2282dd5646a57d570fc86fbe8df0e8826665ef6/library/std/src/sys/backtrace.rs:47:9
[INFO] [stdout]    9:     0x566b3b20acb6 - std[10d71ac2c42b111e]::panicking::default_hook::{closure#0}
[INFO] [stdout]                                at /rustc/b2282dd5646a57d570fc86fbe8df0e8826665ef6/library/std/src/panicking.rs:292:27
[INFO] [stdout]   10:     0x566b3b2244c9 - std[10d71ac2c42b111e]::panicking::default_hook
[INFO] [stdout]                                at /rustc/b2282dd5646a57d570fc86fbe8df0e8826665ef6/library/std/src/panicking.rs:316:9
[INFO] [stdout]   11:     0x566b3b10461c - <alloc[a7ee25936407c584]::boxed::Box<dyn for<'a, 'b> core[8fb95b77d25ab6c8]::ops::function::Fn<(&'a std[10d71ac2c42b111e]::panic::PanicHookInfo<'b>,), Output = ()> + core[8fb95b77d25ab6c8]::marker::Sync + core[8fb95b77d25ab6c8]::marker::Send> as core[8fb95b77d25ab6c8]::ops::function::Fn<(&std[10d71ac2c42b111e]::panic::PanicHookInfo,)>>::call
[INFO] [stdout]                                at /rustc/b2282dd5646a57d570fc86fbe8df0e8826665ef6/library/alloc/src/boxed.rs:2289:9
[INFO] [stdout]   12:     0x566b3b10461c - test[213991da798b1c03]::test_main_inner::<test[213991da798b1c03]::test_main_static::{closure#0}>::{closure#0}
[INFO] [stdout]                                at /rustc/b2282dd5646a57d570fc86fbe8df0e8826665ef6/library/test/src/lib.rs:155:21
[INFO] [stdout]   13:     0x566b3b224742 - <alloc[a7ee25936407c584]::boxed::Box<dyn for<'a, 'b> core[8fb95b77d25ab6c8]::ops::function::Fn<(&'a std[10d71ac2c42b111e]::panic::PanicHookInfo<'b>,), Output = ()> + core[8fb95b77d25ab6c8]::marker::Sync + core[8fb95b77d25ab6c8]::marker::Send> as core[8fb95b77d25ab6c8]::ops::function::Fn<(&std[10d71ac2c42b111e]::panic::PanicHookInfo,)>>::call
[INFO] [stdout]                                at /rustc/b2282dd5646a57d570fc86fbe8df0e8826665ef6/library/alloc/src/boxed.rs:2289:9
[INFO] [stdout]   14:     0x566b3b224742 - std[10d71ac2c42b111e]::panicking::panic_with_hook
[INFO] [stdout]                                at /rustc/b2282dd5646a57d570fc86fbe8df0e8826665ef6/library/std/src/panicking.rs:833:13
[INFO] [stdout]   15:     0x566b3b20ad72 - std[10d71ac2c42b111e]::panicking::panic_handler::{closure#0}
[INFO] [stdout]                                at /rustc/b2282dd5646a57d570fc86fbe8df0e8826665ef6/library/std/src/panicking.rs:698:13
[INFO] [stdout]   16:     0x566b3b1fff49 - std[10d71ac2c42b111e]::sys::backtrace::__rust_end_short_backtrace::<std[10d71ac2c42b111e]::panicking::panic_handler::{closure#0}, !>
[INFO] [stdout]                                at /rustc/b2282dd5646a57d570fc86fbe8df0e8826665ef6/library/std/src/sys/backtrace.rs:182:18
[INFO] [stdout]   17:     0x566b3b20ba8d - __rustc[3be9ba60078d4c86]::rust_begin_unwind
[INFO] [stdout]                                at /rustc/b2282dd5646a57d570fc86fbe8df0e8826665ef6/library/std/src/panicking.rs:689:5
[INFO] [stdout]   18:     0x566b3b2418ec - core[8fb95b77d25ab6c8]::panicking::panic_fmt
[INFO] [stdout]                                at /rustc/b2282dd5646a57d570fc86fbe8df0e8826665ef6/library/core/src/panicking.rs:80:14
[INFO] [stdout]   19:     0x566b3b241773 - core[8fb95b77d25ab6c8]::panicking::assert_failed_inner
[INFO] [stdout]                                at /rustc/b2282dd5646a57d570fc86fbe8df0e8826665ef6/library/core/src/panicking.rs:439:17
[INFO] [stdout]   20:     0x566b3b0c3a65 - core[8fb95b77d25ab6c8]::panicking::assert_failed::<alloc[a7ee25936407c584]::string::String, &str>
[INFO] [stdout]                                at /rustc/b2282dd5646a57d570fc86fbe8df0e8826665ef6/library/core/src/panicking.rs:394:5
[INFO] [stdout]   21:     0x566b3b0ebeca - working_days_scaler[80b4fc2e56fcccc]::holidays_loader::tests::should_return_error_if_any_invalid_date::{closure#0}
[INFO] [stdout]                                at /opt/rustwide/workdir/src/holidays_loader.rs:76:9
[INFO] [stdout]   22:     0x566b3b0c90dd - <core[8fb95b77d25ab6c8]::pin::Pin<&mut working_days_scaler[80b4fc2e56fcccc]::holidays_loader::tests::should_return_error_if_any_invalid_date::{closure#0}> as core[8fb95b77d25ab6c8]::future::future::Future>::poll
[INFO] [stdout]                                at /rustc/b2282dd5646a57d570fc86fbe8df0e8826665ef6/library/core/src/future/future.rs:133:9
[INFO] [stdout]   23:     0x566b3b0ad29d - <tokio[c66c56b9b8e916ca]::runtime::scheduler::current_thread::CoreGuard>::block_on::<core[8fb95b77d25ab6c8]::pin::Pin<&mut working_days_scaler[80b4fc2e56fcccc]::holidays_loader::tests::should_return_error_if_any_invalid_date::{closure#0}>>::{closure#0}::{closure#0}::{closure#0}
[INFO] [stdout]                                at /opt/rustwide/cargo-home/registry/src/index.crates.io-1949cf8c6b5b557f/tokio-1.21.2/src/runtime/scheduler/current_thread.rs:525:64
[INFO] [stdout]   24:     0x566b3b0c5910 - tokio[c66c56b9b8e916ca]::coop::with_budget::<core[8fb95b77d25ab6c8]::task::poll::Poll<()>, <tokio[c66c56b9b8e916ca]::runtime::scheduler::current_thread::CoreGuard>::block_on<core[8fb95b77d25ab6c8]::pin::Pin<&mut working_days_scaler[80b4fc2e56fcccc]::holidays_loader::tests::should_return_error_if_any_invalid_date::{closure#0}>>::{closure#0}::{closure#0}::{closure#0}>::{closure#0}
[INFO] [stdout]                                at /opt/rustwide/cargo-home/registry/src/index.crates.io-1949cf8c6b5b557f/tokio-1.21.2/src/coop.rs:102:9
[INFO] [stdout]   25:     0x566b3b0c17b5 - <std[10d71ac2c42b111e]::thread::local::LocalKey<core[8fb95b77d25ab6c8]::cell::Cell<tokio[c66c56b9b8e916ca]::coop::Budget>>>::try_with::<tokio[c66c56b9b8e916ca]::coop::with_budget<core[8fb95b77d25ab6c8]::task::poll::Poll<()>, <tokio[c66c56b9b8e916ca]::runtime::scheduler::current_thread::CoreGuard>::block_on<core[8fb95b77d25ab6c8]::pin::Pin<&mut working_days_scaler[80b4fc2e56fcccc]::holidays_loader::tests::should_return_error_if_any_invalid_date::{closure#0}>>::{closure#0}::{closure#0}::{closure#0}>::{closure#0}, core[8fb95b77d25ab6c8]::task::poll::Poll<()>>
[INFO] [stdout]                                at /rustc/b2282dd5646a57d570fc86fbe8df0e8826665ef6/library/std/src/thread/local.rs:462:12
[INFO] [stdout]   26:     0x566b3b0bff2e - <std[10d71ac2c42b111e]::thread::local::LocalKey<core[8fb95b77d25ab6c8]::cell::Cell<tokio[c66c56b9b8e916ca]::coop::Budget>>>::with::<tokio[c66c56b9b8e916ca]::coop::with_budget<core[8fb95b77d25ab6c8]::task::poll::Poll<()>, <tokio[c66c56b9b8e916ca]::runtime::scheduler::current_thread::CoreGuard>::block_on<core[8fb95b77d25ab6c8]::pin::Pin<&mut working_days_scaler[80b4fc2e56fcccc]::holidays_loader::tests::should_return_error_if_any_invalid_date::{closure#0}>>::{closure#0}::{closure#0}::{closure#0}>::{closure#0}, core[8fb95b77d25ab6c8]::task::poll::Poll<()>>
[INFO] [stdout]                                at /rustc/b2282dd5646a57d570fc86fbe8df0e8826665ef6/library/std/src/thread/local.rs:426:20
[INFO] [stdout]   27:     0x566b3b0ac4df - tokio[c66c56b9b8e916ca]::coop::with_budget::<core[8fb95b77d25ab6c8]::task::poll::Poll<()>, <tokio[c66c56b9b8e916ca]::runtime::scheduler::current_thread::CoreGuard>::block_on<core[8fb95b77d25ab6c8]::pin::Pin<&mut working_days_scaler[80b4fc2e56fcccc]::holidays_loader::tests::should_return_error_if_any_invalid_date::{closure#0}>>::{closure#0}::{closure#0}::{closure#0}>
[INFO] [stdout]                                at /opt/rustwide/cargo-home/registry/src/index.crates.io-1949cf8c6b5b557f/tokio-1.21.2/src/coop.rs:95:13
[INFO] [stdout]   28:     0x566b3b0ac4df - tokio[c66c56b9b8e916ca]::coop::budget::<core[8fb95b77d25ab6c8]::task::poll::Poll<()>, <tokio[c66c56b9b8e916ca]::runtime::scheduler::current_thread::CoreGuard>::block_on<core[8fb95b77d25ab6c8]::pin::Pin<&mut working_days_scaler[80b4fc2e56fcccc]::holidays_loader::tests::should_return_error_if_any_invalid_date::{closure#0}>>::{closure#0}::{closure#0}::{closure#0}>
[INFO] [stdout]                                at /opt/rustwide/cargo-home/registry/src/index.crates.io-1949cf8c6b5b557f/tokio-1.21.2/src/coop.rs:72:5
[INFO] [stdout]   29:     0x566b3b0ac4df - <tokio[c66c56b9b8e916ca]::runtime::scheduler::current_thread::CoreGuard>::block_on::<core[8fb95b77d25ab6c8]::pin::Pin<&mut working_days_scaler[80b4fc2e56fcccc]::holidays_loader::tests::should_return_error_if_any_invalid_date::{closure#0}>>::{closure#0}::{closure#0}
[INFO] [stdout]                                at /opt/rustwide/cargo-home/registry/src/index.crates.io-1949cf8c6b5b557f/tokio-1.21.2/src/runtime/scheduler/current_thread.rs:525:25
[INFO] [stdout]   30:     0x566b3b09f300 - <tokio[c66c56b9b8e916ca]::runtime::scheduler::current_thread::Context>::enter::<core[8fb95b77d25ab6c8]::task::poll::Poll<()>, <tokio[c66c56b9b8e916ca]::runtime::scheduler::current_thread::CoreGuard>::block_on<core[8fb95b77d25ab6c8]::pin::Pin<&mut working_days_scaler[80b4fc2e56fcccc]::holidays_loader::tests::should_return_error_if_any_invalid_date::{closure#0}>>::{closure#0}::{closure#0}>
[INFO] [stdout]                                at /opt/rustwide/cargo-home/registry/src/index.crates.io-1949cf8c6b5b557f/tokio-1.21.2/src/runtime/scheduler/current_thread.rs:349:19
[INFO] [stdout]   31:     0x566b3b0a745f - <tokio[c66c56b9b8e916ca]::runtime::scheduler::current_thread::CoreGuard>::block_on::<core[8fb95b77d25ab6c8]::pin::Pin<&mut working_days_scaler[80b4fc2e56fcccc]::holidays_loader::tests::should_return_error_if_any_invalid_date::{closure#0}>>::{closure#0}
[INFO] [stdout]                                at /opt/rustwide/cargo-home/registry/src/index.crates.io-1949cf8c6b5b557f/tokio-1.21.2/src/runtime/scheduler/current_thread.rs:524:44
[INFO] [stdout]   32:     0x566b3b0a66f4 - <tokio[c66c56b9b8e916ca]::runtime::scheduler::current_thread::CoreGuard>::enter::<<tokio[c66c56b9b8e916ca]::runtime::scheduler::current_thread::CoreGuard>::block_on<core[8fb95b77d25ab6c8]::pin::Pin<&mut working_days_scaler[80b4fc2e56fcccc]::holidays_loader::tests::should_return_error_if_any_invalid_date::{closure#0}>>::{closure#0}, core[8fb95b77d25ab6c8]::option::Option<()>>::{closure#0}
[INFO] [stdout]                                at /opt/rustwide/cargo-home/registry/src/index.crates.io-1949cf8c6b5b557f/tokio-1.21.2/src/runtime/scheduler/current_thread.rs:595:57
[INFO] [stdout]   33:     0x566b3b0dcd83 - <tokio[c66c56b9b8e916ca]::macros::scoped_tls::ScopedKey<tokio[c66c56b9b8e916ca]::runtime::scheduler::current_thread::Context>>::set::<<tokio[c66c56b9b8e916ca]::runtime::scheduler::current_thread::CoreGuard>::enter<<tokio[c66c56b9b8e916ca]::runtime::scheduler::current_thread::CoreGuard>::block_on<core[8fb95b77d25ab6c8]::pin::Pin<&mut working_days_scaler[80b4fc2e56fcccc]::holidays_loader::tests::should_return_error_if_any_invalid_date::{closure#0}>>::{closure#0}, core[8fb95b77d25ab6c8]::option::Option<()>>::{closure#0}, (alloc[a7ee25936407c584]::boxed::Box<tokio[c66c56b9b8e916ca]::runtime::scheduler::current_thread::Core>, core[8fb95b77d25ab6c8]::option::Option<()>)>
[INFO] [stdout]                                at /opt/rustwide/cargo-home/registry/src/index.crates.io-1949cf8c6b5b557f/tokio-1.21.2/src/macros/scoped_tls.rs:61:9
[INFO] [stdout]   34:     0x566b3b0a389f - <tokio[c66c56b9b8e916ca]::runtime::scheduler::current_thread::CoreGuard>::enter::<<tokio[c66c56b9b8e916ca]::runtime::scheduler::current_thread::CoreGuard>::block_on<core[8fb95b77d25ab6c8]::pin::Pin<&mut working_days_scaler[80b4fc2e56fcccc]::holidays_loader::tests::should_return_error_if_any_invalid_date::{closure#0}>>::{closure#0}, core[8fb95b77d25ab6c8]::option::Option<()>>
[INFO] [stdout]                                at /opt/rustwide/cargo-home/registry/src/index.crates.io-1949cf8c6b5b557f/tokio-1.21.2/src/runtime/scheduler/current_thread.rs:595:35
[INFO] [stdout]   35:     0x566b3b0a571a - <tokio[c66c56b9b8e916ca]::runtime::scheduler::current_thread::CoreGuard>::block_on::<core[8fb95b77d25ab6c8]::pin::Pin<&mut working_days_scaler[80b4fc2e56fcccc]::holidays_loader::tests::should_return_error_if_any_invalid_date::{closure#0}>>
[INFO] [stdout]                                at /opt/rustwide/cargo-home/registry/src/index.crates.io-1949cf8c6b5b557f/tokio-1.21.2/src/runtime/scheduler/current_thread.rs:515:24
[INFO] [stdout]   36:     0x566b3b09d7e4 - <tokio[c66c56b9b8e916ca]::runtime::scheduler::current_thread::CurrentThread>::block_on::<working_days_scaler[80b4fc2e56fcccc]::holidays_loader::tests::should_return_error_if_any_invalid_date::{closure#0}>
[INFO] [stdout]                                at /opt/rustwide/cargo-home/registry/src/index.crates.io-1949cf8c6b5b557f/tokio-1.21.2/src/runtime/scheduler/current_thread.rs:161:29
[INFO] [stdout]   37:     0x566b3b0ae674 - <tokio[c66c56b9b8e916ca]::runtime::Runtime>::block_on::<working_days_scaler[80b4fc2e56fcccc]::holidays_loader::tests::should_return_error_if_any_invalid_date::{closure#0}>
[INFO] [stdout]                                at /opt/rustwide/cargo-home/registry/src/index.crates.io-1949cf8c6b5b557f/tokio-1.21.2/src/runtime/mod.rs:490:51
[INFO] [stdout]   38:     0x566b3b0ed5aa - working_days_scaler[80b4fc2e56fcccc]::holidays_loader::tests::should_return_error_if_any_invalid_date
[INFO] [stdout]                                at /opt/rustwide/workdir/src/holidays_loader.rs:79:10
[INFO] [stdout]   39:     0x566b3b0ea7d7 - working_days_scaler[80b4fc2e56fcccc]::holidays_loader::tests::should_return_error_if_any_invalid_date::{closure#0}
[INFO] [stdout]                                at /opt/rustwide/workdir/src/holidays_loader.rs:71:55
[INFO] [stdout]   40:     0x566b3b0f71e6 - <working_days_scaler[80b4fc2e56fcccc]::holidays_loader::tests::should_return_error_if_any_invalid_date::{closure#0} as core[8fb95b77d25ab6c8]::ops::function::FnOnce<()>>::call_once
[INFO] [stdout]                                at /rustc/b2282dd5646a57d570fc86fbe8df0e8826665ef6/library/core/src/ops/function.rs:250:5
[INFO] [stdout]   41:     0x566b3b0f76fb - <fn() -> core[8fb95b77d25ab6c8]::result::Result<(), alloc[a7ee25936407c584]::string::String> as core[8fb95b77d25ab6c8]::ops::function::FnOnce<()>>::call_once
[INFO] [stdout]                                at /rustc/b2282dd5646a57d570fc86fbe8df0e8826665ef6/library/core/src/ops/function.rs:250:5
[INFO] [stdout]   42:     0x566b3b0f76fb - test[213991da798b1c03]::__rust_begin_short_backtrace::<core[8fb95b77d25ab6c8]::result::Result<(), alloc[a7ee25936407c584]::string::String>, fn() -> core[8fb95b77d25ab6c8]::result::Result<(), alloc[a7ee25936407c584]::string::String>>
[INFO] [stdout]                                at /rustc/b2282dd5646a57d570fc86fbe8df0e8826665ef6/library/test/src/lib.rs:724:18
[INFO] [stdout]   43:     0x566b3b104f75 - test[213991da798b1c03]::run_test_in_process::{closure#0}
[INFO] [stdout]                                at /rustc/b2282dd5646a57d570fc86fbe8df0e8826665ef6/library/test/src/lib.rs:747:74
[INFO] [stdout]   44:     0x566b3b104f75 - <core[8fb95b77d25ab6c8]::panic::unwind_safe::AssertUnwindSafe<test[213991da798b1c03]::run_test_in_process::{closure#0}> as core[8fb95b77d25ab6c8]::ops::function::FnOnce<()>>::call_once
[INFO] [stdout]                                at /rustc/b2282dd5646a57d570fc86fbe8df0e8826665ef6/library/core/src/panic/unwind_safe.rs:275:9
[INFO] [stdout]   45:     0x566b3b104f75 - std[10d71ac2c42b111e]::panicking::catch_unwind::do_call::<core[8fb95b77d25ab6c8]::panic::unwind_safe::AssertUnwindSafe<test[213991da798b1c03]::run_test_in_process::{closure#0}>, core[8fb95b77d25ab6c8]::result::Result<(), alloc[a7ee25936407c584]::string::String>>
[INFO] [stdout]                                at /rustc/b2282dd5646a57d570fc86fbe8df0e8826665ef6/library/std/src/panicking.rs:581:40
[INFO] [stdout]   46:     0x566b3b104f75 - std[10d71ac2c42b111e]::panicking::catch_unwind::<core[8fb95b77d25ab6c8]::result::Result<(), alloc[a7ee25936407c584]::string::String>, core[8fb95b77d25ab6c8]::panic::unwind_safe::AssertUnwindSafe<test[213991da798b1c03]::run_test_in_process::{closure#0}>>
[INFO] [stdout]                                at /rustc/b2282dd5646a57d570fc86fbe8df0e8826665ef6/library/std/src/panicking.rs:544:19
[INFO] [stdout]   47:     0x566b3b104f75 - std[10d71ac2c42b111e]::panic::catch_unwind::<core[8fb95b77d25ab6c8]::panic::unwind_safe::AssertUnwindSafe<test[213991da798b1c03]::run_test_in_process::{closure#0}>, core[8fb95b77d25ab6c8]::result::Result<(), alloc[a7ee25936407c584]::string::String>>
[INFO] [stdout]                                at /rustc/b2282dd5646a57d570fc86fbe8df0e8826665ef6/library/std/src/panic.rs:359:14
[INFO] [stdout]   48:     0x566b3b104f75 - test[213991da798b1c03]::run_test_in_process
[INFO] [stdout]                                at /rustc/b2282dd5646a57d570fc86fbe8df0e8826665ef6/library/test/src/lib.rs:747:27
[INFO] [stdout]   49:     0x566b3b104f75 - test[213991da798b1c03]::run_test::{closure#0}
[INFO] [stdout]                                at /rustc/b2282dd5646a57d570fc86fbe8df0e8826665ef6/library/test/src/lib.rs:668:43
[INFO] [stdout]   50:     0x566b3b0fe884 - test[213991da798b1c03]::run_test::{closure#1}
[INFO] [stdout]                                at /rustc/b2282dd5646a57d570fc86fbe8df0e8826665ef6/library/test/src/lib.rs:698:41
[INFO] [stdout]   51:     0x566b3b0fe884 - std[10d71ac2c42b111e]::sys::backtrace::__rust_begin_short_backtrace::<test[213991da798b1c03]::run_test::{closure#1}, ()>
[INFO] [stdout]                                at /rustc/b2282dd5646a57d570fc86fbe8df0e8826665ef6/library/std/src/sys/backtrace.rs:166:18
[INFO] [stdout]   52:     0x566b3b107ff2 - std[10d71ac2c42b111e]::thread::lifecycle::spawn_unchecked::<test[213991da798b1c03]::run_test::{closure#1}, ()>::{closure#1}::{closure#0}
[INFO] [stdout]                                at /rustc/b2282dd5646a57d570fc86fbe8df0e8826665ef6/library/std/src/thread/lifecycle.rs:70:13
[INFO] [stdout]   53:     0x566b3b107ff2 - <core[8fb95b77d25ab6c8]::panic::unwind_safe::AssertUnwindSafe<std[10d71ac2c42b111e]::thread::lifecycle::spawn_unchecked<test[213991da798b1c03]::run_test::{closure#1}, ()>::{closure#1}::{closure#0}> as core[8fb95b77d25ab6c8]::ops::function::FnOnce<()>>::call_once
[INFO] [stdout]                                at /rustc/b2282dd5646a57d570fc86fbe8df0e8826665ef6/library/core/src/panic/unwind_safe.rs:275:9
[INFO] [stdout]   54:     0x566b3b107ff2 - std[10d71ac2c42b111e]::panicking::catch_unwind::do_call::<core[8fb95b77d25ab6c8]::panic::unwind_safe::AssertUnwindSafe<std[10d71ac2c42b111e]::thread::lifecycle::spawn_unchecked<test[213991da798b1c03]::run_test::{closure#1}, ()>::{closure#1}::{closure#0}>, ()>
[INFO] [stdout]                                at /rustc/b2282dd5646a57d570fc86fbe8df0e8826665ef6/library/std/src/panicking.rs:581:40
[INFO] [stdout]   55:     0x566b3b107ff2 - std[10d71ac2c42b111e]::panicking::catch_unwind::<(), core[8fb95b77d25ab6c8]::panic::unwind_safe::AssertUnwindSafe<std[10d71ac2c42b111e]::thread::lifecycle::spawn_unchecked<test[213991da798b1c03]::run_test::{closure#1}, ()>::{closure#1}::{closure#0}>>
[INFO] [stdout]                                at /rustc/b2282dd5646a57d570fc86fbe8df0e8826665ef6/library/std/src/panicking.rs:544:19
[INFO] [stdout]   56:     0x566b3b107ff2 - std[10d71ac2c42b111e]::panic::catch_unwind::<core[8fb95b77d25ab6c8]::panic::unwind_safe::AssertUnwindSafe<std[10d71ac2c42b111e]::thread::lifecycle::spawn_unchecked<test[213991da798b1c03]::run_test::{closure#1}, ()>::{closure#1}::{closure#0}>, ()>
[INFO] [stdout]                                at /rustc/b2282dd5646a57d570fc86fbe8df0e8826665ef6/library/std/src/panic.rs:359:14
[INFO] [stdout]   57:     0x566b3b107ff2 - std[10d71ac2c42b111e]::thread::lifecycle::spawn_unchecked::<test[213991da798b1c03]::run_test::{closure#1}, ()>::{closure#1}
[INFO] [stdout]                                at /rustc/b2282dd5646a57d570fc86fbe8df0e8826665ef6/library/std/src/thread/lifecycle.rs:68:26
[INFO] [stdout]   58:     0x566b3b107ff2 - <std[10d71ac2c42b111e]::thread::lifecycle::spawn_unchecked<test[213991da798b1c03]::run_test::{closure#1}, ()>::{closure#1} as core[8fb95b77d25ab6c8]::ops::function::FnOnce<()>>::call_once::{shim:vtable#0}
[INFO] [stdout]                                at /rustc/b2282dd5646a57d570fc86fbe8df0e8826665ef6/library/core/src/ops/function.rs:250:5
[INFO] [stdout]   59:     0x566b3b22baef - <alloc[a7ee25936407c584]::boxed::Box<dyn core[8fb95b77d25ab6c8]::ops::function::FnOnce<(), Output = ()> + core[8fb95b77d25ab6c8]::marker::Send> as core[8fb95b77d25ab6c8]::ops::function::FnOnce<()>>::call_once
[INFO] [stdout]                                at /rustc/b2282dd5646a57d570fc86fbe8df0e8826665ef6/library/alloc/src/boxed.rs:2275:9
[INFO] [stdout]   60:     0x566b3b22baef - <std[10d71ac2c42b111e]::sys::thread::unix::Thread>::new::thread_start
[INFO] [stdout]                                at /rustc/b2282dd5646a57d570fc86fbe8df0e8826665ef6/library/std/src/sys/thread/unix.rs:118:17
[INFO] [stdout]   61:     0x7907f9ec5aa4 - <unknown>
[INFO] [stdout]   62:     0x7907f9f52a64 - clone
[INFO] [stdout]   63:                0x0 - <unknown>
[INFO] [stdout] 
[INFO] [stdout] 
[INFO] [stdout] failures:
[INFO] [stdout]     holidays_loader::tests::should_return_error_if_any_invalid_date
[INFO] [stdout] 
[INFO] [stdout] test result: FAILED. 12 passed; 1 failed; 0 ignored; 0 measured; 0 filtered out; finished in 2.04s
[INFO] [stdout] 
[INFO] [stderr] error: test failed, to rerun pass `--bin working_days_scaler`
[INFO] running `Command { std: "docker" "inspect" "c581191580cfda357166f328d648ede33b67e1915f8c9dbc62406371f4c6abf8", kill_on_drop: false }`
[INFO] running `Command { std: "docker" "rm" "-f" "c581191580cfda357166f328d648ede33b67e1915f8c9dbc62406371f4c6abf8", kill_on_drop: false }`
[INFO] [stdout] c581191580cfda357166f328d648ede33b67e1915f8c9dbc62406371f4c6abf8
