[INFO] cloning repository https://github.com/jmsapt/parallel-plates-cfd
[INFO] running `Command { std: "git" "-c" "credential.helper=" "-c" "credential.helper=/workspace/cargo-home/bin/git-credential-null" "clone" "--bare" "https://github.com/jmsapt/parallel-plates-cfd" "/workspace/cache/git-repos/https%3A%2F%2Fgithub.com%2Fjmsapt%2Fparallel-plates-cfd", kill_on_drop: false }`
[INFO] [stderr] Cloning into bare repository '/workspace/cache/git-repos/https%3A%2F%2Fgithub.com%2Fjmsapt%2Fparallel-plates-cfd'...
[INFO] running `Command { std: "git" "rev-parse" "HEAD", kill_on_drop: false }`
[INFO] [stdout] 49f94a810bdd7b06230ad04ea2f9b86bbdae10e2
[INFO] testing jmsapt/parallel-plates-cfd against 1.97.0-beta.6 for beta-1.98-2
[INFO] running `Command { std: "git" "clone" "/workspace/cache/git-repos/https%3A%2F%2Fgithub.com%2Fjmsapt%2Fparallel-plates-cfd" "/workspace/builds/worker-7-tc1/source", kill_on_drop: false }`
[INFO] [stderr] Cloning into '/workspace/builds/worker-7-tc1/source'...
[INFO] [stderr] done.
[INFO] started tweaking git repo https://github.com/jmsapt/parallel-plates-cfd
[INFO] finished tweaking git repo https://github.com/jmsapt/parallel-plates-cfd
[INFO] tweaked toml for git repo https://github.com/jmsapt/parallel-plates-cfd written to /workspace/builds/worker-7-tc1/source/Cargo.toml
[INFO] validating manifest of git repo https://github.com/jmsapt/parallel-plates-cfd on toolchain 1.97.0-beta.6
[INFO] running `Command { std: CARGO_HOME="/workspace/cargo-home" RUSTUP_HOME="/workspace/rustup-home" "/workspace/cargo-home/bin/cargo" "+1.97.0-beta.6" "metadata" "--manifest-path" "Cargo.toml" "--no-deps", kill_on_drop: false }`
[INFO] crate git repo https://github.com/jmsapt/parallel-plates-cfd already has a lockfile, it will not be regenerated
[INFO] running `Command { std: CARGO_HOME="/workspace/cargo-home" RUSTUP_HOME="/workspace/rustup-home" "/workspace/cargo-home/bin/cargo" "+1.97.0-beta.6" "fetch" "--manifest-path" "Cargo.toml", kill_on_drop: false }`
[INFO] [stderr]     Updating crates.io index
[INFO] [stderr]  Downloading crates ...
[INFO] [stderr]   Downloaded either v1.10.0
[INFO] [stderr]   Downloaded crossbeam-deque v0.8.5
[INFO] [stderr]   Downloaded crossbeam-utils v0.8.19
[INFO] [stderr]   Downloaded plotters-bitmap v0.3.3
[INFO] [stderr]   Downloaded plotters-svg v0.3.5
[INFO] [stderr]   Downloaded plotters-backend v0.3.5
[INFO] [stderr]   Downloaded pathfinder_geometry v0.5.1
[INFO] [stderr]   Downloaded windows-targets v0.52.4
[INFO] [stderr]   Downloaded wio v0.2.2
[INFO] [stderr]   Downloaded yeslogic-fontconfig-sys v3.2.0
[INFO] [stderr]   Downloaded float-ord v0.2.0
[INFO] [stderr]   Downloaded redox_users v0.4.4
[INFO] [stderr]   Downloaded pathfinder_simd v0.5.2
[INFO] [stderr]   Downloaded angle v0.5.0
[INFO] [stderr]   Downloaded dirs-sys-next v0.1.2
[INFO] [stderr]   Downloaded thiserror-impl v1.0.57
[INFO] [stderr]   Downloaded winapi-util v0.1.6
[INFO] [stderr]   Downloaded libredox v0.0.1
[INFO] [stderr]   Downloaded const-cstr v0.3.0
[INFO] [stderr]   Downloaded dirs-next v2.0.0
[INFO] [stderr]   Downloaded quote v1.0.35
[INFO] [stderr]   Downloaded fdeflate v0.3.4
[INFO] [stderr]   Downloaded freetype v0.7.1
[INFO] [stderr]   Downloaded thiserror v1.0.57
[INFO] [stderr]   Downloaded rayon v1.9.0
[INFO] [stderr]   Downloaded semver v1.0.22
[INFO] [stderr]   Downloaded dwrote v0.11.0
[INFO] [stderr]   Downloaded core-text v19.2.0
[INFO] [stderr]   Downloaded color-rs v0.8.0
[INFO] [stderr]   Downloaded crc32fast v1.4.0
[INFO] [stderr]   Downloaded getrandom v0.2.12
[INFO] [stderr]   Downloaded num-traits v0.2.18
[INFO] [stderr]   Downloaded anyhow v1.0.80
[INFO] [stderr]   Downloaded proc-macro2 v1.0.78
[INFO] [stderr]   Downloaded miniz_oxide v0.7.2
[INFO] [stderr]   Downloaded bytemuck v1.14.3
[INFO] [stderr]   Downloaded bitflags v2.4.2
[INFO] [stderr]   Downloaded serde_derive v1.0.197
[INFO] [stderr]   Downloaded half v1.8.3
[INFO] [stderr]   Downloaded font-kit v0.11.0
[INFO] [stderr]   Downloaded cc v1.0.90
[INFO] [stderr]   Downloaded serde v1.0.197
[INFO] [stderr]   Downloaded flate2 v1.0.28
[INFO] [stderr]   Downloaded bumpalo v3.15.4
[INFO] [stderr]   Downloaded plotters v0.3.5
[INFO] [stderr]   Downloaded png v0.17.13
[INFO] [stderr]   Downloaded ttf-parser v0.17.1
[INFO] [stderr]   Downloaded chrono v0.4.35
[INFO] [stderr]   Downloaded syn v2.0.52
[INFO] [stderr]   Downloaded windows_x86_64_gnullvm v0.52.4
[INFO] [stderr]   Downloaded windows_aarch64_gnullvm v0.52.4
[INFO] [stderr]   Downloaded gif v0.12.0
[INFO] [stderr]   Downloaded web-sys v0.3.69
[INFO] [stderr]   Downloaded libc v0.2.153
[INFO] [stderr]   Downloaded windows_aarch64_msvc v0.52.4
[INFO] [stderr]   Downloaded windows_x86_64_msvc v0.52.4
[INFO] [stderr]   Downloaded windows_x86_64_gnu v0.52.4
[INFO] [stderr]   Downloaded windows_i686_msvc v0.52.4
[INFO] [stderr]   Downloaded windows_i686_gnu v0.52.4
[INFO] [stderr]   Downloaded freetype-sys v0.19.0
[INFO] [stderr]   Downloaded image v0.24.9
[INFO] running `Command { std: "docker" "create" "-v" "/var/lib/crater-agent-workspace/builds/worker-7-tc1/source:/opt/rustwide/workdir:ro,Z" "-v" "/var/lib/crater-agent-workspace/builds/worker-7-tc1/target:/opt/rustwide/target:rw,Z" "-v" "/var/lib/crater-agent-workspace/cargo-home:/opt/rustwide/cargo-home:ro,Z" "-v" "/var/lib/crater-agent-workspace/rustup-home:/opt/rustwide/rustup-home:ro,Z" "-m" "1610612736" "--network" "none" "ghcr.io/rust-lang/crates-build-env/linux@sha256:3d5ced03c013a94a2f102a4510f48a6e9184255caf5fd8244f58017bde7f5210" "sleep" "infinity", kill_on_drop: false }`
[INFO] [stdout] 2dca84a22f3697f5890668dc963c2c541c352b769660c8a658dd6324e007a6eb
[INFO] running `Command { std: "docker" "start" "2dca84a22f3697f5890668dc963c2c541c352b769660c8a658dd6324e007a6eb", kill_on_drop: false }`
[INFO] running `Command { std: "docker" "inspect" "2dca84a22f3697f5890668dc963c2c541c352b769660c8a658dd6324e007a6eb", kill_on_drop: false }`
[INFO] running `Command { std: "docker" "exec" "-e" "SOURCE_DIR=/opt/rustwide/workdir" "-e" "CARGO_HOME=/opt/rustwide/cargo-home" "-e" "RUSTUP_HOME=/opt/rustwide/rustup-home" "-e" "CARGO_TARGET_DIR=/opt/rustwide/target" "-w" "/opt/rustwide/workdir" "--user" "0:0" "2dca84a22f3697f5890668dc963c2c541c352b769660c8a658dd6324e007a6eb" "/opt/rustwide/cargo-home/bin/cargo" "+1.97.0-beta.6" "metadata" "--no-deps" "--format-version=1", kill_on_drop: false }`
[INFO] running `Command { std: "docker" "inspect" "2dca84a22f3697f5890668dc963c2c541c352b769660c8a658dd6324e007a6eb", kill_on_drop: false }`
[INFO] running `Command { std: "docker" "exec" "-e" "SOURCE_DIR=/opt/rustwide/workdir" "-e" "CARGO_HOME=/opt/rustwide/cargo-home" "-e" "RUSTUP_HOME=/opt/rustwide/rustup-home" "-e" "CARGO_TARGET_DIR=/opt/rustwide/target" "-e" "CARGO_INCREMENTAL=0" "-e" "RUST_BACKTRACE=full" "-e" "RUSTFLAGS=--cap-lints=warn" "-e" "RUSTDOCFLAGS=--cap-lints=warn" "-w" "/opt/rustwide/workdir" "--user" "0:0" "2dca84a22f3697f5890668dc963c2c541c352b769660c8a658dd6324e007a6eb" "/opt/rustwide/cargo-home/bin/cargo" "+1.97.0-beta.6" "build" "--frozen" "--message-format=json", kill_on_drop: false }`
[INFO] [stderr]    Compiling pkg-config v0.3.30
[INFO] [stderr]    Compiling autocfg v1.1.0
[INFO] [stderr]    Compiling semver v1.0.22
[INFO] [stderr]    Compiling libc v0.2.153
[INFO] [stderr]    Compiling proc-macro2 v1.0.78
[INFO] [stderr]    Compiling simd-adler32 v0.3.7
[INFO] [stderr]    Compiling crc32fast v1.4.0
[INFO] [stderr]    Compiling crossbeam-utils v0.8.19
[INFO] [stderr]    Compiling unicode-ident v1.0.12
[INFO] [stderr]    Compiling num-traits v0.2.18
[INFO] [stderr]    Compiling cc v1.0.90
[INFO] [stderr]    Compiling miniz_oxide v0.7.2
[INFO] [stderr]    Compiling yeslogic-fontconfig-sys v3.2.0
[INFO] [stderr]    Compiling rustc_version v0.4.0
[INFO] [stderr]    Compiling fdeflate v0.3.4
[INFO] [stderr]    Compiling flate2 v1.0.28
[INFO] [stderr]    Compiling quote v1.0.35
[INFO] [stderr]    Compiling libloading v0.8.3
[INFO] [stderr]    Compiling pathfinder_simd v0.5.2
[INFO] [stderr]    Compiling color_quant v1.1.0
[INFO] [stderr]    Compiling serde v1.0.197
[INFO] [stderr]    Compiling byteorder v1.5.0
[INFO] [stderr]    Compiling syn v2.0.52
[INFO] [stderr]    Compiling dlib v0.5.2
[INFO] [stderr]    Compiling dirs-sys-next v0.1.2
[INFO] [stderr]    Compiling crossbeam-epoch v0.9.18
[INFO] [stderr]    Compiling once_cell v1.19.0
[INFO] [stderr]    Compiling png v0.17.13
[INFO] [stderr]    Compiling const-cstr v0.3.0
[INFO] [stderr]    Compiling bytemuck v1.14.3
[INFO] [stderr]    Compiling log v0.4.21
[INFO] [stderr]    Compiling plotters-backend v0.3.5
[INFO] [stderr]    Compiling rayon-core v1.12.1
[INFO] [stderr]    Compiling weezl v0.1.8
[INFO] [stderr]    Compiling same-file v1.0.6
[INFO] [stderr]    Compiling jpeg-decoder v0.3.1
[INFO] [stderr]    Compiling font-kit v0.11.0
[INFO] [stderr]    Compiling freetype-sys v0.19.0
[INFO] [stderr]    Compiling walkdir v2.5.0
[INFO] [stderr]    Compiling gif v0.12.0
[INFO] [stderr]    Compiling pathfinder_geometry v0.5.1
[INFO] [stderr]    Compiling freetype v0.7.1
[INFO] [stderr]    Compiling crossbeam-deque v0.8.5
[INFO] [stderr]    Compiling dirs-next v2.0.0
[INFO] [stderr]    Compiling iana-time-zone v0.1.60
[INFO] [stderr]    Compiling anyhow v1.0.80
[INFO] [stderr]    Compiling float-ord v0.2.0
[INFO] [stderr]    Compiling chrono v0.4.35
[INFO] [stderr]    Compiling image v0.24.9
[INFO] [stderr]    Compiling plotters-svg v0.3.5
[INFO] [stderr]    Compiling half v1.8.3
[INFO] [stderr]    Compiling ttf-parser v0.17.1
[INFO] [stderr]    Compiling either v1.10.0
[INFO] [stderr]    Compiling rayon v1.9.0
[INFO] [stderr]    Compiling serde_derive v1.0.197
[INFO] [stderr]    Compiling plotters-bitmap v0.3.3
[INFO] [stderr]    Compiling plotters v0.3.5
[INFO] [stderr]    Compiling angle v0.5.0
[INFO] [stderr]    Compiling color-rs v0.8.0
[INFO] [stderr]    Compiling structured_mesh v0.1.0 (/opt/rustwide/workdir)
[INFO] [stdout] warning: unused import: `fmt`
[INFO] [stdout]  --> src/sim.rs:1:11
[INFO] [stdout]   |
[INFO] [stdout] 1 | use std::{fmt, ops::Index};
[INFO] [stdout]   |           ^^^
[INFO] [stdout]   |
[INFO] [stdout]   = note: `#[warn(unused_imports)]` (part of `#[warn(unused)]`) on by default
[INFO] [stdout] 
[INFO] [stdout] 
[INFO] [stdout] warning: unused import: `ops::Index`
[INFO] [stdout]  --> src/sim.rs:1:16
[INFO] [stdout]   |
[INFO] [stdout] 1 | use std::{fmt, ops::Index};
[INFO] [stdout]   |                ^^^^^^^^^^
[INFO] [stdout] 
[INFO] [stdout] 
[INFO] [stdout] warning: constant `OUTPUT_FILE` is never used
[INFO] [stdout]  --> src/main.rs:5:7
[INFO] [stdout]   |
[INFO] [stdout] 5 | const OUTPUT_FILE: &str = "plot.png";
[INFO] [stdout]   |       ^^^^^^^^^^^
[INFO] [stdout]   |
[INFO] [stdout]   = note: `#[warn(dead_code)]` (part of `#[warn(unused)]`) on by default
[INFO] [stdout] 
[INFO] [stdout] 
[INFO] [stdout] warning: variant `Pressure` is never constructed
[INFO] [stdout]   --> src/sim.rs:12:5
[INFO] [stdout]    |
[INFO] [stdout] 11 | pub enum ChartType {
[INFO] [stdout]    |          --------- variant in this enum
[INFO] [stdout] 12 |     Pressure,
[INFO] [stdout]    |     ^^^^^^^^
[INFO] [stdout] 
[INFO] [stdout] 
[INFO] [stdout] warning: field `gravity` is never read
[INFO] [stdout]   --> src/sim.rs:18:9
[INFO] [stdout]    |
[INFO] [stdout] 16 | pub struct Paramaters {
[INFO] [stdout]    |            ---------- field in this struct
[INFO] [stdout] 17 |     pub rho: f64,
[INFO] [stdout] 18 |     pub gravity: f64,
[INFO] [stdout]    |         ^^^^^^^
[INFO] [stdout] 
[INFO] [stdout] 
[INFO] [stdout] warning: method `prograte_n_steps` is never used
[INFO] [stdout]    --> src/sim.rs:262:12
[INFO] [stdout]     |
[INFO] [stdout]  50 | impl Fluid {
[INFO] [stdout]     | ---------- method in this implementation
[INFO] [stdout] ...
[INFO] [stdout] 262 |     pub fn prograte_n_steps(&mut self, n: usize, timestep: f64) {
[INFO] [stdout]     |            ^^^^^^^^^^^^^^^^
[INFO] [stdout] 
[INFO] [stdout] 
[INFO] [stdout] warning: function `map_color` is never used
[INFO] [stdout]    --> src/sim.rs:274:4
[INFO] [stdout]     |
[INFO] [stdout] 274 | fn map_color(mag: f64, min: f64, max: f64) -> HSLColor {
[INFO] [stdout]     |    ^^^^^^^^^
[INFO] [stdout] 
[INFO] [stdout] 
[INFO] [stdout] warning: method `Water` should have a snake case name
[INFO] [stdout]   --> src/sim.rs:24:12
[INFO] [stdout]    |
[INFO] [stdout] 24 |     pub fn Water(velocity: f64) -> Self {
[INFO] [stdout]    |            ^^^^^ help: convert the identifier to snake case (notice the capitalization): `water`
[INFO] [stdout]    |
[INFO] [stdout]    = note: `#[warn(non_snake_case)]` (part of `#[warn(nonstandard_style)]`) on by default
[INFO] [stdout] 
[INFO] [stdout] 
[INFO] [stderr]     Finished `dev` profile [unoptimized + debuginfo] target(s) in 43.08s
[INFO] running `Command { std: "docker" "inspect" "2dca84a22f3697f5890668dc963c2c541c352b769660c8a658dd6324e007a6eb", kill_on_drop: false }`
[INFO] running `Command { std: "docker" "exec" "-e" "SOURCE_DIR=/opt/rustwide/workdir" "-e" "CARGO_HOME=/opt/rustwide/cargo-home" "-e" "RUSTUP_HOME=/opt/rustwide/rustup-home" "-e" "CARGO_TARGET_DIR=/opt/rustwide/target" "-e" "CARGO_INCREMENTAL=0" "-e" "RUST_BACKTRACE=full" "-e" "RUSTFLAGS=--cap-lints=warn" "-e" "RUSTDOCFLAGS=--cap-lints=warn" "-w" "/opt/rustwide/workdir" "--user" "0:0" "2dca84a22f3697f5890668dc963c2c541c352b769660c8a658dd6324e007a6eb" "/opt/rustwide/cargo-home/bin/cargo" "+1.97.0-beta.6" "test" "--frozen" "--no-run" "--message-format=json", kill_on_drop: false }`
[INFO] [stderr]    Compiling structured_mesh v0.1.0 (/opt/rustwide/workdir)
[INFO] [stdout] warning: unused import: `fmt`
[INFO] [stdout]  --> src/sim.rs:1:11
[INFO] [stdout]   |
[INFO] [stdout] 1 | use std::{fmt, ops::Index};
[INFO] [stdout]   |           ^^^
[INFO] [stdout]   |
[INFO] [stdout]   = note: `#[warn(unused_imports)]` (part of `#[warn(unused)]`) on by default
[INFO] [stdout] 
[INFO] [stdout] 
[INFO] [stdout] warning: unused import: `ops::Index`
[INFO] [stdout]  --> src/sim.rs:1:16
[INFO] [stdout]   |
[INFO] [stdout] 1 | use std::{fmt, ops::Index};
[INFO] [stdout]   |                ^^^^^^^^^^
[INFO] [stdout] 
[INFO] [stdout] 
[INFO] [stdout] warning: constant `OUTPUT_FILE` is never used
[INFO] [stdout]  --> src/main.rs:5:7
[INFO] [stdout]   |
[INFO] [stdout] 5 | const OUTPUT_FILE: &str = "plot.png";
[INFO] [stdout]   |       ^^^^^^^^^^^
[INFO] [stdout]   |
[INFO] [stdout]   = note: `#[warn(dead_code)]` (part of `#[warn(unused)]`) on by default
[INFO] [stdout] 
[INFO] [stdout] 
[INFO] [stdout] warning: variant `Pressure` is never constructed
[INFO] [stdout]   --> src/sim.rs:12:5
[INFO] [stdout]    |
[INFO] [stdout] 11 | pub enum ChartType {
[INFO] [stdout]    |          --------- variant in this enum
[INFO] [stdout] 12 |     Pressure,
[INFO] [stdout]    |     ^^^^^^^^
[INFO] [stdout] 
[INFO] [stdout] 
[INFO] [stdout] warning: field `gravity` is never read
[INFO] [stdout]   --> src/sim.rs:18:9
[INFO] [stdout]    |
[INFO] [stdout] 16 | pub struct Paramaters {
[INFO] [stdout]    |            ---------- field in this struct
[INFO] [stdout] 17 |     pub rho: f64,
[INFO] [stdout] 18 |     pub gravity: f64,
[INFO] [stdout]    |         ^^^^^^^
[INFO] [stdout] 
[INFO] [stdout] 
[INFO] [stdout] warning: method `prograte_n_steps` is never used
[INFO] [stdout]    --> src/sim.rs:262:12
[INFO] [stdout]     |
[INFO] [stdout]  50 | impl Fluid {
[INFO] [stdout]     | ---------- method in this implementation
[INFO] [stdout] ...
[INFO] [stdout] 262 |     pub fn prograte_n_steps(&mut self, n: usize, timestep: f64) {
[INFO] [stdout]     |            ^^^^^^^^^^^^^^^^
[INFO] [stdout] 
[INFO] [stdout] 
[INFO] [stdout] warning: method `Water` should have a snake case name
[INFO] [stdout]   --> src/sim.rs:24:12
[INFO] [stdout]    |
[INFO] [stdout] 24 |     pub fn Water(velocity: f64) -> Self {
[INFO] [stdout]    |            ^^^^^ help: convert the identifier to snake case (notice the capitalization): `water`
[INFO] [stdout]    |
[INFO] [stdout]    = note: `#[warn(non_snake_case)]` (part of `#[warn(nonstandard_style)]`) on by default
[INFO] [stdout] 
[INFO] [stdout] 
[INFO] [stdout] warning: module `Test` should have a snake case name
[INFO] [stdout]    --> src/sim.rs:283:5
[INFO] [stdout]     |
[INFO] [stdout] 283 | mod Test {
[INFO] [stdout]     |     ^^^^ help: convert the identifier to snake case: `test`
[INFO] [stdout] 
[INFO] [stdout] 
[INFO] [stderr]     Finished `test` profile [unoptimized + debuginfo] target(s) in 0.46s
[INFO] running `Command { std: "docker" "inspect" "2dca84a22f3697f5890668dc963c2c541c352b769660c8a658dd6324e007a6eb", kill_on_drop: false }`
[INFO] running `Command { std: "docker" "exec" "-e" "SOURCE_DIR=/opt/rustwide/workdir" "-e" "CARGO_HOME=/opt/rustwide/cargo-home" "-e" "RUSTUP_HOME=/opt/rustwide/rustup-home" "-e" "CARGO_TARGET_DIR=/opt/rustwide/target" "-e" "CARGO_INCREMENTAL=0" "-e" "RUST_BACKTRACE=full" "-e" "RUSTFLAGS=--cap-lints=warn" "-e" "RUSTDOCFLAGS=--cap-lints=warn" "-w" "/opt/rustwide/workdir" "--user" "0:0" "2dca84a22f3697f5890668dc963c2c541c352b769660c8a658dd6324e007a6eb" "/opt/rustwide/cargo-home/bin/cargo" "+1.97.0-beta.6" "test" "--frozen", kill_on_drop: false }`
[INFO] [stderr] warning: unused import: `fmt`
[INFO] [stdout] 
[INFO] [stderr]  --> src/sim.rs:1:11
[INFO] [stdout] running 1 test
[INFO] [stderr]   |
[INFO] [stderr] 1 | use std::{fmt, ops::Index};
[INFO] [stderr]   |           ^^^
[INFO] [stderr]   |
[INFO] [stderr]   = note: `#[warn(unused_imports)]` (part of `#[warn(unused)]`) on by default
[INFO] [stderr] 
[INFO] [stderr] warning: unused import: `ops::Index`
[INFO] [stderr]  --> src/sim.rs:1:16
[INFO] [stderr]   |
[INFO] [stderr] 1 | use std::{fmt, ops::Index};
[INFO] [stderr]   |                ^^^^^^^^^^
[INFO] [stderr] 
[INFO] [stderr] warning: constant `OUTPUT_FILE` is never used
[INFO] [stderr]  --> src/main.rs:5:7
[INFO] [stderr]   |
[INFO] [stderr] 5 | const OUTPUT_FILE: &str = "plot.png";
[INFO] [stderr]   |       ^^^^^^^^^^^
[INFO] [stderr]   |
[INFO] [stderr]   = note: `#[warn(dead_code)]` (part of `#[warn(unused)]`) on by default
[INFO] [stderr] 
[INFO] [stderr] warning: variant `Pressure` is never constructed
[INFO] [stderr]   --> src/sim.rs:12:5
[INFO] [stderr]    |
[INFO] [stderr] 11 | pub enum ChartType {
[INFO] [stderr]    |          --------- variant in this enum
[INFO] [stderr] 12 |     Pressure,
[INFO] [stderr]    |     ^^^^^^^^
[INFO] [stderr] 
[INFO] [stderr] warning: field `gravity` is never read
[INFO] [stderr]   --> src/sim.rs:18:9
[INFO] [stderr]    |
[INFO] [stderr] 16 | pub struct Paramaters {
[INFO] [stderr]    |            ---------- field in this struct
[INFO] [stderr] 17 |     pub rho: f64,
[INFO] [stderr] 18 |     pub gravity: f64,
[INFO] [stderr]    |         ^^^^^^^
[INFO] [stderr] 
[INFO] [stderr] warning: method `prograte_n_steps` is never used
[INFO] [stderr]    --> src/sim.rs:262:12
[INFO] [stderr]     |
[INFO] [stderr]  50 | impl Fluid {
[INFO] [stderr]     | ---------- method in this implementation
[INFO] [stderr] ...
[INFO] [stderr] 262 |     pub fn prograte_n_steps(&mut self, n: usize, timestep: f64) {
[INFO] [stderr]     |            ^^^^^^^^^^^^^^^^
[INFO] [stderr] 
[INFO] [stderr] warning: method `Water` should have a snake case name
[INFO] [stderr]   --> src/sim.rs:24:12
[INFO] [stderr]    |
[INFO] [stderr] 24 |     pub fn Water(velocity: f64) -> Self {
[INFO] [stderr]    |            ^^^^^ help: convert the identifier to snake case (notice the capitalization): `water`
[INFO] [stderr]    |
[INFO] [stderr]    = note: `#[warn(non_snake_case)]` (part of `#[warn(nonstandard_style)]`) on by default
[INFO] [stderr] 
[INFO] [stderr] warning: module `Test` should have a snake case name
[INFO] [stderr]    --> src/sim.rs:283:5
[INFO] [stderr]     |
[INFO] [stderr] 283 | mod Test {
[INFO] [stderr]     |     ^^^^ help: convert the identifier to snake case: `test`
[INFO] [stderr] 
[INFO] [stderr] warning: `structured_mesh` (bin "structured_mesh" test) generated 8 warnings (run `cargo fix --bin "structured_mesh" -p structured_mesh --tests` to apply 1 suggestion)
[INFO] [stderr]     Finished `test` profile [unoptimized + debuginfo] target(s) in 0.15s
[INFO] [stderr]      Running unittests src/main.rs (/opt/rustwide/target/debug/deps/structured_mesh-86ac84d44e61bb4f)
[INFO] [stdout] test sim::Test::test_map_color ... FAILED
[INFO] [stdout] 
[INFO] [stdout] failures:
[INFO] [stdout] 
[INFO] [stdout] ---- sim::Test::test_map_color stdout ----
[INFO] [stdout] 
[INFO] [stdout] thread 'sim::Test::test_map_color' (1135) panicked at src/sim.rs:287:9:
[INFO] [stdout] assertion `left == right` failed
[INFO] [stdout]   left: HSLColor(0.0, 1.0, 0.5)
[INFO] [stdout]  right: HSLColor(0.0, 1.0, 1.0)
[INFO] [stdout] stack backtrace:
[INFO] [stdout]    0:     0x6194e2d3d098 - std[10d71ac2c42b111e]::backtrace_rs::backtrace::libunwind::trace
[INFO] [stdout]                                at /rustc/b2282dd5646a57d570fc86fbe8df0e8826665ef6/library/std/src/../../backtrace/src/backtrace/libunwind.rs:117:9
[INFO] [stdout]    1:     0x6194e2d3d098 - std[10d71ac2c42b111e]::backtrace_rs::backtrace::trace_unsynchronized::<std[10d71ac2c42b111e]::sys::backtrace::_print_fmt::{closure#1}>
[INFO] [stdout]                                at /rustc/b2282dd5646a57d570fc86fbe8df0e8826665ef6/library/std/src/../../backtrace/src/backtrace/mod.rs:66:14
[INFO] [stdout]    2:     0x6194e2d3d098 - std[10d71ac2c42b111e]::sys::backtrace::_print_fmt
[INFO] [stdout]                                at /rustc/b2282dd5646a57d570fc86fbe8df0e8826665ef6/library/std/src/sys/backtrace.rs:74:9
[INFO] [stdout]    3:     0x6194e2d3d098 - <<std[10d71ac2c42b111e]::sys::backtrace::BacktraceLock>::print::DisplayBacktrace as core[8fb95b77d25ab6c8]::fmt::Display>::fmt
[INFO] [stdout]                                at /rustc/b2282dd5646a57d570fc86fbe8df0e8826665ef6/library/std/src/sys/backtrace.rs:44:26
[INFO] [stdout]    4:     0x6194e2d5147a - <core[8fb95b77d25ab6c8]::fmt::rt::Argument>::fmt
[INFO] [stdout]                                at /rustc/b2282dd5646a57d570fc86fbe8df0e8826665ef6/library/core/src/fmt/rt.rs:152:76
[INFO] [stdout]    5:     0x6194e2d5147a - core[8fb95b77d25ab6c8]::fmt::write
[INFO] [stdout]    6:     0x6194e2d418b2 - std[10d71ac2c42b111e]::io::default_write_fmt::<alloc[a7ee25936407c584]::vec::Vec<u8>>
[INFO] [stdout]                                at /rustc/b2282dd5646a57d570fc86fbe8df0e8826665ef6/library/std/src/io/mod.rs:622:11
[INFO] [stdout]    7:     0x6194e2d418b2 - <alloc[a7ee25936407c584]::vec::Vec<u8> as std[10d71ac2c42b111e]::io::Write>::write_fmt
[INFO] [stdout]                                at /rustc/b2282dd5646a57d570fc86fbe8df0e8826665ef6/library/std/src/io/mod.rs:1977:13
[INFO] [stdout]    8:     0x6194e2d1c256 - <std[10d71ac2c42b111e]::sys::backtrace::BacktraceLock>::print
[INFO] [stdout]                                at /rustc/b2282dd5646a57d570fc86fbe8df0e8826665ef6/library/std/src/sys/backtrace.rs:47:9
[INFO] [stdout]    9:     0x6194e2d1c256 - std[10d71ac2c42b111e]::panicking::default_hook::{closure#0}
[INFO] [stdout]                                at /rustc/b2282dd5646a57d570fc86fbe8df0e8826665ef6/library/std/src/panicking.rs:292:27
[INFO] [stdout]   10:     0x6194e2d355e9 - std[10d71ac2c42b111e]::panicking::default_hook
[INFO] [stdout]                                at /rustc/b2282dd5646a57d570fc86fbe8df0e8826665ef6/library/std/src/panicking.rs:316:9
[INFO] [stdout]   11:     0x6194e2cd0e4c - <alloc[a7ee25936407c584]::boxed::Box<dyn for<'a, 'b> core[8fb95b77d25ab6c8]::ops::function::Fn<(&'a std[10d71ac2c42b111e]::panic::PanicHookInfo<'b>,), Output = ()> + core[8fb95b77d25ab6c8]::marker::Sync + core[8fb95b77d25ab6c8]::marker::Send> as core[8fb95b77d25ab6c8]::ops::function::Fn<(&std[10d71ac2c42b111e]::panic::PanicHookInfo,)>>::call
[INFO] [stdout]                                at /rustc/b2282dd5646a57d570fc86fbe8df0e8826665ef6/library/alloc/src/boxed.rs:2289:9
[INFO] [stdout]   12:     0x6194e2cd0e4c - test[213991da798b1c03]::test_main_inner::<test[213991da798b1c03]::test_main_static::{closure#0}>::{closure#0}
[INFO] [stdout]                                at /rustc/b2282dd5646a57d570fc86fbe8df0e8826665ef6/library/test/src/lib.rs:155:21
[INFO] [stdout]   13:     0x6194e2d357a2 - <alloc[a7ee25936407c584]::boxed::Box<dyn for<'a, 'b> core[8fb95b77d25ab6c8]::ops::function::Fn<(&'a std[10d71ac2c42b111e]::panic::PanicHookInfo<'b>,), Output = ()> + core[8fb95b77d25ab6c8]::marker::Sync + core[8fb95b77d25ab6c8]::marker::Send> as core[8fb95b77d25ab6c8]::ops::function::Fn<(&std[10d71ac2c42b111e]::panic::PanicHookInfo,)>>::call
[INFO] [stdout]                                at /rustc/b2282dd5646a57d570fc86fbe8df0e8826665ef6/library/alloc/src/boxed.rs:2289:9
[INFO] [stdout]   14:     0x6194e2d357a2 - std[10d71ac2c42b111e]::panicking::panic_with_hook
[INFO] [stdout]                                at /rustc/b2282dd5646a57d570fc86fbe8df0e8826665ef6/library/std/src/panicking.rs:833:13
[INFO] [stdout]   15:     0x6194e2d1c312 - std[10d71ac2c42b111e]::panicking::panic_handler::{closure#0}
[INFO] [stdout]                                at /rustc/b2282dd5646a57d570fc86fbe8df0e8826665ef6/library/std/src/panicking.rs:698:13
[INFO] [stdout]   16:     0x6194e2d11519 - std[10d71ac2c42b111e]::sys::backtrace::__rust_end_short_backtrace::<std[10d71ac2c42b111e]::panicking::panic_handler::{closure#0}, !>
[INFO] [stdout]                                at /rustc/b2282dd5646a57d570fc86fbe8df0e8826665ef6/library/std/src/sys/backtrace.rs:182:18
[INFO] [stdout]   17:     0x6194e2d1d02d - __rustc[3be9ba60078d4c86]::rust_begin_unwind
[INFO] [stdout]                                at /rustc/b2282dd5646a57d570fc86fbe8df0e8826665ef6/library/std/src/panicking.rs:689:5
[INFO] [stdout]   18:     0x6194e2d51b6c - core[8fb95b77d25ab6c8]::panicking::panic_fmt
[INFO] [stdout]                                at /rustc/b2282dd5646a57d570fc86fbe8df0e8826665ef6/library/core/src/panicking.rs:80:14
[INFO] [stdout]   19:     0x6194e2d51a83 - core[8fb95b77d25ab6c8]::panicking::assert_failed_inner
[INFO] [stdout]                                at /rustc/b2282dd5646a57d570fc86fbe8df0e8826665ef6/library/core/src/panicking.rs:439:17
[INFO] [stderr] error: test failed, to rerun pass `--bin structured_mesh`
[INFO] [stdout]   20:     0x6194e2cc390d - core[8fb95b77d25ab6c8]::panicking::assert_failed::<plotters[40d4ce82a7771554]::style::color::HSLColor, plotters[40d4ce82a7771554]::style::color::HSLColor>
[INFO] [stdout]                                at /rustc/b2282dd5646a57d570fc86fbe8df0e8826665ef6/library/core/src/panicking.rs:394:5
[INFO] [stdout]   21:     0x6194e2cc3b8a - structured_mesh[2d75fcb672130f14]::sim::Test::test_map_color
[INFO] [stdout]                                at /opt/rustwide/workdir/src/sim.rs:287:9
[INFO] [stdout]   22:     0x6194e2cc3977 - structured_mesh[2d75fcb672130f14]::sim::Test::test_map_color::{closure#0}
[INFO] [stdout]                                at /opt/rustwide/workdir/src/sim.rs:286:24
[INFO] [stdout]   23:     0x6194e2cc3e86 - <structured_mesh[2d75fcb672130f14]::sim::Test::test_map_color::{closure#0} as core[8fb95b77d25ab6c8]::ops::function::FnOnce<()>>::call_once
[INFO] [stdout]                                at /rustc/b2282dd5646a57d570fc86fbe8df0e8826665ef6/library/core/src/ops/function.rs:250:5
[INFO] [stdout]   24:     0x6194e2cc3f2b - <fn() -> core[8fb95b77d25ab6c8]::result::Result<(), alloc[a7ee25936407c584]::string::String> as core[8fb95b77d25ab6c8]::ops::function::FnOnce<()>>::call_once
[INFO] [stdout]                                at /rustc/b2282dd5646a57d570fc86fbe8df0e8826665ef6/library/core/src/ops/function.rs:250:5
[INFO] [stdout]   25:     0x6194e2cc3f2b - test[213991da798b1c03]::__rust_begin_short_backtrace::<core[8fb95b77d25ab6c8]::result::Result<(), alloc[a7ee25936407c584]::string::String>, fn() -> core[8fb95b77d25ab6c8]::result::Result<(), alloc[a7ee25936407c584]::string::String>>
[INFO] [stdout]                                at /rustc/b2282dd5646a57d570fc86fbe8df0e8826665ef6/library/test/src/lib.rs:724:18
[INFO] [stdout]   26:     0x6194e2cd17a5 - test[213991da798b1c03]::run_test_in_process::{closure#0}
[INFO] [stdout]                                at /rustc/b2282dd5646a57d570fc86fbe8df0e8826665ef6/library/test/src/lib.rs:747:74
[INFO] [stdout]   27:     0x6194e2cd17a5 - <core[8fb95b77d25ab6c8]::panic::unwind_safe::AssertUnwindSafe<test[213991da798b1c03]::run_test_in_process::{closure#0}> as core[8fb95b77d25ab6c8]::ops::function::FnOnce<()>>::call_once
[INFO] [stdout]                                at /rustc/b2282dd5646a57d570fc86fbe8df0e8826665ef6/library/core/src/panic/unwind_safe.rs:275:9
[INFO] [stdout]   28:     0x6194e2cd17a5 - std[10d71ac2c42b111e]::panicking::catch_unwind::do_call::<core[8fb95b77d25ab6c8]::panic::unwind_safe::AssertUnwindSafe<test[213991da798b1c03]::run_test_in_process::{closure#0}>, core[8fb95b77d25ab6c8]::result::Result<(), alloc[a7ee25936407c584]::string::String>>
[INFO] [stdout]                                at /rustc/b2282dd5646a57d570fc86fbe8df0e8826665ef6/library/std/src/panicking.rs:581:40
[INFO] [stdout]   29:     0x6194e2cd17a5 - std[10d71ac2c42b111e]::panicking::catch_unwind::<core[8fb95b77d25ab6c8]::result::Result<(), alloc[a7ee25936407c584]::string::String>, core[8fb95b77d25ab6c8]::panic::unwind_safe::AssertUnwindSafe<test[213991da798b1c03]::run_test_in_process::{closure#0}>>
[INFO] [stdout]                                at /rustc/b2282dd5646a57d570fc86fbe8df0e8826665ef6/library/std/src/panicking.rs:544:19
[INFO] [stdout]   30:     0x6194e2cd17a5 - std[10d71ac2c42b111e]::panic::catch_unwind::<core[8fb95b77d25ab6c8]::panic::unwind_safe::AssertUnwindSafe<test[213991da798b1c03]::run_test_in_process::{closure#0}>, core[8fb95b77d25ab6c8]::result::Result<(), alloc[a7ee25936407c584]::string::String>>
[INFO] [stdout]                                at /rustc/b2282dd5646a57d570fc86fbe8df0e8826665ef6/library/std/src/panic.rs:359:14
[INFO] [stdout]   31:     0x6194e2cd17a5 - test[213991da798b1c03]::run_test_in_process
[INFO] [stdout]                                at /rustc/b2282dd5646a57d570fc86fbe8df0e8826665ef6/library/test/src/lib.rs:747:27
[INFO] [stdout]   32:     0x6194e2cd17a5 - test[213991da798b1c03]::run_test::{closure#0}
[INFO] [stdout]                                at /rustc/b2282dd5646a57d570fc86fbe8df0e8826665ef6/library/test/src/lib.rs:668:43
[INFO] [stdout]   33:     0x6194e2ccb0b4 - test[213991da798b1c03]::run_test::{closure#1}
[INFO] [stdout]                                at /rustc/b2282dd5646a57d570fc86fbe8df0e8826665ef6/library/test/src/lib.rs:698:41
[INFO] [stdout]   34:     0x6194e2ccb0b4 - std[10d71ac2c42b111e]::sys::backtrace::__rust_begin_short_backtrace::<test[213991da798b1c03]::run_test::{closure#1}, ()>
[INFO] [stdout]                                at /rustc/b2282dd5646a57d570fc86fbe8df0e8826665ef6/library/std/src/sys/backtrace.rs:166:18
[INFO] [stdout]   35:     0x6194e2cd4822 - std[10d71ac2c42b111e]::thread::lifecycle::spawn_unchecked::<test[213991da798b1c03]::run_test::{closure#1}, ()>::{closure#1}::{closure#0}
[INFO] [stdout]                                at /rustc/b2282dd5646a57d570fc86fbe8df0e8826665ef6/library/std/src/thread/lifecycle.rs:70:13
[INFO] [stdout]   36:     0x6194e2cd4822 - <core[8fb95b77d25ab6c8]::panic::unwind_safe::AssertUnwindSafe<std[10d71ac2c42b111e]::thread::lifecycle::spawn_unchecked<test[213991da798b1c03]::run_test::{closure#1}, ()>::{closure#1}::{closure#0}> as core[8fb95b77d25ab6c8]::ops::function::FnOnce<()>>::call_once
[INFO] [stdout]                                at /rustc/b2282dd5646a57d570fc86fbe8df0e8826665ef6/library/core/src/panic/unwind_safe.rs:275:9
[INFO] [stdout]   37:     0x6194e2cd4822 - std[10d71ac2c42b111e]::panicking::catch_unwind::do_call::<core[8fb95b77d25ab6c8]::panic::unwind_safe::AssertUnwindSafe<std[10d71ac2c42b111e]::thread::lifecycle::spawn_unchecked<test[213991da798b1c03]::run_test::{closure#1}, ()>::{closure#1}::{closure#0}>, ()>
[INFO] [stdout]                                at /rustc/b2282dd5646a57d570fc86fbe8df0e8826665ef6/library/std/src/panicking.rs:581:40
[INFO] [stdout]   38:     0x6194e2cd4822 - std[10d71ac2c42b111e]::panicking::catch_unwind::<(), core[8fb95b77d25ab6c8]::panic::unwind_safe::AssertUnwindSafe<std[10d71ac2c42b111e]::thread::lifecycle::spawn_unchecked<test[213991da798b1c03]::run_test::{closure#1}, ()>::{closure#1}::{closure#0}>>
[INFO] [stdout]                                at /rustc/b2282dd5646a57d570fc86fbe8df0e8826665ef6/library/std/src/panicking.rs:544:19
[INFO] [stdout]   39:     0x6194e2cd4822 - std[10d71ac2c42b111e]::panic::catch_unwind::<core[8fb95b77d25ab6c8]::panic::unwind_safe::AssertUnwindSafe<std[10d71ac2c42b111e]::thread::lifecycle::spawn_unchecked<test[213991da798b1c03]::run_test::{closure#1}, ()>::{closure#1}::{closure#0}>, ()>
[INFO] [stdout]                                at /rustc/b2282dd5646a57d570fc86fbe8df0e8826665ef6/library/std/src/panic.rs:359:14
[INFO] [stdout]   40:     0x6194e2cd4822 - std[10d71ac2c42b111e]::thread::lifecycle::spawn_unchecked::<test[213991da798b1c03]::run_test::{closure#1}, ()>::{closure#1}
[INFO] [stdout]                                at /rustc/b2282dd5646a57d570fc86fbe8df0e8826665ef6/library/std/src/thread/lifecycle.rs:68:26
[INFO] [stdout]   41:     0x6194e2cd4822 - <std[10d71ac2c42b111e]::thread::lifecycle::spawn_unchecked<test[213991da798b1c03]::run_test::{closure#1}, ()>::{closure#1} as core[8fb95b77d25ab6c8]::ops::function::FnOnce<()>>::call_once::{shim:vtable#0}
[INFO] [stdout]                                at /rustc/b2282dd5646a57d570fc86fbe8df0e8826665ef6/library/core/src/ops/function.rs:250:5
[INFO] [stdout]   42:     0x6194e2d3c9ff - <alloc[a7ee25936407c584]::boxed::Box<dyn core[8fb95b77d25ab6c8]::ops::function::FnOnce<(), Output = ()> + core[8fb95b77d25ab6c8]::marker::Send> as core[8fb95b77d25ab6c8]::ops::function::FnOnce<()>>::call_once
[INFO] [stdout]                                at /rustc/b2282dd5646a57d570fc86fbe8df0e8826665ef6/library/alloc/src/boxed.rs:2275:9
[INFO] [stdout]   43:     0x6194e2d3c9ff - <std[10d71ac2c42b111e]::sys::thread::unix::Thread>::new::thread_start
[INFO] [stdout]                                at /rustc/b2282dd5646a57d570fc86fbe8df0e8826665ef6/library/std/src/sys/thread/unix.rs:118:17
[INFO] [stdout]   44:     0x71a7137e7aa4 - <unknown>
[INFO] [stdout]   45:     0x71a713874a64 - clone
[INFO] [stdout]   46:                0x0 - <unknown>
[INFO] [stdout] 
[INFO] [stdout] 
[INFO] [stdout] failures:
[INFO] [stdout]     sim::Test::test_map_color
[INFO] [stdout] 
[INFO] [stdout] test result: FAILED. 0 passed; 1 failed; 0 ignored; 0 measured; 0 filtered out; finished in 0.04s
[INFO] [stdout] 
[INFO] running `Command { std: "docker" "inspect" "2dca84a22f3697f5890668dc963c2c541c352b769660c8a658dd6324e007a6eb", kill_on_drop: false }`
[INFO] running `Command { std: "docker" "rm" "-f" "2dca84a22f3697f5890668dc963c2c541c352b769660c8a658dd6324e007a6eb", kill_on_drop: false }`
[INFO] [stdout] 2dca84a22f3697f5890668dc963c2c541c352b769660c8a658dd6324e007a6eb
