[INFO] cloning repository https://github.com/jiangtaovan/tdxrs
[INFO] running `Command { std: "git" "-c" "credential.helper=" "-c" "credential.helper=/workspace/cargo-home/bin/git-credential-null" "clone" "--bare" "https://github.com/jiangtaovan/tdxrs" "/workspace/cache/git-repos/https%3A%2F%2Fgithub.com%2Fjiangtaovan%2Ftdxrs", kill_on_drop: false }`
[INFO] [stderr] Cloning into bare repository '/workspace/cache/git-repos/https%3A%2F%2Fgithub.com%2Fjiangtaovan%2Ftdxrs'...
[INFO] running `Command { std: "git" "rev-parse" "HEAD", kill_on_drop: false }`
[INFO] [stdout] 1bae68de6242624fda4a3c89f178eaad045dcc6a
[INFO] testing jiangtaovan/tdxrs against 1.97.0-beta.6 for beta-1.98-2
[INFO] running `Command { std: "git" "clone" "/workspace/cache/git-repos/https%3A%2F%2Fgithub.com%2Fjiangtaovan%2Ftdxrs" "/workspace/builds/worker-4-tc1/source", kill_on_drop: false }`
[INFO] [stderr] Cloning into '/workspace/builds/worker-4-tc1/source'...
[INFO] [stderr] done.
[INFO] started tweaking git repo https://github.com/jiangtaovan/tdxrs
[INFO] finished tweaking git repo https://github.com/jiangtaovan/tdxrs
[INFO] tweaked toml for git repo https://github.com/jiangtaovan/tdxrs written to /workspace/builds/worker-4-tc1/source/Cargo.toml
[INFO] validating manifest of git repo https://github.com/jiangtaovan/tdxrs on toolchain 1.97.0-beta.6
[INFO] running `Command { std: CARGO_HOME="/workspace/cargo-home" RUSTUP_HOME="/workspace/rustup-home" "/workspace/cargo-home/bin/cargo" "+1.97.0-beta.6" "metadata" "--manifest-path" "Cargo.toml" "--no-deps", kill_on_drop: false }`
[INFO] crate git repo https://github.com/jiangtaovan/tdxrs already has a lockfile, it will not be regenerated
[INFO] running `Command { std: CARGO_HOME="/workspace/cargo-home" RUSTUP_HOME="/workspace/rustup-home" "/workspace/cargo-home/bin/cargo" "+1.97.0-beta.6" "fetch" "--manifest-path" "Cargo.toml", kill_on_drop: false }`
[INFO] [stderr]  Downloading crates ...
[INFO] [stderr]   Downloaded wasm-bindgen-macro v0.2.120
[INFO] [stderr]   Downloaded wasm-bindgen-shared v0.2.120
[INFO] [stderr]   Downloaded wasm-bindgen v0.2.120
[INFO] [stderr]   Downloaded wasm-bindgen-macro-support v0.2.120
[INFO] [stderr]   Downloaded js-sys v0.3.97
[INFO] [stderr]   Downloaded web-sys v0.3.97
[INFO] running `Command { std: "docker" "create" "-v" "/var/lib/crater-agent-workspace/builds/worker-4-tc1/source:/opt/rustwide/workdir:ro,Z" "-v" "/var/lib/crater-agent-workspace/builds/worker-4-tc1/target:/opt/rustwide/target:rw,Z" "-v" "/var/lib/crater-agent-workspace/cargo-home:/opt/rustwide/cargo-home:ro,Z" "-v" "/var/lib/crater-agent-workspace/rustup-home:/opt/rustwide/rustup-home:ro,Z" "-m" "1610612736" "--network" "none" "ghcr.io/rust-lang/crates-build-env/linux@sha256:3d5ced03c013a94a2f102a4510f48a6e9184255caf5fd8244f58017bde7f5210" "sleep" "infinity", kill_on_drop: false }`
[INFO] [stdout] eed21bd627ee6e889ef1f61c17d5cdecfa4d375c2501debc0f43b2c5a99e7e91
[INFO] running `Command { std: "docker" "start" "eed21bd627ee6e889ef1f61c17d5cdecfa4d375c2501debc0f43b2c5a99e7e91", kill_on_drop: false }`
[INFO] running `Command { std: "docker" "inspect" "eed21bd627ee6e889ef1f61c17d5cdecfa4d375c2501debc0f43b2c5a99e7e91", kill_on_drop: false }`
[INFO] running `Command { std: "docker" "exec" "-e" "SOURCE_DIR=/opt/rustwide/workdir" "-e" "CARGO_HOME=/opt/rustwide/cargo-home" "-e" "RUSTUP_HOME=/opt/rustwide/rustup-home" "-e" "CARGO_TARGET_DIR=/opt/rustwide/target" "-w" "/opt/rustwide/workdir" "--user" "0:0" "eed21bd627ee6e889ef1f61c17d5cdecfa4d375c2501debc0f43b2c5a99e7e91" "/opt/rustwide/cargo-home/bin/cargo" "+1.97.0-beta.6" "metadata" "--no-deps" "--format-version=1", kill_on_drop: false }`
[INFO] running `Command { std: "docker" "inspect" "eed21bd627ee6e889ef1f61c17d5cdecfa4d375c2501debc0f43b2c5a99e7e91", kill_on_drop: false }`
[INFO] running `Command { std: "docker" "exec" "-e" "SOURCE_DIR=/opt/rustwide/workdir" "-e" "CARGO_HOME=/opt/rustwide/cargo-home" "-e" "RUSTUP_HOME=/opt/rustwide/rustup-home" "-e" "CARGO_TARGET_DIR=/opt/rustwide/target" "-e" "CARGO_INCREMENTAL=0" "-e" "RUST_BACKTRACE=full" "-e" "RUSTFLAGS=--cap-lints=warn" "-e" "RUSTDOCFLAGS=--cap-lints=warn" "-w" "/opt/rustwide/workdir" "--user" "0:0" "eed21bd627ee6e889ef1f61c17d5cdecfa4d375c2501debc0f43b2c5a99e7e91" "/opt/rustwide/cargo-home/bin/cargo" "+1.97.0-beta.6" "build" "--frozen" "--message-format=json", kill_on_drop: false }`
[INFO] [stderr]    Compiling target-lexicon v0.13.5
[INFO] [stderr]    Compiling memchr v2.8.0
[INFO] [stderr]    Compiling simd-adler32 v0.3.9
[INFO] [stderr]    Compiling regex-syntax v0.8.10
[INFO] [stderr]    Compiling thiserror v2.0.18
[INFO] [stderr]    Compiling thiserror-impl v2.0.18
[INFO] [stderr]    Compiling tokio v1.52.1
[INFO] [stderr]    Compiling serde v1.0.228
[INFO] [stderr]    Compiling miniz_oxide v0.8.9
[INFO] [stderr]    Compiling aho-corasick v1.1.4
[INFO] [stderr]    Compiling serde_json v1.0.149
[INFO] [stderr]    Compiling flate2 v1.1.9
[INFO] [stderr]    Compiling pyo3-build-config v0.28.3
[INFO] [stderr]    Compiling pyo3-ffi v0.28.3
[INFO] [stderr]    Compiling pyo3-macros-backend v0.28.3
[INFO] [stderr]    Compiling pyo3 v0.28.3
[INFO] [stderr]    Compiling regex-automata v0.4.14
[INFO] [stderr]    Compiling regex v1.12.3
[INFO] [stderr]    Compiling pyo3-macros v0.28.3
[INFO] [stderr]    Compiling tdxrs v0.6.5 (/opt/rustwide/workdir)
[INFO] [stderr]     Finished `dev` profile [unoptimized + debuginfo] target(s) in 32.81s
[INFO] running `Command { std: "docker" "inspect" "eed21bd627ee6e889ef1f61c17d5cdecfa4d375c2501debc0f43b2c5a99e7e91", kill_on_drop: false }`
[INFO] running `Command { std: "docker" "exec" "-e" "SOURCE_DIR=/opt/rustwide/workdir" "-e" "CARGO_HOME=/opt/rustwide/cargo-home" "-e" "RUSTUP_HOME=/opt/rustwide/rustup-home" "-e" "CARGO_TARGET_DIR=/opt/rustwide/target" "-e" "CARGO_INCREMENTAL=0" "-e" "RUST_BACKTRACE=full" "-e" "RUSTFLAGS=--cap-lints=warn" "-e" "RUSTDOCFLAGS=--cap-lints=warn" "-w" "/opt/rustwide/workdir" "--user" "0:0" "eed21bd627ee6e889ef1f61c17d5cdecfa4d375c2501debc0f43b2c5a99e7e91" "/opt/rustwide/cargo-home/bin/cargo" "+1.97.0-beta.6" "test" "--frozen" "--no-run" "--message-format=json", kill_on_drop: false }`
[INFO] [stderr]    Compiling crossbeam-utils v0.8.21
[INFO] [stderr]    Compiling serde v1.0.228
[INFO] [stderr]    Compiling zerocopy v0.8.48
[INFO] [stderr]    Compiling rayon-core v1.13.0
[INFO] [stderr]    Compiling either v1.15.0
[INFO] [stderr]    Compiling ciborium-io v0.2.2
[INFO] [stderr]    Compiling serde_json v1.0.149
[INFO] [stderr]    Compiling plotters-backend v0.3.7
[INFO] [stderr]    Compiling zerocopy-derive v0.8.48
[INFO] [stderr]    Compiling getrandom v0.4.2
[INFO] [stderr]    Compiling clap_builder v4.6.0
[INFO] [stderr]    Compiling rustix v1.1.4
[INFO] [stderr]    Compiling linux-raw-sys v0.12.1
[INFO] [stderr]    Compiling cast v0.3.0
[INFO] [stderr]    Compiling bitflags v2.11.1
[INFO] [stderr]    Compiling is-terminal v0.4.17
[INFO] [stderr]    Compiling oorandom v11.1.5
[INFO] [stderr]    Compiling anes v0.1.6
[INFO] [stderr]    Compiling fastrand v2.4.1
[INFO] [stderr]    Compiling plotters-svg v0.3.7
[INFO] [stderr]    Compiling plotters v0.3.7
[INFO] [stderr]    Compiling itertools v0.10.5
[INFO] [stderr]    Compiling crossbeam-epoch v0.9.18
[INFO] [stderr]    Compiling tinytemplate v1.2.1
[INFO] [stderr]    Compiling crossbeam-deque v0.8.6
[INFO] [stderr]    Compiling tdxrs v0.6.5 (/opt/rustwide/workdir)
[INFO] [stderr]    Compiling rayon v1.12.0
[INFO] [stderr]    Compiling tempfile v3.27.0
[INFO] [stderr]    Compiling criterion-plot v0.5.0
[INFO] [stderr]    Compiling clap v4.6.1
[INFO] [stderr]    Compiling half v2.7.1
[INFO] [stderr]    Compiling ciborium-ll v0.2.2
[INFO] [stderr]    Compiling ciborium v0.2.2
[INFO] [stderr]    Compiling criterion v0.5.1
[INFO] [stdout] warning: unused import: `std::path::Path`
[INFO] [stdout]  --> tests/validate_readers.rs:2:5
[INFO] [stdout]   |
[INFO] [stdout] 2 | use std::path::Path;
[INFO] [stdout]   |     ^^^^^^^^^^^^^^^
[INFO] [stdout]   |
[INFO] [stdout]   = note: `#[warn(unused_imports)]` (part of `#[warn(unused)]`) on by default
[INFO] [stdout] 
[INFO] [stdout] 
[INFO] [stderr]     Finished `test` profile [unoptimized + debuginfo] target(s) in 34.00s
[INFO] running `Command { std: "docker" "inspect" "eed21bd627ee6e889ef1f61c17d5cdecfa4d375c2501debc0f43b2c5a99e7e91", kill_on_drop: false }`
[INFO] running `Command { std: "docker" "exec" "-e" "SOURCE_DIR=/opt/rustwide/workdir" "-e" "CARGO_HOME=/opt/rustwide/cargo-home" "-e" "RUSTUP_HOME=/opt/rustwide/rustup-home" "-e" "CARGO_TARGET_DIR=/opt/rustwide/target" "-e" "CARGO_INCREMENTAL=0" "-e" "RUST_BACKTRACE=full" "-e" "RUSTFLAGS=--cap-lints=warn" "-e" "RUSTDOCFLAGS=--cap-lints=warn" "-w" "/opt/rustwide/workdir" "--user" "0:0" "eed21bd627ee6e889ef1f61c17d5cdecfa4d375c2501debc0f43b2c5a99e7e91" "/opt/rustwide/cargo-home/bin/cargo" "+1.97.0-beta.6" "test" "--frozen", kill_on_drop: false }`
[INFO] [stderr] warning: unused import: `std::path::Path`
[INFO] [stderr]  --> tests/validate_readers.rs:2:5
[INFO] [stderr]   |
[INFO] [stderr] 2 | use std::path::Path;
[INFO] [stderr]   |     ^^^^^^^^^^^^^^^
[INFO] [stderr]   |
[INFO] [stderr]   = note: `#[warn(unused_imports)]` (part of `#[warn(unused)]`) on by default
[INFO] [stderr] 
[INFO] [stderr] warning: `tdxrs` (test "validate_readers") generated 1 warning (run `cargo fix --test "validate_readers" -p tdxrs` to apply 1 suggestion)
[INFO] [stderr]     Finished `test` profile [unoptimized + debuginfo] target(s) in 0.23s
[INFO] [stderr]      Running unittests src/lib.rs (/opt/rustwide/target/debug/deps/tdxrs-b6ed99a05ed39004)
[INFO] [stdout] 
[INFO] [stdout] running 196 tests
[INFO] [stdout] test block::client::tests::test_kline_limit_1min_disabled ... ok
[INFO] [stdout] test block::client::tests::test_kline_limit_daily ... ok
[INFO] [stdout] test block::client::tests::test_with_default ... ok
[INFO] [stdout] test block::query::tests::test_block_type_from_str ... ok
[INFO] [stdout] test block::client::tests::test_new_client ... ok
[INFO] [stdout] test block::query::tests::test_get_block_constituents ... ok
[INFO] [stdout] test block::query::tests::test_get_block_constituents_not_found ... ok
[INFO] [stdout] test block::query::tests::test_index_code_lookup ... ok
[INFO] [stdout] test block::query::tests::test_get_index_constituents_unknown ... ok
[INFO] [stdout] test constants::tests::test_decode_date ... ok
[INFO] [stdout] test constants::tests::test_decode_date_u16 ... ok
[INFO] [stdout] test block::query::tests::test_search_blocks_empty_keyword ... ok
[INFO] [stdout] test block::query::tests::test_list_blocks ... ok
[INFO] [stdout] test block::query::tests::test_search_blocks_long_keyword ... ok
[INFO] [stdout] test constants::tests::test_max_valid_year_range ... ok
[INFO] [stdout] test error_codes::tests::test_is_index_code ... ok
[INFO] [stdout] test error_codes::tests::test_is_stock_code ... ok
[INFO] [stdout] test constants::tests::test_format_datetime ... ok
[INFO] [stdout] test constants::tests::test_format_date ... ok
[INFO] [stdout] test fund::client::tests::test_fund_client_default ... ok
[INFO] [stdout] test fund::client::tests::test_fund_client_creation ... ok
[INFO] [stdout] test fund::client::tests::test_get_fund_bars_invalid_code ... ok
[INFO] [stdout] test block::query::tests::test_get_index_constituents ... ok
[INFO] [stdout] test error_codes::tests::test_classify_code ... ok
[INFO] [stdout] test fund::client::tests::test_get_fund_finance_info_invalid_code ... ok
[INFO] [stdout] test fund::constants::tests::test_classify_fund_bond ... ok
[INFO] [stdout] test constants::tests::test_max_valid_year_is_cached ... ok
[INFO] [stdout] test fund::client::tests::test_get_fund_quotes_invalid_code ... ok
[INFO] [stdout] test fund::constants::tests::test_classify_fund_lof ... ok
[INFO] [stdout] test fund::client::tests::test_get_fund_xdxr_info_invalid_code ... ok
[INFO] [stdout] test fund::constants::tests::test_classify_fund_open_end ... ok
[INFO] [stdout] test fund::constants::tests::test_auto_market_code ... ok
[INFO] [stdout] test block::client::tests::test_kline_limit_5min ... ok
[INFO] [stdout] test fund::constants::tests::test_classify_fund_other ... ok
[INFO] [stdout] test block::client::tests::test_kline_limit_60min ... ok
[INFO] [stdout] test fund::constants::tests::test_classify_fund_reits ... ok
[INFO] [stdout] test fund::constants::tests::test_classify_fund_etf ... ok
[INFO] [stdout] test error_codes::tests::test_coded_error_format ... ok
[INFO] [stdout] test fund::constants::tests::test_classify_fund_structured ... ok
[INFO] [stdout] test fund::constants::tests::test_fund_type_name ... ok
[INFO] [stdout] test fund::types::tests::test_fund_bar_creation ... ok
[INFO] [stdout] test fund::constants::tests::test_is_fund ... ok
[INFO] [stdout] test error_codes::tests::test_error_code_range_no_overlap ... ok
[INFO] [stdout] test fund::types::tests::test_fund_info_creation ... ok
[INFO] [stdout] test block::query::tests::test_search_blocks ... ok
[INFO] [stdout] test helpers::tests::test_get_price_max_negative_single_byte ... ok
[INFO] [stdout] test fund::types::tests::test_fund_quote_creation ... ok
[INFO] [stdout] test error_codes::tests::test_error_code_display ... ok
[INFO] [stdout] test fund::utils::tests::test_validate_fund_code ... ok
[INFO] [stdout] test helpers::tests::test_get_price_max_single_byte ... ok
[INFO] [stdout] test helpers::tests::test_get_price_multi_byte ... ok
[INFO] [stdout] test error_codes::tests::test_is_block_code ... ok
[INFO] [stdout] test net::async_client::tests::test_async_client_creation ... ok
[INFO] [stdout] test net::async_client::tests::test_async_client_custom_pool_size ... ok
[INFO] [stdout] test fund::utils::tests::test_validate_fund_stocks ... ok
[INFO] [stdout] test helpers::tests::test_get_price_negative ... ok
[INFO] [stdout] test helpers::tests::test_get_price_out_of_bounds ... ok
[INFO] [stdout] test net::async_client::tests::test_async_client_min_pool_size ... ok
[INFO] [stdout] test helpers::tests::test_get_price_simple ... ok
[INFO] [stdout] test net::async_client::tests::test_async_client_disconnect_empty ... ok
[INFO] [stdout] test net::async_client::tests::test_async_client_not_connected ... ok
[INFO] [stdout] test helpers::tests::test_get_price_zero ... ok
[INFO] [stdout] test helpers::tests::test_get_volume_simple ... ok
[INFO] [stdout] test helpers::tests::test_get_volume_zero ... ok
[INFO] [stdout] test logging::tests::test_macros_dont_panic ... ok
[INFO] [stdout] test logging::tests::test_default_level ... ok
[INFO] [stdout] test logging::tests::test_level_str ... ok
[INFO] [stdout] test helpers::tests::test_get_price_three_bytes ... ok
[INFO] [stdout] test net::async_client::tests::test_async_rate_limiter_no_delay_first_call ... ok
[INFO] [stdout] test net::async_client::tests::test_client_set_phase ... ok
[INFO] [stdout] test net::async_client::tests::test_async_rate_limiter_set_rps_zero_disables ... ok
[INFO] [stdout] test net::async_client::tests::test_detect_trading_phase_returns_valid ... ok
[INFO] [stdout] test helpers::tests::test_get_price_with_offset ... ok
[INFO] [stdout] test net::async_client::tests::test_channel_multiple_sequential_mock ... ok
[INFO] [stdout] test net::async_client::tests::test_channel_roundtrip_mock ... ok
[INFO] [stdout] test net::async_client::tests::test_disconnect_clears_pool ... ok
[INFO] [stdout] test logging::tests::test_set_level ... ok
[INFO] [stdout] test net::async_client::tests::test_disconnect_stops_heartbeat ... ok
[INFO] [stdout] test net::async_client::tests::test_client_auto_detect_phase ... ok
[INFO] [stdout] test net::finance_client::tests::test_new_client ... ok
[INFO] [stdout] test net::finance_client::tests::test_cache_dir_set_get ... ok
[INFO] [stdout] test net::finance_client::tests::test_cache_hit_and_expiry ... ok
[INFO] [stdout] test net::finance_client::tests::test_new_client_custom_timeout ... ok
[INFO] [stdout] test net::async_client::tests::test_heartbeat_start_and_stop ... ok
[INFO] [stdout] test net::async_client::tests::test_channel_concurrent_mock ... ok
[INFO] [stdout] test net::finance_client::tests::test_set_server ... ok
[INFO] [stdout] test net::finance_client::tests::test_set_timeout ... ok
[INFO] [stdout] test net::packet::tests::test_parse_header_basic ... ok
[INFO] [stdout] test net::packet::tests::test_parse_header_equal_sizes ... ok
[INFO] [stdout] test net::packet::tests::test_parse_header_empty ... ok
[INFO] [stdout] test net::async_client::tests::test_pool_round_robin ... ok
[INFO] [stdout] test net::pool::tests::test_pool_config_default ... ok
[INFO] [stdout] test net::pool::tests::test_pool_borrow_failure_no_server ... ok
[INFO] [stdout] test net::pool::tests::test_pool_stats_initial ... ok
[INFO] [stdout] test net::pool::tests::test_pool_close_all ... ok
[INFO] [stdout] test net::packet::tests::test_parse_header_too_short ... ok
[INFO] [stdout] test net::packet::tests::test_parse_header_large_values ... ok
[INFO] [stdout] test net::async_client::tests::test_pool_concurrent_4_connections ... ok
[INFO] [stdout] test net::utils::tests::test_auto_market ... ok
[INFO] [stdout] test net::utils::tests::test_build_index_bars_packet ... ok
[INFO] [stdout] test net::utils::tests::test_build_security_bars_packet ... ok
[INFO] [stdout] test net::utils::tests::test_code_bytes_full ... ok
[INFO] [stdout] test net::utils::tests::test_code_bytes_long ... ok
[INFO] [stdout] test net::utils::tests::test_code_bytes_short ... ok
[INFO] [stdout] test net::utils::tests::test_detect_trading_phase_returns_valid ... ok
[INFO] [stdout] test net::utils::tests::test_encode_gbk ... ok
[INFO] [stdout] test net::utils::tests::test_rate_limiter_cap_at_200 ... ok
[INFO] [stdout] test net::utils::tests::test_fetch_context_empty_bars ... ok
[INFO] [stdout] test net::utils::tests::test_rate_limiter_phase_pre_post ... ok
[INFO] [stdout] test net::utils::tests::test_rate_limiter_disable ... ok
[INFO] [stdout] test net::utils::tests::test_rate_limiter_phase_trading ... ok
[INFO] [stdout] test net::utils::tests::test_rate_limiter_set_200_exact ... ok
[INFO] [stdout] test net::utils::tests::test_encode_gbk_padded ... ok
[INFO] [stdout] test net::utils::tests::test_rate_limiter_set_below_cap ... ok
[INFO] [stdout] test net::utils::tests::test_rate_limiter_wait_no_delay_when_disabled ... ok
[INFO] [stdout] test net::utils::tests::test_rate_limiter_phase_closed ... ok
[INFO] [stdout] test profile::parser::tests::test_decode_gbk_string ... ok
[INFO] [stdout] test profile::parser::tests::test_decode_gbk_string_empty ... ok
[INFO] [stdout] test profile::parser::tests::test_parse_category_empty ... ok
[INFO] [stdout] test profile::parser::tests::test_parse_category_invalid_length ... ok
[INFO] [stdout] test profile::parser::tests::test_decode_gbk_string_with_null ... ok
[INFO] [stdout] test profile::parser::tests::test_parse_content_invalid_length ... ok
[INFO] [stdout] test profile::parser::tests::test_parse_content_empty ... ok
[INFO] [stdout] test profile::parser::tests::test_parse_content_with_text ... ok
[INFO] [stdout] test profile::parser::tests::test_parse_category_one_entry ... ok
[INFO] [stdout] test net::async_client::tests::test_async_rate_limiter_set_rps ... ok
[INFO] [stdout] test net::utils::tests::test_decompress_zlib_invalid ... ok
[INFO] [stdout] test net::utils::tests::test_decompress_zlib_no_data ... ok
[INFO] [stdout] test profile::types::tests::test_f10_content_new ... ok
[INFO] [stdout] test profile::types::tests::test_f10_content_summary ... ok
[INFO] [stdout] test protocol::adjuster::tests::test_adjust_context_hfq ... ok
[INFO] [stdout] test protocol::adjuster::tests::test_calc_qfq_factor_bonus ... ok
[INFO] [stdout] test protocol::adjuster::tests::test_adjust_no_event ... ok
[INFO] [stdout] test protocol::adjuster::tests::test_calc_qfq_factor_cash_div ... ok
[INFO] [stdout] test profile::types::tests::test_f10_category_new ... ok
[INFO] [stdout] test protocol::adjuster::tests::test_find_close_before_fallback_to_context ... ok
[INFO] [stdout] test protocol::finance_fields::tests::test_extract_indicators_empty ... ok
[INFO] [stdout] test protocol::parsers::tests::test_block_meta_short ... ok
[INFO] [stdout] test profile::types::tests::test_f10_data ... ok
[INFO] [stdout] test protocol::finance_fields::tests::test_validate_fields_len ... ok
[INFO] [stdout] test profile::parser_f10::tests::test_parse_basic_info ... ok
[INFO] [stdout] test protocol::parsers::tests::test_block_info_empty ... ok
[INFO] [stdout] test protocol::parsers::tests::test_block_info_short_header ... ok
[INFO] [stdout] test protocol::parsers::tests::test_block_meta_valid ... ok
[INFO] [stdout] test protocol::parsers::tests::test_finance_valid ... ok
[INFO] [stdout] test protocol::parsers::tests::test_finance_empty ... ok
[INFO] [stdout] test protocol::parsers::tests::test_finance_short ... ok
[INFO] [stdout] test protocol::parsers::tests::test_history_minute_time_short_header ... ok
[INFO] [stdout] test profile::parser_f10::tests::test_parse_sections ... ok
[INFO] [stdout] test protocol::parsers::tests::test_index_bars_truncated ... ok
[INFO] [stdout] test protocol::parsers::tests::test_index_bars_zero_count ... ok
[INFO] [stdout] test protocol::parsers::tests::test_minute_time_empty ... ok
[INFO] [stdout] test protocol::finance_fields::tests::test_extract_indicators_values ... ok
[INFO] [stdout] test protocol::parsers::tests::test_block_info_valid ... ok
[INFO] [stdout] test protocol::parsers::tests::test_minute_time_too_short ... ok
[INFO] [stdout] test protocol::parsers::tests::test_minute_time_zero_count ... ok
[INFO] [stdout] test protocol::parsers::tests::test_quotes_empty ... ok
[INFO] [stdout] test protocol::parsers::tests::test_quotes_too_short ... ok
[INFO] [stdout] test protocol::parsers::tests::test_quotes_zero_count ... ok
[INFO] [stdout] test protocol::parsers::tests::test_security_bars_empty ... ok
[INFO] [stdout] test protocol::parsers::tests::test_security_bars_truncated ... ok
[INFO] [stdout] test protocol::parsers::tests::test_block_meta_empty ... ok
[INFO] [stdout] test protocol::parsers::tests::test_history_transaction_short ... ok
[INFO] [stdout] test protocol::parsers::tests::test_security_bars_daily_format ... ok
[INFO] [stdout] test protocol::parsers::tests::test_index_bars_empty ... ok
[INFO] [stdout] test protocol::parsers::tests::test_security_bars_zero_count ... ok
[INFO] [stdout] test protocol::parsers::tests::test_security_count_empty ... ok
[INFO] [stdout] test protocol::parsers::tests::test_history_minute_time_empty ... ok
[INFO] [stdout] test protocol::parsers::tests::test_security_count_one_byte ... ok
[INFO] [stdout] test protocol::parsers::tests::test_security_count_zero ... ok
[INFO] [stdout] test protocol::parsers::tests::test_security_list_empty_body ... ok
[INFO] [stdout] test protocol::parsers::tests::test_security_list_zero_count ... ok
[INFO] [stdout] test protocol::parsers::tests::test_security_list_one_record ... ok
[INFO] [stdout] test protocol::parsers::tests::test_security_count_normal ... ok
[INFO] [stdout] test protocol::parsers::tests::test_history_transaction_empty_body ... ok
[INFO] [stdout] test protocol::parsers::tests::test_security_list_one_byte ... ok
[INFO] [stdout] test protocol::parsers::tests::test_transaction_one_byte ... ok
[INFO] [stdout] test protocol::parsers::tests::test_transaction_zero_count ... ok
[INFO] [stdout] test protocol::parsers::tests::test_xdxr_empty ... ok
[INFO] [stdout] test protocol::parsers::tests::test_xdxr_short ... ok
[INFO] [stdout] test protocol::parsers::tests::test_xdxr_zero_count ... ok
[INFO] [stdout] test reader::block::tests::test_parse_block_flat ... ok
[INFO] [stdout] test reader::block::tests::test_parse_block_group ... ok
[INFO] [stdout] test protocol::parsers::tests::test_security_list_truncated_record ... ok
[INFO] [stdout] test reader::block::tests::test_read_block_file ... ok
[INFO] [stdout] test protocol::parsers::tests::test_transaction_empty ... ok
[INFO] [stdout] test reader::financial::tests::test_read_financial_file ... ok
[INFO] [stdout] test reader::min_bar::tests::test_parse_min_bar ... ok
[INFO] [stdout] test reader::financial::tests::test_parse_financial ... ok
[INFO] [stdout] test reader::min_bar::tests::test_parse_lc_min_bar ... ok
[INFO] [stdout] test reader::daily_bar::tests::test_parse_daily_bar ... ok
[INFO] [stdout] test net::async_client::tests::test_async_rate_limiter_delays_second_call ... ok
[INFO] [stdout] test net::async_client::tests::test_closed_channel_detected ... ok
[INFO] [stdout] test net::async_client::tests::test_disconnect_then_send_fails ... ok
[INFO] [stdout] test net::async_client::tests::test_async_client_send_when_disconnected ... ok
[INFO] [stdout] test net::async_client::tests::test_heartbeat_marks_dead_on_closed_channel ... ok
[INFO] [stdout] 
[INFO] [stdout] test result: ok. 196 passed; 0 failed; 0 ignored; 0 measured; 0 filtered out; finished in 11.01s
[INFO] [stdout] 
[INFO] [stderr]      Running tests/net_test.rs (/opt/rustwide/target/debug/deps/net_test-f8d9afcbaaecc574)
[INFO] [stdout] 
[INFO] [stdout] running 1 test
[INFO] [stderr] error: test failed, to rerun pass `--test net_test`
[INFO] [stdout] test test_raw_connection ... FAILED
[INFO] [stdout] 
[INFO] [stdout] failures:
[INFO] [stdout] 
[INFO] [stdout] ---- test_raw_connection stdout ----
[INFO] [stdout] 
[INFO] [stdout] thread 'test_raw_connection' (1527) panicked at tests/net_test.rs:45:62:
[INFO] [stdout] called `Result::unwrap()` on an `Err` value: Os { code: 101, kind: NetworkUnreachable, message: "Network is unreachable" }
[INFO] [stdout] stack backtrace:
[INFO] [stdout]    0:     0x5ac7c56c3ff8 - std[10d71ac2c42b111e]::backtrace_rs::backtrace::libunwind::trace
[INFO] [stdout]                                at /rustc/b2282dd5646a57d570fc86fbe8df0e8826665ef6/library/std/src/../../backtrace/src/backtrace/libunwind.rs:117:9
[INFO] [stdout]    1:     0x5ac7c56c3ff8 - std[10d71ac2c42b111e]::backtrace_rs::backtrace::trace_unsynchronized::<std[10d71ac2c42b111e]::sys::backtrace::_print_fmt::{closure#1}>
[INFO] [stdout]                                at /rustc/b2282dd5646a57d570fc86fbe8df0e8826665ef6/library/std/src/../../backtrace/src/backtrace/mod.rs:66:14
[INFO] [stdout]    2:     0x5ac7c56c3ff8 - std[10d71ac2c42b111e]::sys::backtrace::_print_fmt
[INFO] [stdout]                                at /rustc/b2282dd5646a57d570fc86fbe8df0e8826665ef6/library/std/src/sys/backtrace.rs:74:9
[INFO] [stdout]    3:     0x5ac7c56c3ff8 - <<std[10d71ac2c42b111e]::sys::backtrace::BacktraceLock>::print::DisplayBacktrace as core[8fb95b77d25ab6c8]::fmt::Display>::fmt
[INFO] [stdout]                                at /rustc/b2282dd5646a57d570fc86fbe8df0e8826665ef6/library/std/src/sys/backtrace.rs:44:26
[INFO] [stdout]    4:     0x5ac7c56d8d7a - <core[8fb95b77d25ab6c8]::fmt::rt::Argument>::fmt
[INFO] [stdout]                                at /rustc/b2282dd5646a57d570fc86fbe8df0e8826665ef6/library/core/src/fmt/rt.rs:152:76
[INFO] [stdout]    5:     0x5ac7c56d8d7a - core[8fb95b77d25ab6c8]::fmt::write
[INFO] [stdout]    6:     0x5ac7c56c8c62 - std[10d71ac2c42b111e]::io::default_write_fmt::<alloc[a7ee25936407c584]::vec::Vec<u8>>
[INFO] [stdout]                                at /rustc/b2282dd5646a57d570fc86fbe8df0e8826665ef6/library/std/src/io/mod.rs:622:11
[INFO] [stdout]    7:     0x5ac7c56c8c62 - <alloc[a7ee25936407c584]::vec::Vec<u8> as std[10d71ac2c42b111e]::io::Write>::write_fmt
[INFO] [stdout]                                at /rustc/b2282dd5646a57d570fc86fbe8df0e8826665ef6/library/std/src/io/mod.rs:1977:13
[INFO] [stdout]    8:     0x5ac7c56a2ad6 - <std[10d71ac2c42b111e]::sys::backtrace::BacktraceLock>::print
[INFO] [stdout]                                at /rustc/b2282dd5646a57d570fc86fbe8df0e8826665ef6/library/std/src/sys/backtrace.rs:47:9
[INFO] [stdout]    9:     0x5ac7c56a2ad6 - std[10d71ac2c42b111e]::panicking::default_hook::{closure#0}
[INFO] [stdout]                                at /rustc/b2282dd5646a57d570fc86fbe8df0e8826665ef6/library/std/src/panicking.rs:292:27
[INFO] [stdout]   10:     0x5ac7c56bc239 - std[10d71ac2c42b111e]::panicking::default_hook
[INFO] [stdout]                                at /rustc/b2282dd5646a57d570fc86fbe8df0e8826665ef6/library/std/src/panicking.rs:316:9
[INFO] [stdout]   11:     0x5ac7c56405bc - <alloc[a7ee25936407c584]::boxed::Box<dyn for<'a, 'b> core[8fb95b77d25ab6c8]::ops::function::Fn<(&'a std[10d71ac2c42b111e]::panic::PanicHookInfo<'b>,), Output = ()> + core[8fb95b77d25ab6c8]::marker::Sync + core[8fb95b77d25ab6c8]::marker::Send> as core[8fb95b77d25ab6c8]::ops::function::Fn<(&std[10d71ac2c42b111e]::panic::PanicHookInfo,)>>::call
[INFO] [stdout]                                at /rustc/b2282dd5646a57d570fc86fbe8df0e8826665ef6/library/alloc/src/boxed.rs:2289:9
[INFO] [stdout]   12:     0x5ac7c56405bc - test[213991da798b1c03]::test_main_inner::<test[213991da798b1c03]::test_main_static::{closure#0}>::{closure#0}
[INFO] [stdout]                                at /rustc/b2282dd5646a57d570fc86fbe8df0e8826665ef6/library/test/src/lib.rs:155:21
[INFO] [stdout]   13:     0x5ac7c56bc3f2 - <alloc[a7ee25936407c584]::boxed::Box<dyn for<'a, 'b> core[8fb95b77d25ab6c8]::ops::function::Fn<(&'a std[10d71ac2c42b111e]::panic::PanicHookInfo<'b>,), Output = ()> + core[8fb95b77d25ab6c8]::marker::Sync + core[8fb95b77d25ab6c8]::marker::Send> as core[8fb95b77d25ab6c8]::ops::function::Fn<(&std[10d71ac2c42b111e]::panic::PanicHookInfo,)>>::call
[INFO] [stdout]                                at /rustc/b2282dd5646a57d570fc86fbe8df0e8826665ef6/library/alloc/src/boxed.rs:2289:9
[INFO] [stdout]   14:     0x5ac7c56bc3f2 - std[10d71ac2c42b111e]::panicking::panic_with_hook
[INFO] [stdout]                                at /rustc/b2282dd5646a57d570fc86fbe8df0e8826665ef6/library/std/src/panicking.rs:833:13
[INFO] [stdout]   15:     0x5ac7c56a2b92 - std[10d71ac2c42b111e]::panicking::panic_handler::{closure#0}
[INFO] [stdout]                                at /rustc/b2282dd5646a57d570fc86fbe8df0e8826665ef6/library/std/src/panicking.rs:698:13
[INFO] [stdout]   16:     0x5ac7c5697ce9 - std[10d71ac2c42b111e]::sys::backtrace::__rust_end_short_backtrace::<std[10d71ac2c42b111e]::panicking::panic_handler::{closure#0}, !>
[INFO] [stdout]                                at /rustc/b2282dd5646a57d570fc86fbe8df0e8826665ef6/library/std/src/sys/backtrace.rs:182:18
[INFO] [stdout]   17:     0x5ac7c56a3a6d - __rustc[3be9ba60078d4c86]::rust_begin_unwind
[INFO] [stdout]                                at /rustc/b2282dd5646a57d570fc86fbe8df0e8826665ef6/library/std/src/panicking.rs:689:5
[INFO] [stdout]   18:     0x5ac7c56d94cc - core[8fb95b77d25ab6c8]::panicking::panic_fmt
[INFO] [stdout]                                at /rustc/b2282dd5646a57d570fc86fbe8df0e8826665ef6/library/core/src/panicking.rs:80:14
[INFO] [stdout]   19:     0x5ac7c56d9242 - core[8fb95b77d25ab6c8]::result::unwrap_failed
[INFO] [stdout]                                at /rustc/b2282dd5646a57d570fc86fbe8df0e8826665ef6/library/core/src/result.rs:1867:5
[INFO] [stdout]   20:     0x5ac7c56300da - <core[8fb95b77d25ab6c8]::result::Result<std[10d71ac2c42b111e]::net::tcp::TcpStream, std[10d71ac2c42b111e]::io::error::Error>>::unwrap
[INFO] [stdout]                                at /rustc/b2282dd5646a57d570fc86fbe8df0e8826665ef6/library/core/src/result.rs:1233:23
[INFO] [stdout]   21:     0x5ac7c56300da - net_test[571b56e4af0cb584]::test_raw_connection
[INFO] [stdout]                                at /opt/rustwide/workdir/tests/net_test.rs:45:62
[INFO] [stdout]   22:     0x5ac7c562f417 - net_test[571b56e4af0cb584]::test_raw_connection::{closure#0}
[INFO] [stdout]                                at /opt/rustwide/workdir/tests/net_test.rs:44:25
[INFO] [stdout]   23:     0x5ac7c5633026 - <net_test[571b56e4af0cb584]::test_raw_connection::{closure#0} as core[8fb95b77d25ab6c8]::ops::function::FnOnce<()>>::call_once
[INFO] [stdout]                                at /rustc/b2282dd5646a57d570fc86fbe8df0e8826665ef6/library/core/src/ops/function.rs:250:5
[INFO] [stdout]   24:     0x5ac7c563369b - <fn() -> core[8fb95b77d25ab6c8]::result::Result<(), alloc[a7ee25936407c584]::string::String> as core[8fb95b77d25ab6c8]::ops::function::FnOnce<()>>::call_once
[INFO] [stdout]                                at /rustc/b2282dd5646a57d570fc86fbe8df0e8826665ef6/library/core/src/ops/function.rs:250:5
[INFO] [stdout]   25:     0x5ac7c563369b - test[213991da798b1c03]::__rust_begin_short_backtrace::<core[8fb95b77d25ab6c8]::result::Result<(), alloc[a7ee25936407c584]::string::String>, fn() -> core[8fb95b77d25ab6c8]::result::Result<(), alloc[a7ee25936407c584]::string::String>>
[INFO] [stdout]                                at /rustc/b2282dd5646a57d570fc86fbe8df0e8826665ef6/library/test/src/lib.rs:724:18
[INFO] [stdout]   26:     0x5ac7c5640f15 - test[213991da798b1c03]::run_test_in_process::{closure#0}
[INFO] [stdout]                                at /rustc/b2282dd5646a57d570fc86fbe8df0e8826665ef6/library/test/src/lib.rs:747:74
[INFO] [stdout]   27:     0x5ac7c5640f15 - <core[8fb95b77d25ab6c8]::panic::unwind_safe::AssertUnwindSafe<test[213991da798b1c03]::run_test_in_process::{closure#0}> as core[8fb95b77d25ab6c8]::ops::function::FnOnce<()>>::call_once
[INFO] [stdout]                                at /rustc/b2282dd5646a57d570fc86fbe8df0e8826665ef6/library/core/src/panic/unwind_safe.rs:275:9
[INFO] [stdout]   28:     0x5ac7c5640f15 - std[10d71ac2c42b111e]::panicking::catch_unwind::do_call::<core[8fb95b77d25ab6c8]::panic::unwind_safe::AssertUnwindSafe<test[213991da798b1c03]::run_test_in_process::{closure#0}>, core[8fb95b77d25ab6c8]::result::Result<(), alloc[a7ee25936407c584]::string::String>>
[INFO] [stdout]                                at /rustc/b2282dd5646a57d570fc86fbe8df0e8826665ef6/library/std/src/panicking.rs:581:40
[INFO] [stdout]   29:     0x5ac7c5640f15 - std[10d71ac2c42b111e]::panicking::catch_unwind::<core[8fb95b77d25ab6c8]::result::Result<(), alloc[a7ee25936407c584]::string::String>, core[8fb95b77d25ab6c8]::panic::unwind_safe::AssertUnwindSafe<test[213991da798b1c03]::run_test_in_process::{closure#0}>>
[INFO] [stdout]                                at /rustc/b2282dd5646a57d570fc86fbe8df0e8826665ef6/library/std/src/panicking.rs:544:19
[INFO] [stdout]   30:     0x5ac7c5640f15 - std[10d71ac2c42b111e]::panic::catch_unwind::<core[8fb95b77d25ab6c8]::panic::unwind_safe::AssertUnwindSafe<test[213991da798b1c03]::run_test_in_process::{closure#0}>, core[8fb95b77d25ab6c8]::result::Result<(), alloc[a7ee25936407c584]::string::String>>
[INFO] [stdout]                                at /rustc/b2282dd5646a57d570fc86fbe8df0e8826665ef6/library/std/src/panic.rs:359:14
[INFO] [stdout]   31:     0x5ac7c5640f15 - test[213991da798b1c03]::run_test_in_process
[INFO] [stdout]                                at /rustc/b2282dd5646a57d570fc86fbe8df0e8826665ef6/library/test/src/lib.rs:747:27
[INFO] [stdout]   32:     0x5ac7c5640f15 - test[213991da798b1c03]::run_test::{closure#0}
[INFO] [stdout]                                at /rustc/b2282dd5646a57d570fc86fbe8df0e8826665ef6/library/test/src/lib.rs:668:43
[INFO] [stdout]   33:     0x5ac7c563a824 - test[213991da798b1c03]::run_test::{closure#1}
[INFO] [stdout]                                at /rustc/b2282dd5646a57d570fc86fbe8df0e8826665ef6/library/test/src/lib.rs:698:41
[INFO] [stdout]   34:     0x5ac7c563a824 - std[10d71ac2c42b111e]::sys::backtrace::__rust_begin_short_backtrace::<test[213991da798b1c03]::run_test::{closure#1}, ()>
[INFO] [stdout]                                at /rustc/b2282dd5646a57d570fc86fbe8df0e8826665ef6/library/std/src/sys/backtrace.rs:166:18
[INFO] [stdout]   35:     0x5ac7c5643f92 - std[10d71ac2c42b111e]::thread::lifecycle::spawn_unchecked::<test[213991da798b1c03]::run_test::{closure#1}, ()>::{closure#1}::{closure#0}
[INFO] [stdout]                                at /rustc/b2282dd5646a57d570fc86fbe8df0e8826665ef6/library/std/src/thread/lifecycle.rs:70:13
[INFO] [stdout]   36:     0x5ac7c5643f92 - <core[8fb95b77d25ab6c8]::panic::unwind_safe::AssertUnwindSafe<std[10d71ac2c42b111e]::thread::lifecycle::spawn_unchecked<test[213991da798b1c03]::run_test::{closure#1}, ()>::{closure#1}::{closure#0}> as core[8fb95b77d25ab6c8]::ops::function::FnOnce<()>>::call_once
[INFO] [stdout]                                at /rustc/b2282dd5646a57d570fc86fbe8df0e8826665ef6/library/core/src/panic/unwind_safe.rs:275:9
[INFO] [stdout]   37:     0x5ac7c5643f92 - std[10d71ac2c42b111e]::panicking::catch_unwind::do_call::<core[8fb95b77d25ab6c8]::panic::unwind_safe::AssertUnwindSafe<std[10d71ac2c42b111e]::thread::lifecycle::spawn_unchecked<test[213991da798b1c03]::run_test::{closure#1}, ()>::{closure#1}::{closure#0}>, ()>
[INFO] [stdout]                                at /rustc/b2282dd5646a57d570fc86fbe8df0e8826665ef6/library/std/src/panicking.rs:581:40
[INFO] [stdout]   38:     0x5ac7c5643f92 - std[10d71ac2c42b111e]::panicking::catch_unwind::<(), core[8fb95b77d25ab6c8]::panic::unwind_safe::AssertUnwindSafe<std[10d71ac2c42b111e]::thread::lifecycle::spawn_unchecked<test[213991da798b1c03]::run_test::{closure#1}, ()>::{closure#1}::{closure#0}>>
[INFO] [stdout]                                at /rustc/b2282dd5646a57d570fc86fbe8df0e8826665ef6/library/std/src/panicking.rs:544:19
[INFO] [stdout]   39:     0x5ac7c5643f92 - std[10d71ac2c42b111e]::panic::catch_unwind::<core[8fb95b77d25ab6c8]::panic::unwind_safe::AssertUnwindSafe<std[10d71ac2c42b111e]::thread::lifecycle::spawn_unchecked<test[213991da798b1c03]::run_test::{closure#1}, ()>::{closure#1}::{closure#0}>, ()>
[INFO] [stdout]                                at /rustc/b2282dd5646a57d570fc86fbe8df0e8826665ef6/library/std/src/panic.rs:359:14
[INFO] [stdout]   40:     0x5ac7c5643f92 - std[10d71ac2c42b111e]::thread::lifecycle::spawn_unchecked::<test[213991da798b1c03]::run_test::{closure#1}, ()>::{closure#1}
[INFO] [stdout]                                at /rustc/b2282dd5646a57d570fc86fbe8df0e8826665ef6/library/std/src/thread/lifecycle.rs:68:26
[INFO] [stdout]   41:     0x5ac7c5643f92 - <std[10d71ac2c42b111e]::thread::lifecycle::spawn_unchecked<test[213991da798b1c03]::run_test::{closure#1}, ()>::{closure#1} as core[8fb95b77d25ab6c8]::ops::function::FnOnce<()>>::call_once::{shim:vtable#0}
[INFO] [stdout]                                at /rustc/b2282dd5646a57d570fc86fbe8df0e8826665ef6/library/core/src/ops/function.rs:250:5
[INFO] [stdout]   42:     0x5ac7c56c364f - <alloc[a7ee25936407c584]::boxed::Box<dyn core[8fb95b77d25ab6c8]::ops::function::FnOnce<(), Output = ()> + core[8fb95b77d25ab6c8]::marker::Send> as core[8fb95b77d25ab6c8]::ops::function::FnOnce<()>>::call_once
[INFO] [stdout]                                at /rustc/b2282dd5646a57d570fc86fbe8df0e8826665ef6/library/alloc/src/boxed.rs:2275:9
[INFO] [stdout]   43:     0x5ac7c56c364f - <std[10d71ac2c42b111e]::sys::thread::unix::Thread>::new::thread_start
[INFO] [stdout]                                at /rustc/b2282dd5646a57d570fc86fbe8df0e8826665ef6/library/std/src/sys/thread/unix.rs:118:17
[INFO] [stdout]   44:     0x756d69fd6aa4 - <unknown>
[INFO] [stdout]   45:     0x756d6a063a64 - clone
[INFO] [stdout]   46:                0x0 - <unknown>
[INFO] [stdout] 
[INFO] [stdout] 
[INFO] [stdout] failures:
[INFO] [stdout]     test_raw_connection
[INFO] [stdout] 
[INFO] [stdout] test result: FAILED. 0 passed; 1 failed; 0 ignored; 0 measured; 0 filtered out; finished in 0.02s
[INFO] [stdout] 
[INFO] running `Command { std: "docker" "inspect" "eed21bd627ee6e889ef1f61c17d5cdecfa4d375c2501debc0f43b2c5a99e7e91", kill_on_drop: false }`
[INFO] running `Command { std: "docker" "rm" "-f" "eed21bd627ee6e889ef1f61c17d5cdecfa4d375c2501debc0f43b2c5a99e7e91", kill_on_drop: false }`
[INFO] [stdout] eed21bd627ee6e889ef1f61c17d5cdecfa4d375c2501debc0f43b2c5a99e7e91
