[INFO] cloning repository https://github.com/jamesbrink/koban
[INFO] running `Command { std: "git" "-c" "credential.helper=" "-c" "credential.helper=/workspace/cargo-home/bin/git-credential-null" "clone" "--bare" "https://github.com/jamesbrink/koban" "/workspace/cache/git-repos/https%3A%2F%2Fgithub.com%2Fjamesbrink%2Fkoban", kill_on_drop: false }`
[INFO] [stderr] Cloning into bare repository '/workspace/cache/git-repos/https%3A%2F%2Fgithub.com%2Fjamesbrink%2Fkoban'...
[INFO] running `Command { std: "git" "rev-parse" "HEAD", kill_on_drop: false }`
[INFO] [stdout] 046ef6736bded7090c471deadc988e3465c2d6d2
[INFO] testing jamesbrink/koban against 1.97.0-beta.6 for beta-1.98-2
[INFO] running `Command { std: "git" "clone" "/workspace/cache/git-repos/https%3A%2F%2Fgithub.com%2Fjamesbrink%2Fkoban" "/workspace/builds/worker-3-tc1/source", kill_on_drop: false }`
[INFO] [stderr] Cloning into '/workspace/builds/worker-3-tc1/source'...
[INFO] [stderr] done.
[INFO] removed /workspace/builds/worker-3-tc1/source/rust-toolchain.toml
[INFO] started tweaking git repo https://github.com/jamesbrink/koban
[INFO] finished tweaking git repo https://github.com/jamesbrink/koban
[INFO] tweaked toml for git repo https://github.com/jamesbrink/koban written to /workspace/builds/worker-3-tc1/source/Cargo.toml
[INFO] validating manifest of git repo https://github.com/jamesbrink/koban on toolchain 1.97.0-beta.6
[INFO] running `Command { std: CARGO_HOME="/workspace/cargo-home" RUSTUP_HOME="/workspace/rustup-home" "/workspace/cargo-home/bin/cargo" "+1.97.0-beta.6" "metadata" "--manifest-path" "Cargo.toml" "--no-deps", kill_on_drop: false }`
[INFO] crate git repo https://github.com/jamesbrink/koban already has a lockfile, it will not be regenerated
[INFO] running `Command { std: CARGO_HOME="/workspace/cargo-home" RUSTUP_HOME="/workspace/rustup-home" "/workspace/cargo-home/bin/cargo" "+1.97.0-beta.6" "fetch" "--manifest-path" "Cargo.toml", kill_on_drop: false }`
[INFO] [stderr]     Updating crates.io index
[INFO] [stderr]  Downloading crates ...
[INFO] [stderr]   Downloaded wasm-bindgen-shared v0.2.122
[INFO] [stderr]   Downloaded testing_table v0.3.0
[INFO] [stderr]   Downloaded rtoolbox v0.0.5
[INFO] [stderr]   Downloaded backtrace-ext v0.2.1
[INFO] [stderr]   Downloaded unicode-linebreak v0.1.5
[INFO] [stderr]   Downloaded supports-color v3.0.2
[INFO] [stderr]   Downloaded wasm-bindgen-macro v0.2.122
[INFO] [stderr]   Downloaded tabled_derive v0.11.0
[INFO] [stderr]   Downloaded supports-hyperlinks v3.2.0
[INFO] [stderr]   Downloaded supports-unicode v3.0.0
[INFO] [stderr]   Downloaded is_ci v1.2.0
[INFO] [stderr]   Downloaded wasm-bindgen-futures v0.4.72
[INFO] [stderr]   Downloaded terminal_size v0.4.4
[INFO] [stderr]   Downloaded miette-derive v7.6.0
[INFO] [stderr]   Downloaded serde_regex v1.1.0
[INFO] [stderr]   Downloaded wasm-bindgen v0.2.122
[INFO] [stderr]   Downloaded tabwriter v1.4.1
[INFO] [stderr]   Downloaded async-object-pool v0.2.0
[INFO] [stderr]   Downloaded rpassword v7.5.3
[INFO] [stderr]   Downloaded assert-json-diff v2.0.2
[INFO] [stderr]   Downloaded bytecount v0.6.9
[INFO] [stderr]   Downloaded owo-colors v4.3.0
[INFO] [stderr]   Downloaded linux-keyutils v0.2.5
[INFO] [stderr]   Downloaded is_executable v1.0.5
[INFO] [stderr]   Downloaded typed-path v0.12.3
[INFO] [stderr]   Downloaded memchr v2.8.1
[INFO] [stderr]   Downloaded stringmetrics v2.2.2
[INFO] [stderr]   Downloaded directories v6.0.0
[INFO] [stderr]   Downloaded futures-timer v3.0.4
[INFO] [stderr]   Downloaded papergrid v0.17.0
[INFO] [stderr]   Downloaded path-tree v0.8.3
[INFO] [stderr]   Downloaded log v0.4.30
[INFO] [stderr]   Downloaded async-lock v3.4.2
[INFO] [stderr]   Downloaded libredox v0.1.17
[INFO] [stderr]   Downloaded clap_complete_nushell v4.6.0
[INFO] [stderr]   Downloaded cc v1.2.62
[INFO] [stderr]   Downloaded clap_complete v4.6.5
[INFO] [stderr]   Downloaded wasm-bindgen-macro-support v0.2.122
[INFO] [stderr]   Downloaded js-sys v0.3.99
[INFO] [stderr]   Downloaded miette v7.6.0
[INFO] [stderr]   Downloaded http v1.4.1
[INFO] [stderr]   Downloaded zerocopy-derive v0.8.49
[INFO] [stderr]   Downloaded keyring v3.6.3
[INFO] [stderr]   Downloaded zip v8.6.0
[INFO] [stderr]   Downloaded typenum v1.20.0
[INFO] [stderr]   Downloaded wasip2 v1.0.3+wasi-0.2.9
[INFO] [stderr]   Downloaded hyper v1.10.0
[INFO] [stderr]   Downloaded h2 v0.4.14
[INFO] [stderr]   Downloaded tabled v0.20.0
[INFO] [stderr]   Downloaded zerocopy v0.8.49
[INFO] [stderr]   Downloaded rustls v0.23.40
[INFO] [stderr]   Downloaded web-sys v0.3.99
[INFO] [stderr]   Downloaded httpmock v0.8.3
[INFO] running `Command { std: "docker" "create" "-v" "/var/lib/crater-agent-workspace/builds/worker-3-tc1/source:/opt/rustwide/workdir:ro,Z" "-v" "/var/lib/crater-agent-workspace/builds/worker-3-tc1/target:/opt/rustwide/target:rw,Z" "-v" "/var/lib/crater-agent-workspace/cargo-home:/opt/rustwide/cargo-home:ro,Z" "-v" "/var/lib/crater-agent-workspace/rustup-home:/opt/rustwide/rustup-home:ro,Z" "-m" "1610612736" "--network" "none" "ghcr.io/rust-lang/crates-build-env/linux@sha256:3d5ced03c013a94a2f102a4510f48a6e9184255caf5fd8244f58017bde7f5210" "sleep" "infinity", kill_on_drop: false }`
[INFO] [stdout] 7d4be298aea697c9ef7cb8149438c9e4e29e585d4ff48a814b4d2303221a60bb
[INFO] running `Command { std: "docker" "start" "7d4be298aea697c9ef7cb8149438c9e4e29e585d4ff48a814b4d2303221a60bb", kill_on_drop: false }`
[INFO] running `Command { std: "docker" "inspect" "7d4be298aea697c9ef7cb8149438c9e4e29e585d4ff48a814b4d2303221a60bb", kill_on_drop: false }`
[INFO] running `Command { std: "docker" "exec" "-e" "SOURCE_DIR=/opt/rustwide/workdir" "-e" "CARGO_HOME=/opt/rustwide/cargo-home" "-e" "RUSTUP_HOME=/opt/rustwide/rustup-home" "-e" "CARGO_TARGET_DIR=/opt/rustwide/target" "-w" "/opt/rustwide/workdir" "--user" "0:0" "7d4be298aea697c9ef7cb8149438c9e4e29e585d4ff48a814b4d2303221a60bb" "/opt/rustwide/cargo-home/bin/cargo" "+1.97.0-beta.6" "metadata" "--no-deps" "--format-version=1", kill_on_drop: false }`
[INFO] running `Command { std: "docker" "inspect" "7d4be298aea697c9ef7cb8149438c9e4e29e585d4ff48a814b4d2303221a60bb", kill_on_drop: false }`
[INFO] running `Command { std: "docker" "exec" "-e" "SOURCE_DIR=/opt/rustwide/workdir" "-e" "CARGO_HOME=/opt/rustwide/cargo-home" "-e" "RUSTUP_HOME=/opt/rustwide/rustup-home" "-e" "CARGO_TARGET_DIR=/opt/rustwide/target" "-e" "CARGO_INCREMENTAL=0" "-e" "RUST_BACKTRACE=full" "-e" "RUSTFLAGS=--cap-lints=warn" "-e" "RUSTDOCFLAGS=--cap-lints=warn" "-w" "/opt/rustwide/workdir" "--user" "0:0" "7d4be298aea697c9ef7cb8149438c9e4e29e585d4ff48a814b4d2303221a60bb" "/opt/rustwide/cargo-home/bin/cargo" "+1.97.0-beta.6" "build" "--frozen" "--message-format=json", kill_on_drop: false }`
[INFO] [stderr]    Compiling quote v1.0.45
[INFO] [stderr]    Compiling libc v0.2.186
[INFO] [stderr]    Compiling bitflags v2.11.1
[INFO] [stderr]    Compiling shlex v1.3.0
[INFO] [stderr]    Compiling pin-project-lite v0.2.17
[INFO] [stderr]    Compiling rustix v1.1.4
[INFO] [stderr]    Compiling itoa v1.0.18
[INFO] [stderr]    Compiling writeable v0.6.3
[INFO] [stderr]    Compiling litemap v0.8.2
[INFO] [stderr]    Compiling linux-raw-sys v0.12.1
[INFO] [stderr]    Compiling icu_properties_data v2.2.0
[INFO] [stderr]    Compiling icu_normalizer_data v2.2.0
[INFO] [stderr]    Compiling once_cell v1.21.4
[INFO] [stderr]    Compiling zeroize v1.8.2
[INFO] [stderr]    Compiling memchr v2.8.1
[INFO] [stderr]    Compiling futures-task v0.3.32
[INFO] [stderr]    Compiling serde_core v1.0.228
[INFO] [stderr]    Compiling slab v0.4.12
[INFO] [stderr]    Compiling adler2 v2.0.1
[INFO] [stderr]    Compiling cc v1.2.62
[INFO] [stderr]    Compiling http v1.4.1
[INFO] [stderr]    Compiling simd-adler32 v0.3.9
[INFO] [stderr]    Compiling rustls v0.23.40
[INFO] [stderr]    Compiling futures-util v0.3.32
[INFO] [stderr]    Compiling rustls-pki-types v1.14.1
[INFO] [stderr]    Compiling object v0.37.3
[INFO] [stderr]    Compiling unicode-width v0.2.2
[INFO] [stderr]    Compiling utf8parse v0.2.2
[INFO] [stderr]    Compiling heck v0.5.0
[INFO] [stderr]    Compiling miniz_oxide v0.8.9
[INFO] [stderr]    Compiling try-lock v0.2.5
[INFO] [stderr]    Compiling anstyle-parse v1.0.0
[INFO] [stderr]    Compiling want v0.3.1
[INFO] [stderr]    Compiling tracing-core v0.1.36
[INFO] [stderr]    Compiling futures-channel v0.3.32
[INFO] [stderr]    Compiling is_terminal_polyfill v1.70.2
[INFO] [stderr]    Compiling serde v1.0.228
[INFO] [stderr]    Compiling anstyle v1.0.14
[INFO] [stderr]    Compiling colorchoice v1.0.5
[INFO] [stderr]    Compiling subtle v2.6.1
[INFO] [stderr]    Compiling gimli v0.32.3
[INFO] [stderr]    Compiling anstyle-query v1.1.5
[INFO] [stderr]    Compiling syn v2.0.117
[INFO] [stderr]    Compiling typenum v1.20.0
[INFO] [stderr]    Compiling anstream v1.0.0
[INFO] [stderr]    Compiling mime_guess v2.0.5
[INFO] [stderr]    Compiling sync_wrapper v1.0.2
[INFO] [stderr]    Compiling strsim v0.11.1
[INFO] [stderr]    Compiling ipnet v2.12.0
[INFO] [stderr]    Compiling base64 v0.22.1
[INFO] [stderr]    Compiling http-body v1.0.1
[INFO] [stderr]    Compiling tracing v0.1.44
[INFO] [stderr]    Compiling generic-array v0.14.7
[INFO] [stderr]    Compiling crc32fast v1.5.0
[INFO] [stderr]    Compiling clap_lex v1.1.0
[INFO] [stderr]    Compiling serde_json v1.0.150
[INFO] [stderr]    Compiling owo-colors v4.3.0
[INFO] [stderr]    Compiling rustc-demangle v0.1.27
[INFO] [stderr]    Compiling proc-macro-error-attr2 v2.0.0
[INFO] [stderr]    Compiling webpki-roots v1.0.7
[INFO] [stderr]    Compiling is_ci v1.2.0
[INFO] [stderr]    Compiling unicode-linebreak v0.1.5
[INFO] [stderr]    Compiling socket2 v0.6.3
[INFO] [stderr]    Compiling mio v1.2.0
[INFO] [stderr]    Compiling getrandom v0.2.17
[INFO] [stderr]    Compiling thiserror v2.0.18
[INFO] [stderr]    Compiling log v0.4.30
[INFO] [stderr]    Compiling ring v0.17.14
[INFO] [stderr]    Compiling textwrap v0.16.2
[INFO] [stderr]    Compiling supports-color v3.0.2
[INFO] [stderr]    Compiling block-buffer v0.10.4
[INFO] [stderr]    Compiling crypto-common v0.1.7
[INFO] [stderr]    Compiling http-body-util v0.1.3
[INFO] [stderr]    Compiling is_executable v1.0.5
[INFO] [stderr]    Compiling bytecount v0.6.9
[INFO] [stderr]    Compiling hashbrown v0.17.1
[INFO] [stderr]    Compiling option-ext v0.2.0
[INFO] [stderr]    Compiling unicode-width v0.1.14
[INFO] [stderr]    Compiling supports-hyperlinks v3.2.0
[INFO] [stderr]    Compiling supports-unicode v3.0.0
[INFO] [stderr]    Compiling papergrid v0.17.0
[INFO] [stderr]    Compiling dirs-sys v0.5.0
[INFO] [stderr]    Compiling flate2 v1.1.9
[INFO] [stderr]    Compiling digest v0.10.7
[INFO] [stderr]    Compiling filetime v0.2.29
[INFO] [stderr]    Compiling linux-keyutils v0.2.5
[INFO] [stderr]    Compiling rtoolbox v0.0.5
[INFO] [stderr]    Compiling testing_table v0.3.0
[INFO] [stderr]    Compiling typed-path v0.12.3
[INFO] [stderr]    Compiling keyring v3.6.3
[INFO] [stderr]    Compiling rpassword v7.5.3
[INFO] [stderr]    Compiling sha2 v0.10.9
[INFO] [stderr]    Compiling directories v6.0.0
[INFO] [stderr]    Compiling addr2line v0.25.1
[INFO] [stderr]    Compiling terminal_size v0.4.4
[INFO] [stderr]    Compiling clap_builder v4.6.0
[INFO] [stderr]    Compiling xattr v1.6.1
[INFO] [stderr]    Compiling indexmap v2.14.0
[INFO] [stderr]    Compiling tar v0.4.46
[INFO] [stderr]    Compiling zip v8.6.0
[INFO] [stderr]    Compiling synstructure v0.13.2
[INFO] [stderr]    Compiling proc-macro-error2 v2.0.1
[INFO] [stderr]    Compiling zerofrom-derive v0.1.7
[INFO] [stderr]    Compiling yoke-derive v0.8.2
[INFO] [stderr]    Compiling zerovec-derive v0.11.3
[INFO] [stderr]    Compiling displaydoc v0.2.6
[INFO] [stderr]    Compiling tokio-macros v2.7.0
[INFO] [stderr]    Compiling serde_derive v1.0.228
[INFO] [stderr]    Compiling clap_derive v4.6.1
[INFO] [stderr]    Compiling miette-derive v7.6.0
[INFO] [stderr]    Compiling thiserror-impl v2.0.18
[INFO] [stderr]    Compiling tabled_derive v0.11.0
[INFO] [stderr]    Compiling rustls-webpki v0.103.13
[INFO] [stderr]    Compiling backtrace v0.3.76
[INFO] [stderr]    Compiling tokio v1.52.3
[INFO] [stderr]    Compiling zerofrom v0.1.8
[INFO] [stderr]    Compiling tabled v0.20.0
[INFO] [stderr]    Compiling yoke v0.8.2
[INFO] [stderr]    Compiling zerovec v0.11.6
[INFO] [stderr]    Compiling zerotrie v0.2.4
[INFO] [stderr]    Compiling backtrace-ext v0.2.1
[INFO] [stderr]    Compiling miette v7.6.0
[INFO] [stderr]    Compiling clap v4.6.1
[INFO] [stderr]    Compiling clap_complete v4.6.5
[INFO] [stderr]    Compiling tinystr v0.8.3
[INFO] [stderr]    Compiling potential_utf v0.1.5
[INFO] [stderr]    Compiling icu_collections v2.2.0
[INFO] [stderr]    Compiling icu_locale_core v2.2.0
[INFO] [stderr]    Compiling clap_complete_nushell v4.6.0
[INFO] [stderr]    Compiling icu_provider v2.2.0
[INFO] [stderr]    Compiling icu_normalizer v2.2.0
[INFO] [stderr]    Compiling icu_properties v2.2.0
[INFO] [stderr]    Compiling serde_urlencoded v0.7.1
[INFO] [stderr]    Compiling idna_adapter v1.2.2
[INFO] [stderr]    Compiling idna v1.1.0
[INFO] [stderr]    Compiling url v2.5.8
[INFO] [stderr]    Compiling hyper v1.10.0
[INFO] [stderr]    Compiling tower v0.5.3
[INFO] [stderr]    Compiling tower-http v0.6.11
[INFO] [stderr]    Compiling hyper-util v0.1.20
[INFO] [stderr]    Compiling tokio-rustls v0.26.4
[INFO] [stderr]    Compiling hyper-rustls v0.27.9
[INFO] [stderr]    Compiling reqwest v0.12.28
[INFO] [stderr]    Compiling koban v0.2.1 (/opt/rustwide/workdir/crates/koban)
[INFO] [stderr]    Compiling koban-cli v0.3.2 (/opt/rustwide/workdir/crates/koban-cli)
[INFO] [stderr]     Finished `dev` profile [unoptimized + debuginfo] target(s) in 1m 03s
[INFO] [stderr] warning: the following packages contain code that will be rejected by a future version of Rust: proc-macro-error2 v2.0.1
[INFO] [stderr] note: to see what the problems were, use the option `--future-incompat-report`, or run `cargo report future-incompatibilities --id 1`
[INFO] running `Command { std: "docker" "inspect" "7d4be298aea697c9ef7cb8149438c9e4e29e585d4ff48a814b4d2303221a60bb", kill_on_drop: false }`
[INFO] running `Command { std: "docker" "exec" "-e" "SOURCE_DIR=/opt/rustwide/workdir" "-e" "CARGO_HOME=/opt/rustwide/cargo-home" "-e" "RUSTUP_HOME=/opt/rustwide/rustup-home" "-e" "CARGO_TARGET_DIR=/opt/rustwide/target" "-e" "CARGO_INCREMENTAL=0" "-e" "RUST_BACKTRACE=full" "-e" "RUSTFLAGS=--cap-lints=warn" "-e" "RUSTDOCFLAGS=--cap-lints=warn" "-w" "/opt/rustwide/workdir" "--user" "0:0" "7d4be298aea697c9ef7cb8149438c9e4e29e585d4ff48a814b4d2303221a60bb" "/opt/rustwide/cargo-home/bin/cargo" "+1.97.0-beta.6" "test" "--frozen" "--no-run" "--message-format=json", kill_on_drop: false }`
[INFO] [stderr]    Compiling serde_core v1.0.228
[INFO] [stderr]    Compiling serde v1.0.228
[INFO] [stderr]    Compiling slab v0.4.12
[INFO] [stderr]    Compiling errno v0.3.14
[INFO] [stderr]    Compiling futures-sink v0.3.32
[INFO] [stderr]    Compiling futures-macro v0.3.32
[INFO] [stderr]    Compiling tracing-attributes v0.1.31
[INFO] [stderr]    Compiling crossbeam-utils v0.8.21
[INFO] [stderr]    Compiling aho-corasick v1.1.4
[INFO] [stderr]    Compiling regex-syntax v0.8.10
[INFO] [stderr]    Compiling signal-hook-registry v1.4.8
[INFO] [stderr]    Compiling parking v2.2.1
[INFO] [stderr]    Compiling autocfg v1.5.1
[INFO] [stderr]    Compiling sha1 v0.10.6
[INFO] [stderr]    Compiling getrandom v0.3.4
[INFO] [stderr]    Compiling tabwriter v1.4.1
[INFO] [stderr]    Compiling async-trait v0.1.89
[INFO] [stderr]    Compiling path-tree v0.8.3
[INFO] [stderr]    Compiling predicates-core v1.0.10
[INFO] [stderr]    Compiling futures-timer v3.0.4
[INFO] [stderr]    Compiling similar v2.7.0
[INFO] [stderr]    Compiling stringmetrics v2.2.2
[INFO] [stderr]    Compiling fastrand v2.4.1
[INFO] [stderr]    Compiling normalize-line-endings v0.3.0
[INFO] [stderr]    Compiling difflib v0.4.0
[INFO] [stderr]    Compiling assert_cmd v2.2.2
[INFO] [stderr]    Compiling termtree v0.5.1
[INFO] [stderr]    Compiling wait-timeout v0.2.1
[INFO] [stderr]    Compiling num-traits v0.2.19
[INFO] [stderr]    Compiling predicates-tree v1.0.13
[INFO] [stderr]    Compiling tempfile v3.27.0
[INFO] [stderr]    Compiling futures-util v0.3.32
[INFO] [stderr]    Compiling tracing v0.1.44
[INFO] [stderr]    Compiling concurrent-queue v2.5.0
[INFO] [stderr]    Compiling event-listener v5.4.1
[INFO] [stderr]    Compiling event-listener-strategy v0.5.4
[INFO] [stderr]    Compiling async-lock v3.4.2
[INFO] [stderr]    Compiling float-cmp v0.10.0
[INFO] [stderr]    Compiling regex-automata v0.4.14
[INFO] [stderr]    Compiling async-object-pool v0.2.0
[INFO] [stderr]    Compiling serde_json v1.0.150
[INFO] [stderr]    Compiling bytes v1.11.1
[INFO] [stderr]    Compiling serde_urlencoded v0.7.1
[INFO] [stderr]    Compiling http v1.4.1
[INFO] [stderr]    Compiling tokio v1.52.3
[INFO] [stderr]    Compiling assert-json-diff v2.0.2
[INFO] [stderr]    Compiling regex v1.12.3
[INFO] [stderr]    Compiling bstr v1.12.1
[INFO] [stderr]    Compiling http-body v1.0.1
[INFO] [stderr]    Compiling headers-core v0.3.0
[INFO] [stderr]    Compiling headers v0.4.1
[INFO] [stderr]    Compiling http-body-util v0.1.3
[INFO] [stderr]    Compiling serde_regex v1.1.0
[INFO] [stderr]    Compiling predicates v3.1.4
[INFO] [stderr]    Compiling tokio-util v0.7.18
[INFO] [stderr]    Compiling tower v0.5.3
[INFO] [stderr]    Compiling tokio-rustls v0.26.4
[INFO] [stderr]    Compiling h2 v0.4.14
[INFO] [stderr]    Compiling tower-http v0.6.11
[INFO] [stderr]    Compiling hyper v1.10.0
[INFO] [stderr]    Compiling hyper-util v0.1.20
[INFO] [stderr]    Compiling hyper-rustls v0.27.9
[INFO] [stderr]    Compiling httpmock v0.8.3
[INFO] [stderr]    Compiling reqwest v0.12.28
[INFO] [stderr]    Compiling koban v0.2.1 (/opt/rustwide/workdir/crates/koban)
[INFO] [stderr]    Compiling koban-cli v0.3.2 (/opt/rustwide/workdir/crates/koban-cli)
[INFO] [stderr]     Finished `test` profile [unoptimized + debuginfo] target(s) in 56.07s
[INFO] [stderr] warning: the following packages contain code that will be rejected by a future version of Rust: proc-macro-error2 v2.0.1
[INFO] [stderr] note: to see what the problems were, use the option `--future-incompat-report`, or run `cargo report future-incompatibilities --id 1`
[INFO] running `Command { std: "docker" "inspect" "7d4be298aea697c9ef7cb8149438c9e4e29e585d4ff48a814b4d2303221a60bb", kill_on_drop: false }`
[INFO] running `Command { std: "docker" "exec" "-e" "SOURCE_DIR=/opt/rustwide/workdir" "-e" "CARGO_HOME=/opt/rustwide/cargo-home" "-e" "RUSTUP_HOME=/opt/rustwide/rustup-home" "-e" "CARGO_TARGET_DIR=/opt/rustwide/target" "-e" "CARGO_INCREMENTAL=0" "-e" "RUST_BACKTRACE=full" "-e" "RUSTFLAGS=--cap-lints=warn" "-e" "RUSTDOCFLAGS=--cap-lints=warn" "-w" "/opt/rustwide/workdir" "--user" "0:0" "7d4be298aea697c9ef7cb8149438c9e4e29e585d4ff48a814b4d2303221a60bb" "/opt/rustwide/cargo-home/bin/cargo" "+1.97.0-beta.6" "test" "--frozen", kill_on_drop: false }`
[INFO] [stderr]     Finished `test` profile [unoptimized + debuginfo] target(s) in 0.43s
[INFO] [stderr] warning: the following packages contain code that will be rejected by a future version of Rust: proc-macro-error2 v2.0.1
[INFO] [stderr] note: to see what the problems were, use the option `--future-incompat-report`, or run `cargo report future-incompatibilities --id 1`
[INFO] [stderr]      Running unittests src/lib.rs (/opt/rustwide/target/debug/deps/koban-8f17fe718977c9e7)
[INFO] [stdout] 
[INFO] [stdout] running 32 tests
[INFO] [stdout] test tests::api::api_errors_redact_tokens ... ok
[INFO] [stdout] test tests::api::api_errors_extract_arrays_objects_and_plain_text ... ok
[INFO] [stdout] test tests::config::config_defaults_to_invoice_ninja_base_url ... ok
[INFO] [stdout] test tests::api::json_write_methods_redact_transport_errors ... ok
[INFO] [stdout] test tests::api::get_json_reports_transport_errors ... ok
[INFO] [stdout] test tests::config::config_preserves_self_hosted_path_prefix_with_trailing_slash ... ok
[INFO] [stdout] test tests::api::multipart_upload_redacts_transport_errors_after_reading_files ... ok
[INFO] [stdout] test tests::api::get_json_reports_decode_errors ... ok
[INFO] [stdout] test tests::api::get_bytes_returns_success_bytes ... ok
[INFO] [stdout] test tests::config::config_rejects_empty_token ... ok
[INFO] [stdout] test tests::config::config_reports_invalid_base_url ... ok
[INFO] [stdout] test tests::config::expanded_resource_labels_and_upload_methods_are_stable ... ok
[INFO] [stdout] test tests::config::endpoint_accepts_leading_slash_paths ... ok
[INFO] [stdout] test tests::models::every_model_round_trips_and_tolerates_string_numbers ... ok
[INFO] [stdout] test tests::models::flexible_deserializers_and_envelopes_cover_all_variants ... ok
[INFO] [stdout] test tests::config::config_rejects_non_local_http ... ok
[INFO] [stdout] test tests::config::redaction_is_noop_without_token ... ok
[INFO] [stdout] test tests::config::config_preserves_self_hosted_path_prefix_without_trailing_slash ... ok
[INFO] [stdout] test tests::config::endpoint_builds_pagination_and_include_query ... ok
[INFO] [stdout] test tests::config::redacts_token_from_text ... ok
[INFO] [stdout] test tests::models::data_and_paginated_envelopes_unwrap_records ... ok
[INFO] [stdout] test tests::models::invoice_deserializes_common_fields_and_preserves_unmodelled_extras ... ok
[INFO] [stdout] test tests::models::paginated_tolerates_missing_meta ... ok
[INFO] [stdout] test tests::models::models_default_when_fields_are_absent ... ok
[INFO] [stdout] test tests::models::resource_accessors_target_expected_resources ... ok
[INFO] [stdout] test tests::models::generic_resource_handle_supports_caller_chosen_types ... ok
[INFO] [stdout] test tests::api::json_write_methods_report_decode_api_and_transport_errors ... ok
[INFO] [stdout] test tests::api::get_bytes_reports_api_and_transport_errors ... ok
[INFO] [stdout] test tests::api::multipart_upload_reports_api_failure_after_reading_files ... ok
[INFO] [stdout] test tests::models::list_paginated_exposes_pagination_meta ... ok
[INFO] [stdout] test tests::models::typed_list_and_get_resource_hit_expected_routes ... ok
[INFO] [stdout] test tests::models::typed_create_update_delete_round_trip_through_data_envelope ... ok
[INFO] [stdout] 
[INFO] [stdout] test result: ok. 32 passed; 0 failed; 0 ignored; 0 measured; 0 filtered out; finished in 0.04s
[INFO] [stdout] 
[INFO] [stderr]      Running unittests src/main.rs (/opt/rustwide/target/debug/deps/koban-6a1f4c3d6bba2c5b)
[INFO] [stdout] 
[INFO] [stdout] running 81 tests
[INFO] [stdout] test skill::tests::agent_path_mapping_is_pinned ... ok
[INFO] [stdout] test skill::tests::embedded_skill_frontmatter_is_standard ... ok
[INFO] [stdout] test skill::tests::dedupe_shared_project_dirs ... ok
[INFO] [stdout] test tests::cli::http_methods_render_uppercase_labels ... ok
[INFO] [stdout] test tests::cli::completion_shell_display_uses_documented_names ... ok
[INFO] [stdout] test tests::commands::client_status_warning_is_scoped_to_invoices ... ok
[INFO] [stdout] test tests::commands::client_status_warning_only_flags_the_unknown_part_of_a_list ... ok
[INFO] [stdout] test tests::commands::unrecognized_invoice_client_status_is_flagged ... ok
[INFO] [stdout] test tests::commands::download_path_requires_existing_parent_and_force_for_overwrite ... ok
[INFO] [stdout] test tests::endpoints::endpoint_get_and_delete_reject_payloads_instead_of_dropping_them ... ok
[INFO] [stdout] test tests::commands::execute_handles_non_network_commands_without_configured_endpoint ... ok
[INFO] [stdout] test tests::commands::multipart_upload_reports_missing_file_before_network ... ok
[INFO] [stdout] test tests::commands::recognized_invoice_client_status_does_not_warn ... ok
[INFO] [stdout] test tests::commands::write_download_file_writes_bytes_and_reports_write_errors ... ok
[INFO] [stdout] test tests::commands::generic_resource_and_endpoint_writes_require_confirmation_without_dry_run ... ok
[INFO] [stdout] test tests::endpoints::endpoint_invalid_paths_fail_before_network ... ok
[INFO] [stdout] test tests::endpoints::utility_defaults_to_safe_ping_get ... ok
[INFO] [stdout] test tests::endpoints::endpoint_overrides_reject_write_methods ... ok
[INFO] [stdout] test tests::commands::push_filters_rejects_empty_keys ... ok
[INFO] [stdout] test tests::endpoints::utility_rejects_write_methods ... ok
[INFO] [stdout] test tests::endpoints::reports_default_to_post ... ok
[INFO] [stdout] test tests::commands::expanded_resource_and_endpoint_dry_runs_do_not_touch_network ... ok
[INFO] [stdout] test tests::endpoints::scoped_report_and_chart_endpoint_overrides_allow_payload_methods ... ok
[INFO] [stdout] test tests::invoice::dry_run_output_includes_body_query_and_files ... ok
[INFO] [stdout] test tests::invoice::guided_invoice_payload_handles_all_common_fields_and_line_item_scalars ... ok
[INFO] [stdout] test tests::invoice::invoice_payload_reports_missing_and_malformed_sources ... ok
[INFO] [stdout] test tests::invoice::invoice_trigger_helpers_build_query_and_confirm_risky_actions ... ok
[INFO] [stdout] test tests::invoice::line_item_parser_reports_bad_parts ... ok
[INFO] [stdout] test tests::invoice::path_segment_validation_rejects_route_changing_actions ... ok
[INFO] [stdout] test tests::payload::resource_payload_rejects_raw_json_with_line_items ... ok
[INFO] [stdout] test tests::render::apply_limit_truncates_array_responses ... ok
[INFO] [stdout] test tests::render::date_field_formats_unix_timestamps_and_preserves_date_strings ... ok
[INFO] [stdout] test tests::render::field_handles_nested_arrays_and_value_kinds ... ok
[INFO] [stdout] test tests::render::invoice_status_maps_all_known_statuses_and_fallbacks ... ok
[INFO] [stdout] test tests::payload::generic_payload_accepts_json_files_and_guided_fields ... ok
[INFO] [stdout] test tests::render::response_rows_accepts_common_api_shapes ... ok
[INFO] [stdout] test tests::render::json_output_preserves_api_shape ... ok
[INFO] [stdout] test tests::render::table_output_renders_endpoint_rows_without_resource_context ... ok
[INFO] [stdout] test tests::invoice::upload_file_requires_existing_regular_file ... ok
[INFO] [stdout] test tests::render::table_output_renders_invoices_and_payments ... ok
[INFO] [stdout] test tests::commands::execute_invoice_dry_runs_cover_write_commands_without_network ... ok
[INFO] [stdout] test tests::render::table_output_renders_client_fields ... ok
[INFO] [stdout] test tests::render::table_output_renders_new_read_only_resources ... ok
[INFO] [stdout] test tests::render::table_output_renders_expanded_resource_rows ... ok
[INFO] [stdout] test tests::render::quote_status_maps_known_statuses_and_fallbacks ... ok
[INFO] [stdout] test tests::render::table_output_reports_empty_resource_lists ... ok
[INFO] [stdout] test tests::render::table_output_reports_empty_or_invalid_statics ... ok
[INFO] [stdout] test tests::resource_actions::bulk_backed_actions_respect_resource_bulk_guards ... ok
[INFO] [stdout] test tests::resource_actions::get_resource_actions_reject_payloads_before_network ... ok
[INFO] [stdout] test tests::render::table_output_renders_statics_summary ... ok
[INFO] [stdout] test tests::commands::every_expanded_resource_has_reachable_dry_run_writes ... ok
[INFO] [stdout] test tests::resource_parity::route_helpers_cover_special_document_and_bulk_paths ... ok
[INFO] [stdout] test tests::resource_parity::unsupported_capability_errors_name_the_rejected_verb ... ok
[INFO] [stdout] test update::tests::current_version_without_check_exits_before_install_detection ... ok
[INFO] [stdout] test tests::resource_parity::unsupported_resource_routes_fail_before_network ... ok
[INFO] [stdout] test tests::resource_actions::unsupported_pdf_downloads_fail_before_network ... ok
[INFO] [stdout] test update::tests::checksum_verification_matches_sha256sums ... ok
[INFO] [stdout] test tests::payload::generic_payload_reports_invalid_sources_and_fields ... ok
[INFO] [stdout] test update::tests::check_reports_older_explicit_versions_without_downgrading ... ok
[INFO] [stdout] test update::tests::downgrade_requires_force_before_install_detection ... ok
[INFO] [stdout] test update::tests::github_release_payload_shape_is_stable ... ok
[INFO] [stdout] test update::tests::install_kind_detection_covers_package_managers ... ok
[INFO] [stdout] test update::tests::explicit_invalid_tag_is_rejected ... ok
[INFO] [stdout] test update::tests::latest_check_uses_redirect_without_downloading_assets ... ok
[INFO] [stdout] test update::tests::package_managed_installs_return_upgrade_guidance ... ok
[INFO] [stdout] test update::tests::nightly_check_uses_rolling_release_without_latest_redirect ... ok
[INFO] [stdout] test update::tests::explicit_check_tag_does_not_require_network_or_curl ... ok
[INFO] [stdout] test tests::resource_parity::newly_supported_resource_families_have_dry_run_writes ... ok
[INFO] [stdout] test update::tests::tag_from_redirect_strips_latest_release_url ... ok
[INFO] [stdout] test update::tests::managed_nightly_downloads_from_nightly_release ... ok
[INFO] [stdout] test update::tests::upgrade_hints_cover_supported_package_managers ... ok
[INFO] [stdout] test update::tests::version_parsing_and_comparison_accept_v_prefixes ... ok
[INFO] [stdout] test update::tests::writable_install_dir_probe_accepts_existing_parent ... ok
[INFO] [stdout] test update::tests::tarball_extraction_finds_koban_binary ... ok
[INFO] [stdout] test tests::endpoints::endpoint_post_and_delete_hit_live_routes_when_confirmed ... ok
[INFO] [stdout] test update::tests::managed_update_downloads_verifies_and_replaces_binary ... ok
[INFO] [stdout] test tests::commands::generic_resource_and_endpoint_commands_hit_expected_routes ... ok
[INFO] [stdout] test tests::resource_parity::document_resources_download_from_official_invitation_routes ... ok
[INFO] [stdout] test update::tests::replace_binary_swaps_executable ... ok
[INFO] [stdout] test tests::resource_actions::resource_actions_hit_official_live_routes_when_confirmed ... ok
[INFO] [stdout] test tests::commands::execute_resource_commands_against_mock_api ... ok
[INFO] [stdout] 
[INFO] [stdout] test result: ok. 81 passed; 0 failed; 0 ignored; 0 measured; 0 filtered out; finished in 0.04s
[INFO] [stdout] 
[INFO] [stderr]      Running tests/auth_tests.rs (/opt/rustwide/target/debug/deps/auth_tests-cff0b4e7c5a9123e)
[INFO] [stdout] 
[INFO] [stdout] running 12 tests
[INFO] [stdout] test corrupt_config_surfaces_an_error_instead_of_silent_default ... ok
[INFO] [stdout] test login_writes_token_file_with_owner_only_permissions ... ok
[INFO] [stdout] test relogin_without_base_url_verifies_against_and_keeps_the_stored_host ... ok
[INFO] [stdout] test status_does_not_pick_up_a_real_stored_credential_when_isolated ... ok
[INFO] [stdout] test login_failed_verification_does_not_save ... ok
[INFO] [stdout] test environment_token_takes_precedence_over_stored_file ... ok
[INFO] [stdout] test status_json_does_not_leak_the_token ... ok
[INFO] [stdout] test stored_credential_resolves_for_normal_commands ... ok
[INFO] [stdout] test login_verifies_against_api_then_saves ... ok
[INFO] [stdout] test environment_token_ignores_a_stored_base_url ... ok
[INFO] [stdout] test login_no_verify_writes_config_and_status_reports_it ... ok
[INFO] [stdout] test logout_removes_stored_credentials ... FAILED
[INFO] [stdout] 
[INFO] [stdout] failures:
[INFO] [stdout] 
[INFO] [stdout] ---- logout_removes_stored_credentials stdout ----
[INFO] [stdout] 
[INFO] [stdout] thread 'logout_removes_stored_credentials' (3812) panicked at crates/koban-cli/tests/auth_tests.rs:170:10:
[INFO] [stdout] Unexpected failure.
[INFO] [stdout] code=1
[INFO] [stdout] stderr=``````
[INFO] [stdout]   × could not access stored credentials: keychain: Platform secure storage
[INFO] [stdout]   │ failure: PermissionDenied
[INFO] [stdout]   help: Check the koban config directory (override it with KOBAN_CONFIG_DIR)
[INFO] [stdout]         and, when using --keychain, that your OS keychain is unlocked and
[INFO] [stdout]         reachable.
[INFO] [stdout] 
[INFO] [stdout] ```
[INFO] [stdout] ```
[INFO] [stdout] command=`env -u INVOICE_NINJA_API_TOKEN -u INVOICE_NINJA_BASE_URL KOBAN_CONFIG_DIR="/tmp/.tmpVbB8yk" "/opt/rustwide/target/debug/koban" "auth" "logout"`
[INFO] [stdout] code=1
[INFO] [stdout] stdout=""
[INFO] [stdout] stderr=```
[INFO] [stdout]   × could not access stored credentials: keychain: Platform secure storage
[INFO] [stdout]   │ failure: PermissionDenied
[INFO] [stdout]   help: Check the koban config directory (override it with KOBAN_CONFIG_DIR)
[INFO] [stdout]         and, when using --keychain, that your OS keychain is unlocked and
[INFO] [stdout]         reachable.
[INFO] [stdout] 
[INFO] [stdout] ```
[INFO] [stdout] 
[INFO] [stdout] 
[INFO] [stdout] stack backtrace:
[INFO] [stdout]    0:     0x5aa27a275b58 - std[10d71ac2c42b111e]::backtrace_rs::backtrace::libunwind::trace
[INFO] [stdout]                                at /rustc/b2282dd5646a57d570fc86fbe8df0e8826665ef6/library/std/src/../../backtrace/src/backtrace/libunwind.rs:117:9
[INFO] [stdout]    1:     0x5aa27a275b58 - std[10d71ac2c42b111e]::backtrace_rs::backtrace::trace_unsynchronized::<std[10d71ac2c42b111e]::sys::backtrace::_print_fmt::{closure#1}>
[INFO] [stdout]                                at /rustc/b2282dd5646a57d570fc86fbe8df0e8826665ef6/library/std/src/../../backtrace/src/backtrace/mod.rs:66:14
[INFO] [stdout]    2:     0x5aa27a275b58 - std[10d71ac2c42b111e]::sys::backtrace::_print_fmt
[INFO] [stdout]                                at /rustc/b2282dd5646a57d570fc86fbe8df0e8826665ef6/library/std/src/sys/backtrace.rs:74:9
[INFO] [stdout]    3:     0x5aa27a275b58 - <<std[10d71ac2c42b111e]::sys::backtrace::BacktraceLock>::print::DisplayBacktrace as core[8fb95b77d25ab6c8]::fmt::Display>::fmt
[INFO] [stdout]                                at /rustc/b2282dd5646a57d570fc86fbe8df0e8826665ef6/library/std/src/sys/backtrace.rs:44:26
[INFO] [stdout]    4:     0x5aa27a28f01a - <core[8fb95b77d25ab6c8]::fmt::rt::Argument>::fmt
[INFO] [stdout]                                at /rustc/b2282dd5646a57d570fc86fbe8df0e8826665ef6/library/core/src/fmt/rt.rs:152:76
[INFO] [stdout]    5:     0x5aa27a28f01a - core[8fb95b77d25ab6c8]::fmt::write
[INFO] [stdout]    6:     0x5aa27a27bb72 - std[10d71ac2c42b111e]::io::default_write_fmt::<alloc[a7ee25936407c584]::vec::Vec<u8>>
[INFO] [stdout]                                at /rustc/b2282dd5646a57d570fc86fbe8df0e8826665ef6/library/std/src/io/mod.rs:622:11
[INFO] [stdout]    7:     0x5aa27a27bb72 - <alloc[a7ee25936407c584]::vec::Vec<u8> as std[10d71ac2c42b111e]::io::Write>::write_fmt
[INFO] [stdout]                                at /rustc/b2282dd5646a57d570fc86fbe8df0e8826665ef6/library/std/src/io/mod.rs:1977:13
[INFO] [stdout]    8:     0x5aa27a251d56 - <std[10d71ac2c42b111e]::sys::backtrace::BacktraceLock>::print
[INFO] [stdout]                                at /rustc/b2282dd5646a57d570fc86fbe8df0e8826665ef6/library/std/src/sys/backtrace.rs:47:9
[INFO] [stdout]    9:     0x5aa27a251d56 - std[10d71ac2c42b111e]::panicking::default_hook::{closure#0}
[INFO] [stdout]                                at /rustc/b2282dd5646a57d570fc86fbe8df0e8826665ef6/library/std/src/panicking.rs:292:27
[INFO] [stdout]   10:     0x5aa27a26d149 - std[10d71ac2c42b111e]::panicking::default_hook
[INFO] [stdout]                                at /rustc/b2282dd5646a57d570fc86fbe8df0e8826665ef6/library/std/src/panicking.rs:316:9
[INFO] [stdout]   11:     0x5aa279a2ddfc - <alloc[a7ee25936407c584]::boxed::Box<dyn for<'a, 'b> core[8fb95b77d25ab6c8]::ops::function::Fn<(&'a std[10d71ac2c42b111e]::panic::PanicHookInfo<'b>,), Output = ()> + core[8fb95b77d25ab6c8]::marker::Sync + core[8fb95b77d25ab6c8]::marker::Send> as core[8fb95b77d25ab6c8]::ops::function::Fn<(&std[10d71ac2c42b111e]::panic::PanicHookInfo,)>>::call
[INFO] [stdout]                                at /rustc/b2282dd5646a57d570fc86fbe8df0e8826665ef6/library/alloc/src/boxed.rs:2289:9
[INFO] [stdout]   12:     0x5aa279a2ddfc - test[213991da798b1c03]::test_main_inner::<test[213991da798b1c03]::test_main_static::{closure#0}>::{closure#0}
[INFO] [stdout]                                at /rustc/b2282dd5646a57d570fc86fbe8df0e8826665ef6/library/test/src/lib.rs:155:21
[INFO] [stdout]   13:     0x5aa27a26d3c2 - <alloc[a7ee25936407c584]::boxed::Box<dyn for<'a, 'b> core[8fb95b77d25ab6c8]::ops::function::Fn<(&'a std[10d71ac2c42b111e]::panic::PanicHookInfo<'b>,), Output = ()> + core[8fb95b77d25ab6c8]::marker::Sync + core[8fb95b77d25ab6c8]::marker::Send> as core[8fb95b77d25ab6c8]::ops::function::Fn<(&std[10d71ac2c42b111e]::panic::PanicHookInfo,)>>::call
[INFO] [stdout]                                at /rustc/b2282dd5646a57d570fc86fbe8df0e8826665ef6/library/alloc/src/boxed.rs:2289:9
[INFO] [stdout]   14:     0x5aa27a26d3c2 - std[10d71ac2c42b111e]::panicking::panic_with_hook
[INFO] [stdout]                                at /rustc/b2282dd5646a57d570fc86fbe8df0e8826665ef6/library/std/src/panicking.rs:833:13
[INFO] [stdout]   15:     0x5aa27a251e12 - std[10d71ac2c42b111e]::panicking::panic_handler::{closure#0}
[INFO] [stdout]                                at /rustc/b2282dd5646a57d570fc86fbe8df0e8826665ef6/library/std/src/panicking.rs:698:13
[INFO] [stdout]   16:     0x5aa27a246db9 - std[10d71ac2c42b111e]::sys::backtrace::__rust_end_short_backtrace::<std[10d71ac2c42b111e]::panicking::panic_handler::{closure#0}, !>
[INFO] [stdout]                                at /rustc/b2282dd5646a57d570fc86fbe8df0e8826665ef6/library/std/src/sys/backtrace.rs:182:18
[INFO] [stdout]   17:     0x5aa27a252b2d - __rustc[3be9ba60078d4c86]::rust_begin_unwind
[INFO] [stdout]                                at /rustc/b2282dd5646a57d570fc86fbe8df0e8826665ef6/library/std/src/panicking.rs:689:5
[INFO] [stdout]   18:     0x5aa27a28f85c - core[8fb95b77d25ab6c8]::panicking::panic_fmt
[INFO] [stdout]                                at /rustc/b2282dd5646a57d570fc86fbe8df0e8826665ef6/library/core/src/panicking.rs:80:14
[INFO] [stdout]   19:     0x5aa279f91968 - core[8fb95b77d25ab6c8]::panicking::panic_display::<assert_cmd[4876dfee456fae4b]::assert::AssertError>
[INFO] [stdout]                                at /rustc/b2282dd5646a57d570fc86fbe8df0e8826665ef6/library/core/src/panicking.rs:259:5
[INFO] [stdout]   20:     0x5aa279f97df7 - <assert_cmd[4876dfee456fae4b]::assert::AssertError>::panic::<assert_cmd[4876dfee456fae4b]::assert::Assert>
[INFO] [stdout]                                at /opt/rustwide/cargo-home/registry/src/index.crates.io-1949cf8c6b5b557f/assert_cmd-2.2.2/src/assert.rs:1061:9
[INFO] [stdout]   21:     0x5aa279f998ad - <assert_cmd[4876dfee456fae4b]::assert::Assert>::success
[INFO] [stdout]                                at /opt/rustwide/cargo-home/registry/src/index.crates.io-1949cf8c6b5b557f/assert_cmd-2.2.2/src/assert.rs:165:25
[INFO] [stdout]   22:     0x5aa279a18eec - auth_tests[af300a30e1c4e29b]::logout_removes_stored_credentials
[INFO] [stdout]                                at /opt/rustwide/workdir/crates/koban-cli/tests/auth_tests.rs:170:10
[INFO] [stdout]   23:     0x5aa279a170f7 - auth_tests[af300a30e1c4e29b]::logout_removes_stored_credentials::{closure#0}
[INFO] [stdout]                                at /opt/rustwide/workdir/crates/koban-cli/tests/auth_tests.rs:158:39
[INFO] [stdout]   24:     0x5aa279a20a96 - <auth_tests[af300a30e1c4e29b]::logout_removes_stored_credentials::{closure#0} as core[8fb95b77d25ab6c8]::ops::function::FnOnce<()>>::call_once
[INFO] [stdout]                                at /rustc/b2282dd5646a57d570fc86fbe8df0e8826665ef6/library/core/src/ops/function.rs:250:5
[INFO] [stdout]   25:     0x5aa279a20edb - <fn() -> core[8fb95b77d25ab6c8]::result::Result<(), alloc[a7ee25936407c584]::string::String> as core[8fb95b77d25ab6c8]::ops::function::FnOnce<()>>::call_once
[INFO] [stdout]                                at /rustc/b2282dd5646a57d570fc86fbe8df0e8826665ef6/library/core/src/ops/function.rs:250:5
[INFO] [stdout]   26:     0x5aa279a20edb - test[213991da798b1c03]::__rust_begin_short_backtrace::<core[8fb95b77d25ab6c8]::result::Result<(), alloc[a7ee25936407c584]::string::String>, fn() -> core[8fb95b77d25ab6c8]::result::Result<(), alloc[a7ee25936407c584]::string::String>>
[INFO] [stdout]                                at /rustc/b2282dd5646a57d570fc86fbe8df0e8826665ef6/library/test/src/lib.rs:724:18
[INFO] [stdout]   27:     0x5aa279a2e755 - test[213991da798b1c03]::run_test_in_process::{closure#0}
[INFO] [stdout]                                at /rustc/b2282dd5646a57d570fc86fbe8df0e8826665ef6/library/test/src/lib.rs:747:74
[INFO] [stdout]   28:     0x5aa279a2e755 - <core[8fb95b77d25ab6c8]::panic::unwind_safe::AssertUnwindSafe<test[213991da798b1c03]::run_test_in_process::{closure#0}> as core[8fb95b77d25ab6c8]::ops::function::FnOnce<()>>::call_once
[INFO] [stdout]                                at /rustc/b2282dd5646a57d570fc86fbe8df0e8826665ef6/library/core/src/panic/unwind_safe.rs:275:9
[INFO] [stdout]   29:     0x5aa279a2e755 - std[10d71ac2c42b111e]::panicking::catch_unwind::do_call::<core[8fb95b77d25ab6c8]::panic::unwind_safe::AssertUnwindSafe<test[213991da798b1c03]::run_test_in_process::{closure#0}>, core[8fb95b77d25ab6c8]::result::Result<(), alloc[a7ee25936407c584]::string::String>>
[INFO] [stdout]                                at /rustc/b2282dd5646a57d570fc86fbe8df0e8826665ef6/library/std/src/panicking.rs:581:40
[INFO] [stdout]   30:     0x5aa279a2e755 - std[10d71ac2c42b111e]::panicking::catch_unwind::<core[8fb95b77d25ab6c8]::result::Result<(), alloc[a7ee25936407c584]::string::String>, core[8fb95b77d25ab6c8]::panic::unwind_safe::AssertUnwindSafe<test[213991da798b1c03]::run_test_in_process::{closure#0}>>
[INFO] [stdout]                                at /rustc/b2282dd5646a57d570fc86fbe8df0e8826665ef6/library/std/src/panicking.rs:544:19
[INFO] [stdout]   31:     0x5aa279a2e755 - std[10d71ac2c42b111e]::panic::catch_unwind::<core[8fb95b77d25ab6c8]::panic::unwind_safe::AssertUnwindSafe<test[213991da798b1c03]::run_test_in_process::{closure#0}>, core[8fb95b77d25ab6c8]::result::Result<(), alloc[a7ee25936407c584]::string::String>>
[INFO] [stdout]                                at /rustc/b2282dd5646a57d570fc86fbe8df0e8826665ef6/library/std/src/panic.rs:359:14
[INFO] [stdout]   32:     0x5aa279a2e755 - test[213991da798b1c03]::run_test_in_process
[INFO] [stdout]                                at /rustc/b2282dd5646a57d570fc86fbe8df0e8826665ef6/library/test/src/lib.rs:747:27
[INFO] [stdout]   33:     0x5aa279a2e755 - test[213991da798b1c03]::run_test::{closure#0}
[INFO] [stdout]                                at /rustc/b2282dd5646a57d570fc86fbe8df0e8826665ef6/library/test/src/lib.rs:668:43
[INFO] [stdout]   34:     0x5aa279a28064 - test[213991da798b1c03]::run_test::{closure#1}
[INFO] [stdout]                                at /rustc/b2282dd5646a57d570fc86fbe8df0e8826665ef6/library/test/src/lib.rs:698:41
[INFO] [stdout]   35:     0x5aa279a28064 - std[10d71ac2c42b111e]::sys::backtrace::__rust_begin_short_backtrace::<test[213991da798b1c03]::run_test::{closure#1}, ()>
[INFO] [stdout]                                at /rustc/b2282dd5646a57d570fc86fbe8df0e8826665ef6/library/std/src/sys/backtrace.rs:166:18
[INFO] [stdout]   36:     0x5aa279a317d2 - std[10d71ac2c42b111e]::thread::lifecycle::spawn_unchecked::<test[213991da798b1c03]::run_test::{closure#1}, ()>::{closure#1}::{closure#0}
[INFO] [stdout]                                at /rustc/b2282dd5646a57d570fc86fbe8df0e8826665ef6/library/std/src/thread/lifecycle.rs:70:13
[INFO] [stdout]   37:     0x5aa279a317d2 - <core[8fb95b77d25ab6c8]::panic::unwind_safe::AssertUnwindSafe<std[10d71ac2c42b111e]::thread::lifecycle::spawn_unchecked<test[213991da798b1c03]::run_test::{closure#1}, ()>::{closure#1}::{closure#0}> as core[8fb95b77d25ab6c8]::ops::function::FnOnce<()>>::call_once
[INFO] [stdout]                                at /rustc/b2282dd5646a57d570fc86fbe8df0e8826665ef6/library/core/src/panic/unwind_safe.rs:275:9
[INFO] [stdout]   38:     0x5aa279a317d2 - std[10d71ac2c42b111e]::panicking::catch_unwind::do_call::<core[8fb95b77d25ab6c8]::panic::unwind_safe::AssertUnwindSafe<std[10d71ac2c42b111e]::thread::lifecycle::spawn_unchecked<test[213991da798b1c03]::run_test::{closure#1}, ()>::{closure#1}::{closure#0}>, ()>
[INFO] [stdout]                                at /rustc/b2282dd5646a57d570fc86fbe8df0e8826665ef6/library/std/src/panicking.rs:581:40
[INFO] [stdout]   39:     0x5aa279a317d2 - std[10d71ac2c42b111e]::panicking::catch_unwind::<(), core[8fb95b77d25ab6c8]::panic::unwind_safe::AssertUnwindSafe<std[10d71ac2c42b111e]::thread::lifecycle::spawn_unchecked<test[213991da798b1c03]::run_test::{closure#1}, ()>::{closure#1}::{closure#0}>>
[INFO] [stdout]                                at /rustc/b2282dd5646a57d570fc86fbe8df0e8826665ef6/library/std/src/panicking.rs:544:19
[INFO] [stdout]   40:     0x5aa279a317d2 - std[10d71ac2c42b111e]::panic::catch_unwind::<core[8fb95b77d25ab6c8]::panic::unwind_safe::AssertUnwindSafe<std[10d71ac2c42b111e]::thread::lifecycle::spawn_unchecked<test[213991da798b1c03]::run_test::{closure#1}, ()>::{closure#1}::{closure#0}>, ()>
[INFO] [stdout]                                at /rustc/b2282dd5646a57d570fc86fbe8df0e8826665ef6/library/std/src/panic.rs:359:14
[INFO] [stdout]   41:     0x5aa279a317d2 - std[10d71ac2c42b111e]::thread::lifecycle::spawn_unchecked::<test[213991da798b1c03]::run_test::{closure#1}, ()>::{closure#1}
[INFO] [stdout]                                at /rustc/b2282dd5646a57d570fc86fbe8df0e8826665ef6/library/std/src/thread/lifecycle.rs:68:26
[INFO] [stdout]   42:     0x5aa279a317d2 - <std[10d71ac2c42b111e]::thread::lifecycle::spawn_unchecked<test[213991da798b1c03]::run_test::{closure#1}, ()>::{closure#1} as core[8fb95b77d25ab6c8]::ops::function::FnOnce<()>>::call_once::{shim:vtable#0}
[INFO] [stdout]                                at /rustc/b2282dd5646a57d570fc86fbe8df0e8826665ef6/library/core/src/ops/function.rs:250:5
[INFO] [stdout]   43:     0x5aa27a274eef - <alloc[a7ee25936407c584]::boxed::Box<dyn core[8fb95b77d25ab6c8]::ops::function::FnOnce<(), Output = ()> + core[8fb95b77d25ab6c8]::marker::Send> as core[8fb95b77d25ab6c8]::ops::function::FnOnce<()>>::call_once
[INFO] [stdout]                                at /rustc/b2282dd5646a57d570fc86fbe8df0e8826665ef6/library/alloc/src/boxed.rs:2275:9
[INFO] [stdout]   44:     0x5aa27a274eef - <std[10d71ac2c42b111e]::sys::thread::unix::Thread>::new::thread_start
[INFO] [stdout]                                at /rustc/b2282dd5646a57d570fc86fbe8df0e8826665ef6/library/std/src/sys/thread/unix.rs:118:17
[INFO] [stdout]   45:     0x70894ef02aa4 - <unknown>
[INFO] [stdout]   46:     0x70894ef8fa64 - clone
[INFO] [stdout]   47:                0x0 - <unknown>
[INFO] [stdout] 
[INFO] [stdout] 
[INFO] [stdout] failures:
[INFO] [stdout]     logout_removes_stored_credentials
[INFO] [stdout] 
[INFO] [stdout] test result: FAILED. 11 passed; 1 failed; 0 ignored; 0 measured; 0 filtered out; finished in 0.39s
[INFO] [stdout] 
[INFO] [stderr] error: test failed, to rerun pass `-p koban-cli --test auth_tests`
[INFO] running `Command { std: "docker" "inspect" "7d4be298aea697c9ef7cb8149438c9e4e29e585d4ff48a814b4d2303221a60bb", kill_on_drop: false }`
[INFO] running `Command { std: "docker" "rm" "-f" "7d4be298aea697c9ef7cb8149438c9e4e29e585d4ff48a814b4d2303221a60bb", kill_on_drop: false }`
[INFO] [stdout] 7d4be298aea697c9ef7cb8149438c9e4e29e585d4ff48a814b4d2303221a60bb
