[INFO] cloning repository https://github.com/izumkineno/simple_downloader
[INFO] running `Command { std: "git" "-c" "credential.helper=" "-c" "credential.helper=/workspace/cargo-home/bin/git-credential-null" "clone" "--bare" "https://github.com/izumkineno/simple_downloader" "/workspace/cache/git-repos/https%3A%2F%2Fgithub.com%2Fizumkineno%2Fsimple_downloader", kill_on_drop: false }`
[INFO] [stderr] Cloning into bare repository '/workspace/cache/git-repos/https%3A%2F%2Fgithub.com%2Fizumkineno%2Fsimple_downloader'...
[INFO] running `Command { std: "git" "rev-parse" "HEAD", kill_on_drop: false }`
[INFO] [stdout] bb1babf173ac9e6cb331cfd4dc9a91d004a9df1f
[INFO] testing izumkineno/simple_downloader against 1.98.0-beta.1 for beta-1.98-2
[INFO] running `Command { std: "git" "clone" "/workspace/cache/git-repos/https%3A%2F%2Fgithub.com%2Fizumkineno%2Fsimple_downloader" "/workspace/builds/worker-3-tc2/source", kill_on_drop: false }`
[INFO] [stderr] Cloning into '/workspace/builds/worker-3-tc2/source'...
[INFO] [stderr] done.
[INFO] started tweaking git repo https://github.com/izumkineno/simple_downloader
[INFO] removed 0 missing examples
[INFO] finished tweaking git repo https://github.com/izumkineno/simple_downloader
[INFO] tweaked toml for git repo https://github.com/izumkineno/simple_downloader written to /workspace/builds/worker-3-tc2/source/Cargo.toml
[INFO] validating manifest of git repo https://github.com/izumkineno/simple_downloader on toolchain 1.98.0-beta.1
[INFO] running `Command { std: CARGO_HOME="/workspace/cargo-home" RUSTUP_HOME="/workspace/rustup-home" "/workspace/cargo-home/bin/cargo" "+1.98.0-beta.1" "metadata" "--manifest-path" "Cargo.toml" "--no-deps", kill_on_drop: false }`
[INFO] crate git repo https://github.com/izumkineno/simple_downloader already has a lockfile, it will not be regenerated
[INFO] running `Command { std: CARGO_HOME="/workspace/cargo-home" RUSTUP_HOME="/workspace/rustup-home" "/workspace/cargo-home/bin/cargo" "+1.98.0-beta.1" "fetch" "--manifest-path" "Cargo.toml", kill_on_drop: false }`
[INFO] running `Command { std: "docker" "create" "-v" "/var/lib/crater-agent-workspace/builds/worker-3-tc2/source:/opt/rustwide/workdir:ro,Z" "-v" "/var/lib/crater-agent-workspace/builds/worker-3-tc2/target:/opt/rustwide/target:rw,Z" "-v" "/var/lib/crater-agent-workspace/cargo-home:/opt/rustwide/cargo-home:ro,Z" "-v" "/var/lib/crater-agent-workspace/rustup-home:/opt/rustwide/rustup-home:ro,Z" "-m" "1610612736" "--network" "none" "ghcr.io/rust-lang/crates-build-env/linux@sha256:3d5ced03c013a94a2f102a4510f48a6e9184255caf5fd8244f58017bde7f5210" "sleep" "infinity", kill_on_drop: false }`
[INFO] [stdout] 920414a46bb2292e7934b04d8f16f6dd82a9f75bf4a1ab4ea6bff468b7071222
[INFO] running `Command { std: "docker" "start" "920414a46bb2292e7934b04d8f16f6dd82a9f75bf4a1ab4ea6bff468b7071222", kill_on_drop: false }`
[INFO] running `Command { std: "docker" "inspect" "920414a46bb2292e7934b04d8f16f6dd82a9f75bf4a1ab4ea6bff468b7071222", kill_on_drop: false }`
[INFO] running `Command { std: "docker" "exec" "-e" "SOURCE_DIR=/opt/rustwide/workdir" "-e" "CARGO_HOME=/opt/rustwide/cargo-home" "-e" "RUSTUP_HOME=/opt/rustwide/rustup-home" "-e" "CARGO_TARGET_DIR=/opt/rustwide/target" "-w" "/opt/rustwide/workdir" "--user" "0:0" "920414a46bb2292e7934b04d8f16f6dd82a9f75bf4a1ab4ea6bff468b7071222" "/opt/rustwide/cargo-home/bin/cargo" "+1.98.0-beta.1" "metadata" "--no-deps" "--format-version=1", kill_on_drop: false }`
[INFO] running `Command { std: "docker" "inspect" "920414a46bb2292e7934b04d8f16f6dd82a9f75bf4a1ab4ea6bff468b7071222", kill_on_drop: false }`
[INFO] running `Command { std: "docker" "exec" "-e" "SOURCE_DIR=/opt/rustwide/workdir" "-e" "CARGO_HOME=/opt/rustwide/cargo-home" "-e" "RUSTUP_HOME=/opt/rustwide/rustup-home" "-e" "CARGO_TARGET_DIR=/opt/rustwide/target" "-e" "CARGO_INCREMENTAL=0" "-e" "RUST_BACKTRACE=full" "-e" "RUSTFLAGS=--cap-lints=warn" "-e" "RUSTDOCFLAGS=--cap-lints=warn" "-w" "/opt/rustwide/workdir" "--user" "0:0" "920414a46bb2292e7934b04d8f16f6dd82a9f75bf4a1ab4ea6bff468b7071222" "/opt/rustwide/cargo-home/bin/cargo" "+1.98.0-beta.1" "build" "--frozen" "--message-format=json", kill_on_drop: false }`
[INFO] [stderr]    Compiling proc-macro2 v1.0.101
[INFO] [stderr]    Compiling unicode-ident v1.0.19
[INFO] [stderr]    Compiling libc v0.2.185
[INFO] [stderr]    Compiling stable_deref_trait v1.2.1
[INFO] [stderr]    Compiling aws-lc-rs v1.16.2
[INFO] [stderr]    Compiling http v1.3.1
[INFO] [stderr]    Compiling litemap v0.8.0
[INFO] [stderr]    Compiling writeable v0.6.1
[INFO] [stderr]    Compiling icu_properties_data v2.0.1
[INFO] [stderr]    Compiling icu_normalizer_data v2.0.0
[INFO] [stderr]    Compiling tracing-core v0.1.34
[INFO] [stderr]    Compiling rustls-pki-types v1.12.0
[INFO] [stderr]    Compiling hashbrown v0.16.0
[INFO] [stderr]    Compiling rustls v0.23.33
[INFO] [stderr]    Compiling futures-channel v0.3.31
[INFO] [stderr]    Compiling serde v1.0.228
[INFO] [stderr]    Compiling ipnet v2.11.0
[INFO] [stderr]    Compiling bitflags v2.9.4
[INFO] [stderr]    Compiling iri-string v0.7.8
[INFO] [stderr]    Compiling log v0.4.28
[INFO] [stderr]    Compiling simdutf8 v0.1.5
[INFO] [stderr]    Compiling rustls-native-certs v0.8.3
[INFO] [stderr]    Compiling faststr v0.2.34
[INFO] [stderr]    Compiling tracing v0.1.41
[INFO] [stderr]    Compiling http-body v1.0.1
[INFO] [stderr]    Compiling http-body-util v0.1.3
[INFO] [stderr]    Compiling quote v1.0.41
[INFO] [stderr]    Compiling indexmap v2.12.0
[INFO] [stderr]    Compiling syn v2.0.107
[INFO] [stderr]    Compiling jobserver v0.1.34
[INFO] [stderr]    Compiling errno v0.3.14
[INFO] [stderr]    Compiling socket2 v0.6.3
[INFO] [stderr]    Compiling mio v1.2.0
[INFO] [stderr]    Compiling signal-hook-registry v1.4.8
[INFO] [stderr]    Compiling cc v1.2.60
[INFO] [stderr]    Compiling cmake v0.1.58
[INFO] [stderr]    Compiling aws-lc-sys v0.39.1
[INFO] [stderr]    Compiling synstructure v0.13.2
[INFO] [stderr]    Compiling zerovec-derive v0.11.1
[INFO] [stderr]    Compiling displaydoc v0.2.5
[INFO] [stderr]    Compiling tokio-macros v2.7.0
[INFO] [stderr]    Compiling zerofrom-derive v0.1.6
[INFO] [stderr]    Compiling yoke-derive v0.8.0
[INFO] [stderr]    Compiling futures-macro v0.3.32
[INFO] [stderr]    Compiling serde_derive v1.0.228
[INFO] [stderr]    Compiling thiserror-impl v2.0.18
[INFO] [stderr]    Compiling futures-util v0.3.32
[INFO] [stderr]    Compiling tokio v1.52.0
[INFO] [stderr]    Compiling zerofrom v0.1.6
[INFO] [stderr]    Compiling yoke v0.8.0
[INFO] [stderr]    Compiling thiserror v2.0.18
[INFO] [stderr]    Compiling zerovec v0.11.4
[INFO] [stderr]    Compiling zerotrie v0.2.2
[INFO] [stderr]    Compiling tinystr v0.8.1
[INFO] [stderr]    Compiling potential_utf v0.1.3
[INFO] [stderr]    Compiling icu_collections v2.0.0
[INFO] [stderr]    Compiling icu_locale_core v2.0.0
[INFO] [stderr]    Compiling icu_provider v2.0.0
[INFO] [stderr]    Compiling icu_normalizer v2.0.0
[INFO] [stderr]    Compiling icu_properties v2.0.1
[INFO] [stderr]    Compiling idna_adapter v1.2.1
[INFO] [stderr]    Compiling idna v1.1.0
[INFO] [stderr]    Compiling url v2.5.7
[INFO] [stderr]    Compiling tokio-util v0.7.16
[INFO] [stderr]    Compiling tower v0.5.2
[INFO] [stderr]    Compiling tower-http v0.6.8
[INFO] [stderr]    Compiling h2 v0.4.12
[INFO] [stderr]    Compiling hyper v1.7.0
[INFO] [stderr]    Compiling rustls-webpki v0.103.7
[INFO] [stderr]    Compiling hyper-util v0.1.17
[INFO] [stderr]    Compiling tokio-rustls v0.26.4
[INFO] [stderr]    Compiling rustls-platform-verifier v0.6.2
[INFO] [stderr]    Compiling hyper-rustls v0.27.7
[INFO] [stderr]    Compiling reqwest v0.13.2
[INFO] [stderr]    Compiling simple_downloader v0.1.0 (/opt/rustwide/workdir)
[INFO] [stderr]     Finished `dev` profile [unoptimized + debuginfo] target(s) in 1m 05s
[INFO] running `Command { std: "docker" "inspect" "920414a46bb2292e7934b04d8f16f6dd82a9f75bf4a1ab4ea6bff468b7071222", kill_on_drop: false }`
[INFO] running `Command { std: "docker" "exec" "-e" "SOURCE_DIR=/opt/rustwide/workdir" "-e" "CARGO_HOME=/opt/rustwide/cargo-home" "-e" "RUSTUP_HOME=/opt/rustwide/rustup-home" "-e" "CARGO_TARGET_DIR=/opt/rustwide/target" "-e" "CARGO_INCREMENTAL=0" "-e" "RUST_BACKTRACE=full" "-e" "RUSTFLAGS=--cap-lints=warn" "-e" "RUSTDOCFLAGS=--cap-lints=warn" "-w" "/opt/rustwide/workdir" "--user" "0:0" "920414a46bb2292e7934b04d8f16f6dd82a9f75bf4a1ab4ea6bff468b7071222" "/opt/rustwide/cargo-home/bin/cargo" "+1.98.0-beta.1" "test" "--frozen" "--no-run" "--message-format=json", kill_on_drop: false }`
[INFO] [stderr]    Compiling syn v2.0.107
[INFO] [stderr]    Compiling parking_lot_core v0.9.12
[INFO] [stderr]    Compiling bitflags v2.9.4
[INFO] [stderr]    Compiling zerocopy v0.8.48
[INFO] [stderr]    Compiling memchr v2.7.6
[INFO] [stderr]    Compiling getrandom v0.3.4
[INFO] [stderr]    Compiling rustix v1.1.4
[INFO] [stderr]    Compiling semver v1.0.28
[INFO] [stderr]    Compiling console v0.16.1
[INFO] [stderr]    Compiling unit-prefix v0.5.1
[INFO] [stderr]    Compiling colored v3.1.1
[INFO] [stderr]    Compiling similar v2.7.0
[INFO] [stderr]    Compiling rand_core v0.9.5
[INFO] [stderr]    Compiling parking_lot v0.12.5
[INFO] [stderr]    Compiling indicatif v0.18.4
[INFO] [stderr]    Compiling rustc_version v0.4.1
[INFO] [stderr]    Compiling assert2-macros v0.4.0
[INFO] [stderr]    Compiling aho-corasick v1.1.4
[INFO] [stderr]    Compiling serde_json v1.0.149
[INFO] [stderr]    Compiling regex-automata v0.4.14
[INFO] [stderr]    Compiling terminal_size v0.4.4
[INFO] [stderr]    Compiling tempfile v3.27.0
[INFO] [stderr]    Compiling ppv-lite86 v0.2.21
[INFO] [stderr]    Compiling regex v1.12.3
[INFO] [stderr]    Compiling rand_chacha v0.9.0
[INFO] [stderr]    Compiling rand v0.9.4
[INFO] [stderr]    Compiling synstructure v0.13.2
[INFO] [stderr]    Compiling zerofrom-derive v0.1.6
[INFO] [stderr]    Compiling yoke-derive v0.8.0
[INFO] [stderr]    Compiling tokio-macros v2.7.0
[INFO] [stderr]    Compiling zerovec-derive v0.11.1
[INFO] [stderr]    Compiling displaydoc v0.2.5
[INFO] [stderr]    Compiling futures-macro v0.3.32
[INFO] [stderr]    Compiling serde_derive v1.0.228
[INFO] [stderr]    Compiling thiserror-impl v2.0.18
[INFO] [stderr]    Compiling assert2 v0.4.0
[INFO] [stderr]    Compiling futures-util v0.3.32
[INFO] [stderr]    Compiling tokio v1.52.0
[INFO] [stderr]    Compiling zerofrom v0.1.6
[INFO] [stderr]    Compiling yoke v0.8.0
[INFO] [stderr]    Compiling zerovec v0.11.4
[INFO] [stderr]    Compiling zerotrie v0.2.2
[INFO] [stderr]    Compiling thiserror v2.0.18
[INFO] [stderr]    Compiling tinystr v0.8.1
[INFO] [stderr]    Compiling potential_utf v0.1.3
[INFO] [stderr]    Compiling icu_locale_core v2.0.0
[INFO] [stderr]    Compiling icu_collections v2.0.0
[INFO] [stderr]    Compiling serde v1.0.228
[INFO] [stderr]    Compiling icu_provider v2.0.0
[INFO] [stderr]    Compiling icu_normalizer v2.0.0
[INFO] [stderr]    Compiling icu_properties v2.0.1
[INFO] [stderr]    Compiling assert-json-diff v2.0.2
[INFO] [stderr]    Compiling serde_urlencoded v0.7.1
[INFO] [stderr]    Compiling idna_adapter v1.2.1
[INFO] [stderr]    Compiling idna v1.1.0
[INFO] [stderr]    Compiling url v2.5.7
[INFO] [stderr]    Compiling tokio-util v0.7.16
[INFO] [stderr]    Compiling tower v0.5.2
[INFO] [stderr]    Compiling tokio-rustls v0.26.4
[INFO] [stderr]    Compiling tokio-stream v0.1.18
[INFO] [stderr]    Compiling tower-http v0.6.8
[INFO] [stderr]    Compiling tokio-test v0.4.5
[INFO] [stderr]    Compiling h2 v0.4.12
[INFO] [stderr]    Compiling hyper v1.7.0
[INFO] [stderr]    Compiling hyper-util v0.1.17
[INFO] [stderr]    Compiling hyper-rustls v0.27.7
[INFO] [stderr]    Compiling mockito v1.7.2
[INFO] [stderr]    Compiling reqwest v0.13.2
[INFO] [stderr]    Compiling simple_downloader v0.1.0 (/opt/rustwide/workdir)
[INFO] [stdout] warning: unused import: `std::io::Write`
[INFO] [stdout]  --> tests/util.rs:7:5
[INFO] [stdout]   |
[INFO] [stdout] 7 | use std::io::Write;
[INFO] [stdout]   |     ^^^^^^^^^^^^^^
[INFO] [stdout]   |
[INFO] [stdout]   = note: `#[warn(unused_imports)]` (part of `#[warn(unused)]`) on by default
[INFO] [stdout] 
[INFO] [stdout] 
[INFO] [stdout] warning: variant `Multi` is never constructed
[INFO] [stdout]   --> src/downloader.rs:61:5
[INFO] [stdout]    |
[INFO] [stdout] 59 | enum DownloadMode {
[INFO] [stdout]    |      ------------ variant in this enum
[INFO] [stdout] 60 |     Single(DownloaderConfig),
[INFO] [stdout] 61 |     Multi(MultiSourceConfig),
[INFO] [stdout]    |     ^^^^^
[INFO] [stdout]    |
[INFO] [stdout]    = note: `DownloadMode` has a derived impl for the trait `Clone`, but this is intentionally ignored during dead code analysis
[INFO] [stdout]    = note: `#[warn(dead_code)]` (part of `#[warn(unused)]`) on by default
[INFO] [stdout] 
[INFO] [stdout] 
[INFO] [stdout] warning: associated function `new` is never used
[INFO] [stdout]    --> src/lane.rs:132:12
[INFO] [stdout]     |
[INFO] [stdout] 130 | impl LaneCandidate {
[INFO] [stdout]     | ------------------ associated function in this implementation
[INFO] [stdout] 131 |     #[cfg_attr(not(any(test, feature = "multi-source")), allow(dead_code))]
[INFO] [stdout] 132 |     pub fn new(
[INFO] [stdout]     |            ^^^
[INFO] [stdout] 
[INFO] [stdout] 
[INFO] [stdout] warning: methods `lane_ids` and `lane_health` are never used
[INFO] [stdout]    --> src/lane.rs:234:12
[INFO] [stdout]     |
[INFO] [stdout] 196 | impl LaneScheduler {
[INFO] [stdout]     | ------------------ methods in this implementation
[INFO] [stdout] ...
[INFO] [stdout] 234 |     pub fn lane_ids(&self) -> Vec<FastStr> {
[INFO] [stdout]     |            ^^^^^^^^
[INFO] [stdout] ...
[INFO] [stdout] 286 |     pub fn lane_health(&self, lane_id: impl AsRef<str>) -> Option<LaneHealth> {
[INFO] [stdout]     |            ^^^^^^^^^^^
[INFO] [stdout] 
[INFO] [stdout] 
[INFO] [stderr]     Finished `test` profile [unoptimized + debuginfo] target(s) in 56.83s
[INFO] running `Command { std: "docker" "inspect" "920414a46bb2292e7934b04d8f16f6dd82a9f75bf4a1ab4ea6bff468b7071222", kill_on_drop: false }`
[INFO] running `Command { std: "docker" "exec" "-e" "SOURCE_DIR=/opt/rustwide/workdir" "-e" "CARGO_HOME=/opt/rustwide/cargo-home" "-e" "RUSTUP_HOME=/opt/rustwide/rustup-home" "-e" "CARGO_TARGET_DIR=/opt/rustwide/target" "-e" "CARGO_INCREMENTAL=0" "-e" "RUST_BACKTRACE=full" "-e" "RUSTFLAGS=--cap-lints=warn" "-e" "RUSTDOCFLAGS=--cap-lints=warn" "-w" "/opt/rustwide/workdir" "--user" "0:0" "920414a46bb2292e7934b04d8f16f6dd82a9f75bf4a1ab4ea6bff468b7071222" "/opt/rustwide/cargo-home/bin/cargo" "+1.98.0-beta.1" "test" "--frozen", kill_on_drop: false }`
[INFO] [stderr] warning: variant `Multi` is never constructed
[INFO] [stderr]   --> src/downloader.rs:61:5
[INFO] [stderr]    |
[INFO] [stderr] 59 | enum DownloadMode {
[INFO] [stderr]    |      ------------ variant in this enum
[INFO] [stderr] 60 |     Single(DownloaderConfig),
[INFO] [stderr] 61 |     Multi(MultiSourceConfig),
[INFO] [stderr]    |     ^^^^^
[INFO] [stderr]    |
[INFO] [stderr]    = note: `DownloadMode` has a derived impl for the trait `Clone`, but this is intentionally ignored during dead code analysis
[INFO] [stderr]    = note: `#[warn(dead_code)]` (part of `#[warn(unused)]`) on by default
[INFO] [stderr] 
[INFO] [stderr] warning: associated function `new` is never used
[INFO] [stderr]    --> src/lane.rs:132:12
[INFO] [stderr]     |
[INFO] [stderr] 130 | impl LaneCandidate {
[INFO] [stderr]     | ------------------ associated function in this implementation
[INFO] [stderr] 131 |     #[cfg_attr(not(any(test, feature = "multi-source")), allow(dead_code))]
[INFO] [stderr] 132 |     pub fn new(
[INFO] [stderr]     |            ^^^
[INFO] [stderr] 
[INFO] [stderr] warning: methods `lane_ids` and `lane_health` are never used
[INFO] [stderr]    --> src/lane.rs:234:12
[INFO] [stderr]     |
[INFO] [stderr] 196 | impl LaneScheduler {
[INFO] [stderr]     | ------------------ methods in this implementation
[INFO] [stderr] ...
[INFO] [stderr] 234 |     pub fn lane_ids(&self) -> Vec<FastStr> {
[INFO] [stderr]     |            ^^^^^^^^
[INFO] [stderr] ...
[INFO] [stderr] 286 |     pub fn lane_health(&self, lane_id: impl AsRef<str>) -> Option<LaneHealth> {
[INFO] [stderr]     |            ^^^^^^^^^^^
[INFO] [stderr] 
[INFO] [stderr] warning: `simple_downloader` (lib test) generated 3 warnings
[INFO] [stderr] warning: unused import: `std::io::Write`
[INFO] [stderr]  --> tests/util.rs:7:5
[INFO] [stderr]   |
[INFO] [stderr] 7 | use std::io::Write;
[INFO] [stderr]   |     ^^^^^^^^^^^^^^
[INFO] [stderr]   |
[INFO] [stderr]   = note: `#[warn(unused_imports)]` (part of `#[warn(unused)]`) on by default
[INFO] [stderr] 
[INFO] [stderr] warning: `simple_downloader` (test "util") generated 1 warning (run `cargo fix --test "util" -p simple_downloader` to apply 1 suggestion)
[INFO] [stderr]     Finished `test` profile [unoptimized + debuginfo] target(s) in 0.34s
[INFO] [stderr]      Running unittests src/lib.rs (/opt/rustwide/target/debug/deps/simple_downloader-b6ff0df47460aeaf)
[INFO] [stdout] 
[INFO] [stdout] running 11 tests
[INFO] [stdout] test concurrency::tests::probing_phase_does_not_split_without_positive_speed_evidence ... ok
[INFO] [stdout] test chunk::tests::split_range_allows_exactly_two_minimum_chunks ... ok
[INFO] [stdout] test concurrency::tests::stable_phase_combined_gain_gate_fails ... ok
[INFO] [stdout] test chunk::tests::split_range_rejects_ranges_smaller_than_two_minimum_chunks ... ok
[INFO] [stdout] test concurrency::tests::probing_phase_stops_after_consecutive_no_gain ... ok
[INFO] [stdout] test concurrency::tests::stable_phase_refreshes_max_speed_without_forcing_split ... ok
[INFO] [stdout] test concurrency::tests::stable_phase_combined_gain_gate_passes ... ok
[INFO] [stdout] test concurrency::tests::stable_phase_no_mechanical_refill_when_concurrency_not_full ... ok
[INFO] [stdout] test downloader::tests::split_resume_ranges_caps_initial_ranges_to_worker_count ... ok
[INFO] [stdout] test downloader::tests::builder_defaults_are_sensible ... ok
[INFO] [stdout] test concurrency::tests::stable_phase_starts_observation_window_after_split ... ok
[INFO] [stdout] 
[INFO] [stdout] test result: ok. 11 passed; 0 failed; 0 ignored; 0 measured; 0 filtered out; finished in 0.00s
[INFO] [stdout] 
[INFO] [stderr]      Running tests/basic_download.rs (/opt/rustwide/target/debug/deps/basic_download-e2f6007e07b9a07a)
[INFO] [stdout] 
[INFO] [stdout] running 1 test
[INFO] [stdout] test builder_downloads_file_with_default_path ... ok
[INFO] [stdout] 
[INFO] [stdout] test result: ok. 1 passed; 0 failed; 0 ignored; 0 measured; 0 filtered out; finished in 0.22s
[INFO] [stdout] 
[INFO] [stderr]      Running tests/chunk.rs (/opt/rustwide/target/debug/deps/chunk-cc4d2773f0b9c1ec)
[INFO] [stdout] 
[INFO] [stdout] running 3 tests
[INFO] [stdout] test test_chunk_bisect ... ignored, 测试需要更复杂的延迟响应模拟，暂时跳过
[INFO] [stdout] test test_chunk_download_success ... ok
[INFO] [stdout] test test_chunk_request_failure ... ok
[INFO] [stdout] 
[INFO] [stdout] test result: ok. 2 passed; 0 failed; 1 ignored; 0 measured; 0 filtered out; finished in 0.07s
[INFO] [stdout] 
[INFO] [stderr]      Running tests/concurrency.rs (/opt/rustwide/target/debug/deps/concurrency-4b44687ce783ac11)
[INFO] [stdout] 
[INFO] [stdout] running 5 tests
[INFO] [stdout] test probing_does_not_split_without_throughput_evidence ... ok
[INFO] [stdout] test reactive_refill_does_not_split_only_because_worker_slot_is_free ... ok
[INFO] [stdout] test split_target_prefers_remaining_splittable_work_over_original_size ... ok
[INFO] [stdout] test stable_policy_does_not_split_near_completion ... ok
[INFO] [stdout] test steady_stable_speed_does_not_reprobe_against_stale_baseline ... ok
[INFO] [stdout] 
[INFO] [stdout] test result: ok. 5 passed; 0 failed; 0 ignored; 0 measured; 0 filtered out; finished in 1.75s
[INFO] [stdout] 
[INFO] [stderr]      Running tests/feature_progress.rs (/opt/rustwide/target/debug/deps/feature_progress-e0e3aaa71b9c7b52)
[INFO] [stdout] 
[INFO] [stdout] running 0 tests
[INFO] [stdout] 
[INFO] [stdout] test result: ok. 0 passed; 0 failed; 0 ignored; 0 measured; 0 filtered out; finished in 0.00s
[INFO] [stdout] 
[INFO] [stderr]      Running tests/feature_proxy.rs (/opt/rustwide/target/debug/deps/feature_proxy-9b832ccf4c0c9ad2)
[INFO] [stdout] 
[INFO] [stdout] running 0 tests
[INFO] [stdout] 
[INFO] [stdout] test result: ok. 0 passed; 0 failed; 0 ignored; 0 measured; 0 filtered out; finished in 0.00s
[INFO] [stdout] 
[INFO] [stderr]      Running tests/multi_source.rs (/opt/rustwide/target/debug/deps/multi_source-0672db0da660b55d)
[INFO] [stdout] 
[INFO] [stdout] running 0 tests
[INFO] [stdout] 
[INFO] [stdout] test result: ok. 0 passed; 0 failed; 0 ignored; 0 measured; 0 filtered out; finished in 0.00s
[INFO] [stdout] 
[INFO] [stderr]      Running tests/process_resume.rs (/opt/rustwide/target/debug/deps/process_resume-1ff88965911534d4)
[INFO] [stdout] 
[INFO] [stdout] running 0 tests
[INFO] [stdout] 
[INFO] [stdout] test result: ok. 0 passed; 0 failed; 0 ignored; 0 measured; 0 filtered out; finished in 0.00s
[INFO] [stdout] 
[INFO] [stderr]      Running tests/resume.rs (/opt/rustwide/target/debug/deps/resume-0ef4b9f8285917bf)
[INFO] [stdout] 
[INFO] [stdout] running 0 tests
[INFO] [stdout] 
[INFO] [stdout] test result: ok. 0 passed; 0 failed; 0 ignored; 0 measured; 0 filtered out; finished in 0.00s
[INFO] [stdout] 
[INFO] [stderr]      Running tests/util.rs (/opt/rustwide/target/debug/deps/util-a2fb379a8f8c9433)
[INFO] [stdout] 
[INFO] [stdout] running 4 tests
[INFO] [stdout] test test_file_writer_task ... ok
[INFO] [stdout] test test_get_file_info_range_get_success ... ok
[INFO] [stdout] test test_get_file_info_fallback_to_content_length ... ok
[INFO] [stdout] test test_get_file_info_head_success ... ok
[INFO] [stdout] 
[INFO] [stdout] test result: ok. 4 passed; 0 failed; 0 ignored; 0 measured; 0 filtered out; finished in 0.07s
[INFO] [stdout] 
[INFO] [stderr]    Doc-tests simple_downloader
[INFO] [stdout] 
[INFO] [stdout] running 5 tests
[INFO] [stdout] test src/downloader.rs - downloader::DownloadBuilder<F>::client_builder (line 156) - compile ... ok
[INFO] [stdout] test src/lib.rs - (line 29) - compile ... ok
[INFO] [stdout] test src/downloader.rs - downloader::DownloadBuilder (line 68) - compile ... FAILED
[INFO] [stdout] test src/lib.rs - (line 77) - compile ... FAILED
[INFO] [stdout] test src/lib.rs - (line 50) - compile ... FAILED
[INFO] [stdout] 
[INFO] [stdout] failures:
[INFO] [stdout] 
[INFO] [stdout] ---- src/downloader.rs - downloader::DownloadBuilder (line 68) stdout ----
[INFO] [stdout] error[E0599]: no method named `resume` found for struct `DownloadBuilder<F>` in the current scope
[INFO] [stdout]   --> src/downloader.rs:77:6
[INFO] [stdout]    |
[INFO] [stdout] 74 |   let downloader = Downloader::builder("https://example.com/file.bin", "output.bin")
[INFO] [stdout]    |  __________________-
[INFO] [stdout] 75 | |     .workers(8) // 设置 8 个并发线程
[INFO] [stdout] 76 | |     .update_interval(1.0) // 每秒更新一次进度
[INFO] [stdout] 77 | |     .resume(true) // 启用断点续传
[INFO] [stdout]    | |     -^^^^^^ method not found in `DownloadBuilder`
[INFO] [stdout]    | |_____|
[INFO] [stdout]    |
[INFO] [stdout] 
[INFO] [stdout] error: aborting due to 1 previous error
[INFO] [stdout] 
[INFO] [stdout] For more information about this error, try `rustc --explain E0599`.
[INFO] [stdout] Couldn't compile the test.
[INFO] [stdout] ---- src/lib.rs - (line 77) stdout ----
[INFO] [stdout] error[E0432]: unresolved imports `simple_downloader::MultiSourceConfig`, `simple_downloader::SourceConfig`
[INFO] [stdout]    --> src/lib.rs:79:37
[INFO] [stdout]     |
[INFO] [stdout]  79 | use simple_downloader::{Downloader, MultiSourceConfig, SourceConfig};
[INFO] [stdout]     |                                     ^^^^^^^^^^^^^^^^^  ^^^^^^^^^^^^ no `SourceConfig` in the root
[INFO] [stdout]     |                                     |
[INFO] [stdout]     |                                     no `MultiSourceConfig` in the root
[INFO] [stdout]     |
[INFO] [stdout] note: found an item that was configured out
[INFO] [stdout]    --> src/lib.rs:124:58
[INFO] [stdout]     |
[INFO] [stdout] 122 | #[cfg(feature = "multi-source")]
[INFO] [stdout]     |       ------------------------ the item is gated behind the `multi-source` feature
[INFO] [stdout] 123 | pub use lane::{
[INFO] [stdout] 124 |     LaneCandidate, LaneHealth, LaneModel, LaneScheduler, MultiSourceConfig, SourceConfig,
[INFO] [stdout]     |                                                          ^^^^^^^^^^^^^^^^^
[INFO] [stdout] note: found an item that was configured out
[INFO] [stdout]    --> src/lib.rs:124:77
[INFO] [stdout]     |
[INFO] [stdout] 122 | #[cfg(feature = "multi-source")]
[INFO] [stdout]     |       ------------------------ the item is gated behind the `multi-source` feature
[INFO] [stdout] 123 | pub use lane::{
[INFO] [stdout] 124 |     LaneCandidate, LaneHealth, LaneModel, LaneScheduler, MultiSourceConfig, SourceConfig,
[INFO] [stdout]     |                                                                             ^^^^^^^^^^^^
[INFO] [stdout] 
[INFO] [stdout] error[E0599]: no associated function or constant named `new_multi` found for struct `Downloader<F>` in the current scope
[INFO] [stdout]    --> src/lib.rs:90:17
[INFO] [stdout]     |
[INFO] [stdout]  90 |     Downloader::new_multi(config, Default::default)
[INFO] [stdout]     |                 ^^^^^^^^^ associated function or constant not found in `Downloader<_>`
[INFO] [stdout]     |
[INFO] [stdout] note: if you're trying to build a new `Downloader<_>`, consider using `Downloader::<F>::new` which returns `Downloader<_>`
[INFO] [stdout]    --> src/downloader.rs:284:5
[INFO] [stdout]     |
[INFO] [stdout] 284 | /     pub fn new(
[INFO] [stdout] 285 | |         url: impl Into<FastStr>,
[INFO] [stdout] 286 | |         output_path: impl Into<FastStr>,
[INFO] [stdout] 287 | |         workers: u64,
[INFO] [stdout] 288 | |         update_interval: f64,
[INFO] [stdout] 289 | |         client_builder: F,
[INFO] [stdout] 290 | |     ) -> Self {
[INFO] [stdout]     | |_____________^
[INFO] [stdout] 
[INFO] [stdout] error: aborting due to 2 previous errors
[INFO] [stdout] 
[INFO] [stdout] Some errors have detailed explanations: E0432, E0599.
[INFO] [stdout] For more information about an error, try `rustc --explain E0432`.
[INFO] [stdout] Couldn't compile the test.
[INFO] [stdout] ---- src/lib.rs - (line 50) stdout ----
[INFO] [stdout] error[E0432]: unresolved import `simple_downloader::DownloadInfo`
[INFO] [stdout]    --> src/lib.rs:52:37
[INFO] [stdout]     |
[INFO] [stdout]  52 | use simple_downloader::{Downloader, DownloadInfo};
[INFO] [stdout]     |                                     ^^^^^^^^^^^^ no `DownloadInfo` in the root
[INFO] [stdout]     |
[INFO] [stdout] note: found an item that was configured out
[INFO] [stdout]    --> src/lib.rs:131:16
[INFO] [stdout]     |
[INFO] [stdout] 130 | #[cfg(feature = "progress")]
[INFO] [stdout]     |       -------------------- the item is gated behind the `progress` feature
[INFO] [stdout] 131 | pub use types::DownloadInfo;
[INFO] [stdout]     |                ^^^^^^^^^^^^
[INFO] [stdout] help: a similar name exists in the module
[INFO] [stdout]     |
[INFO] [stdout]  52 - use simple_downloader::{Downloader, DownloadInfo};
[INFO] [stdout]  52 + use simple_downloader::{Downloader, Downloader};
[INFO] [stdout]     |
[INFO] [stdout] 
[INFO] [stdout] error[E0599]: no method named `run` found for struct `DownloadBuilder<F>` in the current scope
[INFO] [stdout]   --> src/lib.rs:59:10
[INFO] [stdout]    |
[INFO] [stdout] 57 | /     Downloader::builder("https://proof.ovh.net/files/100Mio.dat", "100Mio.dat")
[INFO] [stdout] 58 | |         .workers(16)
[INFO] [stdout] 59 | |         .run(|total_size, mut info_rx| async move {
[INFO] [stdout]    | |         -^^^ method not found in `DownloadBuilder`
[INFO] [stdout]    | |_________|
[INFO] [stdout]    |
[INFO] [stdout] 
[INFO] [stdout] error: aborting due to 2 previous errors
[INFO] [stdout] 
[INFO] [stdout] Some errors have detailed explanations: E0432, E0599.
[INFO] [stdout] For more information about an error, try `rustc --explain E0432`.
[INFO] [stdout] Couldn't compile the test.
[INFO] [stdout] 
[INFO] [stdout] failures:
[INFO] [stdout]     src/downloader.rs - downloader::DownloadBuilder (line 68)
[INFO] [stdout]     src/lib.rs - (line 50)
[INFO] [stdout]     src/lib.rs - (line 77)
[INFO] [stdout] 
[INFO] [stdout] test result: FAILED. 2 passed; 3 failed; 0 ignored; 0 measured; 0 filtered out; finished in 0.12s
[INFO] [stdout] 
[INFO] [stdout] all doctests ran in 0.45s; merged doctests compilation took 0.33s
[INFO] [stderr] error: doctest failed, to rerun pass `--doc`
[INFO] running `Command { std: "docker" "inspect" "920414a46bb2292e7934b04d8f16f6dd82a9f75bf4a1ab4ea6bff468b7071222", kill_on_drop: false }`
[INFO] running `Command { std: "docker" "rm" "-f" "920414a46bb2292e7934b04d8f16f6dd82a9f75bf4a1ab4ea6bff468b7071222", kill_on_drop: false }`
[INFO] [stdout] 920414a46bb2292e7934b04d8f16f6dd82a9f75bf4a1ab4ea6bff468b7071222
