[INFO] cloning repository https://github.com/hypermail-rs/hypermail-rs.github.io
[INFO] running `Command { std: "git" "-c" "credential.helper=" "-c" "credential.helper=/workspace/cargo-home/bin/git-credential-null" "clone" "--bare" "https://github.com/hypermail-rs/hypermail-rs.github.io" "/workspace/cache/git-repos/https%3A%2F%2Fgithub.com%2Fhypermail-rs%2Fhypermail-rs.github.io", kill_on_drop: false }`
[INFO] [stderr] Cloning into bare repository '/workspace/cache/git-repos/https%3A%2F%2Fgithub.com%2Fhypermail-rs%2Fhypermail-rs.github.io'...
[INFO] running `Command { std: "git" "rev-parse" "HEAD", kill_on_drop: false }`
[INFO] [stdout] a5f6997c776e75dec97fcec13cb4e8d436e58a76
[INFO] testing hypermail-rs/hypermail-rs.github.io against 1.98.0-beta.1 for beta-1.98-2
[INFO] running `Command { std: "git" "clone" "/workspace/cache/git-repos/https%3A%2F%2Fgithub.com%2Fhypermail-rs%2Fhypermail-rs.github.io" "/workspace/builds/worker-7-tc2/source", kill_on_drop: false }`
[INFO] [stderr] Cloning into '/workspace/builds/worker-7-tc2/source'...
[INFO] [stderr] done.
[INFO] started tweaking git repo https://github.com/hypermail-rs/hypermail-rs.github.io
[INFO] finished tweaking git repo https://github.com/hypermail-rs/hypermail-rs.github.io
[INFO] tweaked toml for git repo https://github.com/hypermail-rs/hypermail-rs.github.io written to /workspace/builds/worker-7-tc2/source/Cargo.toml
[INFO] validating manifest of git repo https://github.com/hypermail-rs/hypermail-rs.github.io on toolchain 1.98.0-beta.1
[INFO] running `Command { std: CARGO_HOME="/workspace/cargo-home" RUSTUP_HOME="/workspace/rustup-home" "/workspace/cargo-home/bin/cargo" "+1.98.0-beta.1" "metadata" "--manifest-path" "Cargo.toml" "--no-deps", kill_on_drop: false }`
[INFO] crate git repo https://github.com/hypermail-rs/hypermail-rs.github.io already has a lockfile, it will not be regenerated
[INFO] running `Command { std: CARGO_HOME="/workspace/cargo-home" RUSTUP_HOME="/workspace/rustup-home" "/workspace/cargo-home/bin/cargo" "+1.98.0-beta.1" "fetch" "--manifest-path" "Cargo.toml", kill_on_drop: false }`
[INFO] running `Command { std: "docker" "create" "-v" "/var/lib/crater-agent-workspace/builds/worker-7-tc2/source:/opt/rustwide/workdir:ro,Z" "-v" "/var/lib/crater-agent-workspace/builds/worker-7-tc2/target:/opt/rustwide/target:rw,Z" "-v" "/var/lib/crater-agent-workspace/cargo-home:/opt/rustwide/cargo-home:ro,Z" "-v" "/var/lib/crater-agent-workspace/rustup-home:/opt/rustwide/rustup-home:ro,Z" "-m" "1610612736" "--network" "none" "ghcr.io/rust-lang/crates-build-env/linux@sha256:3d5ced03c013a94a2f102a4510f48a6e9184255caf5fd8244f58017bde7f5210" "sleep" "infinity", kill_on_drop: false }`
[INFO] [stdout] ebc1d2d6783d5c189d2d468f5af502e416297a2bb7e0df77c5e9c1ff00d9de3e
[INFO] running `Command { std: "docker" "start" "ebc1d2d6783d5c189d2d468f5af502e416297a2bb7e0df77c5e9c1ff00d9de3e", kill_on_drop: false }`
[INFO] running `Command { std: "docker" "inspect" "ebc1d2d6783d5c189d2d468f5af502e416297a2bb7e0df77c5e9c1ff00d9de3e", kill_on_drop: false }`
[INFO] running `Command { std: "docker" "exec" "-e" "SOURCE_DIR=/opt/rustwide/workdir" "-e" "CARGO_HOME=/opt/rustwide/cargo-home" "-e" "RUSTUP_HOME=/opt/rustwide/rustup-home" "-e" "CARGO_TARGET_DIR=/opt/rustwide/target" "-w" "/opt/rustwide/workdir" "--user" "0:0" "ebc1d2d6783d5c189d2d468f5af502e416297a2bb7e0df77c5e9c1ff00d9de3e" "/opt/rustwide/cargo-home/bin/cargo" "+1.98.0-beta.1" "metadata" "--no-deps" "--format-version=1", kill_on_drop: false }`
[INFO] running `Command { std: "docker" "inspect" "ebc1d2d6783d5c189d2d468f5af502e416297a2bb7e0df77c5e9c1ff00d9de3e", kill_on_drop: false }`
[INFO] running `Command { std: "docker" "exec" "-e" "SOURCE_DIR=/opt/rustwide/workdir" "-e" "CARGO_HOME=/opt/rustwide/cargo-home" "-e" "RUSTUP_HOME=/opt/rustwide/rustup-home" "-e" "CARGO_TARGET_DIR=/opt/rustwide/target" "-e" "CARGO_INCREMENTAL=0" "-e" "RUST_BACKTRACE=full" "-e" "RUSTFLAGS=--cap-lints=warn" "-e" "RUSTDOCFLAGS=--cap-lints=warn" "-w" "/opt/rustwide/workdir" "--user" "0:0" "ebc1d2d6783d5c189d2d468f5af502e416297a2bb7e0df77c5e9c1ff00d9de3e" "/opt/rustwide/cargo-home/bin/cargo" "+1.98.0-beta.1" "build" "--frozen" "--message-format=json", kill_on_drop: false }`
[INFO] [stderr]    Compiling typenum v1.20.1
[INFO] [stderr]    Compiling regex-syntax v0.8.11
[INFO] [stderr]    Compiling aho-corasick v1.1.4
[INFO] [stderr]    Compiling num-traits v0.2.19
[INFO] [stderr]    Compiling const-oid v0.10.2
[INFO] [stderr]    Compiling libc v0.2.186
[INFO] [stderr]    Compiling log v0.4.33
[INFO] [stderr]    Compiling cpufeatures v0.3.0
[INFO] [stderr]    Compiling syn v2.0.117
[INFO] [stderr]    Compiling jiff v0.2.28
[INFO] [stderr]    Compiling once_cell v1.21.4
[INFO] [stderr]    Compiling hybrid-array v0.4.12
[INFO] [stderr]    Compiling block-buffer v0.12.1
[INFO] [stderr]    Compiling crypto-common v0.2.2
[INFO] [stderr]    Compiling regex-automata v0.4.14
[INFO] [stderr]    Compiling digest v0.11.3
[INFO] [stderr]    Compiling sha2 v0.11.0
[INFO] [stderr]    Compiling serde_derive v1.0.228
[INFO] [stderr]    Compiling thiserror-impl v2.0.18
[INFO] [stderr]    Compiling clap_derive v4.6.1
[INFO] [stderr]    Compiling thiserror v2.0.18
[INFO] [stderr]    Compiling regex v1.12.4
[INFO] [stderr]    Compiling clap v4.6.1
[INFO] [stderr]    Compiling env_filter v2.0.0
[INFO] [stderr]    Compiling env_logger v0.11.11
[INFO] [stderr]    Compiling serde v1.0.228
[INFO] [stderr]    Compiling chrono v0.4.45
[INFO] [stderr]    Compiling hypermail-rs v1.0.0 (/opt/rustwide/workdir)
[INFO] [stderr]     Finished `dev` profile [unoptimized + debuginfo] target(s) in 23.10s
[INFO] running `Command { std: "docker" "inspect" "ebc1d2d6783d5c189d2d468f5af502e416297a2bb7e0df77c5e9c1ff00d9de3e", kill_on_drop: false }`
[INFO] running `Command { std: "docker" "exec" "-e" "SOURCE_DIR=/opt/rustwide/workdir" "-e" "CARGO_HOME=/opt/rustwide/cargo-home" "-e" "RUSTUP_HOME=/opt/rustwide/rustup-home" "-e" "CARGO_TARGET_DIR=/opt/rustwide/target" "-e" "CARGO_INCREMENTAL=0" "-e" "RUST_BACKTRACE=full" "-e" "RUSTFLAGS=--cap-lints=warn" "-e" "RUSTDOCFLAGS=--cap-lints=warn" "-w" "/opt/rustwide/workdir" "--user" "0:0" "ebc1d2d6783d5c189d2d468f5af502e416297a2bb7e0df77c5e9c1ff00d9de3e" "/opt/rustwide/cargo-home/bin/cargo" "+1.98.0-beta.1" "test" "--frozen" "--no-run" "--message-format=json", kill_on_drop: false }`
[INFO] [stderr]    Compiling rustix v1.1.4
[INFO] [stderr]    Compiling linux-raw-sys v0.12.1
[INFO] [stderr]    Compiling bitflags v2.13.0
[INFO] [stderr]    Compiling getrandom v0.4.2
[INFO] [stderr]    Compiling fastrand v2.4.1
[INFO] [stderr]    Compiling tempfile v3.27.0
[INFO] [stderr]    Compiling hypermail-rs v1.0.0 (/opt/rustwide/workdir)
[INFO] [stderr]     Finished `test` profile [unoptimized + debuginfo] target(s) in 8.63s
[INFO] running `Command { std: "docker" "inspect" "ebc1d2d6783d5c189d2d468f5af502e416297a2bb7e0df77c5e9c1ff00d9de3e", kill_on_drop: false }`
[INFO] running `Command { std: "docker" "exec" "-e" "SOURCE_DIR=/opt/rustwide/workdir" "-e" "CARGO_HOME=/opt/rustwide/cargo-home" "-e" "RUSTUP_HOME=/opt/rustwide/rustup-home" "-e" "CARGO_TARGET_DIR=/opt/rustwide/target" "-e" "CARGO_INCREMENTAL=0" "-e" "RUST_BACKTRACE=full" "-e" "RUSTFLAGS=--cap-lints=warn" "-e" "RUSTDOCFLAGS=--cap-lints=warn" "-w" "/opt/rustwide/workdir" "--user" "0:0" "ebc1d2d6783d5c189d2d468f5af502e416297a2bb7e0df77c5e9c1ff00d9de3e" "/opt/rustwide/cargo-home/bin/cargo" "+1.98.0-beta.1" "test" "--frozen", kill_on_drop: false }`
[INFO] [stderr]     Finished `test` profile [unoptimized + debuginfo] target(s) in 0.15s
[INFO] [stderr]      Running unittests src/lib.rs (/opt/rustwide/target/debug/deps/hypermail-63737bace2878919)
[INFO] [stdout] 
[INFO] [stdout] running 390 tests
[INFO] [stdout] test config::tests::test_antispamdomain_none_on_keyword ... ok
[INFO] [stdout] test config::tests::test_antispamdomain_none_on_empty ... ok
[INFO] [stdout] test config::tests::test_apply_cli_arg ... ok
[INFO] [stdout] test config::tests::test_apply_cli_bool_no ... ok
[INFO] [stdout] test config::tests::test_apply_cli_decimal_dirmode ... ok
[INFO] [stdout] test config::tests::test_apply_cli_hm_prefix ... ok
[INFO] [stdout] test config::tests::test_apply_cli_inline_eq ... ok
[INFO] [stdout] test config::tests::test_apply_cli_list ... ok
[INFO] [stdout] test config::tests::test_apply_cli_octal_dirmode ... ok
[INFO] [stdout] test config::tests::test_apply_cli_set_prefix ... ok
[INFO] [stdout] test config::tests::test_apply_cli_bool_yes ... ok
[INFO] [stdout] test config::tests::test_apply_cli_unknown_key ... ok
[INFO] [stdout] test config::tests::test_antispamdomain_roundtrip ... ok
[INFO] [stdout] test config::tests::test_config_file_content_can_parse ... ok
[INFO] [stdout] test config::tests::test_default_config ... ok
[INFO] [stdout] test config::tests::test_apply_cli_with_quoted_value ... ok
[INFO] [stdout] test config::tests::test_deprecated_body_returns_deprecation_error ... ok
[INFO] [stdout] test config::tests::test_deprecated_showhr_returns_deprecation_error ... ok
[INFO] [stdout] test config::tests::test_deprecated_usetable_returns_deprecation_error ... ok
[INFO] [stdout] test config::tests::test_apply_cli_octal_filemode ... ok
[INFO] [stdout] test config::tests::test_none_strings ... ok
[INFO] [stdout] test config::tests::test_set_all_strings ... ok
[INFO] [stdout] test config::tests::test_set_all_switches ... ok
[INFO] [stdout] test date::tests::test_custom_format_str ... ok
[INFO] [stdout] test config::tests::test_set_integer ... ok
[INFO] [stdout] test config::tests::test_set_list ... ok
[INFO] [stdout] test config::tests::test_set_string ... ok
[INFO] [stdout] test config::tests::test_set_switch ... ok
[INFO] [stdout] test config::tests::test_env_loading ... ok
[INFO] [stdout] test config::tests::test_post_process ... ok
[INFO] [stdout] test config::tests::test_set_all_integers ... ok
[INFO] [stdout] test config::tests::test_set_all_lists ... ok
[INFO] [stdout] test config::tests::test_htmlfooterfile_sets_both_i_and_m ... ok
[INFO] [stdout] test config::tests::test_htmlheaderfile_does_not_override_specific_variants ... ok
[INFO] [stdout] test config::tests::test_htmlheaderfile_sets_both_i_and_m ... ok
[INFO] [stdout] test config::tests::test_unknown_key ... ok
[INFO] [stdout] test date::tests::test_date_str ... ok
[INFO] [stdout] test date::tests::test_date_roundtrip ... ok
[INFO] [stdout] test date::tests::test_is_leap_before_1752 ... ok
[INFO] [stdout] test date::tests::test_is_leap_year ... ok
[INFO] [stdout] test date::tests::test_iso_roundtrip ... ok
[INFO] [stdout] test date::tests::test_isodate_str ... ok
[INFO] [stdout] test date::tests::test_month_from_str ... ok
[INFO] [stdout] test date::tests::test_parse_rfc2822 ... ok
[INFO] [stdout] test date::tests::test_eurodate_str ... ok
[INFO] [stdout] test date::tests::test_parse_various_dates ... ok
[INFO] [stdout] test date::tests::test_get_timezone_str_format ... ok
[INFO] [stdout] test file_utils::tests::test_extract_msgnum_from_html_invalid_prefix ... ok
[INFO] [stdout] test file_utils::tests::test_extract_msgnum_from_html_basic ... ok
[INFO] [stdout] test file_utils::tests::test_extract_msgnum_from_html_legacy_a_name ... ok
[INFO] [stdout] test file_utils::tests::test_extract_msgnum_from_html_no_match ... ok
[INFO] [stdout] test file_utils::tests::test_dirpath ... ok
[INFO] [stdout] test file_utils::tests::test_checkdir_existing_dir_is_ok ... ok
[INFO] [stdout] test file_utils::tests::test_checkdir_creates_directory ... ok
[INFO] [stdout] test file_utils::tests::test_extract_comment ... ok
[INFO] [stdout] test file_utils::tests::test_extract_msgnum_from_html_large_msgnum ... ok
[INFO] [stdout] test file_utils::tests::test_fnv32_consistency ... ok
[INFO] [stdout] test file_utils::tests::test_fnv32_different ... ok
[INFO] [stdout] test file_utils::tests::test_message_filename ... ok
[INFO] [stdout] test file_utils::tests::test_message_name_nonsequential ... ok
[INFO] [stdout] test file_utils::tests::test_matches_existing ... ok
[INFO] [stdout] test file_utils::tests::test_message_name_sequential ... ok
[INFO] [stdout] test file_utils::tests::test_message_url_str_with_subdir ... ok
[INFO] [stdout] test file_utils::tests::test_msg_subdir_msgsperfolder ... ok
[INFO] [stdout] test file_utils::tests::test_is_empty_archive_hidden_file_ignored ... ok
[INFO] [stdout] test file_utils::tests::test_is_empty_archive_with_file ... ok
[INFO] [stdout] test file_utils::tests::test_is_empty_archive_empty_dir ... ok
[INFO] [stdout] test file_utils::tests::test_message_path_sequential ... ok
[INFO] [stdout] test file_utils::tests::test_message_url_str_nonsequential ... ok
[INFO] [stdout] test file_utils::tests::test_message_url_str_sequential ... ok
[INFO] [stdout] test filter::tests::test_apply_filters_basic ... ok
[INFO] [stdout] test file_utils::tests::test_write_and_read_messageindex_roundtrip ... ok
[INFO] [stdout] test filter::tests::test_apply_filters_delete_msgnum ... ok
[INFO] [stdout] test filter::tests::test_apply_filters_deleted_header ... ok
[INFO] [stdout] test filter::tests::test_check_deleted_headers_no_value ... ok
[INFO] [stdout] test filter::tests::test_check_body_filter_match ... ok
[INFO] [stdout] test filter::tests::test_check_expires_past ... ok
[INFO] [stdout] test filter::tests::test_check_body_filter_no_match ... ok
[INFO] [stdout] test filter::tests::test_check_delete_msgnum_match ... ok
[INFO] [stdout] test filter::tests::test_check_deleted_headers_match ... ok
[INFO] [stdout] test filter::tests::test_check_header_filter_match ... ok
[INFO] [stdout] test file_utils::tests::test_msg_subdir_none_by_default ... ok
[INFO] [stdout] test filter::tests::test_require_all_matched_empty_is_true ... ok
[INFO] [stdout] test filter::tests::test_require_all_matched_false ... ok
[INFO] [stdout] test filter::tests::test_check_header_filter_matches_header_name ... ok
[INFO] [stdout] test filter::tests::test_apply_filters_filter_out_header_match ... ok
[INFO] [stdout] test filter::tests::test_check_header_filter_no_match ... ok
[INFO] [stdout] test filter::tests::test_require_all_matched_true ... ok
[INFO] [stdout] test haof::tests::test_escape_xml ... ok
[INFO] [stdout] test filter::tests::test_delete_older ... ok
[INFO] [stdout] test filter::tests::test_delete_newer ... ok
[INFO] [stdout] test date::tests::test_parse_gmt_minus_offset ... ok
[INFO] [stdout] test gdbm::tests::test_gdbm_roundtrip ... ok
[INFO] [stdout] test date::tests::test_parse_gmt_plus_offset ... ok
[INFO] [stdout] test date::tests::test_invalid_date ... ok
[INFO] [stdout] test date::tests::test_parse_utc_plus_fractional_offset ... ok
[INFO] [stdout] test filter::tests::test_check_expires_future ... ok
[INFO] [stdout] test gdbm::tests::test_gdbm_index_name ... ok
[INFO] [stdout] test gdbm::tests::test_gdbm_msgnum_over_1m ... ok
[INFO] [stdout] test headers::tests::test_decode_correct_iso_8859_1_latin ... ok
[INFO] [stdout] test headers::tests::test_decode_mime_greek_diaeresis ... ok
[INFO] [stdout] test headers::tests::test_decode_mime_greek_with_numbers ... ok
[INFO] [stdout] test headers::tests::test_decode_mime_greek_mixed_text ... ok
[INFO] [stdout] test headers::tests::test_decode_mime_adjacent_words ... ok
[INFO] [stdout] test headers::tests::test_decode_mime_greek_question ... ok
[INFO] [stdout] test headers::tests::test_decode_mime_fwd_greek ... ok
[INFO] [stdout] test headers::tests::test_decode_mime_greek_adjacent_words ... ok
[INFO] [stdout] test headers::tests::test_decode_mime_greek_parentheses ... ok
[INFO] [stdout] test headers::tests::test_decode_mime_b_windows_1253_anthropos ... ok
[INFO] [stdout] test headers::tests::test_decode_mime_b_iso_8859_7_kalimera ... ok
[INFO] [stdout] test headers::tests::test_decode_mime_b ... ok
[INFO] [stdout] test headers::tests::test_decode_mime_b_iso8859_1 ... ok
[INFO] [stdout] test headers::tests::test_decode_mime_iso_8859_7_tonos ... ok
[INFO] [stdout] test headers::tests::test_decode_mime_q ... ok
[INFO] [stdout] test headers::tests::test_decode_mime_mixed ... ok
[INFO] [stdout] test headers::tests::test_decode_mime_q_iso8859_1 ... ok
[INFO] [stdout] test headers::tests::test_decode_mime_multiple_charsets ... ok
[INFO] [stdout] test headers::tests::test_decode_mime_multiple_greek_words_adjacent ... ok
[INFO] [stdout] test headers::tests::test_decode_mime_mixed_greek_latin_subject ... ok
[INFO] [stdout] test headers::tests::test_decode_mime_q_iso_8859_7_geia ... ok
[INFO] [stdout] test headers::tests::test_decode_mime_uppercase_tonos_windows_1253 ... ok
[INFO] [stdout] test headers::tests::test_decode_mime_q_shift_jis ... ok
[INFO] [stdout] test headers::tests::test_empty_headers ... ok
[INFO] [stdout] test headers::tests::test_decode_mime_windows_1253_real_world ... ok
[INFO] [stdout] test headers::tests::test_decode_mime_real_world_greeting ... ok
[INFO] [stdout] test headers::tests::test_decode_mime_uppercase_tonos_iso_8859_7 ... ok
[INFO] [stdout] test headers::tests::test_decode_mislabeled_iso_8859_1_as_greek ... ok
[INFO] [stdout] test headers::tests::test_parse_email ... ok
[INFO] [stdout] test headers::tests::test_folded_headers ... ok
[INFO] [stdout] test headers::tests::test_parse_email_bare_name ... ok
[INFO] [stdout] test headers::tests::test_parse_email_no_name ... ok
[INFO] [stdout] test headers::tests::test_find_headers_none_found ... ok
[INFO] [stdout] test headers::tests::test_decode_mime_utf8_greek ... ok
[INFO] [stdout] test headers::tests::test_find_header ... ok
[INFO] [stdout] test headers::tests::test_find_headers_multiple_values ... ok
[INFO] [stdout] test headers::tests::test_parse_simple_headers ... ok
[INFO] [stdout] test headers::tests::test_unfold_header_bare_lf ... ok
[INFO] [stdout] test headers::tests::test_unfold_header ... ok
[INFO] [stdout] test headers::tests::test_parse_headers_greek_subject ... ok
[INFO] [stdout] test headers::tests::test_parse_email_paren_style ... ok
[INFO] [stdout] test html::tests::test_get_message_filename ... ok
[INFO] [stdout] test html::tests::test_format_author ... ok
[INFO] [stdout] test html::tests::test_format_author_with_hmail_no_double_mailto ... ok
[INFO] [stdout] test html::tests::test_format_date ... ok
[INFO] [stdout] test html::tests::test_format_subject ... ok
[INFO] [stdout] test html::tests::test_format_subject_stripsubject ... ok
[INFO] [stdout] test html::tests::test_format_subject_stripsubject_no_trailing_space ... ok
[INFO] [stdout] test html::tests::test_format_author_no_double_mailto ... ok
[INFO] [stdout] test date::tests::test_localize_date_greek ... ok
[INFO] [stdout] test i18n::tests::alias_gr_resolves_to_el ... ok
[INFO] [stdout] test i18n::tests::alias_in_resolves_to_id ... ok
[INFO] [stdout] test html::tests::test_nonsequential_navigation_link ... ok
[INFO] [stdout] test i18n::tests::alias_no_resolves_to_nb ... ok
[INFO] [stdout] test i18n::tests::alias_iw_resolves_to_he ... ok
[INFO] [stdout] test date::tests::test_localize_date_unknown_lang_falls_back ... ok
[INFO] [stdout] test html::tests::test_format_body_passes_div_through ... ok
[INFO] [stdout] test i18n::tests::alias_zh_hk_resolves_to_zh_tw ... ok
[INFO] [stdout] test i18n::tests::alias_zh_cn_resolves_to_zh ... ok
[INFO] [stdout] test html::tests::test_format_body_escapes_raw_text ... ok
[INFO] [stdout] test i18n::tests::subtag_pt_br_resolves_to_pt ... ok
[INFO] [stdout] test i18n::tests::known_languages_includes_expected_codes ... ok
[INFO] [stdout] test date::tests::test_localize_date_german ... ok
[INFO] [stdout] test html::tests::test_message_id_spam_protected ... ok
[INFO] [stdout] test html::tests::test_article_uses_id_not_a_name ... ok
[INFO] [stdout] test i18n::tests::greek_not_english ... ok
[INFO] [stdout] test html::tests::test_deleted_article_stub ... ok
[INFO] [stdout] test i18n::tests::all_locales_load_via_new ... ok
[INFO] [stdout] test i18n::tests::ancient_greek_loads ... ok
[INFO] [stdout] test i18n::tests::english_basic ... ok
[INFO] [stdout] test i18n::tests::german_not_english ... ok
[INFO] [stdout] test i18n::tests::unknown_language_falls_back_to_english ... ok
[INFO] [stdout] test i18n::tests::unknown_key_returns_key ... ok
[INFO] [stdout] test i18n::tests::x_lojban_loads ... ok
[INFO] [stdout] test i18n::tests::x_quenya_loads ... ok
[INFO] [stdout] test i18n::tests::x_klingon_loads ... ok
[INFO] [stdout] test index::tests::test_archive_stats_no_about_when_not_configured ... ok
[INFO] [stdout] test index::tests::test_archive_stats_contains_about_link ... ok
[INFO] [stdout] test index::tests::test_attachment_index_empty_when_no_attachments ... ok
[INFO] [stdout] test index::tests::test_attachment_index_indextable_mode ... ok
[INFO] [stdout] test index::tests::test_attachment_index_excludes_plain_message ... ok
[INFO] [stdout] test index::tests::test_folders_index_contains_folder_links ... ok
[INFO] [stdout] test index::tests::test_author_index ... ok
[INFO] [stdout] test index::tests::test_author_index_no_name_sorted_by_email ... ok
[INFO] [stdout] test index::tests::test_attachment_index_includes_message_with_attachment ... ok
[INFO] [stdout] test index::tests::test_date_index ... ok
[INFO] [stdout] test index::tests::test_folders_index_links_to_subfolder_index ... ok
[INFO] [stdout] test index::tests::test_get_index_filename ... ok
[INFO] [stdout] test index::tests::test_index_href_author_is_index_when_defaultindex_author ... ok
[INFO] [stdout] test index::tests::test_index_href_date_is_date_html_when_defaultindex_subject ... ok
[INFO] [stdout] test index::tests::test_folders_index_shows_message_count ... ok
[INFO] [stdout] test index::tests::test_index_date_sorted_index_has_stats_blocks ... ok
[INFO] [stdout] test haof::tests::test_write_haof_basic ... FAILED
[INFO] [stdout] test index::tests::test_folder_index_set_path_contains_folder_name ... ok
[INFO] [stdout] test index::tests::test_index_href_non_default_types_use_named_files ... ok
[INFO] [stdout] test index::tests::test_index_href_subject_is_index_when_defaultindex_subject ... ok
[INFO] [stdout] test index::tests::test_index_href_thread_is_index_when_defaultindex_thread ... ok
[INFO] [stdout] test index::tests::test_nav_links_attachment_hidden_when_attachmentsindex_off ... ok
[INFO] [stdout] test index::tests::test_index_href_date_is_index_when_defaultindex_date ... ok
[INFO] [stdout] test index::tests::test_nav_links_attachment_shown_when_attachments_exist ... ok
[INFO] [stdout] test index::tests::test_nav_links_current_page_shown_as_plain_text ... ok
[INFO] [stdout] test index::tests::test_nav_links_attachment_hidden_when_no_attachments ... ok
[INFO] [stdout] test index::tests::test_nav_links_other_pages_are_links ... ok
[INFO] [stdout] test link::tests::test_collect_body_text ... ok
[INFO] [stdout] test link::tests::test_link_quotes_empty_store ... ok
[INFO] [stdout] test link::tests::test_link_quotes_disabled ... ok
[INFO] [stdout] test mbox::tests::test_from_line_parsing ... ok
[INFO] [stdout] test mbox::tests::test_empty_mbox ... ok
[INFO] [stdout] test mbox::tests::test_max_message_size_exceeded ... ok
[INFO] [stdout] test index::tests::test_index_uses_email_addr_when_no_name ... ok
[INFO] [stdout] test index::tests::test_no_subject_shows_locale_fallback ... ok
[INFO] [stdout] test index::tests::test_yearly_index_no_collision_with_msgnum ... ok
[INFO] [stdout] test index::tests::test_subject_index ... ok
[INFO] [stdout] test index::tests::test_subject_index_re_replies_sort_with_originals ... ok
[INFO] [stdout] test mbox::tests::test_mboxrd_unescape ... ok
[INFO] [stdout] test mbox::tests::test_multipart_message_with_from_in_body ... ok
[INFO] [stdout] test mbox::tests::test_parse_mbox_basic ... ok
[INFO] [stdout] test mbox::tests::test_parse_mbox_three_messages_bodies ... ok
[INFO] [stdout] test mime::tests::test_base64_decode ... ok
[INFO] [stdout] test mime::tests::test_base64_decode_with_newlines ... ok
[INFO] [stdout] test mime::tests::test_content_disposition ... ok
[INFO] [stdout] test mime::tests::test_content_disposition_inline ... ok
[INFO] [stdout] test mime::tests::test_content_type_full_type ... ok
[INFO] [stdout] test mime::tests::test_content_type_is_text ... ok
[INFO] [stdout] test mime::tests::test_content_disposition_no_filename ... ok
[INFO] [stdout] test mime::tests::test_content_type_no_subtype ... ok
[INFO] [stdout] test mime::tests::test_content_type_parse ... ok
[INFO] [stdout] test index::tests::test_yearly_index_filename_prefixed ... ok
[INFO] [stdout] test index::tests::test_folder_index_set_each_contains_only_folder_messages ... ok
[INFO] [stdout] test mime::tests::test_decode_body_all_greek_letters_iso_8859_7 ... ok
[INFO] [stdout] test mbox::tests::test_mbox_no_headers ... ok
[INFO] [stdout] test mime::tests::test_content_type_multipart ... ok
[INFO] [stdout] test mime::tests::test_content_type_name_param ... ok
[INFO] [stdout] test mime::tests::test_decode_body_7bit_passthrough ... ok
[INFO] [stdout] test index::tests::test_folder_index_set_returns_four_pages_per_folder ... ok
[INFO] [stdout] test mime::tests::test_decode_body_base64 ... ok
[INFO] [stdout] test mime::tests::test_decode_body_all_greek_letters_windows_1253 ... ok
[INFO] [stdout] test mime::tests::test_decode_body_correct_iso_8859_1_latin_preserved ... ok
[INFO] [stdout] test mime::tests::test_decode_body_charset_iso8859_1 ... ok
[INFO] [stdout] test mime::tests::test_decode_body_iso_8859_7_kalimera ... ok
[INFO] [stdout] test mime::tests::test_decode_body_diaeresis_greek ... ok
[INFO] [stdout] test mime::tests::test_decode_body_greek_utf8 ... ok
[INFO] [stdout] test mime::tests::test_decode_body_iso_8859_7_quoted_printable ... ok
[INFO] [stdout] test mime::tests::test_decode_body_mislabeled_iso_8859_1_as_greek ... ok
[INFO] [stdout] test mime::tests::test_decode_body_no_charset_iso_8859_7_fallback ... ok
[INFO] [stdout] test mime::tests::test_decode_body_real_world_greek_phrase ... ok
[INFO] [stdout] test mime::tests::test_decode_body_quoted_printable ... ok
[INFO] [stdout] test mime::tests::test_decode_body_uppercase_tonos_iso_8859_7 ... ok
[INFO] [stdout] test mime::tests::test_decode_body_iso_8859_7_base64 ... ok
[INFO] [stdout] test mime::tests::test_decode_body_uppercase_tonos_windows_1253 ... ok
[INFO] [stdout] test mime::tests::test_decode_body_mixed_greek_latin ... ok
[INFO] [stdout] test mime::tests::test_decode_body_iso_8859_7_tonos ... ok
[INFO] [stdout] test mime::tests::test_decode_body_question_marks_greek ... ok
[INFO] [stdout] test mime::tests::test_decode_body_windows_1253_kalimera ... ok
[INFO] [stdout] test mime::tests::test_decode_body_windows_1253_tonos ... ok
[INFO] [stdout] test mime::tests::test_decode_uuencode_no_begin ... ok
[INFO] [stdout] test mime::tests::test_decode_quoted_printable_underscore_as_space ... ok
[INFO] [stdout] test mime::tests::test_find_multipart_charset_all_parts_no_charset ... ok
[INFO] [stdout] test mime::tests::test_find_multipart_charset_mixed_encodings ... ok
[INFO] [stdout] test mime::tests::test_find_multipart_charset_second_part ... ok
[INFO] [stdout] test mime::tests::test_format_flowed_signature_not_unwrapped ... ok
[INFO] [stdout] test mime::tests::test_multipart_attachment_image ... ok
[INFO] [stdout] test mime::tests::test_parse_mime_info_no_ct ... ok
[INFO] [stdout] test mime::tests::test_multipart_inline_image ... ok
[INFO] [stdout] test mime::tests::test_format_flowed_unwrap ... ok
[INFO] [stdout] test mime::tests::test_parse_mime_info_no_cte ... ok
[INFO] [stdout] test mime::tests::test_multipart_mixed_inline_and_attachment ... ok
[INFO] [stdout] test mime::tests::test_parse_mime_info ... ok
[INFO] [stdout] test mime::tests::test_multipart_greek_text_with_inline_image ... ok
[INFO] [stdout] test mime::tests::test_multipart_pdf_attachment ... ok
[INFO] [stdout] test mime::tests::test_multipart_image_with_content_id ... ok
[INFO] [stdout] test mime::tests::test_process_mime_body_format_flowed ... ok
[INFO] [stdout] test mime::tests::test_process_mime_body_multipart_with_greek_html ... ok
[INFO] [stdout] test mime::tests::test_process_mime_body_multipart_charset_in_second_part ... ok
[INFO] [stdout] test mime::tests::test_process_mime_body_no_ct_greek_fallback ... ok
[INFO] [stdout] test mime::tests::test_quoted_printable_decode ... ok
[INFO] [stdout] test mime::tests::test_quoted_printable_soft_break ... ok
[INFO] [stdout] test mime::tests::test_process_mime_body_with_charset ... ok
[INFO] [stdout] test mime::tests::test_quoted_printable_soft_break_mixed ... ok
[INFO] [stdout] test mime::tests::test_quoted_printable_soft_break_unix_lf_only ... ok
[INFO] [stdout] test mime::tests::test_process_mime_body_no_mime ... ok
[INFO] [stdout] test mime::tests::test_rfc2231_encoded_filename ... ok
[INFO] [stdout] test mime::tests::test_rfc2231_continuation_filename ... ok
[INFO] [stdout] test mime::tests::test_unflow_text_no_trailing_space ... ok
[INFO] [stdout] test mime::tests::test_uuencode_simple ... ok
[INFO] [stdout] test quotes::tests::test_compute_quoted_percent_zero ... ok
[INFO] [stdout] test quotes::tests::test_find_quote_class_depth_1 ... ok
[INFO] [stdout] test quotes::tests::test_find_quote_class_depth_3 ... ok
[INFO] [stdout] test quotes::tests::test_find_quote_class_non_quote ... ok
[INFO] [stdout] test quotes::tests::test_find_quote_prefix ... ok
[INFO] [stdout] test quotes::tests::test_find_quote_prefix_no_quotes ... ok
[INFO] [stdout] test quotes::tests::test_get_quote_prefix ... ok
[INFO] [stdout] test quotes::tests::test_remove_hypermail_tags_strips_anchor ... ok
[INFO] [stdout] test quotes::tests::test_is_quote ... ok
[INFO] [stdout] test quotes::tests::test_unquote ... ok
[INFO] [stdout] test quotes::tests::test_is_sig_start ... ok
[INFO] [stdout] test quotes::tests::test_remove_hypermail_tags_no_tags_unchanged ... ok
[INFO] [stdout] test search::tests::test_bigram_extraction ... ok
[INFO] [stdout] test quotes::tests::test_compute_quoted_percent ... ok
[INFO] [stdout] test quotes::tests::test_compute_quoted_percent_empty ... ok
[INFO] [stdout] test quotes::tests::test_quote_depth ... ok
[INFO] [stdout] test quotes::tests::test_is_sig_start_cr_variant ... ok
[INFO] [stdout] test search::tests::test_extract_searchable_text ... ok
[INFO] [stdout] test search::tests::test_bigram_index ... ok
[INFO] [stdout] test string_utils::tests::test_getconfvalue_returns_default_on_empty ... ok
[INFO] [stdout] test string_utils::tests::test_getconfvalue_returns_default_on_none ... ok
[INFO] [stdout] test search::tests::test_search ... ok
[INFO] [stdout] test string_utils::tests::test_getconfvalue_returns_val ... ok
[INFO] [stdout] test string_utils::tests::test_convchars ... ok
[INFO] [stdout] test string_utils::tests::test_oneunre_strips_single_prefix ... ok
[INFO] [stdout] test string_utils::tests::test_spamify ... ok
[INFO] [stdout] test string_utils::tests::test_oneunre_utf8_at_truncation_boundary ... ok
[INFO] [stdout] test string_utils::tests::test_spamify_antispamdomain_none_falls_back_to_at_replacement ... ok
[INFO] [stdout] test string_utils::tests::test_spamify_no_email_unchanged ... ok
[INFO] [stdout] test string_utils::tests::test_spamify_antispamdomain_replaces_domain ... ok
[INFO] [stdout] test string_utils::tests::test_spamify_disabled_unchanged ... ok
[INFO] [stdout] test string_utils::tests::test_spamify_with_domain ... ok
[INFO] [stdout] test string_utils::tests::test_strcpymax_truncates_at_char_boundary ... ok
[INFO] [stdout] test string_utils::tests::test_strcpymax_shorter_than_max ... ok
[INFO] [stdout] test string_utils::tests::test_strtolower ... ok
[INFO] [stdout] test string_utils::tests::test_strreplace_in ... ok
[INFO] [stdout] test string_utils::tests::test_replacechar ... ok
[INFO] [stdout] test string_utils::tests::test_stripzone ... ok
[INFO] [stdout] test structs::tests::test_add_and_find_email ... ok
[INFO] [stdout] test string_utils::tests::test_unobfuscate_roundtrip ... ok
[INFO] [stdout] test structs::tests::test_add_body ... ok
[INFO] [stdout] test structs::tests::test_add_to_list ... ok
[INFO] [stdout] test structs::tests::test_add_to_list_multi ... ok
[INFO] [stdout] test structs::tests::test_author_sorting_no_name_no_email_sorts_to_front ... ok
[INFO] [stdout] test structs::tests::test_date_sorting ... ok
[INFO] [stdout] test string_utils::tests::test_getvalue ... ok
[INFO] [stdout] test structs::tests::test_inlist ... ok
[INFO] [stdout] test structs::tests::test_inlist_pos_found ... ok
[INFO] [stdout] test string_utils::tests::test_unre_utf8_at_truncation_boundary ... ok
[INFO] [stdout] test structs::tests::test_inlist_regex_pos_not_found ... ok
[INFO] [stdout] test structs::tests::test_link_reply_adds_to_replylist ... ok
[INFO] [stdout] test structs::tests::test_link_reply_maybe_flag ... ok
[INFO] [stdout] test structs::tests::test_reinit ... ok
[INFO] [stdout] test string_utils::tests::test_unre ... ok
[INFO] [stdout] test structs::tests::test_author_sorting_falls_back_to_email_addr ... ok
[INFO] [stdout] test structs::tests::test_subject_sorting_uses_unre_subject ... ok
[INFO] [stdout] test string_utils::tests::test_parse_url_not_found ... ok
[INFO] [stdout] test templates::tests::test_basic_substitution ... ok
[INFO] [stdout] test templates::tests::test_description_meta_escaped ... ok
[INFO] [stdout] test templates::tests::test_description_meta_safe ... ok
[INFO] [stdout] test templates::tests::test_multiple_cookies ... ok
[INFO] [stdout] test templates::tests::test_header_cookies ... ok
[INFO] [stdout] test templates::tests::test_no_description_no_meta ... ok
[INFO] [stdout] test templates::tests::test_printfile_localized_labels_german ... ok
[INFO] [stdout] test templates::tests::test_printfile_generated_by_localized ... ok
[INFO] [stdout] test templates::tests::test_printfile_localized_labels_include_colon ... ok
[INFO] [stdout] test templates::tests::test_printfile_localized_labels_greek ... ok
[INFO] [stdout] test string_utils::tests::test_parse_url_found ... ok
[INFO] [stdout] test templates::tests::test_unknown_cookie ... ok
[INFO] [stdout] test templates::tests::test_unset_cookie ... ok
[INFO] [stdout] test txt2html::tests::test_conv_body_line_escapes_html ... ok
[INFO] [stdout] test string_utils::tests::test_conv_urls_escapes_angle_brackets ... ok
[INFO] [stdout] test string_utils::tests::test_conv_urls_escapes_href_with_quotes ... ok
[INFO] [stdout] test structs::tests::test_inlist_regex_pos_found ... ok
[INFO] [stdout] test txt2html::tests::test_conv_body_line_quote ... ok
[INFO] [stdout] test txt2html::tests::test_conv_showhtml_showhtml_0_escapes ... ok
[INFO] [stdout] test txt2html::tests::test_conv_showhtml_header_unchanged ... ok
[INFO] [stdout] test txt2html::tests::test_conv_body_line_sig ... ok
[INFO] [stdout] test txt2html::tests::test_conv_body_line_plain ... ok
[INFO] [stdout] test txt2html::tests::test_conv_showhtml_attached_unchanged ... ok
[INFO] [stdout] test txt2html::tests::test_conv_showhtml_showhtml_0_plain_text ... ok
[INFO] [stdout] test txt2html::tests::test_conv_showhtml_showhtml_1_escapes_xss ... ok
[INFO] [stdout] test txt2html::tests::test_conv_showhtml_showhtml_1_wraps_in_div ... ok
[INFO] [stdout] test txt2html::tests::test_conv_showhtml_showhtml_2_txt2html ... ok
[INFO] [stdout] test txt2html::tests::test_escape_html_double_quote ... ok
[INFO] [stdout] test txt2html::tests::test_escape_html ... ok
[INFO] [stdout] test txt2html::tests::test_escape_html_tab_expanded ... ok
[INFO] [stdout] test txt2html::tests::test_escape_html_quote ... ok
[INFO] [stdout] test string_utils::tests::test_conv_urls ... ok
[INFO] [stdout] test txt2html::tests::test_txt2html_line_inline_image ... ok
[INFO] [stdout] test string_utils::tests::test_conv_urls_escapes_special_chars_in_href ... ok
[INFO] [stdout] test txt2html::tests::test_txt2html_line_quote ... ok
[INFO] [stdout] test txt2html::tests::test_txt2html_line_inline_image_jpeg ... ok
[INFO] [stdout] test txt2html::tests::test_inline_image_svg_blocked ... ok
[INFO] [stdout] test txt2html::tests::test_txt2html_line_empty ... ok
[INFO] [stdout] test txt2html::tests::test_txt2html_line_normal ... ok
[INFO] [stdout] test txt2html::tests::test_txt2html_line_urls ... ok
[INFO] [stdout] test txt2html::tests::test_txt2html_sig_then_body_uses_sig_class ... ok
[INFO] [stdout] test i18n::tests::all_locales_have_required_keys ... ok
[INFO] [stdout] test index::tests::test_archive_stats_bottom_contains_last_and_archived ... ok
[INFO] [stdout] test index::tests::test_archive_stats_top_contains_starting_ending ... ok
[INFO] [stdout] test index::tests::test_nav_links_subject_defaultindex_uses_index_html ... ok
[INFO] [stdout] test string_utils::tests::test_obfuscate_email ... ok
[INFO] [stdout] test structs::tests::test_inlist_pos_not_found ... ok
[INFO] [stdout] test structs::tests::test_subject_sorting ... ok
[INFO] [stdout] test txt2html::tests::test_txt2html_line_sig ... ok
[INFO] [stdout] 
[INFO] [stdout] failures:
[INFO] [stdout] 
[INFO] [stdout] ---- haof::tests::test_write_haof_basic stdout ----
[INFO] [stdout] 
[INFO] [stdout] thread 'haof::tests::test_write_haof_basic' (961) panicked at src/haof.rs:93:47:
[INFO] [stdout] called `Result::unwrap()` on an `Err` value: Io(Os { code: 30, kind: ReadOnlyFilesystem, message: "Read-only file system" })
[INFO] [stdout] stack backtrace:
[INFO] [stdout]    0:     0x573f2dffa721 - std[73adb7dc35730857]::backtrace_rs::backtrace::libunwind::trace
[INFO] [stdout]                                at /rustc/6b3fa26749ab40e159b2dd5cf577acaaf5902772/library/std/src/../../backtrace/src/backtrace/libunwind.rs:117:9
[INFO] [stdout]    1:     0x573f2dffa721 - std[73adb7dc35730857]::backtrace_rs::backtrace::trace_unsynchronized::<std[73adb7dc35730857]::sys::backtrace::_print_fmt::{closure#1}>
[INFO] [stdout]                                at /rustc/6b3fa26749ab40e159b2dd5cf577acaaf5902772/library/std/src/../../backtrace/src/backtrace/mod.rs:66:14
[INFO] [stdout]    2:     0x573f2dffa721 - std[73adb7dc35730857]::sys::backtrace::_print_fmt
[INFO] [stdout]                                at /rustc/6b3fa26749ab40e159b2dd5cf577acaaf5902772/library/std/src/sys/backtrace.rs:74:9
[INFO] [stdout]    3:     0x573f2dffa721 - <<std[73adb7dc35730857]::sys::backtrace::BacktraceLock>::print::DisplayBacktrace as core[6883ba1bc0fe4ed1]::fmt::Display>::fmt
[INFO] [stdout]                                at /rustc/6b3fa26749ab40e159b2dd5cf577acaaf5902772/library/std/src/sys/backtrace.rs:44:26
[INFO] [stdout]    4:     0x573f2e0116da - <core[6883ba1bc0fe4ed1]::fmt::rt::Argument>::fmt
[INFO] [stdout]                                at /rustc/6b3fa26749ab40e159b2dd5cf577acaaf5902772/library/core/src/fmt/rt.rs:152:76
[INFO] [stdout]    5:     0x573f2e0116da - core[6883ba1bc0fe4ed1]::fmt::write
[INFO] [stdout]    6:     0x573f2dfff09c - std[73adb7dc35730857]::io::default_write_fmt::<alloc[55a36b64bcbf2c0d]::vec::Vec<u8>>
[INFO] [stdout]                                at /rustc/6b3fa26749ab40e159b2dd5cf577acaaf5902772/library/std/src/io/mod.rs:626:11
[INFO] [stdout]    7:     0x573f2dfff09c - <alloc[55a36b64bcbf2c0d]::vec::Vec<u8> as std[73adb7dc35730857]::io::Write>::write_fmt
[INFO] [stdout]                                at /rustc/6b3fa26749ab40e159b2dd5cf577acaaf5902772/library/std/src/io/mod.rs:1730:13
[INFO] [stdout]    8:     0x573f2dfd6846 - <std[73adb7dc35730857]::sys::backtrace::BacktraceLock>::print
[INFO] [stdout]                                at /rustc/6b3fa26749ab40e159b2dd5cf577acaaf5902772/library/std/src/sys/backtrace.rs:47:9
[INFO] [stdout]    9:     0x573f2dfd6846 - std[73adb7dc35730857]::panicking::default_hook::{closure#0}
[INFO] [stdout]                                at /rustc/6b3fa26749ab40e159b2dd5cf577acaaf5902772/library/std/src/panicking.rs:292:27
[INFO] [stdout]   10:     0x573f2dff1269 - std[73adb7dc35730857]::panicking::default_hook
[INFO] [stdout]                                at /rustc/6b3fa26749ab40e159b2dd5cf577acaaf5902772/library/std/src/panicking.rs:316:9
[INFO] [stdout]   11:     0x573f2dcb4610 - <alloc[55a36b64bcbf2c0d]::boxed::Box<dyn for<'a, 'b> core[6883ba1bc0fe4ed1]::ops::function::Fn<(&'a std[73adb7dc35730857]::panic::PanicHookInfo<'b>,), Output = ()> + core[6883ba1bc0fe4ed1]::marker::Send + core[6883ba1bc0fe4ed1]::marker::Sync> as core[6883ba1bc0fe4ed1]::ops::function::Fn<(&std[73adb7dc35730857]::panic::PanicHookInfo,)>>::call
[INFO] [stdout]                                at /rustc/6b3fa26749ab40e159b2dd5cf577acaaf5902772/library/alloc/src/boxed.rs:2333:9
[INFO] [stdout]   12:     0x573f2dcb4610 - test[980ffaebd391d06d]::test_main_inner::<test[980ffaebd391d06d]::test_main_static::{closure#0}>::{closure#0}
[INFO] [stdout]                                at /rustc/6b3fa26749ab40e159b2dd5cf577acaaf5902772/library/test/src/lib.rs:155:21
[INFO] [stdout]   13:     0x573f2dff1422 - <alloc[55a36b64bcbf2c0d]::boxed::Box<dyn for<'a, 'b> core[6883ba1bc0fe4ed1]::ops::function::Fn<(&'a std[73adb7dc35730857]::panic::PanicHookInfo<'b>,), Output = ()> + core[6883ba1bc0fe4ed1]::marker::Send + core[6883ba1bc0fe4ed1]::marker::Sync> as core[6883ba1bc0fe4ed1]::ops::function::Fn<(&std[73adb7dc35730857]::panic::PanicHookInfo,)>>::call
[INFO] [stdout]                                at /rustc/6b3fa26749ab40e159b2dd5cf577acaaf5902772/library/alloc/src/boxed.rs:2333:9
[INFO] [stdout]   14:     0x573f2dff1422 - std[73adb7dc35730857]::panicking::panic_with_hook
[INFO] [stdout]                                at /rustc/6b3fa26749ab40e159b2dd5cf577acaaf5902772/library/std/src/panicking.rs:823:13
[INFO] [stdout]   15:     0x573f2dfd68f2 - std[73adb7dc35730857]::panicking::panic_handler::{closure#0}
[INFO] [stdout]                                at /rustc/6b3fa26749ab40e159b2dd5cf577acaaf5902772/library/std/src/panicking.rs:688:13
[INFO] [stdout]   16:     0x573f2dfcdd79 - std[73adb7dc35730857]::sys::backtrace::__rust_end_short_backtrace::<std[73adb7dc35730857]::panicking::panic_handler::{closure#0}, !>
[INFO] [stdout]                                at /rustc/6b3fa26749ab40e159b2dd5cf577acaaf5902772/library/std/src/sys/backtrace.rs:182:18
[INFO] [stdout]   17:     0x573f2dfd770d - __rustc[a7b7b02e776dd976]::rust_begin_unwind
[INFO] [stdout]                                at /rustc/6b3fa26749ab40e159b2dd5cf577acaaf5902772/library/std/src/panicking.rs:679:5
[INFO] [stdout]   18:     0x573f2e011f8c - core[6883ba1bc0fe4ed1]::panicking::panic_fmt
[INFO] [stdout]                                at /rustc/6b3fa26749ab40e159b2dd5cf577acaaf5902772/library/core/src/panicking.rs:80:14
[INFO] [stdout]   19:     0x573f2e011cd2 - core[6883ba1bc0fe4ed1]::result::unwrap_failed
[INFO] [stdout]                                at /rustc/6b3fa26749ab40e159b2dd5cf577acaaf5902772/library/core/src/result.rs:1870:5
[INFO] [stdout]   20:     0x573f2dbe98d0 - <core[6883ba1bc0fe4ed1]::result::Result<alloc[55a36b64bcbf2c0d]::string::String, hypermail[e473fa55a0f5ec0a]::error::HypermailError>>::unwrap
[INFO] [stdout]                                at /rustc/6b3fa26749ab40e159b2dd5cf577acaaf5902772/library/core/src/result.rs:1231:23
[INFO] [stdout]   21:     0x573f2dbe98d0 - hypermail[e473fa55a0f5ec0a]::haof::tests::test_write_haof_basic
[INFO] [stdout]                                at /opt/rustwide/workdir/src/haof.rs:93:47
[INFO] [stdout]   22:     0x573f2dbe7277 - hypermail[e473fa55a0f5ec0a]::haof::tests::test_write_haof_basic::{closure#0}
[INFO] [stdout]                                at /opt/rustwide/workdir/src/haof.rs:80:31
[INFO] [stdout]   23:     0x573f2dbc1fb6 - <hypermail[e473fa55a0f5ec0a]::haof::tests::test_write_haof_basic::{closure#0} as core[6883ba1bc0fe4ed1]::ops::function::FnOnce<()>>::call_once
[INFO] [stdout]                                at /rustc/6b3fa26749ab40e159b2dd5cf577acaaf5902772/library/core/src/ops/function.rs:250:5
[INFO] [stdout]   24:     0x573f2dca794b - <fn() -> core[6883ba1bc0fe4ed1]::result::Result<(), alloc[55a36b64bcbf2c0d]::string::String> as core[6883ba1bc0fe4ed1]::ops::function::FnOnce<()>>::call_once
[INFO] [stdout]                                at /rustc/6b3fa26749ab40e159b2dd5cf577acaaf5902772/library/core/src/ops/function.rs:250:5
[INFO] [stdout]   25:     0x573f2dca794b - test[980ffaebd391d06d]::__rust_begin_short_backtrace::<core[6883ba1bc0fe4ed1]::result::Result<(), alloc[55a36b64bcbf2c0d]::string::String>, fn() -> core[6883ba1bc0fe4ed1]::result::Result<(), alloc[55a36b64bcbf2c0d]::string::String>>
[INFO] [stdout]                                at /rustc/6b3fa26749ab40e159b2dd5cf577acaaf5902772/library/test/src/lib.rs:724:18
[INFO] [stdout]   26:     0x573f2dcb4f95 - test[980ffaebd391d06d]::run_test_in_process::{closure#0}
[INFO] [stdout]                                at /rustc/6b3fa26749ab40e159b2dd5cf577acaaf5902772/library/test/src/lib.rs:747:74
[INFO] [stdout]   27:     0x573f2dcb4f95 - <core[6883ba1bc0fe4ed1]::panic::unwind_safe::AssertUnwindSafe<test[980ffaebd391d06d]::run_test_in_process::{closure#0}> as core[6883ba1bc0fe4ed1]::ops::function::FnOnce<()>>::call_once
[INFO] [stdout]                                at /rustc/6b3fa26749ab40e159b2dd5cf577acaaf5902772/library/core/src/panic/unwind_safe.rs:275:9
[INFO] [stdout]   28:     0x573f2dcb4f95 - std[73adb7dc35730857]::panicking::catch_unwind::do_call::<core[6883ba1bc0fe4ed1]::panic::unwind_safe::AssertUnwindSafe<test[980ffaebd391d06d]::run_test_in_process::{closure#0}>, core[6883ba1bc0fe4ed1]::result::Result<(), alloc[55a36b64bcbf2c0d]::string::String>>
[INFO] [stdout]                                at /rustc/6b3fa26749ab40e159b2dd5cf577acaaf5902772/library/std/src/panicking.rs:576:43
[INFO] [stdout]   29:     0x573f2dcb4f95 - std[73adb7dc35730857]::panicking::catch_unwind::<core[6883ba1bc0fe4ed1]::result::Result<(), alloc[55a36b64bcbf2c0d]::string::String>, core[6883ba1bc0fe4ed1]::panic::unwind_safe::AssertUnwindSafe<test[980ffaebd391d06d]::run_test_in_process::{closure#0}>>
[INFO] [stdout]                                at /rustc/6b3fa26749ab40e159b2dd5cf577acaaf5902772/library/std/src/panicking.rs:544:19
[INFO] [stdout]   30:     0x573f2dcb4f95 - std[73adb7dc35730857]::panic::catch_unwind::<core[6883ba1bc0fe4ed1]::panic::unwind_safe::AssertUnwindSafe<test[980ffaebd391d06d]::run_test_in_process::{closure#0}>, core[6883ba1bc0fe4ed1]::result::Result<(), alloc[55a36b64bcbf2c0d]::string::String>>
[INFO] [stdout]                                at /rustc/6b3fa26749ab40e159b2dd5cf577acaaf5902772/library/std/src/panic.rs:359:14
[INFO] [stdout]   31:     0x573f2dcb4f95 - test[980ffaebd391d06d]::run_test_in_process
[INFO] [stdout]                                at /rustc/6b3fa26749ab40e159b2dd5cf577acaaf5902772/library/test/src/lib.rs:747:27
[INFO] [stdout]   32:     0x573f2dcb4f95 - test[980ffaebd391d06d]::run_test::{closure#0}
[INFO] [stdout]                                at /rustc/6b3fa26749ab40e159b2dd5cf577acaaf5902772/library/test/src/lib.rs:668:43
[INFO] [stdout]   33:     0x573f2dcafa44 - test[980ffaebd391d06d]::run_test::{closure#1}
[INFO] [stdout]                                at /rustc/6b3fa26749ab40e159b2dd5cf577acaaf5902772/library/test/src/lib.rs:698:41
[INFO] [stdout]   34:     0x573f2dcafa44 - std[73adb7dc35730857]::sys::backtrace::__rust_begin_short_backtrace::<test[980ffaebd391d06d]::run_test::{closure#1}, ()>
[INFO] [stdout]                                at /rustc/6b3fa26749ab40e159b2dd5cf577acaaf5902772/library/std/src/sys/backtrace.rs:166:18
[INFO] [stdout]   35:     0x573f2dcb80e2 - std[73adb7dc35730857]::thread::lifecycle::spawn_unchecked::<test[980ffaebd391d06d]::run_test::{closure#1}, ()>::{closure#1}::{closure#0}
[INFO] [stdout]                                at /rustc/6b3fa26749ab40e159b2dd5cf577acaaf5902772/library/std/src/thread/lifecycle.rs:70:13
[INFO] [stdout]   36:     0x573f2dcb80e2 - <core[6883ba1bc0fe4ed1]::panic::unwind_safe::AssertUnwindSafe<std[73adb7dc35730857]::thread::lifecycle::spawn_unchecked<test[980ffaebd391d06d]::run_test::{closure#1}, ()>::{closure#1}::{closure#0}> as core[6883ba1bc0fe4ed1]::ops::function::FnOnce<()>>::call_once
[INFO] [stdout]                                at /rustc/6b3fa26749ab40e159b2dd5cf577acaaf5902772/library/core/src/panic/unwind_safe.rs:275:9
[INFO] [stdout]   37:     0x573f2dcb80e2 - std[73adb7dc35730857]::panicking::catch_unwind::do_call::<core[6883ba1bc0fe4ed1]::panic::unwind_safe::AssertUnwindSafe<std[73adb7dc35730857]::thread::lifecycle::spawn_unchecked<test[980ffaebd391d06d]::run_test::{closure#1}, ()>::{closure#1}::{closure#0}>, ()>
[INFO] [stdout]                                at /rustc/6b3fa26749ab40e159b2dd5cf577acaaf5902772/library/std/src/panicking.rs:576:43
[INFO] [stdout]   38:     0x573f2dcb80e2 - std[73adb7dc35730857]::panicking::catch_unwind::<(), core[6883ba1bc0fe4ed1]::panic::unwind_safe::AssertUnwindSafe<std[73adb7dc35730857]::thread::lifecycle::spawn_unchecked<test[980ffaebd391d06d]::run_test::{closure#1}, ()>::{closure#1}::{closure#0}>>
[INFO] [stdout]                                at /rustc/6b3fa26749ab40e159b2dd5cf577acaaf5902772/library/std/src/panicking.rs:544:19
[INFO] [stdout]   39:     0x573f2dcb80e2 - std[73adb7dc35730857]::panic::catch_unwind::<core[6883ba1bc0fe4ed1]::panic::unwind_safe::AssertUnwindSafe<std[73adb7dc35730857]::thread::lifecycle::spawn_unchecked<test[980ffaebd391d06d]::run_test::{closure#1}, ()>::{closure#1}::{closure#0}>, ()>
[INFO] [stdout]                                at /rustc/6b3fa26749ab40e159b2dd5cf577acaaf5902772/library/std/src/panic.rs:359:14
[INFO] [stdout]   40:     0x573f2dcb80e2 - std[73adb7dc35730857]::thread::lifecycle::spawn_unchecked::<test[980ffaebd391d06d]::run_test::{closure#1}, ()>::{closure#1}
[INFO] [stdout]                                at /rustc/6b3fa26749ab40e159b2dd5cf577acaaf5902772/library/std/src/thread/lifecycle.rs:68:26
[INFO] [stdout]   41:     0x573f2dcb80e2 - <std[73adb7dc35730857]::thread::lifecycle::spawn_unchecked<test[980ffaebd391d06d]::run_test::{closure#1}, ()>::{closure#1} as core[6883ba1bc0fe4ed1]::ops::function::FnOnce<()>>::call_once::{shim:vtable#0}
[INFO] [stdout]                                at /rustc/6b3fa26749ab40e159b2dd5cf577acaaf5902772/library/core/src/ops/function.rs:250:5
[INFO] [stdout]   42:     0x573f2dff96df - <alloc[55a36b64bcbf2c0d]::boxed::Box<dyn core[6883ba1bc0fe4ed1]::ops::function::FnOnce<(), Output = ()> + core[6883ba1bc0fe4ed1]::marker::Send> as core[6883ba1bc0fe4ed1]::ops::function::FnOnce<()>>::call_once
[INFO] [stdout]                                at /rustc/6b3fa26749ab40e159b2dd5cf577acaaf5902772/library/alloc/src/boxed.rs:2319:9
[INFO] [stdout]   43:     0x573f2dff96df - <std[73adb7dc35730857]::sys::thread::unix::Thread>::new::thread_start
[INFO] [stdout]                                at /rustc/6b3fa26749ab40e159b2dd5cf577acaaf5902772/library/std/src/sys/thread/unix.rs:123:17
[INFO] [stdout]   44:     0x72ce81197aa4 - <unknown>
[INFO] [stdout]   45:     0x72ce81224a64 - clone
[INFO] [stdout]   46:                0x0 - <unknown>
[INFO] [stdout] 
[INFO] [stdout] 
[INFO] [stdout] failures:
[INFO] [stdout]     haof::tests::test_write_haof_basic
[INFO] [stdout] 
[INFO] [stdout] test result: FAILED. 389 passed; 1 failed; 0 ignored; 0 measured; 0 filtered out; finished in 0.26s
[INFO] [stdout] 
[INFO] [stderr] error: test failed, to rerun pass `--lib`
[INFO] running `Command { std: "docker" "inspect" "ebc1d2d6783d5c189d2d468f5af502e416297a2bb7e0df77c5e9c1ff00d9de3e", kill_on_drop: false }`
[INFO] running `Command { std: "docker" "rm" "-f" "ebc1d2d6783d5c189d2d468f5af502e416297a2bb7e0df77c5e9c1ff00d9de3e", kill_on_drop: false }`
[INFO] [stdout] ebc1d2d6783d5c189d2d468f5af502e416297a2bb7e0df77c5e9c1ff00d9de3e
