[INFO] cloning repository https://github.com/hymm/bevy_mod_system_execution
[INFO] running `Command { std: "git" "-c" "credential.helper=" "-c" "credential.helper=/workspace/cargo-home/bin/git-credential-null" "clone" "--bare" "https://github.com/hymm/bevy_mod_system_execution" "/workspace/cache/git-repos/https%3A%2F%2Fgithub.com%2Fhymm%2Fbevy_mod_system_execution", kill_on_drop: false }`
[INFO] [stderr] Cloning into bare repository '/workspace/cache/git-repos/https%3A%2F%2Fgithub.com%2Fhymm%2Fbevy_mod_system_execution'...
[INFO] running `Command { std: "git" "rev-parse" "HEAD", kill_on_drop: false }`
[INFO] [stdout] 32683333862cd08e02fdb85453eb4b6ccba1f281
[INFO] testing hymm/bevy_mod_system_execution against 1.97.0-beta.6 for beta-1.98-2
[INFO] running `Command { std: "git" "clone" "/workspace/cache/git-repos/https%3A%2F%2Fgithub.com%2Fhymm%2Fbevy_mod_system_execution" "/workspace/builds/worker-7-tc1/source", kill_on_drop: false }`
[INFO] [stderr] Cloning into '/workspace/builds/worker-7-tc1/source'...
[INFO] [stderr] done.
[INFO] started tweaking git repo https://github.com/hymm/bevy_mod_system_execution
[INFO] finished tweaking git repo https://github.com/hymm/bevy_mod_system_execution
[INFO] tweaked toml for git repo https://github.com/hymm/bevy_mod_system_execution written to /workspace/builds/worker-7-tc1/source/Cargo.toml
[INFO] validating manifest of git repo https://github.com/hymm/bevy_mod_system_execution on toolchain 1.97.0-beta.6
[INFO] running `Command { std: CARGO_HOME="/workspace/cargo-home" RUSTUP_HOME="/workspace/rustup-home" "/workspace/cargo-home/bin/cargo" "+1.97.0-beta.6" "metadata" "--manifest-path" "Cargo.toml" "--no-deps", kill_on_drop: false }`
[INFO] crate git repo https://github.com/hymm/bevy_mod_system_execution already has a lockfile, it will not be regenerated
[INFO] running `Command { std: CARGO_HOME="/workspace/cargo-home" RUSTUP_HOME="/workspace/rustup-home" "/workspace/cargo-home/bin/cargo" "+1.97.0-beta.6" "fetch" "--manifest-path" "Cargo.toml", kill_on_drop: false }`
[INFO] [stderr]  Downloading crates ...
[INFO] [stderr]   Downloaded bevy_utils v0.17.2
[INFO] [stderr]   Downloaded bevy_platform v0.17.2
[INFO] [stderr]   Downloaded bevy_internal v0.17.2
[INFO] [stderr]   Downloaded bevy_transform v0.17.2
[INFO] [stderr]   Downloaded bevy_android v0.17.2
[INFO] [stderr]   Downloaded bevy_derive v0.17.2
[INFO] [stderr]   Downloaded bevy_macro_utils v0.17.2
[INFO] [stderr]   Downloaded bevy_ptr v0.17.2
[INFO] [stderr]   Downloaded bevy_diagnostic v0.17.2
[INFO] [stderr]   Downloaded bevy_ecs_macros v0.17.2
[INFO] [stderr]   Downloaded bevy_time v0.17.2
[INFO] [stderr]   Downloaded bevy_tasks v0.17.2
[INFO] [stderr]   Downloaded bevy_app v0.17.2
[INFO] [stderr]   Downloaded bevy_input v0.17.2
[INFO] [stderr]   Downloaded bevy_reflect_derive v0.17.2
[INFO] [stderr]   Downloaded cc v1.2.44
[INFO] [stderr]   Downloaded bevy_reflect v0.17.2
[INFO] [stderr]   Downloaded bevy_math v0.17.2
[INFO] [stderr]   Downloaded bevy_ecs v0.17.2
[INFO] [stderr]   Downloaded bevy v0.17.2
[INFO] running `Command { std: "docker" "create" "-v" "/var/lib/crater-agent-workspace/builds/worker-7-tc1/source:/opt/rustwide/workdir:ro,Z" "-v" "/var/lib/crater-agent-workspace/builds/worker-7-tc1/target:/opt/rustwide/target:rw,Z" "-v" "/var/lib/crater-agent-workspace/cargo-home:/opt/rustwide/cargo-home:ro,Z" "-v" "/var/lib/crater-agent-workspace/rustup-home:/opt/rustwide/rustup-home:ro,Z" "-m" "1610612736" "--network" "none" "ghcr.io/rust-lang/crates-build-env/linux@sha256:3d5ced03c013a94a2f102a4510f48a6e9184255caf5fd8244f58017bde7f5210" "sleep" "infinity", kill_on_drop: false }`
[INFO] [stdout] cf57f3128563153e796f92880ab8961acf8f2c8931cd30c1d621bbfd3e1efa84
[INFO] running `Command { std: "docker" "start" "cf57f3128563153e796f92880ab8961acf8f2c8931cd30c1d621bbfd3e1efa84", kill_on_drop: false }`
[INFO] running `Command { std: "docker" "inspect" "cf57f3128563153e796f92880ab8961acf8f2c8931cd30c1d621bbfd3e1efa84", kill_on_drop: false }`
[INFO] running `Command { std: "docker" "exec" "-e" "SOURCE_DIR=/opt/rustwide/workdir" "-e" "CARGO_HOME=/opt/rustwide/cargo-home" "-e" "RUSTUP_HOME=/opt/rustwide/rustup-home" "-e" "CARGO_TARGET_DIR=/opt/rustwide/target" "-w" "/opt/rustwide/workdir" "--user" "0:0" "cf57f3128563153e796f92880ab8961acf8f2c8931cd30c1d621bbfd3e1efa84" "/opt/rustwide/cargo-home/bin/cargo" "+1.97.0-beta.6" "metadata" "--no-deps" "--format-version=1", kill_on_drop: false }`
[INFO] running `Command { std: "docker" "inspect" "cf57f3128563153e796f92880ab8961acf8f2c8931cd30c1d621bbfd3e1efa84", kill_on_drop: false }`
[INFO] running `Command { std: "docker" "exec" "-e" "SOURCE_DIR=/opt/rustwide/workdir" "-e" "CARGO_HOME=/opt/rustwide/cargo-home" "-e" "RUSTUP_HOME=/opt/rustwide/rustup-home" "-e" "CARGO_TARGET_DIR=/opt/rustwide/target" "-e" "CARGO_INCREMENTAL=0" "-e" "RUST_BACKTRACE=full" "-e" "RUSTFLAGS=--cap-lints=warn" "-e" "RUSTDOCFLAGS=--cap-lints=warn" "-w" "/opt/rustwide/workdir" "--user" "0:0" "cf57f3128563153e796f92880ab8961acf8f2c8931cd30c1d621bbfd3e1efa84" "/opt/rustwide/cargo-home/bin/cargo" "+1.97.0-beta.6" "build" "--frozen" "--message-format=json", kill_on_drop: false }`
[INFO] [stderr]    Compiling serde_core v1.0.228
[INFO] [stderr]    Compiling serde v1.0.228
[INFO] [stderr]    Compiling hashbrown v0.16.0
[INFO] [stderr]    Compiling winnow v0.7.13
[INFO] [stderr]    Compiling scopeguard v1.2.0
[INFO] [stderr]    Compiling toml_datetime v0.7.3
[INFO] [stderr]    Compiling libm v0.2.15
[INFO] [stderr]    Compiling libc v0.2.177
[INFO] [stderr]    Compiling parking_lot_core v0.9.12
[INFO] [stderr]    Compiling spin v0.10.0
[INFO] [stderr]    Compiling crossbeam-utils v0.8.21
[INFO] [stderr]    Compiling erased-serde v0.4.8
[INFO] [stderr]    Compiling quote v1.0.41
[INFO] [stderr]    Compiling thiserror v2.0.17
[INFO] [stderr]    Compiling disqualified v1.0.0
[INFO] [stderr]    Compiling slotmap v1.0.7
[INFO] [stderr]    Compiling downcast-rs v2.0.2
[INFO] [stderr]    Compiling lock_api v0.4.14
[INFO] [stderr]    Compiling smallvec v1.15.1
[INFO] [stderr]    Compiling futures-core v0.3.31
[INFO] [stderr]    Compiling bevy_ptr v0.17.2
[INFO] [stderr]    Compiling async-task v4.7.1
[INFO] [stderr]    Compiling futures-lite v2.6.1
[INFO] [stderr]    Compiling bumpalo v3.19.0
[INFO] [stderr]    Compiling syn v2.0.108
[INFO] [stderr]    Compiling nonmax v0.5.5
[INFO] [stderr]    Compiling itertools v0.14.0
[INFO] [stderr]    Compiling const-fnv1a-hash v1.1.0
[INFO] [stderr]    Compiling crossbeam-queue v0.3.12
[INFO] [stderr]    Compiling concurrent-queue v2.5.0
[INFO] [stderr]    Compiling indexmap v2.12.0
[INFO] [stderr]    Compiling parking_lot v0.12.5
[INFO] [stderr]    Compiling toml_parser v1.0.4
[INFO] [stderr]    Compiling toml_edit v0.23.7
[INFO] [stderr]    Compiling bevy_macro_utils v0.17.2
[INFO] [stderr]    Compiling bevy_platform v0.17.2
[INFO] [stderr]    Compiling bevy_utils v0.17.2
[INFO] [stderr]    Compiling derive_more-impl v2.0.1
[INFO] [stderr]    Compiling bytemuck_derive v1.10.2
[INFO] [stderr]    Compiling thiserror-impl v2.0.17
[INFO] [stderr]    Compiling bevy_reflect_derive v0.17.2
[INFO] [stderr]    Compiling variadics_please v1.1.0
[INFO] [stderr]    Compiling assert_type_match v0.1.1
[INFO] [stderr]    Compiling bevy_ecs_macros v0.17.2
[INFO] [stderr]    Compiling bevy_derive v0.17.2
[INFO] [stderr]    Compiling bytemuck v1.24.0
[INFO] [stderr]    Compiling glam v0.30.9
[INFO] [stderr]    Compiling derive_more v2.0.1
[INFO] [stderr]    Compiling bevy_tasks v0.17.2
[INFO] [stderr]    Compiling bevy_reflect v0.17.2
[INFO] [stderr]    Compiling bevy_ecs v0.17.2
[INFO] [stderr]    Compiling bevy_math v0.17.2
[INFO] [stderr]    Compiling bevy_app v0.17.2
[INFO] [stderr]    Compiling bevy_time v0.17.2
[INFO] [stderr]    Compiling bevy_input v0.17.2
[INFO] [stderr]    Compiling bevy_transform v0.17.2
[INFO] [stderr]    Compiling bevy_diagnostic v0.17.2
[INFO] [stderr]    Compiling bevy_internal v0.17.2
[INFO] [stderr]    Compiling bevy v0.17.2
[INFO] [stderr]    Compiling bevy_mod_system_execution v0.1.0 (/opt/rustwide/workdir)
[INFO] [stdout] warning: field `layout` is never read
[INFO] [stdout]   --> src/dynamic_bundle.rs:12:5
[INFO] [stdout]    |
[INFO] [stdout] 10 | struct TypeDescriptor {
[INFO] [stdout]    |        -------------- field in this struct
[INFO] [stdout] 11 |     type_id: Option<TypeId>,
[INFO] [stdout] 12 |     layout: Layout,
[INFO] [stdout]    |     ^^^^^^
[INFO] [stdout]    |
[INFO] [stdout]    = note: `#[warn(dead_code)]` (part of `#[warn(unused)]`) on by default
[INFO] [stdout] 
[INFO] [stdout] 
[INFO] [stdout] warning: methods `size`, `clear`, `get`, `type_ids`, `consume`, and `is_empty` are never used
[INFO] [stdout]    --> src/dynamic_bundle.rs:72:12
[INFO] [stdout]     |
[INFO] [stdout]  56 | impl DynamicBundle {
[INFO] [stdout]     | ------------------ methods in this implementation
[INFO] [stdout] ...
[INFO] [stdout]  72 |     pub fn size(&self) -> usize {
[INFO] [stdout]     |            ^^^^
[INFO] [stdout] ...
[INFO] [stdout]  77 |     pub fn clear(&mut self) {
[INFO] [stdout]     |            ^^^^^
[INFO] [stdout] ...
[INFO] [stdout] 161 |     pub fn get<T: 'static>(&self) -> Option<&T> {
[INFO] [stdout]     |            ^^^
[INFO] [stdout] ...
[INFO] [stdout] 196 |     pub fn type_ids(&self) -> impl Iterator<Item = TypeId> + use<'_> {
[INFO] [stdout]     |            ^^^^^^^^
[INFO] [stdout] ...
[INFO] [stdout] 201 |     pub fn consume(&mut self) -> impl Iterator<Item = OwningPtr<'_>> {
[INFO] [stdout]     |            ^^^^^^^
[INFO] [stdout] ...
[INFO] [stdout] 232 |     pub fn is_empty(&self) -> bool {
[INFO] [stdout]     |            ^^^^^^^^
[INFO] [stdout] 
[INFO] [stdout] 
[INFO] [stdout] warning: field `is_exclusive` is never read
[INFO] [stdout]   --> src/system_runner.rs:85:5
[INFO] [stdout]    |
[INFO] [stdout] 83 | pub struct SystemRunnerResource<Marker: Send + Sync + 'static> {
[INFO] [stdout]    |            -------------------- field in this struct
[INFO] [stdout] 84 |     is_send: bool,
[INFO] [stdout] 85 |     is_exclusive: bool,
[INFO] [stdout]    |     ^^^^^^^^^^^^
[INFO] [stdout] 
[INFO] [stdout] 
[INFO] [stderr]     Finished `dev` profile [unoptimized + debuginfo] target(s) in 1m 08s
[INFO] running `Command { std: "docker" "inspect" "cf57f3128563153e796f92880ab8961acf8f2c8931cd30c1d621bbfd3e1efa84", kill_on_drop: false }`
[INFO] running `Command { std: "docker" "exec" "-e" "SOURCE_DIR=/opt/rustwide/workdir" "-e" "CARGO_HOME=/opt/rustwide/cargo-home" "-e" "RUSTUP_HOME=/opt/rustwide/rustup-home" "-e" "CARGO_TARGET_DIR=/opt/rustwide/target" "-e" "CARGO_INCREMENTAL=0" "-e" "RUST_BACKTRACE=full" "-e" "RUSTFLAGS=--cap-lints=warn" "-e" "RUSTDOCFLAGS=--cap-lints=warn" "-w" "/opt/rustwide/workdir" "--user" "0:0" "cf57f3128563153e796f92880ab8961acf8f2c8931cd30c1d621bbfd3e1efa84" "/opt/rustwide/cargo-home/bin/cargo" "+1.97.0-beta.6" "test" "--frozen" "--no-run" "--message-format=json", kill_on_drop: false }`
[INFO] [stderr]    Compiling bevy_mod_system_execution v0.1.0 (/opt/rustwide/workdir)
[INFO] [stdout] warning: field `layout` is never read
[INFO] [stdout]   --> src/dynamic_bundle.rs:12:5
[INFO] [stdout]    |
[INFO] [stdout] 10 | struct TypeDescriptor {
[INFO] [stdout]    |        -------------- field in this struct
[INFO] [stdout] 11 |     type_id: Option<TypeId>,
[INFO] [stdout] 12 |     layout: Layout,
[INFO] [stdout]    |     ^^^^^^
[INFO] [stdout]    |
[INFO] [stdout]    = note: `#[warn(dead_code)]` (part of `#[warn(unused)]`) on by default
[INFO] [stdout] 
[INFO] [stdout] 
[INFO] [stdout] warning: methods `size`, `clear`, `get`, `type_ids`, `consume`, and `is_empty` are never used
[INFO] [stdout]    --> src/dynamic_bundle.rs:72:12
[INFO] [stdout]     |
[INFO] [stdout]  56 | impl DynamicBundle {
[INFO] [stdout]     | ------------------ methods in this implementation
[INFO] [stdout] ...
[INFO] [stdout]  72 |     pub fn size(&self) -> usize {
[INFO] [stdout]     |            ^^^^
[INFO] [stdout] ...
[INFO] [stdout]  77 |     pub fn clear(&mut self) {
[INFO] [stdout]     |            ^^^^^
[INFO] [stdout] ...
[INFO] [stdout] 161 |     pub fn get<T: 'static>(&self) -> Option<&T> {
[INFO] [stdout]     |            ^^^
[INFO] [stdout] ...
[INFO] [stdout] 196 |     pub fn type_ids(&self) -> impl Iterator<Item = TypeId> + use<'_> {
[INFO] [stdout]     |            ^^^^^^^^
[INFO] [stdout] ...
[INFO] [stdout] 201 |     pub fn consume(&mut self) -> impl Iterator<Item = OwningPtr<'_>> {
[INFO] [stdout]     |            ^^^^^^^
[INFO] [stdout] ...
[INFO] [stdout] 232 |     pub fn is_empty(&self) -> bool {
[INFO] [stdout]     |            ^^^^^^^^
[INFO] [stdout] 
[INFO] [stdout] 
[INFO] [stdout] warning: field `is_exclusive` is never read
[INFO] [stdout]   --> src/system_runner.rs:85:5
[INFO] [stdout]    |
[INFO] [stdout] 83 | pub struct SystemRunnerResource<Marker: Send + Sync + 'static> {
[INFO] [stdout]    |            -------------------- field in this struct
[INFO] [stdout] 84 |     is_send: bool,
[INFO] [stdout] 85 |     is_exclusive: bool,
[INFO] [stdout]    |     ^^^^^^^^^^^^
[INFO] [stdout] 
[INFO] [stdout] 
[INFO] [stdout] warning: field `layout` is never read
[INFO] [stdout]   --> src/dynamic_bundle.rs:12:5
[INFO] [stdout]    |
[INFO] [stdout] 10 | struct TypeDescriptor {
[INFO] [stdout]    |        -------------- field in this struct
[INFO] [stdout] 11 |     type_id: Option<TypeId>,
[INFO] [stdout] 12 |     layout: Layout,
[INFO] [stdout]    |     ^^^^^^
[INFO] [stdout]    |
[INFO] [stdout]    = note: `#[warn(dead_code)]` (part of `#[warn(unused)]`) on by default
[INFO] [stdout] 
[INFO] [stdout] 
[INFO] [stdout] warning: methods `size` and `clear` are never used
[INFO] [stdout]   --> src/dynamic_bundle.rs:72:12
[INFO] [stdout]    |
[INFO] [stdout] 56 | impl DynamicBundle {
[INFO] [stdout]    | ------------------ methods in this implementation
[INFO] [stdout] ...
[INFO] [stdout] 72 |     pub fn size(&self) -> usize {
[INFO] [stdout]    |            ^^^^
[INFO] [stdout] ...
[INFO] [stdout] 77 |     pub fn clear(&mut self) {
[INFO] [stdout]    |            ^^^^^
[INFO] [stdout] 
[INFO] [stdout] 
[INFO] [stdout] warning: field `is_exclusive` is never read
[INFO] [stdout]   --> src/system_runner.rs:85:5
[INFO] [stdout]    |
[INFO] [stdout] 83 | pub struct SystemRunnerResource<Marker: Send + Sync + 'static> {
[INFO] [stdout]    |            -------------------- field in this struct
[INFO] [stdout] 84 |     is_send: bool,
[INFO] [stdout] 85 |     is_exclusive: bool,
[INFO] [stdout]    |     ^^^^^^^^^^^^
[INFO] [stdout] 
[INFO] [stdout] 
[INFO] [stderr]     Finished `test` profile [unoptimized + debuginfo] target(s) in 2.66s
[INFO] running `Command { std: "docker" "inspect" "cf57f3128563153e796f92880ab8961acf8f2c8931cd30c1d621bbfd3e1efa84", kill_on_drop: false }`
[INFO] running `Command { std: "docker" "exec" "-e" "SOURCE_DIR=/opt/rustwide/workdir" "-e" "CARGO_HOME=/opt/rustwide/cargo-home" "-e" "RUSTUP_HOME=/opt/rustwide/rustup-home" "-e" "CARGO_TARGET_DIR=/opt/rustwide/target" "-e" "CARGO_INCREMENTAL=0" "-e" "RUST_BACKTRACE=full" "-e" "RUSTFLAGS=--cap-lints=warn" "-e" "RUSTDOCFLAGS=--cap-lints=warn" "-w" "/opt/rustwide/workdir" "--user" "0:0" "cf57f3128563153e796f92880ab8961acf8f2c8931cd30c1d621bbfd3e1efa84" "/opt/rustwide/cargo-home/bin/cargo" "+1.97.0-beta.6" "test" "--frozen", kill_on_drop: false }`
[INFO] [stderr] warning: field `layout` is never read
[INFO] [stderr]   --> src/dynamic_bundle.rs:12:5
[INFO] [stderr]    |
[INFO] [stderr] 10 | struct TypeDescriptor {
[INFO] [stderr]    |        -------------- field in this struct
[INFO] [stderr] 11 |     type_id: Option<TypeId>,
[INFO] [stderr] 12 |     layout: Layout,
[INFO] [stderr]    |     ^^^^^^
[INFO] [stderr]    |
[INFO] [stderr]    = note: `#[warn(dead_code)]` (part of `#[warn(unused)]`) on by default
[INFO] [stderr] 
[INFO] [stderr] warning: methods `size`, `clear`, `get`, `type_ids`, `consume`, and `is_empty` are never used
[INFO] [stderr]    --> src/dynamic_bundle.rs:72:12
[INFO] [stderr]     |
[INFO] [stderr]  56 | impl DynamicBundle {
[INFO] [stderr]     | ------------------ methods in this implementation
[INFO] [stderr] ...
[INFO] [stderr]  72 |     pub fn size(&self) -> usize {
[INFO] [stderr]     |            ^^^^
[INFO] [stderr] ...
[INFO] [stderr]  77 |     pub fn clear(&mut self) {
[INFO] [stderr]     |            ^^^^^
[INFO] [stderr] ...
[INFO] [stderr] 161 |     pub fn get<T: 'static>(&self) -> Option<&T> {
[INFO] [stderr]     |            ^^^
[INFO] [stderr] ...
[INFO] [stderr] 196 |     pub fn type_ids(&self) -> impl Iterator<Item = TypeId> + use<'_> {
[INFO] [stderr]     |            ^^^^^^^^
[INFO] [stderr] ...
[INFO] [stderr] 201 |     pub fn consume(&mut self) -> impl Iterator<Item = OwningPtr<'_>> {
[INFO] [stderr]     |            ^^^^^^^
[INFO] [stderr] ...
[INFO] [stderr] 232 |     pub fn is_empty(&self) -> bool {
[INFO] [stderr]     |            ^^^^^^^^
[INFO] [stderr] 
[INFO] [stderr] warning: field `is_exclusive` is never read
[INFO] [stderr]   --> src/system_runner.rs:85:5
[INFO] [stderr]    |
[INFO] [stderr] 83 | pub struct SystemRunnerResource<Marker: Send + Sync + 'static> {
[INFO] [stderr]    |            -------------------- field in this struct
[INFO] [stderr] 84 |     is_send: bool,
[INFO] [stderr] 85 |     is_exclusive: bool,
[INFO] [stderr]    |     ^^^^^^^^^^^^
[INFO] [stderr] 
[INFO] [stderr] warning: `bevy_mod_system_execution` (lib) generated 3 warnings
[INFO] [stderr] warning: methods `size` and `clear` are never used
[INFO] [stderr]   --> src/dynamic_bundle.rs:72:12
[INFO] [stderr]    |
[INFO] [stderr] 56 | impl DynamicBundle {
[INFO] [stderr]    | ------------------ methods in this implementation
[INFO] [stderr] ...
[INFO] [stderr] 72 |     pub fn size(&self) -> usize {
[INFO] [stderr]    |            ^^^^
[INFO] [stderr] ...
[INFO] [stderr] 77 |     pub fn clear(&mut self) {
[INFO] [stderr]    |            ^^^^^
[INFO] [stderr] 
[INFO] [stderr] warning: `bevy_mod_system_execution` (lib test) generated 3 warnings (2 duplicates)
[INFO] [stderr]     Finished `test` profile [unoptimized + debuginfo] target(s) in 0.16s
[INFO] [stderr]      Running unittests src/lib.rs (/opt/rustwide/target/debug/deps/bevy_mod_system_execution-7abd30d06fc9c713)
[INFO] [stdout] 
[INFO] [stdout] running 17 tests
[INFO] [stdout] test dynamic_bundle::tests::calls_drop_if_exists ... ok
[INFO] [stdout] test dynamic_bundle::tests::failed_insert_on_entity ... ignored, need to still fix this
[INFO] [stdout] test dynamic_bundle::tests::calls_drop_if_replaced ... ok
[INFO] [stdout] test dynamic_bundle::tests::can_read_data ... ok
[INFO] [stdout] test system_runner::tests::basic_usage ... ok
[INFO] [stdout] test system_runner::tests::can_pass_in_lifetimed_input ... ok
[INFO] [stdout] test system_runner::tests::registers_as_exclusive ... ignored, bevy doesn't support setting exclusive in system meta
[INFO] [stdout] test system_runner::tests::will_apply_commands ... ok
[INFO] [stdout] test system_runner::tests::registers_as_non_send ... ok
[INFO] [stdout] test system_runner::tests::system_state_is_cached ... ok
[INFO] [stdout] test dynamic_bundle::tests::insert_on_entity ... FAILED
[INFO] [stdout] test system_runner::tests::conflicts_with_resource_first - should panic ... ok
[INFO] [stdout] test system_runner::tests::conflicts_with_resource_second - should panic ... ok
[INFO] [stdout] test system_runner::tests::forking_conflicting_systems_panics - should panic ... ok
[INFO] [stdout] test system_runner::tests::param_conflicts_with_resource_second - should panic ... ok
[INFO] [stdout] test system_runner::tests::param_conflicts_with_resource_first - should panic ... ok
[INFO] [stderr] error: test failed, to rerun pass `--lib`
[INFO] [stdout] test system_runner::tests::fork_two_systems ... ok
[INFO] [stdout] 
[INFO] [stdout] failures:
[INFO] [stdout] 
[INFO] [stdout] ---- dynamic_bundle::tests::insert_on_entity stdout ----
[INFO] [stdout] 
[INFO] [stdout] thread 'dynamic_bundle::tests::insert_on_entity' (1206) panicked at src/dynamic_bundle.rs:361:9:
[INFO] [stdout] assertion failed: bundle.is_empty()
[INFO] [stdout] stack backtrace:
[INFO] [stdout]    0:     0x590dfc7ddfc8 - std[10d71ac2c42b111e]::backtrace_rs::backtrace::libunwind::trace
[INFO] [stdout]                                at /rustc/b2282dd5646a57d570fc86fbe8df0e8826665ef6/library/std/src/../../backtrace/src/backtrace/libunwind.rs:117:9
[INFO] [stdout]    1:     0x590dfc7ddfc8 - std[10d71ac2c42b111e]::backtrace_rs::backtrace::trace_unsynchronized::<std[10d71ac2c42b111e]::sys::backtrace::_print_fmt::{closure#1}>
[INFO] [stdout]                                at /rustc/b2282dd5646a57d570fc86fbe8df0e8826665ef6/library/std/src/../../backtrace/src/backtrace/mod.rs:66:14
[INFO] [stdout]    2:     0x590dfc7ddfc8 - std[10d71ac2c42b111e]::sys::backtrace::_print_fmt
[INFO] [stdout]                                at /rustc/b2282dd5646a57d570fc86fbe8df0e8826665ef6/library/std/src/sys/backtrace.rs:74:9
[INFO] [stdout]    3:     0x590dfc7ddfc8 - <<std[10d71ac2c42b111e]::sys::backtrace::BacktraceLock>::print::DisplayBacktrace as core[8fb95b77d25ab6c8]::fmt::Display>::fmt
[INFO] [stdout]                                at /rustc/b2282dd5646a57d570fc86fbe8df0e8826665ef6/library/std/src/sys/backtrace.rs:44:26
[INFO] [stdout]    4:     0x590dfc7f226a - <core[8fb95b77d25ab6c8]::fmt::rt::Argument>::fmt
[INFO] [stdout]                                at /rustc/b2282dd5646a57d570fc86fbe8df0e8826665ef6/library/core/src/fmt/rt.rs:152:76
[INFO] [stdout]    5:     0x590dfc7f226a - core[8fb95b77d25ab6c8]::fmt::write
[INFO] [stdout]    6:     0x590dfc7e27e2 - std[10d71ac2c42b111e]::io::default_write_fmt::<alloc[a7ee25936407c584]::vec::Vec<u8>>
[INFO] [stdout]                                at /rustc/b2282dd5646a57d570fc86fbe8df0e8826665ef6/library/std/src/io/mod.rs:622:11
[INFO] [stdout]    7:     0x590dfc7e27e2 - <alloc[a7ee25936407c584]::vec::Vec<u8> as std[10d71ac2c42b111e]::io::Write>::write_fmt
[INFO] [stdout]                                at /rustc/b2282dd5646a57d570fc86fbe8df0e8826665ef6/library/std/src/io/mod.rs:1977:13
[INFO] [stdout]    8:     0x590dfc7bd186 - <std[10d71ac2c42b111e]::sys::backtrace::BacktraceLock>::print
[INFO] [stdout]                                at /rustc/b2282dd5646a57d570fc86fbe8df0e8826665ef6/library/std/src/sys/backtrace.rs:47:9
[INFO] [stdout]    9:     0x590dfc7bd186 - std[10d71ac2c42b111e]::panicking::default_hook::{closure#0}
[INFO] [stdout]                                at /rustc/b2282dd5646a57d570fc86fbe8df0e8826665ef6/library/std/src/panicking.rs:292:27
[INFO] [stdout]   10:     0x590dfc7d6519 - std[10d71ac2c42b111e]::panicking::default_hook
[INFO] [stdout]                                at /rustc/b2282dd5646a57d570fc86fbe8df0e8826665ef6/library/std/src/panicking.rs:316:9
[INFO] [stdout]   11:     0x590dfc628a7c - <alloc[a7ee25936407c584]::boxed::Box<dyn for<'a, 'b> core[8fb95b77d25ab6c8]::ops::function::Fn<(&'a std[10d71ac2c42b111e]::panic::PanicHookInfo<'b>,), Output = ()> + core[8fb95b77d25ab6c8]::marker::Sync + core[8fb95b77d25ab6c8]::marker::Send> as core[8fb95b77d25ab6c8]::ops::function::Fn<(&std[10d71ac2c42b111e]::panic::PanicHookInfo,)>>::call
[INFO] [stdout]                                at /rustc/b2282dd5646a57d570fc86fbe8df0e8826665ef6/library/alloc/src/boxed.rs:2289:9
[INFO] [stdout]   12:     0x590dfc628a7c - test[213991da798b1c03]::test_main_inner::<test[213991da798b1c03]::test_main_static::{closure#0}>::{closure#0}
[INFO] [stdout]                                at /rustc/b2282dd5646a57d570fc86fbe8df0e8826665ef6/library/test/src/lib.rs:155:21
[INFO] [stdout]   13:     0x590dfc7d66d2 - <alloc[a7ee25936407c584]::boxed::Box<dyn for<'a, 'b> core[8fb95b77d25ab6c8]::ops::function::Fn<(&'a std[10d71ac2c42b111e]::panic::PanicHookInfo<'b>,), Output = ()> + core[8fb95b77d25ab6c8]::marker::Sync + core[8fb95b77d25ab6c8]::marker::Send> as core[8fb95b77d25ab6c8]::ops::function::Fn<(&std[10d71ac2c42b111e]::panic::PanicHookInfo,)>>::call
[INFO] [stdout]                                at /rustc/b2282dd5646a57d570fc86fbe8df0e8826665ef6/library/alloc/src/boxed.rs:2289:9
[INFO] [stdout]   14:     0x590dfc7d66d2 - std[10d71ac2c42b111e]::panicking::panic_with_hook
[INFO] [stdout]                                at /rustc/b2282dd5646a57d570fc86fbe8df0e8826665ef6/library/std/src/panicking.rs:833:13
[INFO] [stdout]   15:     0x590dfc7bd274 - std[10d71ac2c42b111e]::panicking::panic_handler::{closure#0}
[INFO] [stdout]                                at /rustc/b2282dd5646a57d570fc86fbe8df0e8826665ef6/library/std/src/panicking.rs:691:13
[INFO] [stdout]   16:     0x590dfc7b2449 - std[10d71ac2c42b111e]::sys::backtrace::__rust_end_short_backtrace::<std[10d71ac2c42b111e]::panicking::panic_handler::{closure#0}, !>
[INFO] [stdout]                                at /rustc/b2282dd5646a57d570fc86fbe8df0e8826665ef6/library/std/src/sys/backtrace.rs:182:18
[INFO] [stdout]   17:     0x590dfc7bdf5d - __rustc[3be9ba60078d4c86]::rust_begin_unwind
[INFO] [stdout]                                at /rustc/b2282dd5646a57d570fc86fbe8df0e8826665ef6/library/std/src/panicking.rs:689:5
[INFO] [stdout]   18:     0x590dfc7f29bc - core[8fb95b77d25ab6c8]::panicking::panic_fmt
[INFO] [stdout]                                at /rustc/b2282dd5646a57d570fc86fbe8df0e8826665ef6/library/core/src/panicking.rs:80:14
[INFO] [stdout]   19:     0x590dfc7f2982 - core[8fb95b77d25ab6c8]::panicking::panic
[INFO] [stdout]                                at /rustc/b2282dd5646a57d570fc86fbe8df0e8826665ef6/library/core/src/panicking.rs:150:5
[INFO] [stdout]   20:     0x590dfc6142f0 - bevy_mod_system_execution[5940bf90c84f37c1]::dynamic_bundle::tests::insert_on_entity
[INFO] [stdout]                                at /opt/rustwide/workdir/src/dynamic_bundle.rs:361:9
[INFO] [stdout]   21:     0x590dfc611e97 - bevy_mod_system_execution[5940bf90c84f37c1]::dynamic_bundle::tests::insert_on_entity::{closure#0}
[INFO] [stdout]                                at /opt/rustwide/workdir/src/dynamic_bundle.rs:346:26
[INFO] [stdout]   22:     0x590dfc5feb96 - <bevy_mod_system_execution[5940bf90c84f37c1]::dynamic_bundle::tests::insert_on_entity::{closure#0} as core[8fb95b77d25ab6c8]::ops::function::FnOnce<()>>::call_once
[INFO] [stdout]                                at /rustc/b2282dd5646a57d570fc86fbe8df0e8826665ef6/library/core/src/ops/function.rs:250:5
[INFO] [stdout]   23:     0x590dfc61bb5b - <fn() -> core[8fb95b77d25ab6c8]::result::Result<(), alloc[a7ee25936407c584]::string::String> as core[8fb95b77d25ab6c8]::ops::function::FnOnce<()>>::call_once
[INFO] [stdout]                                at /rustc/b2282dd5646a57d570fc86fbe8df0e8826665ef6/library/core/src/ops/function.rs:250:5
[INFO] [stdout]   24:     0x590dfc61bb5b - test[213991da798b1c03]::__rust_begin_short_backtrace::<core[8fb95b77d25ab6c8]::result::Result<(), alloc[a7ee25936407c584]::string::String>, fn() -> core[8fb95b77d25ab6c8]::result::Result<(), alloc[a7ee25936407c584]::string::String>>
[INFO] [stdout]                                at /rustc/b2282dd5646a57d570fc86fbe8df0e8826665ef6/library/test/src/lib.rs:724:18
[INFO] [stdout]   25:     0x590dfc6293d5 - test[213991da798b1c03]::run_test_in_process::{closure#0}
[INFO] [stdout]                                at /rustc/b2282dd5646a57d570fc86fbe8df0e8826665ef6/library/test/src/lib.rs:747:74
[INFO] [stdout]   26:     0x590dfc6293d5 - <core[8fb95b77d25ab6c8]::panic::unwind_safe::AssertUnwindSafe<test[213991da798b1c03]::run_test_in_process::{closure#0}> as core[8fb95b77d25ab6c8]::ops::function::FnOnce<()>>::call_once
[INFO] [stdout]                                at /rustc/b2282dd5646a57d570fc86fbe8df0e8826665ef6/library/core/src/panic/unwind_safe.rs:275:9
[INFO] [stdout]   27:     0x590dfc6293d5 - std[10d71ac2c42b111e]::panicking::catch_unwind::do_call::<core[8fb95b77d25ab6c8]::panic::unwind_safe::AssertUnwindSafe<test[213991da798b1c03]::run_test_in_process::{closure#0}>, core[8fb95b77d25ab6c8]::result::Result<(), alloc[a7ee25936407c584]::string::String>>
[INFO] [stdout]                                at /rustc/b2282dd5646a57d570fc86fbe8df0e8826665ef6/library/std/src/panicking.rs:581:40
[INFO] [stdout]   28:     0x590dfc6293d5 - std[10d71ac2c42b111e]::panicking::catch_unwind::<core[8fb95b77d25ab6c8]::result::Result<(), alloc[a7ee25936407c584]::string::String>, core[8fb95b77d25ab6c8]::panic::unwind_safe::AssertUnwindSafe<test[213991da798b1c03]::run_test_in_process::{closure#0}>>
[INFO] [stdout]                                at /rustc/b2282dd5646a57d570fc86fbe8df0e8826665ef6/library/std/src/panicking.rs:544:19
[INFO] [stdout]   29:     0x590dfc6293d5 - std[10d71ac2c42b111e]::panic::catch_unwind::<core[8fb95b77d25ab6c8]::panic::unwind_safe::AssertUnwindSafe<test[213991da798b1c03]::run_test_in_process::{closure#0}>, core[8fb95b77d25ab6c8]::result::Result<(), alloc[a7ee25936407c584]::string::String>>
[INFO] [stdout]                                at /rustc/b2282dd5646a57d570fc86fbe8df0e8826665ef6/library/std/src/panic.rs:359:14
[INFO] [stdout]   30:     0x590dfc6293d5 - test[213991da798b1c03]::run_test_in_process
[INFO] [stdout]                                at /rustc/b2282dd5646a57d570fc86fbe8df0e8826665ef6/library/test/src/lib.rs:747:27
[INFO] [stdout]   31:     0x590dfc6293d5 - test[213991da798b1c03]::run_test::{closure#0}
[INFO] [stdout]                                at /rustc/b2282dd5646a57d570fc86fbe8df0e8826665ef6/library/test/src/lib.rs:668:43
[INFO] [stdout]   32:     0x590dfc622ce4 - test[213991da798b1c03]::run_test::{closure#1}
[INFO] [stdout]                                at /rustc/b2282dd5646a57d570fc86fbe8df0e8826665ef6/library/test/src/lib.rs:698:41
[INFO] [stdout]   33:     0x590dfc622ce4 - std[10d71ac2c42b111e]::sys::backtrace::__rust_begin_short_backtrace::<test[213991da798b1c03]::run_test::{closure#1}, ()>
[INFO] [stdout]                                at /rustc/b2282dd5646a57d570fc86fbe8df0e8826665ef6/library/std/src/sys/backtrace.rs:166:18
[INFO] [stdout]   34:     0x590dfc62c452 - std[10d71ac2c42b111e]::thread::lifecycle::spawn_unchecked::<test[213991da798b1c03]::run_test::{closure#1}, ()>::{closure#1}::{closure#0}
[INFO] [stdout]                                at /rustc/b2282dd5646a57d570fc86fbe8df0e8826665ef6/library/std/src/thread/lifecycle.rs:70:13
[INFO] [stdout]   35:     0x590dfc62c452 - <core[8fb95b77d25ab6c8]::panic::unwind_safe::AssertUnwindSafe<std[10d71ac2c42b111e]::thread::lifecycle::spawn_unchecked<test[213991da798b1c03]::run_test::{closure#1}, ()>::{closure#1}::{closure#0}> as core[8fb95b77d25ab6c8]::ops::function::FnOnce<()>>::call_once
[INFO] [stdout]                                at /rustc/b2282dd5646a57d570fc86fbe8df0e8826665ef6/library/core/src/panic/unwind_safe.rs:275:9
[INFO] [stdout]   36:     0x590dfc62c452 - std[10d71ac2c42b111e]::panicking::catch_unwind::do_call::<core[8fb95b77d25ab6c8]::panic::unwind_safe::AssertUnwindSafe<std[10d71ac2c42b111e]::thread::lifecycle::spawn_unchecked<test[213991da798b1c03]::run_test::{closure#1}, ()>::{closure#1}::{closure#0}>, ()>
[INFO] [stdout]                                at /rustc/b2282dd5646a57d570fc86fbe8df0e8826665ef6/library/std/src/panicking.rs:581:40
[INFO] [stdout]   37:     0x590dfc62c452 - std[10d71ac2c42b111e]::panicking::catch_unwind::<(), core[8fb95b77d25ab6c8]::panic::unwind_safe::AssertUnwindSafe<std[10d71ac2c42b111e]::thread::lifecycle::spawn_unchecked<test[213991da798b1c03]::run_test::{closure#1}, ()>::{closure#1}::{closure#0}>>
[INFO] [stdout]                                at /rustc/b2282dd5646a57d570fc86fbe8df0e8826665ef6/library/std/src/panicking.rs:544:19
[INFO] [stdout]   38:     0x590dfc62c452 - std[10d71ac2c42b111e]::panic::catch_unwind::<core[8fb95b77d25ab6c8]::panic::unwind_safe::AssertUnwindSafe<std[10d71ac2c42b111e]::thread::lifecycle::spawn_unchecked<test[213991da798b1c03]::run_test::{closure#1}, ()>::{closure#1}::{closure#0}>, ()>
[INFO] [stdout]                                at /rustc/b2282dd5646a57d570fc86fbe8df0e8826665ef6/library/std/src/panic.rs:359:14
[INFO] [stdout]   39:     0x590dfc62c452 - std[10d71ac2c42b111e]::thread::lifecycle::spawn_unchecked::<test[213991da798b1c03]::run_test::{closure#1}, ()>::{closure#1}
[INFO] [stdout]                                at /rustc/b2282dd5646a57d570fc86fbe8df0e8826665ef6/library/std/src/thread/lifecycle.rs:68:26
[INFO] [stdout]   40:     0x590dfc62c452 - <std[10d71ac2c42b111e]::thread::lifecycle::spawn_unchecked<test[213991da798b1c03]::run_test::{closure#1}, ()>::{closure#1} as core[8fb95b77d25ab6c8]::ops::function::FnOnce<()>>::call_once::{shim:vtable#0}
[INFO] [stdout]                                at /rustc/b2282dd5646a57d570fc86fbe8df0e8826665ef6/library/core/src/ops/function.rs:250:5
[INFO] [stdout]   41:     0x590dfc7dd92f - <alloc[a7ee25936407c584]::boxed::Box<dyn core[8fb95b77d25ab6c8]::ops::function::FnOnce<(), Output = ()> + core[8fb95b77d25ab6c8]::marker::Send> as core[8fb95b77d25ab6c8]::ops::function::FnOnce<()>>::call_once
[INFO] [stdout]                                at /rustc/b2282dd5646a57d570fc86fbe8df0e8826665ef6/library/alloc/src/boxed.rs:2275:9
[INFO] [stdout]   42:     0x590dfc7dd92f - <std[10d71ac2c42b111e]::sys::thread::unix::Thread>::new::thread_start
[INFO] [stdout]                                at /rustc/b2282dd5646a57d570fc86fbe8df0e8826665ef6/library/std/src/sys/thread/unix.rs:118:17
[INFO] [stdout]   43:     0x7595c8ccaaa4 - <unknown>
[INFO] [stdout]   44:     0x7595c8d57a64 - clone
[INFO] [stdout]   45:                0x0 - <unknown>
[INFO] [stdout] 
[INFO] [stdout] 
[INFO] [stdout] failures:
[INFO] [stdout]     dynamic_bundle::tests::insert_on_entity
[INFO] [stdout] 
[INFO] [stdout] test result: FAILED. 14 passed; 1 failed; 2 ignored; 0 measured; 0 filtered out; finished in 0.42s
[INFO] [stdout] 
[INFO] running `Command { std: "docker" "inspect" "cf57f3128563153e796f92880ab8961acf8f2c8931cd30c1d621bbfd3e1efa84", kill_on_drop: false }`
[INFO] running `Command { std: "docker" "rm" "-f" "cf57f3128563153e796f92880ab8961acf8f2c8931cd30c1d621bbfd3e1efa84", kill_on_drop: false }`
[INFO] [stdout] cf57f3128563153e796f92880ab8961acf8f2c8931cd30c1d621bbfd3e1efa84
