[INFO] cloning repository https://github.com/hydro-project/dfir-datalog
[INFO] running `Command { std: "git" "-c" "credential.helper=" "-c" "credential.helper=/workspace/cargo-home/bin/git-credential-null" "clone" "--bare" "https://github.com/hydro-project/dfir-datalog" "/workspace/cache/git-repos/https%3A%2F%2Fgithub.com%2Fhydro-project%2Fdfir-datalog", kill_on_drop: false }`
[INFO] [stderr] Cloning into bare repository '/workspace/cache/git-repos/https%3A%2F%2Fgithub.com%2Fhydro-project%2Fdfir-datalog'...
[INFO] running `Command { std: "git" "rev-parse" "HEAD", kill_on_drop: false }`
[INFO] [stdout] 929f462847b6b7d0b06e56710a20b926ef18a7a4
[INFO] testing hydro-project/dfir-datalog/929f462847b6b7d0b06e56710a20b926ef18a7a4 against 1.97.0-beta.6 for beta-1.98-2
[INFO] running `Command { std: "git" "clone" "/workspace/cache/git-repos/https%3A%2F%2Fgithub.com%2Fhydro-project%2Fdfir-datalog" "/workspace/builds/worker-5-tc1/source", kill_on_drop: false }`
[INFO] [stderr] Cloning into '/workspace/builds/worker-5-tc1/source'...
[INFO] [stderr] done.
[INFO] removed /workspace/builds/worker-5-tc1/source/rust-toolchain.toml
[INFO] started tweaking git repo https://github.com/hydro-project/dfir-datalog
[INFO] finished tweaking git repo https://github.com/hydro-project/dfir-datalog
[INFO] tweaked toml for git repo https://github.com/hydro-project/dfir-datalog written to /workspace/builds/worker-5-tc1/source/Cargo.toml
[INFO] validating manifest of git repo https://github.com/hydro-project/dfir-datalog on toolchain 1.97.0-beta.6
[INFO] running `Command { std: CARGO_HOME="/workspace/cargo-home" RUSTUP_HOME="/workspace/rustup-home" "/workspace/cargo-home/bin/cargo" "+1.97.0-beta.6" "metadata" "--manifest-path" "Cargo.toml" "--no-deps", kill_on_drop: false }`
[INFO] crate git repo https://github.com/hydro-project/dfir-datalog already has a lockfile, it will not be regenerated
[INFO] running `Command { std: CARGO_HOME="/workspace/cargo-home" RUSTUP_HOME="/workspace/rustup-home" "/workspace/cargo-home/bin/cargo" "+1.97.0-beta.6" "fetch" "--manifest-path" "Cargo.toml", kill_on_drop: false }`
[INFO] [stderr]     Updating crates.io index
[INFO] [stderr]  Downloading crates ...
[INFO] [stderr]   Downloaded trybuild v1.0.104
[INFO] [stderr]   Downloaded variadics v0.0.9
[INFO] [stderr]   Downloaded sealed v0.5.0
[INFO] [stderr]   Downloaded pusherator v0.0.12
[INFO] [stderr]   Downloaded variadics_macro v0.6.0
[INFO] [stderr]   Downloaded lattices_macro v0.5.9
[INFO] [stderr]   Downloaded cc-traits v2.0.0
[INFO] [stderr]   Downloaded dfir_macro v0.13.0
[INFO] [stderr]   Downloaded documented-macros v0.9.1
[INFO] [stderr]   Downloaded documented v0.9.1
[INFO] [stderr]   Downloaded tree-sitter-language v0.1.5
[INFO] [stderr]   Downloaded lattices v0.6.1
[INFO] [stderr]   Downloaded webbrowser v1.0.4
[INFO] [stderr]   Downloaded rust-sitter-tool v0.4.4
[INFO] [stderr]   Downloaded winnow v0.7.6
[INFO] [stderr]   Downloaded optfield v0.3.0
[INFO] [stderr]   Downloaded dfir_datalog v0.13.0
[INFO] [stderr]   Downloaded dfir_datalog_core v0.13.0
[INFO] [stderr]   Downloaded smallbitvec v2.6.0
[INFO] [stderr]   Downloaded syn-inline-mod v0.6.0
[INFO] [stderr]   Downloaded rust-sitter-common v0.4.4
[INFO] [stderr]   Downloaded rust-sitter v0.4.4
[INFO] [stderr]   Downloaded c2rust-bitfields v0.3.0
[INFO] [stderr]   Downloaded clap v4.5.36
[INFO] [stderr]   Downloaded c2rust-bitfields-derive v0.2.1
[INFO] [stderr]   Downloaded rust-sitter-macro v0.4.4
[INFO] [stderr]   Downloaded dfir_lang v0.13.0
[INFO] [stderr]   Downloaded tree-sitter-generate v0.25.3
[INFO] [stderr]   Downloaded insta v1.42.2
[INFO] [stderr]   Downloaded clap_builder v4.5.36
[INFO] [stderr]   Downloaded tree-sitter v0.25.3
[INFO] [stderr]   Downloaded objc2 v0.6.0
[INFO] [stderr]   Downloaded objc2-foundation v0.3.0
[INFO] [stderr]   Downloaded tree-sitter-c2rust v0.25.2
[INFO] [stderr]   Downloaded dfir_rs v0.13.0
[INFO] running `Command { std: "docker" "create" "-v" "/var/lib/crater-agent-workspace/builds/worker-5-tc1/source:/opt/rustwide/workdir:ro,Z" "-v" "/var/lib/crater-agent-workspace/builds/worker-5-tc1/target:/opt/rustwide/target:rw,Z" "-v" "/var/lib/crater-agent-workspace/cargo-home:/opt/rustwide/cargo-home:ro,Z" "-v" "/var/lib/crater-agent-workspace/rustup-home:/opt/rustwide/rustup-home:ro,Z" "-m" "1610612736" "--network" "none" "ghcr.io/rust-lang/crates-build-env/linux@sha256:3d5ced03c013a94a2f102a4510f48a6e9184255caf5fd8244f58017bde7f5210" "sleep" "infinity", kill_on_drop: false }`
[INFO] [stdout] 089b6cd97ff534e76ffba0fc296409fa891a206c1b8127c34c76ef5f35d0a987
[INFO] running `Command { std: "docker" "start" "089b6cd97ff534e76ffba0fc296409fa891a206c1b8127c34c76ef5f35d0a987", kill_on_drop: false }`
[INFO] running `Command { std: "docker" "inspect" "089b6cd97ff534e76ffba0fc296409fa891a206c1b8127c34c76ef5f35d0a987", kill_on_drop: false }`
[INFO] running `Command { std: "docker" "exec" "-e" "SOURCE_DIR=/opt/rustwide/workdir" "-e" "CARGO_HOME=/opt/rustwide/cargo-home" "-e" "RUSTUP_HOME=/opt/rustwide/rustup-home" "-e" "CARGO_TARGET_DIR=/opt/rustwide/target" "-w" "/opt/rustwide/workdir" "--user" "0:0" "089b6cd97ff534e76ffba0fc296409fa891a206c1b8127c34c76ef5f35d0a987" "/opt/rustwide/cargo-home/bin/cargo" "+1.97.0-beta.6" "metadata" "--no-deps" "--format-version=1", kill_on_drop: false }`
[INFO] running `Command { std: "docker" "inspect" "089b6cd97ff534e76ffba0fc296409fa891a206c1b8127c34c76ef5f35d0a987", kill_on_drop: false }`
[INFO] running `Command { std: "docker" "exec" "-e" "SOURCE_DIR=/opt/rustwide/workdir" "-e" "CARGO_HOME=/opt/rustwide/cargo-home" "-e" "RUSTUP_HOME=/opt/rustwide/rustup-home" "-e" "CARGO_TARGET_DIR=/opt/rustwide/target" "-e" "CARGO_INCREMENTAL=0" "-e" "RUST_BACKTRACE=full" "-e" "RUSTFLAGS=--cap-lints=warn" "-e" "RUSTDOCFLAGS=--cap-lints=warn" "-w" "/opt/rustwide/workdir" "--user" "0:0" "089b6cd97ff534e76ffba0fc296409fa891a206c1b8127c34c76ef5f35d0a987" "/opt/rustwide/cargo-home/bin/cargo" "+1.97.0-beta.6" "build" "--frozen" "--message-format=json", kill_on_drop: false }`
[INFO] [stderr]    Compiling proc-macro2 v1.0.94
[INFO] [stderr]    Compiling unicode-ident v1.0.18
[INFO] [stderr]    Compiling serde v1.0.219
[INFO] [stderr]    Compiling stable_deref_trait v1.2.0
[INFO] [stderr]    Compiling hashbrown v0.15.2
[INFO] [stderr]    Compiling equivalent v1.0.2
[INFO] [stderr]    Compiling writeable v0.5.5
[INFO] [stderr]    Compiling litemap v0.7.5
[INFO] [stderr]    Compiling serde_json v1.0.140
[INFO] [stderr]    Compiling semver v1.0.26
[INFO] [stderr]    Compiling aho-corasick v1.1.3
[INFO] [stderr]    Compiling icu_locid_transform_data v1.5.1
[INFO] [stderr]    Compiling icu_properties_data v1.5.1
[INFO] [stderr]    Compiling streaming-iterator v0.1.9
[INFO] [stderr]    Compiling icu_normalizer_data v1.5.1
[INFO] [stderr]    Compiling tree-sitter-language v0.1.5
[INFO] [stderr]    Compiling regex-syntax v0.8.5
[INFO] [stderr]    Compiling cc v1.2.17
[INFO] [stderr]    Compiling utf16_iter v1.0.5
[INFO] [stderr]    Compiling smallvec v1.14.0
[INFO] [stderr]    Compiling write16 v1.0.0
[INFO] [stderr]    Compiling utf8_iter v1.0.4
[INFO] [stderr]    Compiling rand_core v0.6.4
[INFO] [stderr]    Compiling siphasher v1.0.1
[INFO] [stderr]    Compiling libc v0.2.171
[INFO] [stderr]    Compiling getrandom v0.3.2
[INFO] [stderr]    Compiling rand v0.8.5
[INFO] [stderr]    Compiling prettyplease v0.2.31
[INFO] [stderr]    Compiling rustix v1.0.3
[INFO] [stderr]    Compiling phf_shared v0.11.3
[INFO] [stderr]    Compiling anyhow v1.0.97
[INFO] [stderr]    Compiling percent-encoding v2.3.1
[INFO] [stderr]    Compiling thiserror v2.0.12
[INFO] [stderr]    Compiling bitflags v2.9.0
[INFO] [stderr]    Compiling tree-sitter-c2rust v0.25.2
[INFO] [stderr]    Compiling linux-raw-sys v0.9.3
[INFO] [stderr]    Compiling form_urlencoded v1.2.1
[INFO] [stderr]    Compiling indexmap v2.8.0
[INFO] [stderr]    Compiling tree-sitter-generate v0.25.3
[INFO] [stderr]    Compiling convert_case v0.6.0
[INFO] [stderr]    Compiling slotmap v1.0.7
[INFO] [stderr]    Compiling itertools v0.13.0
[INFO] [stderr]    Compiling smallbitvec v2.6.0
[INFO] [stderr]    Compiling indoc v2.0.6
[INFO] [stderr]    Compiling log v0.4.27
[INFO] [stderr]    Compiling toml_datetime v0.6.8
[INFO] [stderr]    Compiling phf_generator v0.11.3
[INFO] [stderr]    Compiling quote v1.0.40
[INFO] [stderr]    Compiling syn v2.0.100
[INFO] [stderr]    Compiling syn v1.0.109
[INFO] [stderr]    Compiling toml_edit v0.19.15
[INFO] [stderr]    Compiling regex-automata v0.4.9
[INFO] [stderr]    Compiling proc-macro-crate v1.3.1
[INFO] [stderr]    Compiling tempfile v3.19.1
[INFO] [stderr]    Compiling c2rust-bitfields-derive v0.2.1
[INFO] [stderr]    Compiling regex v1.11.1
[INFO] [stderr]    Compiling c2rust-bitfields v0.3.0
[INFO] [stderr]    Compiling synstructure v0.13.1
[INFO] [stderr]    Compiling rust-sitter-common v0.4.4
[INFO] [stderr]    Compiling syn-inline-mod v0.6.0
[INFO] [stderr]    Compiling serde_derive v1.0.219
[INFO] [stderr]    Compiling zerofrom-derive v0.1.6
[INFO] [stderr]    Compiling yoke-derive v0.7.5
[INFO] [stderr]    Compiling zerovec-derive v0.10.3
[INFO] [stderr]    Compiling displaydoc v0.2.5
[INFO] [stderr]    Compiling icu_provider_macros v1.5.0
[INFO] [stderr]    Compiling strum_macros v0.26.4
[INFO] [stderr]    Compiling thiserror-impl v2.0.12
[INFO] [stderr]    Compiling optfield v0.3.0
[INFO] [stderr]    Compiling phf_macros v0.11.3
[INFO] [stderr]    Compiling thiserror-impl v1.0.69
[INFO] [stderr]    Compiling rust-sitter-macro v0.4.4
[INFO] [stderr]    Compiling auto_impl v1.2.1
[INFO] [stderr]    Compiling phf v0.11.3
[INFO] [stderr]    Compiling rust-sitter v0.4.4
[INFO] [stderr]    Compiling zerofrom v0.1.6
[INFO] [stderr]    Compiling yoke v0.7.5
[INFO] [stderr]    Compiling thiserror v1.0.69
[INFO] [stderr]    Compiling zerovec v0.10.4
[INFO] [stderr]    Compiling strum v0.26.3
[INFO] [stderr]    Compiling documented-macros v0.9.1
[INFO] [stderr]    Compiling documented v0.9.1
[INFO] [stderr]    Compiling tinystr v0.7.6
[INFO] [stderr]    Compiling icu_collections v1.5.0
[INFO] [stderr]    Compiling icu_locid v1.5.0
[INFO] [stderr]    Compiling icu_provider v1.5.0
[INFO] [stderr]    Compiling icu_locid_transform v1.5.0
[INFO] [stderr]    Compiling icu_properties v1.5.1
[INFO] [stderr]    Compiling rustc_version v0.4.1
[INFO] [stderr]    Compiling dfir_lang v0.13.0
[INFO] [stderr]    Compiling tree-sitter v0.25.3
[INFO] [stderr]    Compiling icu_normalizer v1.5.0
[INFO] [stderr]    Compiling idna_adapter v1.2.0
[INFO] [stderr]    Compiling idna v1.0.3
[INFO] [stderr]    Compiling url v2.5.4
[INFO] [stderr]    Compiling rust-sitter-tool v0.4.4
[INFO] [stderr]    Compiling dfir_datalog_core v0.13.0 (/opt/rustwide/workdir/dfir_datalog_core)
[INFO] [stdout] warning: struct `Whitespace` is never constructed
[INFO] [stdout]    --> dfir_datalog_core/src/grammar.rs:233:12
[INFO] [stdout]     |
[INFO] [stdout] 233 |     struct Whitespace {
[INFO] [stdout]     |            ^^^^^^^^^^
[INFO] [stdout]     |
[INFO] [stdout]     = note: `#[warn(dead_code)]` (part of `#[warn(unused)]`) on by default
[INFO] [stdout] 
[INFO] [stdout] 
[INFO] [stdout] warning: struct `Comment` is never constructed
[INFO] [stdout]    --> dfir_datalog_core/src/grammar.rs:239:12
[INFO] [stdout]     |
[INFO] [stdout] 239 |     struct Comment {
[INFO] [stdout]     |            ^^^^^^^
[INFO] [stdout] 
[INFO] [stdout] 
[INFO] [stdout] warning: struct `Whitespace` is never constructed
[INFO] [stdout]    --> dfir_datalog_core/src/grammar.rs:233:12
[INFO] [stdout]     |
[INFO] [stdout] 233 |     struct Whitespace {
[INFO] [stdout]     |            ^^^^^^^^^^
[INFO] [stdout]     |
[INFO] [stdout]     = note: `#[warn(dead_code)]` (part of `#[warn(unused)]`) on by default
[INFO] [stdout] 
[INFO] [stdout] 
[INFO] [stdout] warning: struct `Comment` is never constructed
[INFO] [stdout]    --> dfir_datalog_core/src/grammar.rs:239:12
[INFO] [stdout]     |
[INFO] [stdout] 239 |     struct Comment {
[INFO] [stdout]     |            ^^^^^^^
[INFO] [stdout] 
[INFO] [stdout] 
[INFO] [stderr]    Compiling dfir_datalog v0.13.0 (/opt/rustwide/workdir/dfir_datalog)
[INFO] [stderr]     Finished `dev` profile [unoptimized + debuginfo] target(s) in 58.22s
[INFO] running `Command { std: "docker" "inspect" "089b6cd97ff534e76ffba0fc296409fa891a206c1b8127c34c76ef5f35d0a987", kill_on_drop: false }`
[INFO] running `Command { std: "docker" "exec" "-e" "SOURCE_DIR=/opt/rustwide/workdir" "-e" "CARGO_HOME=/opt/rustwide/cargo-home" "-e" "RUSTUP_HOME=/opt/rustwide/rustup-home" "-e" "CARGO_TARGET_DIR=/opt/rustwide/target" "-e" "CARGO_INCREMENTAL=0" "-e" "RUST_BACKTRACE=full" "-e" "RUSTFLAGS=--cap-lints=warn" "-e" "RUSTDOCFLAGS=--cap-lints=warn" "-w" "/opt/rustwide/workdir" "--user" "0:0" "089b6cd97ff534e76ffba0fc296409fa891a206c1b8127c34c76ef5f35d0a987" "/opt/rustwide/cargo-home/bin/cargo" "+1.97.0-beta.6" "test" "--frozen" "--no-run" "--message-format=json", kill_on_drop: false }`
[INFO] [stderr]    Compiling smallvec v1.14.0
[INFO] [stderr]    Compiling indexmap v2.8.0
[INFO] [stderr]    Compiling libc v0.2.171
[INFO] [stderr]    Compiling either v1.15.0
[INFO] [stderr]    Compiling zerofrom v0.1.6
[INFO] [stderr]    Compiling rustix v1.0.3
[INFO] [stderr]    Compiling getrandom v0.3.2
[INFO] [stderr]    Compiling linux-raw-sys v0.9.3
[INFO] [stderr]    Compiling home v0.5.11
[INFO] [stderr]    Compiling dfir_lang v0.13.0
[INFO] [stderr]    Compiling clap_builder v4.5.36
[INFO] [stderr]    Compiling clap_derive v4.5.32
[INFO] [stderr]    Compiling toml_datetime v0.6.8
[INFO] [stderr]    Compiling data-encoding v2.9.0
[INFO] [stderr]    Compiling winnow v0.5.40
[INFO] [stderr]    Compiling tree-sitter-c2rust v0.25.2
[INFO] [stderr]    Compiling zerocopy v0.7.35
[INFO] [stderr]    Compiling heck v0.4.1
[INFO] [stderr]    Compiling yoke v0.7.5
[INFO] [stderr]    Compiling itertools v0.13.0
[INFO] [stderr]    Compiling tokio-macros v2.5.0
[INFO] [stderr]    Compiling zerovec v0.10.4
[INFO] [stderr]    Compiling sealed v0.5.0
[INFO] [stderr]    Compiling futures-macro v0.3.31
[INFO] [stderr]    Compiling serde_json v1.0.140
[INFO] [stderr]    Compiling ahash v0.8.11
[INFO] [stderr]    Compiling serde_spanned v0.6.8
[INFO] [stderr]    Compiling ref-cast-impl v1.0.24
[INFO] [stderr]    Compiling target-triple v0.1.4
[INFO] [stderr]    Compiling hashbrown v0.14.5
[INFO] [stderr]    Compiling winnow v0.7.6
[INFO] [stderr]    Compiling log v0.4.27
[INFO] [stderr]    Compiling ref-cast v1.0.24
[INFO] [stderr]    Compiling tracing-attributes v0.1.28
[INFO] [stderr]    Compiling parking_lot_core v0.9.10
[INFO] [stderr]    Compiling mio v1.0.3
[INFO] [stderr]    Compiling parking_lot v0.12.3
[INFO] [stderr]    Compiling socket2 v0.5.9
[INFO] [stderr]    Compiling signal-hook-registry v1.4.2
[INFO] [stderr]    Compiling tinystr v0.7.6
[INFO] [stderr]    Compiling icu_collections v1.5.0
[INFO] [stderr]    Compiling icu_locid v1.5.0
[INFO] [stderr]    Compiling variadics v0.0.9
[INFO] [stderr]    Compiling futures-util v0.3.31
[INFO] [stderr]    Compiling tokio v1.44.2
[INFO] [stderr]    Compiling documented-macros v0.9.1
[INFO] [stderr]    Compiling cc-traits v2.0.0
[INFO] [stderr]    Compiling pusherator v0.0.12
[INFO] [stderr]    Compiling bincode v1.3.3
[INFO] [stderr]    Compiling web-time v1.1.0
[INFO] [stderr]    Compiling pin-project-internal v1.1.10
[INFO] [stderr]    Compiling tree-sitter v0.25.3
[INFO] [stderr]    Compiling rust-sitter v0.4.4
[INFO] [stderr]    Compiling console v0.15.11
[INFO] [stderr]    Compiling similar v2.7.0
[INFO] [stderr]    Compiling icu_provider v1.5.0
[INFO] [stderr]    Compiling clap v4.5.36
[INFO] [stderr]    Compiling toml_edit v0.19.15
[INFO] [stderr]    Compiling toml_edit v0.22.24
[INFO] [stderr]    Compiling icu_locid_transform v1.5.0
[INFO] [stderr]    Compiling tracing v0.1.41
[INFO] [stderr]    Compiling tempfile v3.19.1
[INFO] [stderr]    Compiling documented v0.9.1
[INFO] [stderr]    Compiling pin-project v1.1.10
[INFO] [stderr]    Compiling insta v1.42.2
[INFO] [stderr]    Compiling icu_properties v1.5.1
[INFO] [stderr]    Compiling tree-sitter-generate v0.25.3
[INFO] [stderr]    Compiling futures-executor v0.3.31
[INFO] [stderr]    Compiling futures v0.3.31
[INFO] [stderr]    Compiling toml v0.8.20
[INFO] [stderr]    Compiling proc-macro-crate v1.3.1
[INFO] [stderr]    Compiling trybuild v1.0.104
[INFO] [stderr]    Compiling lattices_macro v0.5.9
[INFO] [stderr]    Compiling variadics_macro v0.6.0
[INFO] [stderr]    Compiling icu_normalizer v1.5.0
[INFO] [stderr]    Compiling lattices v0.6.1
[INFO] [stderr]    Compiling idna_adapter v1.2.0
[INFO] [stderr]    Compiling idna v1.0.3
[INFO] [stderr]    Compiling tokio-util v0.7.14
[INFO] [stderr]    Compiling url v2.5.4
[INFO] [stderr]    Compiling tokio-stream v0.1.17
[INFO] [stderr]    Compiling webbrowser v1.0.4
[INFO] [stderr]    Compiling rust-sitter-tool v0.4.4
[INFO] [stderr]    Compiling dfir_datalog_core v0.13.0 (/opt/rustwide/workdir/dfir_datalog_core)
[INFO] [stderr]    Compiling dfir_datalog_core v0.13.0
[INFO] [stdout] warning: struct `Whitespace` is never constructed
[INFO] [stdout]    --> dfir_datalog_core/src/grammar.rs:233:12
[INFO] [stdout]     |
[INFO] [stdout] 233 |     struct Whitespace {
[INFO] [stdout]     |            ^^^^^^^^^^
[INFO] [stdout]     |
[INFO] [stdout]     = note: `#[warn(dead_code)]` (part of `#[warn(unused)]`) on by default
[INFO] [stdout] 
[INFO] [stdout] 
[INFO] [stdout] warning: struct `Comment` is never constructed
[INFO] [stdout]    --> dfir_datalog_core/src/grammar.rs:239:12
[INFO] [stdout]     |
[INFO] [stdout] 239 |     struct Comment {
[INFO] [stdout]     |            ^^^^^^^
[INFO] [stdout] 
[INFO] [stdout] 
[INFO] [stdout] warning: struct `Whitespace` is never constructed
[INFO] [stdout]    --> dfir_datalog_core/src/grammar.rs:233:12
[INFO] [stdout]     |
[INFO] [stdout] 233 |     struct Whitespace {
[INFO] [stdout]     |            ^^^^^^^^^^
[INFO] [stdout]     |
[INFO] [stdout]     = note: `#[warn(dead_code)]` (part of `#[warn(unused)]`) on by default
[INFO] [stdout] 
[INFO] [stdout] 
[INFO] [stdout] warning: struct `Comment` is never constructed
[INFO] [stdout]    --> dfir_datalog_core/src/grammar.rs:239:12
[INFO] [stdout]     |
[INFO] [stdout] 239 |     struct Comment {
[INFO] [stdout]     |            ^^^^^^^
[INFO] [stdout] 
[INFO] [stdout] 
[INFO] [stdout] warning: struct `Whitespace` is never constructed
[INFO] [stdout]    --> dfir_datalog_core/src/grammar.rs:233:12
[INFO] [stdout]     |
[INFO] [stdout] 233 |     struct Whitespace {
[INFO] [stdout]     |            ^^^^^^^^^^
[INFO] [stdout]     |
[INFO] [stdout]     = note: `#[warn(dead_code)]` (part of `#[warn(unused)]`) on by default
[INFO] [stdout] 
[INFO] [stdout] 
[INFO] [stdout] warning: struct `Comment` is never constructed
[INFO] [stdout]    --> dfir_datalog_core/src/grammar.rs:239:12
[INFO] [stdout]     |
[INFO] [stdout] 239 |     struct Comment {
[INFO] [stdout]     |            ^^^^^^^
[INFO] [stdout] 
[INFO] [stdout] 
[INFO] [stderr]    Compiling dfir_macro v0.13.0
[INFO] [stderr]    Compiling dfir_datalog v0.13.0
[INFO] [stderr]    Compiling dfir_datalog v0.13.0 (/opt/rustwide/workdir/dfir_datalog)
[INFO] [stderr]    Compiling dfir_rs v0.13.0
[INFO] [stderr]     Finished `test` profile [unoptimized + debuginfo] target(s) in 1m 24s
[INFO] running `Command { std: "docker" "inspect" "089b6cd97ff534e76ffba0fc296409fa891a206c1b8127c34c76ef5f35d0a987", kill_on_drop: false }`
[INFO] running `Command { std: "docker" "exec" "-e" "SOURCE_DIR=/opt/rustwide/workdir" "-e" "CARGO_HOME=/opt/rustwide/cargo-home" "-e" "RUSTUP_HOME=/opt/rustwide/rustup-home" "-e" "CARGO_TARGET_DIR=/opt/rustwide/target" "-e" "CARGO_INCREMENTAL=0" "-e" "RUST_BACKTRACE=full" "-e" "RUSTFLAGS=--cap-lints=warn" "-e" "RUSTDOCFLAGS=--cap-lints=warn" "-w" "/opt/rustwide/workdir" "--user" "0:0" "089b6cd97ff534e76ffba0fc296409fa891a206c1b8127c34c76ef5f35d0a987" "/opt/rustwide/cargo-home/bin/cargo" "+1.97.0-beta.6" "test" "--frozen", kill_on_drop: false }`
[INFO] [stderr] warning: struct `Whitespace` is never constructed
[INFO] [stderr]    --> dfir_datalog_core/src/grammar.rs:233:12
[INFO] [stderr]     |
[INFO] [stderr] 233 |     struct Whitespace {
[INFO] [stderr]     |            ^^^^^^^^^^
[INFO] [stderr]     |
[INFO] [stderr]     = note: `#[warn(dead_code)]` (part of `#[warn(unused)]`) on by default
[INFO] [stderr] 
[INFO] [stderr] warning: struct `Comment` is never constructed
[INFO] [stderr]    --> dfir_datalog_core/src/grammar.rs:239:12
[INFO] [stderr]     |
[INFO] [stderr] 239 |     struct Comment {
[INFO] [stderr]     |            ^^^^^^^
[INFO] [stderr] 
[INFO] [stderr] warning: `dfir_datalog_core` (lib) generated 2 warnings
[INFO] [stderr] warning: `dfir_datalog_core` (lib) generated 2 warnings (2 duplicates)
[INFO] [stderr] warning: `dfir_datalog_core` (lib test) generated 2 warnings (2 duplicates)
[INFO] [stderr]     Finished `test` profile [unoptimized + debuginfo] target(s) in 0.41s
[INFO] [stderr]      Running unittests src/lib.rs (/opt/rustwide/target/debug/deps/dfir_datalog-3c1e5dc21879c96d)
[INFO] [stdout] 
[INFO] [stdout] running 0 tests
[INFO] [stdout] 
[INFO] [stdout] test result: ok. 0 passed; 0 failed; 0 ignored; 0 measured; 0 filtered out; finished in 0.00s
[INFO] [stdout] 
[INFO] [stderr]      Running tests/datalog_compile_fail.rs (/opt/rustwide/target/debug/deps/datalog_compile_fail-1a9c627e654c8686)
[INFO] [stdout] 
[INFO] [stdout] running 1 test
[INFO] [stderr]    Compiling proc-macro2 v1.0.94
[INFO] [stderr]    Compiling unicode-ident v1.0.18
[INFO] [stderr]    Compiling serde v1.0.219
[INFO] [stderr]    Compiling icu_locid_transform_data v1.5.1
[INFO] [stderr]    Compiling icu_properties_data v1.5.1
[INFO] [stderr]    Compiling hashbrown v0.15.2
[INFO] [stderr]    Compiling version_check v0.9.5
[INFO] [stderr]    Compiling equivalent v1.0.2
[INFO] [stderr]    Compiling memchr v2.7.4
[INFO] [stderr]    Compiling icu_normalizer_data v1.5.1
[INFO] [stderr]    Compiling semver v1.0.26
[INFO] [stderr]    Compiling stable_deref_trait v1.2.0
[INFO] [stderr]    Compiling heck v0.5.0
[INFO] [stderr]    Compiling once_cell v1.21.3
[INFO] [stderr]    Compiling serde_json v1.0.140
[INFO] [stderr]    Compiling itoa v1.0.15
[INFO] [stderr]    Compiling ryu v1.0.20
[INFO] [stderr]    Compiling litemap v0.7.5
[INFO] [stderr]    Compiling writeable v0.5.5
[INFO] [stderr]    Compiling cfg-if v1.0.0
[INFO] [stderr]    Compiling rand_core v0.6.4
[INFO] [stderr]    Compiling rustversion v1.0.20
[INFO] [stderr]    Compiling regex-syntax v0.8.5
[INFO] [stderr]    Compiling shlex v1.3.0
[INFO] [stderr]    Compiling siphasher v1.0.1
[INFO] [stderr]    Compiling write16 v1.0.0
[INFO] [stderr]    Compiling thiserror v1.0.69
[INFO] [stderr]    Compiling prettyplease v0.2.31
[INFO] [stderr]    Compiling utf16_iter v1.0.5
[INFO] [stderr]    Compiling rand v0.8.5
[INFO] [stderr]    Compiling smallvec v1.14.0
[INFO] [stderr]    Compiling utf8_iter v1.0.4
[INFO] [stderr]    Compiling libc v0.2.171
[INFO] [stderr]    Compiling streaming-iterator v0.1.9
[INFO] [stderr]    Compiling tree-sitter-language v0.1.5
[INFO] [stderr]    Compiling slotmap v1.0.7
[INFO] [stderr]    Compiling cc v1.2.17
[INFO] [stderr]    Compiling getrandom v0.3.2
[INFO] [stderr]    Compiling unicode-segmentation v1.12.0
[INFO] [stderr]    Compiling syn v1.0.109
[INFO] [stderr]    Compiling thiserror v2.0.12
[INFO] [stderr]    Compiling aho-corasick v1.1.3
[INFO] [stderr]    Compiling phf_shared v0.11.3
[INFO] [stderr]    Compiling either v1.15.0
[INFO] [stderr]    Compiling anyhow v1.0.97
[INFO] [stderr]    Compiling rustix v1.0.3
[INFO] [stderr]    Compiling indexmap v2.8.0
[INFO] [stderr]    Compiling percent-encoding v2.3.1
[INFO] [stderr]    Compiling convert_case v0.6.0
[INFO] [stderr]    Compiling itertools v0.13.0
[INFO] [stderr]    Compiling tree-sitter-generate v0.25.3
[INFO] [stderr]    Compiling quote v1.0.40
[INFO] [stderr]    Compiling phf_generator v0.11.3
[INFO] [stderr]    Compiling form_urlencoded v1.2.1
[INFO] [stderr]    Compiling autocfg v1.4.0
[INFO] [stderr]    Compiling bitflags v2.9.0
[INFO] [stderr]    Compiling linux-raw-sys v0.9.3
[INFO] [stderr]    Compiling syn v2.0.100
[INFO] [stderr]    Compiling rustc-hash v2.1.1
[INFO] [stderr]    Compiling smallbitvec v2.6.0
[INFO] [stderr]    Compiling fastrand v2.3.0
[INFO] [stderr]    Compiling indoc v2.0.6
[INFO] [stderr]    Compiling log v0.4.27
[INFO] [stderr]    Compiling ahash v0.8.11
[INFO] [stderr]    Compiling tree-sitter-c2rust v0.25.2
[INFO] [stderr]    Compiling toml_datetime v0.6.8
[INFO] [stderr]    Compiling winnow v0.5.40
[INFO] [stderr]     Checking pin-project-lite v0.2.16
[INFO] [stderr]    Compiling lock_api v0.4.12
[INFO] [stderr]    Compiling parking_lot_core v0.9.10
[INFO] [stderr]     Checking futures-core v0.3.31
[INFO] [stderr]     Checking futures-sink v0.3.31
[INFO] [stderr]    Compiling heck v0.4.1
[INFO] [stderr]     Checking utf8parse v0.2.2
[INFO] [stderr]     Checking anstyle-parse v0.2.6
[INFO] [stderr]    Compiling slab v0.4.9
[INFO] [stderr]    Compiling regex-automata v0.4.9
[INFO] [stderr]     Checking scopeguard v1.2.0
[INFO] [stderr]    Compiling zerocopy v0.7.35
[INFO] [stderr]     Checking is_terminal_polyfill v1.70.1
[INFO] [stderr]     Checking anstyle-query v1.1.2
[INFO] [stderr]     Checking colorchoice v1.0.3
[INFO] [stderr]     Checking anstyle v1.0.10
[INFO] [stderr]     Checking anstream v0.6.18
[INFO] [stderr]     Checking clap_lex v0.7.4
[INFO] [stderr]     Checking strsim v0.11.1
[INFO] [stderr]    Compiling allocator-api2 v0.2.21
[INFO] [stderr]     Checking clap_builder v4.5.36
[INFO] [stderr]     Checking futures-channel v0.3.31
[INFO] [stderr]    Compiling ref-cast v1.0.24
[INFO] [stderr]     Checking pin-utils v0.1.0
[INFO] [stderr]     Checking futures-io v0.3.31
[INFO] [stderr]    Compiling hashbrown v0.14.5
[INFO] [stderr]     Checking socket2 v0.5.9
[INFO] [stderr]     Checking mio v1.0.3
[INFO] [stderr]     Checking parking_lot v0.12.3
[INFO] [stderr]     Checking signal-hook-registry v1.4.2
[INFO] [stderr]    Compiling tempfile v3.19.1
[INFO] [stderr]     Checking bytes v1.10.1
[INFO] [stderr]     Checking futures-task v0.3.31
[INFO] [stderr]     Checking home v0.5.11
[INFO] [stderr]     Checking data-encoding v2.9.0
[INFO] [stderr]     Checking tracing-core v0.1.33
[INFO] [stderr]     Checking cc-traits v2.0.0
[INFO] [stderr]    Compiling toml_edit v0.19.15
[INFO] [stderr]     Checking byteorder v1.5.0
[INFO] [stderr]     Checking web-time v1.1.0
[INFO] [stderr]     Checking rustc-hash v1.1.0
[INFO] [stderr]    Compiling synstructure v0.13.1
[INFO] [stderr]    Compiling rust-sitter-common v0.4.4
[INFO] [stderr]    Compiling syn-inline-mod v0.6.0
[INFO] [stderr]    Compiling regex v1.11.1
[INFO] [stderr]    Compiling c2rust-bitfields-derive v0.2.1
[INFO] [stderr]    Compiling proc-macro-crate v1.3.1
[INFO] [stderr]    Compiling c2rust-bitfields v0.3.0
[INFO] [stderr]    Compiling zerofrom-derive v0.1.6
[INFO] [stderr]    Compiling yoke-derive v0.7.5
[INFO] [stderr]    Compiling serde_derive v1.0.219
[INFO] [stderr]    Compiling zerovec-derive v0.10.3
[INFO] [stderr]    Compiling displaydoc v0.2.5
[INFO] [stderr]    Compiling icu_provider_macros v1.5.0
[INFO] [stderr]    Compiling phf_macros v0.11.3
[INFO] [stderr]    Compiling thiserror-impl v1.0.69
[INFO] [stderr]    Compiling strum_macros v0.26.4
[INFO] [stderr]    Compiling thiserror-impl v2.0.12
[INFO] [stderr]    Compiling optfield v0.3.0
[INFO] [stderr]    Compiling auto_impl v1.2.1
[INFO] [stderr]    Compiling rust-sitter-macro v0.4.4
[INFO] [stderr]    Compiling sealed v0.5.0
[INFO] [stderr]    Compiling clap_derive v4.5.32
[INFO] [stderr]    Compiling futures-macro v0.3.31
[INFO] [stderr]    Compiling tokio-macros v2.5.0
[INFO] [stderr]    Compiling phf v0.11.3
[INFO] [stderr]    Compiling variadics v0.0.9
[INFO] [stderr]    Compiling ref-cast-impl v1.0.24
[INFO] [stderr]    Compiling tracing-attributes v0.1.28
[INFO] [stderr]     Checking pusherator v0.0.12
[INFO] [stderr]    Compiling rust-sitter v0.4.4
[INFO] [stderr]    Compiling lattices_macro v0.5.9
[INFO] [stderr]    Compiling variadics_macro v0.6.0
[INFO] [stderr]     Checking tokio v1.44.2
[INFO] [stderr]     Checking futures-util v0.3.31
[INFO] [stderr]    Compiling zerofrom v0.1.6
[INFO] [stderr]    Compiling yoke v0.7.5
[INFO] [stderr]    Compiling zerovec v0.10.4
[INFO] [stderr]    Compiling strum v0.26.3
[INFO] [stderr]     Checking clap v4.5.36
[INFO] [stderr]     Checking tracing v0.1.41
[INFO] [stderr]    Compiling documented-macros v0.9.1
[INFO] [stderr]     Checking tinystr v0.7.6
[INFO] [stderr]     Checking icu_collections v1.5.0
[INFO] [stderr]     Checking icu_locid v1.5.0
[INFO] [stderr]     Checking icu_provider v1.5.0
[INFO] [stderr]    Compiling documented v0.9.1
[INFO] [stderr]     Checking icu_locid_transform v1.5.0
[INFO] [stderr]     Checking icu_properties v1.5.1
[INFO] [stderr]     Checking futures-executor v0.3.31
[INFO] [stderr]     Checking futures v0.3.31
[INFO] [stderr]     Checking lattices v0.6.1
[INFO] [stderr]     Checking bincode v1.3.3
[INFO] [stderr]    Compiling rustc_version v0.4.1
[INFO] [stderr]     Checking tokio-util v0.7.14
[INFO] [stderr]     Checking icu_normalizer v1.5.0
[INFO] [stderr]    Compiling dfir_lang v0.13.0
[INFO] [stderr]     Checking tokio-stream v0.1.17
[INFO] [stderr]     Checking idna_adapter v1.2.0
[INFO] [stderr]     Checking idna v1.0.3
[INFO] [stderr]     Checking url v2.5.4
[INFO] [stderr]    Compiling tree-sitter v0.25.3
[INFO] [stderr]     Checking webbrowser v1.0.4
[INFO] [stderr]    Compiling rust-sitter-tool v0.4.4
[INFO] [stderr]    Compiling dfir_macro v0.13.0
[INFO] [stderr]    Compiling dfir_datalog_core v0.13.0 (/opt/rustwide/workdir/dfir_datalog_core)
[INFO] [stderr]    Compiling dfir_datalog_core v0.13.0
[INFO] [stderr] warning: struct `Whitespace` is never constructed
[INFO] [stderr]    --> /opt/rustwide/workdir/dfir_datalog_core/src/grammar.rs:233:12
[INFO] [stderr]     |
[INFO] [stderr] 233 |     struct Whitespace {
[INFO] [stderr]     |            ^^^^^^^^^^
[INFO] [stderr]     |
[INFO] [stderr]     = note: `#[warn(dead_code)]` (part of `#[warn(unused)]`) on by default
[INFO] [stderr] 
[INFO] [stderr] warning: struct `Comment` is never constructed
[INFO] [stderr]    --> /opt/rustwide/workdir/dfir_datalog_core/src/grammar.rs:239:12
[INFO] [stderr]     |
[INFO] [stderr] 239 |     struct Comment {
[INFO] [stderr]     |            ^^^^^^^
[INFO] [stderr] 
[INFO] [stderr]    Compiling dfir_datalog v0.13.0
[INFO] [stderr] warning: `dfir_datalog_core` (lib) generated 2 warnings
[INFO] [stderr]    Compiling dfir_datalog v0.13.0 (/opt/rustwide/workdir/dfir_datalog)
[INFO] [stderr]     Checking dfir_rs v0.13.0
[INFO] [stderr]     Checking dfir_datalog-tests v0.0.0 (/opt/rustwide/target/tests/trybuild/dfir_datalog)
[INFO] [stderr]     Finished `dev` profile [unoptimized + debuginfo] target(s) in 40.11s
[INFO] [stderr] 
[INFO] [stderr] 
[INFO] [stderr] test tests/compile-fail/datalog_badparse.rs ... mismatch
[INFO] [stderr] 
[INFO] [stderr] EXPECTED:
[INFO] [stderr] ┈┈┈┈┈┈┈┈┈┈┈┈┈┈┈┈┈┈┈┈┈┈┈┈┈┈┈┈┈┈┈┈┈┈┈┈┈┈┈┈┈┈┈┈┈┈┈┈┈┈┈┈┈┈┈┈┈┈┈┈
[INFO] [stderr] error: Failed to parse
[INFO] [stderr]  --> tests/compile-fail/datalog_badparse.rs:8:28
[INFO] [stderr]   |
[INFO] [stderr] 8 |         out(a) :- in1(a, b), in2
[INFO] [stderr]   |                            ^^^^^
[INFO] [stderr] ┈┈┈┈┈┈┈┈┈┈┈┈┈┈┈┈┈┈┈┈┈┈┈┈┈┈┈┈┈┈┈┈┈┈┈┈┈┈┈┈┈┈┈┈┈┈┈┈┈┈┈┈┈┈┈┈┈┈┈┈
[INFO] [stderr] 
[INFO] [stderr] ACTUAL OUTPUT:
[INFO] [stderr] ┈┈┈┈┈┈┈┈┈┈┈┈┈┈┈┈┈┈┈┈┈┈┈┈┈┈┈┈┈┈┈┈┈┈┈┈┈┈┈┈┈┈┈┈┈┈┈┈┈┈┈┈┈┈┈┈┈┈┈┈
[INFO] [stderr] error: Failed to parse
[INFO] [stderr]  --> tests/compile-fail/datalog_badparse.rs:4:18
[INFO] [stderr]   |
[INFO] [stderr] 4 |       let mut df = datalog!(r#"
[INFO] [stderr]   |  __________________^
[INFO] [stderr] 5 | |         .input in1 `source_iter(0..10) -> map(|x| (x, x))`
[INFO] [stderr] 6 | |         .input in2 `source_iter(0..10) -> map(|_| ("string",))`
[INFO] [stderr] 7 | |         .output out `null::<(u32,)>()`
[INFO] [stderr] 8 | |         out(a) :- in1(a, b), in2
[INFO] [stderr] 9 | |     "#);
[INFO] [stderr]   | |_______^
[INFO] [stderr]   |
[INFO] [stderr]   = note: this error originates in the macro `datalog` (in Nightly builds, run with -Z macro-backtrace for more info)
[INFO] [stderr] ┈┈┈┈┈┈┈┈┈┈┈┈┈┈┈┈┈┈┈┈┈┈┈┈┈┈┈┈┈┈┈┈┈┈┈┈┈┈┈┈┈┈┈┈┈┈┈┈┈┈┈┈┈┈┈┈┈┈┈┈
[INFO] [stderr] note: If the actual output is the correct output you can bless it by rerunning
[INFO] [stderr]       your test with the environment variable TRYBUILD=overwrite
[INFO] [stderr] 
[INFO] [stderr] test tests/compile-fail/datalog_filter_badtypes.rs ... mismatch
[INFO] [stderr] 
[INFO] [stderr] EXPECTED:
[INFO] [stderr] ┈┈┈┈┈┈┈┈┈┈┈┈┈┈┈┈┈┈┈┈┈┈┈┈┈┈┈┈┈┈┈┈┈┈┈┈┈┈┈┈┈┈┈┈┈┈┈┈┈┈┈┈┈┈┈┈┈┈┈┈
[INFO] [stderr] error[E0369]: binary operation `>` cannot be applied to type `Uncomparable`
[INFO] [stderr]   --> tests/compile-fail/datalog_filter_badtypes.rs:10:29
[INFO] [stderr]    |
[INFO] [stderr] 10 |         out(123) :- in1(a), (a > a)
[INFO] [stderr]    |                             ^^^^^^^
[INFO] [stderr]    |
[INFO] [stderr] note: an implementation of `PartialOrd` might be missing for `Uncomparable`
[INFO] [stderr]   --> tests/compile-fail/datalog_filter_badtypes.rs:4:1
[INFO] [stderr]    |
[INFO] [stderr] 4  | struct Uncomparable;
[INFO] [stderr]    | ^^^^^^^^^^^^^^^^^^^ must implement `PartialOrd`
[INFO] [stderr] help: consider annotating `Uncomparable` with `#[derive(PartialEq, PartialOrd)]`
[INFO] [stderr]    |
[INFO] [stderr] 4  + #[derive(PartialEq, PartialOrd)]
[INFO] [stderr] 5  | struct Uncomparable;
[INFO] [stderr]    |
[INFO] [stderr] ┈┈┈┈┈┈┈┈┈┈┈┈┈┈┈┈┈┈┈┈┈┈┈┈┈┈┈┈┈┈┈┈┈┈┈┈┈┈┈┈┈┈┈┈┈┈┈┈┈┈┈┈┈┈┈┈┈┈┈┈
[INFO] [stderr] 
[INFO] [stderr] ACTUAL OUTPUT:
[INFO] [stderr] ┈┈┈┈┈┈┈┈┈┈┈┈┈┈┈┈┈┈┈┈┈┈┈┈┈┈┈┈┈┈┈┈┈┈┈┈┈┈┈┈┈┈┈┈┈┈┈┈┈┈┈┈┈┈┈┈┈┈┈┈
[INFO] [stderr] error[E0369]: binary operation `>` cannot be applied to type `Uncomparable`
[INFO] [stderr]  --> tests/compile-fail/datalog_filter_badtypes.rs:7:18
[INFO] [stderr]   |
[INFO] [stderr]  7 |       let mut df = datalog!(r#"
[INFO] [stderr]    |  __________________^
[INFO] [stderr]  8 | |         .input in1 `source_iter(0..10) -> map(|_| (Uncomparable {},))`
[INFO] [stderr]  9 | |         .output out `null::<(u32,)>()`
[INFO] [stderr] 10 | |         out(123) :- in1(a), (a > a)
[INFO] [stderr] 11 | |     "#);
[INFO] [stderr]    | |_______^
[INFO] [stderr]    |
[INFO] [stderr] note: an implementation of `PartialOrd` might be missing for `Uncomparable`
[INFO] [stderr]   --> tests/compile-fail/datalog_filter_badtypes.rs:4:1
[INFO] [stderr]    |
[INFO] [stderr]  4 | struct Uncomparable;
[INFO] [stderr]    | ^^^^^^^^^^^^^^^^^^^ must implement `PartialOrd`
[INFO] [stderr]    = note: this error originates in the macro `datalog` (in Nightly builds, run with -Z macro-backtrace for more info)
[INFO] [stderr] help: consider annotating `Uncomparable` with `#[derive(PartialEq, PartialOrd)]`
[INFO] [stderr]    |
[INFO] [stderr]  4 + #[derive(PartialEq, PartialOrd)]
[INFO] [stderr]  5 | struct Uncomparable;
[INFO] [stderr]    |
[INFO] [stderr] ┈┈┈┈┈┈┈┈┈┈┈┈┈┈┈┈┈┈┈┈┈┈┈┈┈┈┈┈┈┈┈┈┈┈┈┈┈┈┈┈┈┈┈┈┈┈┈┈┈┈┈┈┈┈┈┈┈┈┈┈
[INFO] [stderr] note: If the actual output is the correct output you can bless it by rerunning
[INFO] [stderr]       your test with the environment variable TRYBUILD=overwrite
[INFO] [stderr] 
[INFO] [stderr] test tests/compile-fail/datalog_join_badtypes.rs ... mismatch
[INFO] [stderr] 
[INFO] [stderr] EXPECTED:
[INFO] [stderr] ┈┈┈┈┈┈┈┈┈┈┈┈┈┈┈┈┈┈┈┈┈┈┈┈┈┈┈┈┈┈┈┈┈┈┈┈┈┈┈┈┈┈┈┈┈┈┈┈┈┈┈┈┈┈┈┈┈┈┈┈
[INFO] [stderr] error[E0271]: expected `impl Iterator<Item = ((&str,), ())>` to be an iterator that yields `(({integer},), _)`, but it yields `((&str,), ())`
[INFO] [stderr]  --> tests/compile-fail/datalog_join_badtypes.rs:8:30
[INFO] [stderr]   |
[INFO] [stderr] 8 |         out(a) :- in1(a, b), in2(b)
[INFO] [stderr]   |         ---------------------^^^^^^
[INFO] [stderr]   |         |                    |
[INFO] [stderr]   |         |                    expected `(({integer},), _)`, found `((&str,), ())`
[INFO] [stderr]   |         required by a bound introduced by this call
[INFO] [stderr]   |
[INFO] [stderr]   = note: expected tuple `(({integer},), _)`
[INFO] [stderr]              found tuple `((&str,), ())`
[INFO] [stderr] note: required by a bound in `check_inputs`
[INFO] [stderr]  --> tests/compile-fail/datalog_join_badtypes.rs:8:9
[INFO] [stderr]   |
[INFO] [stderr] 8 |         out(a) :- in1(a, b), in2(b)
[INFO] [stderr]   |         ^^^^^^^^^^^^^^^^^^^^^^^^^^^ required by this bound in `check_inputs`
[INFO] [stderr] 
[INFO] [stderr] error[E0271]: expected `impl Iterator<Item = ((&str,), ())>` to be an iterator that yields `(({integer},), _)`, but it yields `((&str,), ())`
[INFO] [stderr]  --> tests/compile-fail/datalog_join_badtypes.rs:8:9
[INFO] [stderr]   |
[INFO] [stderr] 8 |         out(a) :- in1(a, b), in2(b)
[INFO] [stderr]   |         ^^^^^^^^^^^^^^^^^^^^^^^^^^^ expected `(({integer},), _)`, found `((&str,), ())`
[INFO] [stderr]   |
[INFO] [stderr]   = note: expected tuple `(({integer},), _)`
[INFO] [stderr]              found tuple `((&str,), ())`
[INFO] [stderr] note: required by a bound in `check_inputs`
[INFO] [stderr]  --> tests/compile-fail/datalog_join_badtypes.rs:8:9
[INFO] [stderr]   |
[INFO] [stderr] 8 |         out(a) :- in1(a, b), in2(b)
[INFO] [stderr]   |         ^^^^^^^^^^^^^^^^^^^^^^^^^^^ required by this bound in `check_inputs`
[INFO] [stderr] 
[INFO] [stderr] error[E0271]: expected `impl Iterator<Item = ((&str,), ())>` to be an iterator that yields `(({integer},), ())`, but it yields `((&str,), ())`
[INFO] [stderr]  --> tests/compile-fail/datalog_join_badtypes.rs:4:18
[INFO] [stderr]   |
[INFO] [stderr] 4 |       let mut df = datalog!(r#"
[INFO] [stderr]   |  __________________^
[INFO] [stderr] 5 | |         .input in1 `source_iter(0..10) -> map(|x| (x, x))`
[INFO] [stderr] 6 | |         .input in2 `source_iter(0..10) -> map(|_| ("string",))`
[INFO] [stderr] 7 | |         .output out `null::<(u32,)>()`
[INFO] [stderr] 8 | |         out(a) :- in1(a, b), in2(b)
[INFO] [stderr] 9 | |     "#);
[INFO] [stderr]   | |_______^ expected `(({integer},), ())`, found `((&str,), ())`
[INFO] [stderr]   |
[INFO] [stderr]   = note: expected tuple `(({integer},), ())`
[INFO] [stderr]              found tuple `((&str,), ())`
[INFO] [stderr] note: required by a bound in `check_inputs`
[INFO] [stderr]  --> tests/compile-fail/datalog_join_badtypes.rs:8:9
[INFO] [stderr]   |
[INFO] [stderr] 8 |         out(a) :- in1(a, b), in2(b)
[INFO] [stderr]   |         ^^^^^^^^^^^^^^^^^^^^^^^^^^^ required by this bound in `check_inputs`
[INFO] [stderr]   = note: this error originates in the macro `datalog` (in Nightly builds, run with -Z macro-backtrace for more info)
[INFO] [stderr] 
[INFO] [stderr] error[E0271]: expected `impl Iterator<Item = ((&str,), ())>` to be an iterator that yields `(({integer},), ())`, but it yields `((&str,), ())`
[INFO] [stderr]  --> tests/compile-fail/datalog_join_badtypes.rs:7:17
[INFO] [stderr]   |
[INFO] [stderr] 7 |         .output out `null::<(u32,)>()`
[INFO] [stderr]   |                 ^^^ expected `(({integer},), ())`, found `((&str,), ())`
[INFO] [stderr]   |
[INFO] [stderr]   = note: expected tuple `(({integer},), ())`
[INFO] [stderr]              found tuple `((&str,), ())`
[INFO] [stderr] note: required by a bound in `check_inputs`
[INFO] [stderr]  --> tests/compile-fail/datalog_join_badtypes.rs:8:9
[INFO] [stderr]   |
[INFO] [stderr] 8 |         out(a) :- in1(a, b), in2(b)
[INFO] [stderr]   |         ^^^^^^^^^^^^^^^^^^^^^^^^^^^ required by this bound in `check_inputs`
[INFO] [stderr] 
[INFO] [stderr] error[E0271]: expected `impl Iterator<Item = ((&str,), ())>` to be an iterator that yields `(({integer},), ())`, but it yields `((&str,), ())`
[INFO] [stderr]  --> tests/compile-fail/datalog_join_badtypes.rs:7:17
[INFO] [stderr]   |
[INFO] [stderr] 7 |         .output out `null::<(u32,)>()`
[INFO] [stderr]   |                 ^^^^^^^^^^^^^^^^^^^^^ expected `(({integer},), ())`, found `((&str,), ())`
[INFO] [stderr]   |
[INFO] [stderr]   = note: expected tuple `(({integer},), ())`
[INFO] [stderr]              found tuple `((&str,), ())`
[INFO] [stderr] note: required by a bound in `check_inputs`
[INFO] [stderr]  --> tests/compile-fail/datalog_join_badtypes.rs:8:9
[INFO] [stderr]   |
[INFO] [stderr] 8 |         out(a) :- in1(a, b), in2(b)
[INFO] [stderr]   |         ^^^^^^^^^^^^^^^^^^^^^^^^^^^ required by this bound in `check_inputs`
[INFO] [stderr] ┈┈┈┈┈┈┈┈┈┈┈┈┈┈┈┈┈┈┈┈┈┈┈┈┈┈┈┈┈┈┈┈┈┈┈┈┈┈┈┈┈┈┈┈┈┈┈┈┈┈┈┈┈┈┈┈┈┈┈┈
[INFO] [stderr] 
[INFO] [stderr] ACTUAL OUTPUT:
[INFO] [stderr] ┈┈┈┈┈┈┈┈┈┈┈┈┈┈┈┈┈┈┈┈┈┈┈┈┈┈┈┈┈┈┈┈┈┈┈┈┈┈┈┈┈┈┈┈┈┈┈┈┈┈┈┈┈┈┈┈┈┈┈┈
[INFO] [stderr] error[E0271]: expected `impl Iterator<Item = ((&str,), ())>` to be an iterator that yields `(({integer},), _)`, but it yields `((&str,), ())`
[INFO] [stderr]  --> tests/compile-fail/datalog_join_badtypes.rs:4:18
[INFO] [stderr]   |
[INFO] [stderr] 4 |       let mut df = datalog!(r#"
[INFO] [stderr]   |  __________________^
[INFO] [stderr] 5 | |         .input in1 `source_iter(0..10) -> map(|x| (x, x))`
[INFO] [stderr] 6 | |         .input in2 `source_iter(0..10) -> map(|_| ("string",))`
[INFO] [stderr] 7 | |         .output out `null::<(u32,)>()`
[INFO] [stderr] 8 | |         out(a) :- in1(a, b), in2(b)
[INFO] [stderr] 9 | |     "#);
[INFO] [stderr]   | |_______^ expected `(({integer},), _)`, found `((&str,), ())`
[INFO] [stderr]   |
[INFO] [stderr]   = note: expected tuple `(({integer},), _)`
[INFO] [stderr]              found tuple `((&str,), ())`
[INFO] [stderr] note: required by a bound in `check_inputs`
[INFO] [stderr]  --> tests/compile-fail/datalog_join_badtypes.rs:4:18
[INFO] [stderr]   |
[INFO] [stderr] 4 |       let mut df = datalog!(r#"
[INFO] [stderr]   |  __________________^
[INFO] [stderr] 5 | |         .input in1 `source_iter(0..10) -> map(|x| (x, x))`
[INFO] [stderr] 6 | |         .input in2 `source_iter(0..10) -> map(|_| ("string",))`
[INFO] [stderr] 7 | |         .output out `null::<(u32,)>()`
[INFO] [stderr] 8 | |         out(a) :- in1(a, b), in2(b)
[INFO] [stderr] 9 | |     "#);
[INFO] [stderr]   | |_______^ required by this bound in `check_inputs`
[INFO] [stderr]   = note: this error originates in the macro `datalog` (in Nightly builds, run with -Z macro-backtrace for more info)
[INFO] [stderr] ┈┈┈┈┈┈┈┈┈┈┈┈┈┈┈┈┈┈┈┈┈┈┈┈┈┈┈┈┈┈┈┈┈┈┈┈┈┈┈┈┈┈┈┈┈┈┈┈┈┈┈┈┈┈┈┈┈┈┈┈
[INFO] [stderr] note: If the actual output is the correct output you can bless it by rerunning
[INFO] [stderr]       your test with the environment variable TRYBUILD=overwrite
[INFO] [stderr] 
[INFO] [stderr] 
[INFO] [stderr] 
[INFO] [stdout] test test_all ... FAILED
[INFO] [stdout] 
[INFO] [stdout] failures:
[INFO] [stdout] 
[INFO] [stdout] ---- test_all stdout ----
[INFO] [stdout] 
[INFO] [stdout] thread 'test_all' (4233) panicked at /opt/rustwide/cargo-home/registry/src/index.crates.io-1949cf8c6b5b557f/trybuild-1.0.104/src/run.rs:102:13:
[INFO] [stdout] 3 of 3 tests failed
[INFO] [stdout] stack backtrace:
[INFO] [stdout]    0:     0x5708606f84c8 - std[10d71ac2c42b111e]::backtrace_rs::backtrace::libunwind::trace
[INFO] [stdout]                                at /rustc/b2282dd5646a57d570fc86fbe8df0e8826665ef6/library/std/src/../../backtrace/src/backtrace/libunwind.rs:117:9
[INFO] [stdout]    1:     0x5708606f84c8 - std[10d71ac2c42b111e]::backtrace_rs::backtrace::trace_unsynchronized::<std[10d71ac2c42b111e]::sys::backtrace::_print_fmt::{closure#1}>
[INFO] [stdout]                                at /rustc/b2282dd5646a57d570fc86fbe8df0e8826665ef6/library/std/src/../../backtrace/src/backtrace/mod.rs:66:14
[INFO] [stdout]    2:     0x5708606f84c8 - std[10d71ac2c42b111e]::sys::backtrace::_print_fmt
[INFO] [stdout]                                at /rustc/b2282dd5646a57d570fc86fbe8df0e8826665ef6/library/std/src/sys/backtrace.rs:74:9
[INFO] [stdout]    3:     0x5708606f84c8 - <<std[10d71ac2c42b111e]::sys::backtrace::BacktraceLock>::print::DisplayBacktrace as core[8fb95b77d25ab6c8]::fmt::Display>::fmt
[INFO] [stdout]                                at /rustc/b2282dd5646a57d570fc86fbe8df0e8826665ef6/library/std/src/sys/backtrace.rs:44:26
[INFO] [stdout]    4:     0x57086070ec8a - <core[8fb95b77d25ab6c8]::fmt::rt::Argument>::fmt
[INFO] [stdout]                                at /rustc/b2282dd5646a57d570fc86fbe8df0e8826665ef6/library/core/src/fmt/rt.rs:152:76
[INFO] [stdout]    5:     0x57086070ec8a - core[8fb95b77d25ab6c8]::fmt::write
[INFO] [stdout]    6:     0x5708606fd352 - std[10d71ac2c42b111e]::io::default_write_fmt::<alloc[a7ee25936407c584]::vec::Vec<u8>>
[INFO] [stdout]                                at /rustc/b2282dd5646a57d570fc86fbe8df0e8826665ef6/library/std/src/io/mod.rs:622:11
[INFO] [stdout]    7:     0x5708606fd352 - <alloc[a7ee25936407c584]::vec::Vec<u8> as std[10d71ac2c42b111e]::io::Write>::write_fmt
[INFO] [stdout]                                at /rustc/b2282dd5646a57d570fc86fbe8df0e8826665ef6/library/std/src/io/mod.rs:1977:13
[INFO] [stdout]    8:     0x5708606d3e76 - <std[10d71ac2c42b111e]::sys::backtrace::BacktraceLock>::print
[INFO] [stdout]                                at /rustc/b2282dd5646a57d570fc86fbe8df0e8826665ef6/library/std/src/sys/backtrace.rs:47:9
[INFO] [stdout]    9:     0x5708606d3e76 - std[10d71ac2c42b111e]::panicking::default_hook::{closure#0}
[INFO] [stdout]                                at /rustc/b2282dd5646a57d570fc86fbe8df0e8826665ef6/library/std/src/panicking.rs:292:27
[INFO] [stdout]   10:     0x5708606ef3b9 - std[10d71ac2c42b111e]::panicking::default_hook
[INFO] [stdout]                                at /rustc/b2282dd5646a57d570fc86fbe8df0e8826665ef6/library/std/src/panicking.rs:316:9
[INFO] [stdout]   11:     0x57086068839c - <alloc[a7ee25936407c584]::boxed::Box<dyn for<'a, 'b> core[8fb95b77d25ab6c8]::ops::function::Fn<(&'a std[10d71ac2c42b111e]::panic::PanicHookInfo<'b>,), Output = ()> + core[8fb95b77d25ab6c8]::marker::Sync + core[8fb95b77d25ab6c8]::marker::Send> as core[8fb95b77d25ab6c8]::ops::function::Fn<(&std[10d71ac2c42b111e]::panic::PanicHookInfo,)>>::call
[INFO] [stdout]                                at /rustc/b2282dd5646a57d570fc86fbe8df0e8826665ef6/library/alloc/src/boxed.rs:2289:9
[INFO] [stdout]   12:     0x57086068839c - test[213991da798b1c03]::test_main_inner::<test[213991da798b1c03]::test_main_static::{closure#0}>::{closure#0}
[INFO] [stdout]                                at /rustc/b2282dd5646a57d570fc86fbe8df0e8826665ef6/library/test/src/lib.rs:155:21
[INFO] [stdout]   13:     0x5708606ef572 - <alloc[a7ee25936407c584]::boxed::Box<dyn for<'a, 'b> core[8fb95b77d25ab6c8]::ops::function::Fn<(&'a std[10d71ac2c42b111e]::panic::PanicHookInfo<'b>,), Output = ()> + core[8fb95b77d25ab6c8]::marker::Sync + core[8fb95b77d25ab6c8]::marker::Send> as core[8fb95b77d25ab6c8]::ops::function::Fn<(&std[10d71ac2c42b111e]::panic::PanicHookInfo,)>>::call
[INFO] [stdout]                                at /rustc/b2282dd5646a57d570fc86fbe8df0e8826665ef6/library/alloc/src/boxed.rs:2289:9
[INFO] [stdout]   14:     0x5708606ef572 - std[10d71ac2c42b111e]::panicking::panic_with_hook
[INFO] [stdout]                                at /rustc/b2282dd5646a57d570fc86fbe8df0e8826665ef6/library/std/src/panicking.rs:833:13
[INFO] [stdout]   15:     0x5708606d3f32 - std[10d71ac2c42b111e]::panicking::panic_handler::{closure#0}
[INFO] [stdout]                                at /rustc/b2282dd5646a57d570fc86fbe8df0e8826665ef6/library/std/src/panicking.rs:698:13
[INFO] [stdout]   16:     0x5708606c8e39 - std[10d71ac2c42b111e]::sys::backtrace::__rust_end_short_backtrace::<std[10d71ac2c42b111e]::panicking::panic_handler::{closure#0}, !>
[INFO] [stdout]                                at /rustc/b2282dd5646a57d570fc86fbe8df0e8826665ef6/library/std/src/sys/backtrace.rs:182:18
[INFO] [stdout]   17:     0x5708606d4c4d - __rustc[3be9ba60078d4c86]::rust_begin_unwind
[INFO] [stdout]                                at /rustc/b2282dd5646a57d570fc86fbe8df0e8826665ef6/library/std/src/panicking.rs:689:5
[INFO] [stdout]   18:     0x57086070f41c - core[8fb95b77d25ab6c8]::panicking::panic_fmt
[INFO] [stdout]                                at /rustc/b2282dd5646a57d570fc86fbe8df0e8826665ef6/library/core/src/panicking.rs:80:14
[INFO] [stdout]   19:     0x57086048c5a4 - <trybuild[de1ec2f321f53aa2]::Runner>::run
[INFO] [stdout]                                at /opt/rustwide/cargo-home/registry/src/index.crates.io-1949cf8c6b5b557f/trybuild-1.0.104/src/run.rs:102:13
[INFO] [stdout]   20:     0x570860495d68 - <trybuild[de1ec2f321f53aa2]::TestCases as core[8fb95b77d25ab6c8]::ops::drop::Drop>::drop
[INFO] [stdout]                                at /opt/rustwide/cargo-home/registry/src/index.crates.io-1949cf8c6b5b557f/trybuild-1.0.104/src/lib.rs:341:38
[INFO] [stdout]   21:     0x5708603d8ff7 - core[8fb95b77d25ab6c8]::ptr::drop_glue::<trybuild[de1ec2f321f53aa2]::TestCases>
[INFO] [stdout]                                at /rustc/b2282dd5646a57d570fc86fbe8df0e8826665ef6/library/core/src/ptr/mod.rs:825:1
[INFO] [stdout]   22:     0x5708603d9203 - datalog_compile_fail[db7a3bc4b90c420b]::test_all
[INFO] [stdout]                                at /opt/rustwide/workdir/dfir_datalog/tests/datalog_compile_fail.rs:5:1
[INFO] [stdout]   23:     0x5708603d9157 - datalog_compile_fail[db7a3bc4b90c420b]::test_all::{closure#0}
[INFO] [stdout]                                at /opt/rustwide/workdir/dfir_datalog/tests/datalog_compile_fail.rs:2:14
[INFO] [stdout]   24:     0x5708603d9696 - <datalog_compile_fail[db7a3bc4b90c420b]::test_all::{closure#0} as core[8fb95b77d25ab6c8]::ops::function::FnOnce<()>>::call_once
[INFO] [stdout]                                at /rustc/b2282dd5646a57d570fc86fbe8df0e8826665ef6/library/core/src/ops/function.rs:250:5
[INFO] [stdout]   25:     0x57086067b47b - <fn() -> core[8fb95b77d25ab6c8]::result::Result<(), alloc[a7ee25936407c584]::string::String> as core[8fb95b77d25ab6c8]::ops::function::FnOnce<()>>::call_once
[INFO] [stdout]                                at /rustc/b2282dd5646a57d570fc86fbe8df0e8826665ef6/library/core/src/ops/function.rs:250:5
[INFO] [stdout]   26:     0x57086067b47b - test[213991da798b1c03]::__rust_begin_short_backtrace::<core[8fb95b77d25ab6c8]::result::Result<(), alloc[a7ee25936407c584]::string::String>, fn() -> core[8fb95b77d25ab6c8]::result::Result<(), alloc[a7ee25936407c584]::string::String>>
[INFO] [stdout]                                at /rustc/b2282dd5646a57d570fc86fbe8df0e8826665ef6/library/test/src/lib.rs:724:18
[INFO] [stdout]   27:     0x570860688cf5 - test[213991da798b1c03]::run_test_in_process::{closure#0}
[INFO] [stdout]                                at /rustc/b2282dd5646a57d570fc86fbe8df0e8826665ef6/library/test/src/lib.rs:747:74
[INFO] [stdout]   28:     0x570860688cf5 - <core[8fb95b77d25ab6c8]::panic::unwind_safe::AssertUnwindSafe<test[213991da798b1c03]::run_test_in_process::{closure#0}> as core[8fb95b77d25ab6c8]::ops::function::FnOnce<()>>::call_once
[INFO] [stdout]                                at /rustc/b2282dd5646a57d570fc86fbe8df0e8826665ef6/library/core/src/panic/unwind_safe.rs:275:9
[INFO] [stdout]   29:     0x570860688cf5 - std[10d71ac2c42b111e]::panicking::catch_unwind::do_call::<core[8fb95b77d25ab6c8]::panic::unwind_safe::AssertUnwindSafe<test[213991da798b1c03]::run_test_in_process::{closure#0}>, core[8fb95b77d25ab6c8]::result::Result<(), alloc[a7ee25936407c584]::string::String>>
[INFO] [stdout]                                at /rustc/b2282dd5646a57d570fc86fbe8df0e8826665ef6/library/std/src/panicking.rs:581:40
[INFO] [stdout]   30:     0x570860688cf5 - std[10d71ac2c42b111e]::panicking::catch_unwind::<core[8fb95b77d25ab6c8]::result::Result<(), alloc[a7ee25936407c584]::string::String>, core[8fb95b77d25ab6c8]::panic::unwind_safe::AssertUnwindSafe<test[213991da798b1c03]::run_test_in_process::{closure#0}>>
[INFO] [stdout]                                at /rustc/b2282dd5646a57d570fc86fbe8df0e8826665ef6/library/std/src/panicking.rs:544:19
[INFO] [stdout]   31:     0x570860688cf5 - std[10d71ac2c42b111e]::panic::catch_unwind::<core[8fb95b77d25ab6c8]::panic::unwind_safe::AssertUnwindSafe<test[213991da798b1c03]::run_test_in_process::{closure#0}>, core[8fb95b77d25ab6c8]::result::Result<(), alloc[a7ee25936407c584]::string::String>>
[INFO] [stdout]                                at /rustc/b2282dd5646a57d570fc86fbe8df0e8826665ef6/library/std/src/panic.rs:359:14
[INFO] [stdout]   32:     0x570860688cf5 - test[213991da798b1c03]::run_test_in_process
[INFO] [stdout]                                at /rustc/b2282dd5646a57d570fc86fbe8df0e8826665ef6/library/test/src/lib.rs:747:27
[INFO] [stdout]   33:     0x570860688cf5 - test[213991da798b1c03]::run_test::{closure#0}
[INFO] [stdout]                                at /rustc/b2282dd5646a57d570fc86fbe8df0e8826665ef6/library/test/src/lib.rs:668:43
[INFO] [stdout]   34:     0x570860682604 - test[213991da798b1c03]::run_test::{closure#1}
[INFO] [stdout]                                at /rustc/b2282dd5646a57d570fc86fbe8df0e8826665ef6/library/test/src/lib.rs:698:41
[INFO] [stdout]   35:     0x570860682604 - std[10d71ac2c42b111e]::sys::backtrace::__rust_begin_short_backtrace::<test[213991da798b1c03]::run_test::{closure#1}, ()>
[INFO] [stdout]                                at /rustc/b2282dd5646a57d570fc86fbe8df0e8826665ef6/library/std/src/sys/backtrace.rs:166:18
[INFO] [stdout]   36:     0x57086068bd72 - std[10d71ac2c42b111e]::thread::lifecycle::spawn_unchecked::<test[213991da798b1c03]::run_test::{closure#1}, ()>::{closure#1}::{closure#0}
[INFO] [stdout]                                at /rustc/b2282dd5646a57d570fc86fbe8df0e8826665ef6/library/std/src/thread/lifecycle.rs:70:13
[INFO] [stdout]   37:     0x57086068bd72 - <core[8fb95b77d25ab6c8]::panic::unwind_safe::AssertUnwindSafe<std[10d71ac2c42b111e]::thread::lifecycle::spawn_unchecked<test[213991da798b1c03]::run_test::{closure#1}, ()>::{closure#1}::{closure#0}> as core[8fb95b77d25ab6c8]::ops::function::FnOnce<()>>::call_once
[INFO] [stdout]                                at /rustc/b2282dd5646a57d570fc86fbe8df0e8826665ef6/library/core/src/panic/unwind_safe.rs:275:9
[INFO] [stdout]   38:     0x57086068bd72 - std[10d71ac2c42b111e]::panicking::catch_unwind::do_call::<core[8fb95b77d25ab6c8]::panic::unwind_safe::AssertUnwindSafe<std[10d71ac2c42b111e]::thread::lifecycle::spawn_unchecked<test[213991da798b1c03]::run_test::{closure#1}, ()>::{closure#1}::{closure#0}>, ()>
[INFO] [stdout]                                at /rustc/b2282dd5646a57d570fc86fbe8df0e8826665ef6/library/std/src/panicking.rs:581:40
[INFO] [stdout]   39:     0x57086068bd72 - std[10d71ac2c42b111e]::panicking::catch_unwind::<(), core[8fb95b77d25ab6c8]::panic::unwind_safe::AssertUnwindSafe<std[10d71ac2c42b111e]::thread::lifecycle::spawn_unchecked<test[213991da798b1c03]::run_test::{closure#1}, ()>::{closure#1}::{closure#0}>>
[INFO] [stdout]                                at /rustc/b2282dd5646a57d570fc86fbe8df0e8826665ef6/library/std/src/panicking.rs:544:19
[INFO] [stdout]   40:     0x57086068bd72 - std[10d71ac2c42b111e]::panic::catch_unwind::<core[8fb95b77d25ab6c8]::panic::unwind_safe::AssertUnwindSafe<std[10d71ac2c42b111e]::thread::lifecycle::spawn_unchecked<test[213991da798b1c03]::run_test::{closure#1}, ()>::{closure#1}::{closure#0}>, ()>
[INFO] [stdout]                                at /rustc/b2282dd5646a57d570fc86fbe8df0e8826665ef6/library/std/src/panic.rs:359:14
[INFO] [stdout]   41:     0x57086068bd72 - std[10d71ac2c42b111e]::thread::lifecycle::spawn_unchecked::<test[213991da798b1c03]::run_test::{closure#1}, ()>::{closure#1}
[INFO] [stdout]                                at /rustc/b2282dd5646a57d570fc86fbe8df0e8826665ef6/library/std/src/thread/lifecycle.rs:68:26
[INFO] [stdout]   42:     0x57086068bd72 - <std[10d71ac2c42b111e]::thread::lifecycle::spawn_unchecked<test[213991da798b1c03]::run_test::{closure#1}, ()>::{closure#1} as core[8fb95b77d25ab6c8]::ops::function::FnOnce<()>>::call_once::{shim:vtable#0}
[INFO] [stdout]                                at /rustc/b2282dd5646a57d570fc86fbe8df0e8826665ef6/library/core/src/ops/function.rs:250:5
[INFO] [stdout]   43:     0x5708606f786f - <alloc[a7ee25936407c584]::boxed::Box<dyn core[8fb95b77d25ab6c8]::ops::function::FnOnce<(), Output = ()> + core[8fb95b77d25ab6c8]::marker::Send> as core[8fb95b77d25ab6c8]::ops::function::FnOnce<()>>::call_once
[INFO] [stdout]                                at /rustc/b2282dd5646a57d570fc86fbe8df0e8826665ef6/library/alloc/src/boxed.rs:2275:9
[INFO] [stdout]   44:     0x5708606f786f - <std[10d71ac2c42b111e]::sys::thread::unix::Thread>::new::thread_start
[INFO] [stdout]                                at /rustc/b2282dd5646a57d570fc86fbe8df0e8826665ef6/library/std/src/sys/thread/unix.rs:118:17
[INFO] [stdout]   45:     0x71fdb2201aa4 - <unknown>
[INFO] [stdout]   46:     0x71fdb228ea64 - clone
[INFO] [stdout]   47:                0x0 - <unknown>
[INFO] [stdout] 
[INFO] [stdout] 
[INFO] [stdout] failures:
[INFO] [stdout]     test_all
[INFO] [stdout] 
[INFO] [stdout] test result: FAILED. 0 passed; 1 failed; 0 ignored; 0 measured; 0 filtered out; finished in 40.91s
[INFO] [stdout] 
[INFO] [stderr] error: test failed, to rerun pass `-p dfir_datalog --test datalog_compile_fail`
[INFO] running `Command { std: "docker" "inspect" "089b6cd97ff534e76ffba0fc296409fa891a206c1b8127c34c76ef5f35d0a987", kill_on_drop: false }`
[INFO] running `Command { std: "docker" "rm" "-f" "089b6cd97ff534e76ffba0fc296409fa891a206c1b8127c34c76ef5f35d0a987", kill_on_drop: false }`
[INFO] [stdout] 089b6cd97ff534e76ffba0fc296409fa891a206c1b8127c34c76ef5f35d0a987
