[INFO] cloning repository https://github.com/houthacker/rlox
[INFO] running `Command { std: "git" "-c" "credential.helper=" "-c" "credential.helper=/workspace/cargo-home/bin/git-credential-null" "clone" "--bare" "https://github.com/houthacker/rlox" "/workspace/cache/git-repos/https%3A%2F%2Fgithub.com%2Fhouthacker%2Frlox", kill_on_drop: false }`
[INFO] [stderr] Cloning into bare repository '/workspace/cache/git-repos/https%3A%2F%2Fgithub.com%2Fhouthacker%2Frlox'...
[INFO] running `Command { std: "git" "rev-parse" "HEAD", kill_on_drop: false }`
[INFO] [stdout] 060a283155dfa3902d7ba2a94b6bbc37bc70f068
[INFO] testing houthacker/rlox against 1.97.0-beta.6 for beta-1.98-2
[INFO] running `Command { std: "git" "clone" "/workspace/cache/git-repos/https%3A%2F%2Fgithub.com%2Fhouthacker%2Frlox" "/workspace/builds/worker-7-tc1/source", kill_on_drop: false }`
[INFO] [stderr] Cloning into '/workspace/builds/worker-7-tc1/source'...
[INFO] [stderr] done.
[INFO] started tweaking git repo https://github.com/houthacker/rlox
[INFO] finished tweaking git repo https://github.com/houthacker/rlox
[INFO] tweaked toml for git repo https://github.com/houthacker/rlox written to /workspace/builds/worker-7-tc1/source/Cargo.toml
[INFO] validating manifest of git repo https://github.com/houthacker/rlox on toolchain 1.97.0-beta.6
[INFO] running `Command { std: CARGO_HOME="/workspace/cargo-home" RUSTUP_HOME="/workspace/rustup-home" "/workspace/cargo-home/bin/cargo" "+1.97.0-beta.6" "metadata" "--manifest-path" "Cargo.toml" "--no-deps", kill_on_drop: false }`
[INFO] crate git repo https://github.com/houthacker/rlox already has a lockfile, it will not be regenerated
[INFO] running `Command { std: CARGO_HOME="/workspace/cargo-home" RUSTUP_HOME="/workspace/rustup-home" "/workspace/cargo-home/bin/cargo" "+1.97.0-beta.6" "fetch" "--manifest-path" "Cargo.toml", kill_on_drop: false }`
[INFO] [stderr]     Updating crates.io index
[INFO] [stderr]  Downloading crates ...
[INFO] [stderr]   Downloaded tikv-jemallocator v0.5.0
[INFO] [stderr]   Downloaded fs_extra v1.2.0
[INFO] [stderr]   Downloaded libc v0.2.126
[INFO] [stderr]   Downloaded tikv-jemalloc-sys v0.5.0+5.3.0
[INFO] running `Command { std: "docker" "create" "-v" "/var/lib/crater-agent-workspace/builds/worker-7-tc1/source:/opt/rustwide/workdir:ro,Z" "-v" "/var/lib/crater-agent-workspace/builds/worker-7-tc1/target:/opt/rustwide/target:rw,Z" "-v" "/var/lib/crater-agent-workspace/cargo-home:/opt/rustwide/cargo-home:ro,Z" "-v" "/var/lib/crater-agent-workspace/rustup-home:/opt/rustwide/rustup-home:ro,Z" "-m" "1610612736" "--network" "none" "ghcr.io/rust-lang/crates-build-env/linux@sha256:3d5ced03c013a94a2f102a4510f48a6e9184255caf5fd8244f58017bde7f5210" "sleep" "infinity", kill_on_drop: false }`
[INFO] [stdout] e8d9c2fcdbee3702167f53ea85ec54dd0d906be0e1fd3bf3514c1540d0735f68
[INFO] running `Command { std: "docker" "start" "e8d9c2fcdbee3702167f53ea85ec54dd0d906be0e1fd3bf3514c1540d0735f68", kill_on_drop: false }`
[INFO] running `Command { std: "docker" "inspect" "e8d9c2fcdbee3702167f53ea85ec54dd0d906be0e1fd3bf3514c1540d0735f68", kill_on_drop: false }`
[INFO] running `Command { std: "docker" "exec" "-e" "SOURCE_DIR=/opt/rustwide/workdir" "-e" "CARGO_HOME=/opt/rustwide/cargo-home" "-e" "RUSTUP_HOME=/opt/rustwide/rustup-home" "-e" "CARGO_TARGET_DIR=/opt/rustwide/target" "-w" "/opt/rustwide/workdir" "--user" "0:0" "e8d9c2fcdbee3702167f53ea85ec54dd0d906be0e1fd3bf3514c1540d0735f68" "/opt/rustwide/cargo-home/bin/cargo" "+1.97.0-beta.6" "metadata" "--no-deps" "--format-version=1", kill_on_drop: false }`
[INFO] running `Command { std: "docker" "inspect" "e8d9c2fcdbee3702167f53ea85ec54dd0d906be0e1fd3bf3514c1540d0735f68", kill_on_drop: false }`
[INFO] running `Command { std: "docker" "exec" "-e" "SOURCE_DIR=/opt/rustwide/workdir" "-e" "CARGO_HOME=/opt/rustwide/cargo-home" "-e" "RUSTUP_HOME=/opt/rustwide/rustup-home" "-e" "CARGO_TARGET_DIR=/opt/rustwide/target" "-e" "CARGO_INCREMENTAL=0" "-e" "RUST_BACKTRACE=full" "-e" "RUSTFLAGS=--cap-lints=warn" "-e" "RUSTDOCFLAGS=--cap-lints=warn" "-w" "/opt/rustwide/workdir" "--user" "0:0" "e8d9c2fcdbee3702167f53ea85ec54dd0d906be0e1fd3bf3514c1540d0735f68" "/opt/rustwide/cargo-home/bin/cargo" "+1.97.0-beta.6" "build" "--frozen" "--message-format=json", kill_on_drop: false }`
[INFO] [stderr]    Compiling cc v1.0.73
[INFO] [stderr]    Compiling libc v0.2.126
[INFO] [stderr]    Compiling fs_extra v1.2.0
[INFO] [stderr]    Compiling tikv-jemalloc-sys v0.5.0+5.3.0
[INFO] [stderr]    Compiling tikv-jemallocator v0.5.0
[INFO] [stderr]    Compiling rlox v0.1.0 (/opt/rustwide/workdir)
[INFO] [stdout] warning: struct `LocalsTracker` is never constructed
[INFO] [stdout]    --> src/compiler.rs:108:12
[INFO] [stdout]     |
[INFO] [stdout] 108 | pub struct LocalsTracker {
[INFO] [stdout]     |            ^^^^^^^^^^^^^
[INFO] [stdout]     |
[INFO] [stdout]     = note: `#[warn(dead_code)]` (part of `#[warn(unused)]`) on by default
[INFO] [stdout] 
[INFO] [stdout] 
[INFO] [stdout] warning: methods `size` and `delete` are never used
[INFO] [stdout]    --> src/table.rs:129:12
[INFO] [stdout]     |
[INFO] [stdout] 119 | impl<K: Hashed + PartialEq, V> Table<K, V> {
[INFO] [stdout]     | ------------------------------------------ methods in this implementation
[INFO] [stdout] ...
[INFO] [stdout] 129 |     pub fn size(&self) -> usize {
[INFO] [stdout]     |            ^^^^
[INFO] [stdout] ...
[INFO] [stdout] 162 |     pub fn delete(&mut self, key: &K) -> bool {
[INFO] [stdout]     |            ^^^^^^
[INFO] [stdout] 
[INFO] [stdout] 
[INFO] [stderr]     Finished `dev` profile [unoptimized + debuginfo] target(s) in 1m 53s
[INFO] [stderr] warning: the following packages contain code that will be rejected by a future version of Rust: fs_extra v1.2.0
[INFO] [stderr] note: to see what the problems were, use the option `--future-incompat-report`, or run `cargo report future-incompatibilities --id 1`
[INFO] running `Command { std: "docker" "inspect" "e8d9c2fcdbee3702167f53ea85ec54dd0d906be0e1fd3bf3514c1540d0735f68", kill_on_drop: false }`
[INFO] running `Command { std: "docker" "exec" "-e" "SOURCE_DIR=/opt/rustwide/workdir" "-e" "CARGO_HOME=/opt/rustwide/cargo-home" "-e" "RUSTUP_HOME=/opt/rustwide/rustup-home" "-e" "CARGO_TARGET_DIR=/opt/rustwide/target" "-e" "CARGO_INCREMENTAL=0" "-e" "RUST_BACKTRACE=full" "-e" "RUSTFLAGS=--cap-lints=warn" "-e" "RUSTDOCFLAGS=--cap-lints=warn" "-w" "/opt/rustwide/workdir" "--user" "0:0" "e8d9c2fcdbee3702167f53ea85ec54dd0d906be0e1fd3bf3514c1540d0735f68" "/opt/rustwide/cargo-home/bin/cargo" "+1.97.0-beta.6" "test" "--frozen" "--no-run" "--message-format=json", kill_on_drop: false }`
[INFO] [stderr]    Compiling rlox v0.1.0 (/opt/rustwide/workdir)
[INFO] [stdout] warning: struct `LocalsTracker` is never constructed
[INFO] [stdout]    --> src/compiler.rs:108:12
[INFO] [stdout]     |
[INFO] [stdout] 108 | pub struct LocalsTracker {
[INFO] [stdout]     |            ^^^^^^^^^^^^^
[INFO] [stdout]     |
[INFO] [stdout]     = note: `#[warn(dead_code)]` (part of `#[warn(unused)]`) on by default
[INFO] [stdout] 
[INFO] [stdout] 
[INFO] [stderr]     Finished `test` profile [unoptimized + debuginfo] target(s) in 1.13s
[INFO] [stderr] warning: the following packages contain code that will be rejected by a future version of Rust: fs_extra v1.2.0
[INFO] [stderr] note: to see what the problems were, use the option `--future-incompat-report`, or run `cargo report future-incompatibilities --id 1`
[INFO] running `Command { std: "docker" "inspect" "e8d9c2fcdbee3702167f53ea85ec54dd0d906be0e1fd3bf3514c1540d0735f68", kill_on_drop: false }`
[INFO] running `Command { std: "docker" "exec" "-e" "SOURCE_DIR=/opt/rustwide/workdir" "-e" "CARGO_HOME=/opt/rustwide/cargo-home" "-e" "RUSTUP_HOME=/opt/rustwide/rustup-home" "-e" "CARGO_TARGET_DIR=/opt/rustwide/target" "-e" "CARGO_INCREMENTAL=0" "-e" "RUST_BACKTRACE=full" "-e" "RUSTFLAGS=--cap-lints=warn" "-e" "RUSTDOCFLAGS=--cap-lints=warn" "-w" "/opt/rustwide/workdir" "--user" "0:0" "e8d9c2fcdbee3702167f53ea85ec54dd0d906be0e1fd3bf3514c1540d0735f68" "/opt/rustwide/cargo-home/bin/cargo" "+1.97.0-beta.6" "test" "--frozen", kill_on_drop: false }`
[INFO] [stderr] warning: struct `LocalsTracker` is never constructed
[INFO] [stderr]    --> src/compiler.rs:108:12
[INFO] [stderr]     |
[INFO] [stderr] 108 | pub struct LocalsTracker {
[INFO] [stderr]     |            ^^^^^^^^^^^^^
[INFO] [stderr]     |
[INFO] [stderr]     = note: `#[warn(dead_code)]` (part of `#[warn(unused)]`) on by default
[INFO] [stderr] 
[INFO] [stderr] warning: `rlox` (bin "rlox" test) generated 1 warning
[INFO] [stderr]     Finished `test` profile [unoptimized + debuginfo] target(s) in 0.03s
[INFO] [stderr] warning: the following packages contain code that will be rejected by a future version of Rust: fs_extra v1.2.0
[INFO] [stderr] note: to see what the problems were, use the option `--future-incompat-report`, or run `cargo report future-incompatibilities --id 1`
[INFO] [stderr]      Running unittests src/main.rs (/opt/rustwide/target/debug/deps/rlox-9bf9cf2c17cc88c6)
[INFO] [stdout] 
[INFO] [stdout] running 26 tests
[INFO] [stdout] test chunk::tests::chunk_write_constant ... ok
[INFO] [stdout] test compiler::tests::compile_with_global_variables ... ok
[INFO] [stdout] test chunk::tests::chunk_write_long_constant ... ok
[INFO] [stdout] test chunk::tests::chunk_write_single_byte ... ok
[INFO] [stdout] test compiler::tests::read_local_in_initialization ... ok
[INFO] [stdout] test table::tests::enforce_table_grow ... ok
[INFO] [stdout] test scanner::tests::scan_numeric_binary_unary ... ok
[INFO] [stdout] test table::tests::table_delete ... ok
[INFO] [stdout] test compiler::tests::invalid_assignment_target ... ok
[INFO] [stdout] test table::tests::table_insert_non_primitive_value ... ok
[INFO] [stdout] test table::tests::no_alloc_in_empty_table ... ok
[INFO] [stdout] test vm::tests::interpret_global_variable_access ... ok
[INFO] [stdout] test vm::tests::interpret_string_concatenation ... ok
[INFO] [stdout] test table::tests::table_add_all ... ok
[INFO] [stdout] test vm::tests::execute_while_loop ... ok
[INFO] [stdout] test vm::tests::exec_or_operator ... ok
[INFO] [stdout] test vm::tests::print_local_variable ... ok
[INFO] [stdout] test vm::tests::interpret_print_statement ... ok
[INFO] [stdout] test vm::tests::interpret_numeric_expr ... ok
[INFO] [stdout] test vm::tests::interpret_string ... ok
[INFO] [stderr] error: test failed, to rerun pass `--bin rlox`
[INFO] [stdout] test chunk::tests::chunk_create ... ok
[INFO] [stdout] test table::tests::table_insert_primitive_value ... ok
[INFO] [stdout] test vm::tests::exec_and_operator ... ok
[INFO] [stdout] test vm::tests::execute_for_loop_with_var ... ok
[INFO] [stdout] test vm::tests::interpret_global_variable_assignment ... ok
[INFO] [stdout] test compiler::tests::compile_numeric_binary_unary ... FAILED
[INFO] [stdout] 
[INFO] [stdout] failures:
[INFO] [stdout] 
[INFO] [stdout] ---- compiler::tests::compile_numeric_binary_unary stdout ----
[INFO] [stdout] [line 1] Error at end: Expect ';' after expression
[INFO] [stdout] 
[INFO] [stdout] thread 'compiler::tests::compile_numeric_binary_unary' (4751) panicked at src/compiler.rs:925:9:
[INFO] [stdout] assertion failed: compiler.compile()
[INFO] [stdout] stack backtrace:
[INFO] [stdout]    0:     0x5777cb3750b8 - std[10d71ac2c42b111e]::backtrace_rs::backtrace::libunwind::trace
[INFO] [stdout]                                at /rustc/b2282dd5646a57d570fc86fbe8df0e8826665ef6/library/std/src/../../backtrace/src/backtrace/libunwind.rs:117:9
[INFO] [stdout]    1:     0x5777cb3750b8 - std[10d71ac2c42b111e]::backtrace_rs::backtrace::trace_unsynchronized::<std[10d71ac2c42b111e]::sys::backtrace::_print_fmt::{closure#1}>
[INFO] [stdout]                                at /rustc/b2282dd5646a57d570fc86fbe8df0e8826665ef6/library/std/src/../../backtrace/src/backtrace/mod.rs:66:14
[INFO] [stdout]    2:     0x5777cb3750b8 - std[10d71ac2c42b111e]::sys::backtrace::_print_fmt
[INFO] [stdout]                                at /rustc/b2282dd5646a57d570fc86fbe8df0e8826665ef6/library/std/src/sys/backtrace.rs:74:9
[INFO] [stdout]    3:     0x5777cb3750b8 - <<std[10d71ac2c42b111e]::sys::backtrace::BacktraceLock>::print::DisplayBacktrace as core[8fb95b77d25ab6c8]::fmt::Display>::fmt
[INFO] [stdout]                                at /rustc/b2282dd5646a57d570fc86fbe8df0e8826665ef6/library/std/src/sys/backtrace.rs:44:26
[INFO] [stdout]    4:     0x5777cb3899aa - <core[8fb95b77d25ab6c8]::fmt::rt::Argument>::fmt
[INFO] [stdout]                                at /rustc/b2282dd5646a57d570fc86fbe8df0e8826665ef6/library/core/src/fmt/rt.rs:152:76
[INFO] [stdout]    5:     0x5777cb3899aa - core[8fb95b77d25ab6c8]::fmt::write
[INFO] [stdout]    6:     0x5777cb3798d2 - std[10d71ac2c42b111e]::io::default_write_fmt::<alloc[a7ee25936407c584]::vec::Vec<u8>>
[INFO] [stdout]                                at /rustc/b2282dd5646a57d570fc86fbe8df0e8826665ef6/library/std/src/io/mod.rs:622:11
[INFO] [stdout]    7:     0x5777cb3798d2 - <alloc[a7ee25936407c584]::vec::Vec<u8> as std[10d71ac2c42b111e]::io::Write>::write_fmt
[INFO] [stdout]                                at /rustc/b2282dd5646a57d570fc86fbe8df0e8826665ef6/library/std/src/io/mod.rs:1977:13
[INFO] [stdout]    8:     0x5777cb354426 - <std[10d71ac2c42b111e]::sys::backtrace::BacktraceLock>::print
[INFO] [stdout]                                at /rustc/b2282dd5646a57d570fc86fbe8df0e8826665ef6/library/std/src/sys/backtrace.rs:47:9
[INFO] [stdout]    9:     0x5777cb354426 - std[10d71ac2c42b111e]::panicking::default_hook::{closure#0}
[INFO] [stdout]                                at /rustc/b2282dd5646a57d570fc86fbe8df0e8826665ef6/library/std/src/panicking.rs:292:27
[INFO] [stdout]   10:     0x5777cb36d609 - std[10d71ac2c42b111e]::panicking::default_hook
[INFO] [stdout]                                at /rustc/b2282dd5646a57d570fc86fbe8df0e8826665ef6/library/std/src/panicking.rs:316:9
[INFO] [stdout]   11:     0x5777caffddac - <alloc[a7ee25936407c584]::boxed::Box<dyn for<'a, 'b> core[8fb95b77d25ab6c8]::ops::function::Fn<(&'a std[10d71ac2c42b111e]::panic::PanicHookInfo<'b>,), Output = ()> + core[8fb95b77d25ab6c8]::marker::Sync + core[8fb95b77d25ab6c8]::marker::Send> as core[8fb95b77d25ab6c8]::ops::function::Fn<(&std[10d71ac2c42b111e]::panic::PanicHookInfo,)>>::call
[INFO] [stdout]                                at /rustc/b2282dd5646a57d570fc86fbe8df0e8826665ef6/library/alloc/src/boxed.rs:2289:9
[INFO] [stdout]   12:     0x5777caffddac - test[213991da798b1c03]::test_main_inner::<test[213991da798b1c03]::test_main_static::{closure#0}>::{closure#0}
[INFO] [stdout]                                at /rustc/b2282dd5646a57d570fc86fbe8df0e8826665ef6/library/test/src/lib.rs:155:21
[INFO] [stdout]   13:     0x5777cb36d7c2 - <alloc[a7ee25936407c584]::boxed::Box<dyn for<'a, 'b> core[8fb95b77d25ab6c8]::ops::function::Fn<(&'a std[10d71ac2c42b111e]::panic::PanicHookInfo<'b>,), Output = ()> + core[8fb95b77d25ab6c8]::marker::Sync + core[8fb95b77d25ab6c8]::marker::Send> as core[8fb95b77d25ab6c8]::ops::function::Fn<(&std[10d71ac2c42b111e]::panic::PanicHookInfo,)>>::call
[INFO] [stdout]                                at /rustc/b2282dd5646a57d570fc86fbe8df0e8826665ef6/library/alloc/src/boxed.rs:2289:9
[INFO] [stdout]   14:     0x5777cb36d7c2 - std[10d71ac2c42b111e]::panicking::panic_with_hook
[INFO] [stdout]                                at /rustc/b2282dd5646a57d570fc86fbe8df0e8826665ef6/library/std/src/panicking.rs:833:13
[INFO] [stdout]   15:     0x5777cb354514 - std[10d71ac2c42b111e]::panicking::panic_handler::{closure#0}
[INFO] [stdout]                                at /rustc/b2282dd5646a57d570fc86fbe8df0e8826665ef6/library/std/src/panicking.rs:691:13
[INFO] [stdout]   16:     0x5777cb3496e9 - std[10d71ac2c42b111e]::sys::backtrace::__rust_end_short_backtrace::<std[10d71ac2c42b111e]::panicking::panic_handler::{closure#0}, !>
[INFO] [stdout]                                at /rustc/b2282dd5646a57d570fc86fbe8df0e8826665ef6/library/std/src/sys/backtrace.rs:182:18
[INFO] [stdout]   17:     0x5777cb3550dd - __rustc[3be9ba60078d4c86]::rust_begin_unwind
[INFO] [stdout]                                at /rustc/b2282dd5646a57d570fc86fbe8df0e8826665ef6/library/std/src/panicking.rs:689:5
[INFO] [stdout]   18:     0x5777cb38a0fc - core[8fb95b77d25ab6c8]::panicking::panic_fmt
[INFO] [stdout]                                at /rustc/b2282dd5646a57d570fc86fbe8df0e8826665ef6/library/core/src/panicking.rs:80:14
[INFO] [stdout]   19:     0x5777cb38a0c2 - core[8fb95b77d25ab6c8]::panicking::panic
[INFO] [stdout]                                at /rustc/b2282dd5646a57d570fc86fbe8df0e8826665ef6/library/core/src/panicking.rs:150:5
[INFO] [stdout]   20:     0x5777cafdac25 - rlox[e1ebf5d5f260e586]::compiler::tests::compile_numeric_binary_unary
[INFO] [stdout]                                at /opt/rustwide/workdir/src/compiler.rs:925:9
[INFO] [stdout]   21:     0x5777cafd3ba7 - rlox[e1ebf5d5f260e586]::compiler::tests::compile_numeric_binary_unary::{closure#0}
[INFO] [stdout]                                at /opt/rustwide/workdir/src/compiler.rs:920:38
[INFO] [stdout]   22:     0x5777caff0d96 - <rlox[e1ebf5d5f260e586]::compiler::tests::compile_numeric_binary_unary::{closure#0} as core[8fb95b77d25ab6c8]::ops::function::FnOnce<()>>::call_once
[INFO] [stdout]                                at /rustc/b2282dd5646a57d570fc86fbe8df0e8826665ef6/library/core/src/ops/function.rs:250:5
[INFO] [stdout]   23:     0x5777caff0e8b - <fn() -> core[8fb95b77d25ab6c8]::result::Result<(), alloc[a7ee25936407c584]::string::String> as core[8fb95b77d25ab6c8]::ops::function::FnOnce<()>>::call_once
[INFO] [stdout]                                at /rustc/b2282dd5646a57d570fc86fbe8df0e8826665ef6/library/core/src/ops/function.rs:250:5
[INFO] [stdout]   24:     0x5777caff0e8b - test[213991da798b1c03]::__rust_begin_short_backtrace::<core[8fb95b77d25ab6c8]::result::Result<(), alloc[a7ee25936407c584]::string::String>, fn() -> core[8fb95b77d25ab6c8]::result::Result<(), alloc[a7ee25936407c584]::string::String>>
[INFO] [stdout]                                at /rustc/b2282dd5646a57d570fc86fbe8df0e8826665ef6/library/test/src/lib.rs:724:18
[INFO] [stdout]   25:     0x5777caffe705 - test[213991da798b1c03]::run_test_in_process::{closure#0}
[INFO] [stdout]                                at /rustc/b2282dd5646a57d570fc86fbe8df0e8826665ef6/library/test/src/lib.rs:747:74
[INFO] [stdout]   26:     0x5777caffe705 - <core[8fb95b77d25ab6c8]::panic::unwind_safe::AssertUnwindSafe<test[213991da798b1c03]::run_test_in_process::{closure#0}> as core[8fb95b77d25ab6c8]::ops::function::FnOnce<()>>::call_once
[INFO] [stdout]                                at /rustc/b2282dd5646a57d570fc86fbe8df0e8826665ef6/library/core/src/panic/unwind_safe.rs:275:9
[INFO] [stdout]   27:     0x5777caffe705 - std[10d71ac2c42b111e]::panicking::catch_unwind::do_call::<core[8fb95b77d25ab6c8]::panic::unwind_safe::AssertUnwindSafe<test[213991da798b1c03]::run_test_in_process::{closure#0}>, core[8fb95b77d25ab6c8]::result::Result<(), alloc[a7ee25936407c584]::string::String>>
[INFO] [stdout]                                at /rustc/b2282dd5646a57d570fc86fbe8df0e8826665ef6/library/std/src/panicking.rs:581:40
[INFO] [stdout]   28:     0x5777caffe705 - std[10d71ac2c42b111e]::panicking::catch_unwind::<core[8fb95b77d25ab6c8]::result::Result<(), alloc[a7ee25936407c584]::string::String>, core[8fb95b77d25ab6c8]::panic::unwind_safe::AssertUnwindSafe<test[213991da798b1c03]::run_test_in_process::{closure#0}>>
[INFO] [stdout]                                at /rustc/b2282dd5646a57d570fc86fbe8df0e8826665ef6/library/std/src/panicking.rs:544:19
[INFO] [stdout]   29:     0x5777caffe705 - std[10d71ac2c42b111e]::panic::catch_unwind::<core[8fb95b77d25ab6c8]::panic::unwind_safe::AssertUnwindSafe<test[213991da798b1c03]::run_test_in_process::{closure#0}>, core[8fb95b77d25ab6c8]::result::Result<(), alloc[a7ee25936407c584]::string::String>>
[INFO] [stdout]                                at /rustc/b2282dd5646a57d570fc86fbe8df0e8826665ef6/library/std/src/panic.rs:359:14
[INFO] [stdout]   30:     0x5777caffe705 - test[213991da798b1c03]::run_test_in_process
[INFO] [stdout]                                at /rustc/b2282dd5646a57d570fc86fbe8df0e8826665ef6/library/test/src/lib.rs:747:27
[INFO] [stdout]   31:     0x5777caffe705 - test[213991da798b1c03]::run_test::{closure#0}
[INFO] [stdout]                                at /rustc/b2282dd5646a57d570fc86fbe8df0e8826665ef6/library/test/src/lib.rs:668:43
[INFO] [stdout]   32:     0x5777caff8014 - test[213991da798b1c03]::run_test::{closure#1}
[INFO] [stdout]                                at /rustc/b2282dd5646a57d570fc86fbe8df0e8826665ef6/library/test/src/lib.rs:698:41
[INFO] [stdout]   33:     0x5777caff8014 - std[10d71ac2c42b111e]::sys::backtrace::__rust_begin_short_backtrace::<test[213991da798b1c03]::run_test::{closure#1}, ()>
[INFO] [stdout]                                at /rustc/b2282dd5646a57d570fc86fbe8df0e8826665ef6/library/std/src/sys/backtrace.rs:166:18
[INFO] [stdout]   34:     0x5777cb001782 - std[10d71ac2c42b111e]::thread::lifecycle::spawn_unchecked::<test[213991da798b1c03]::run_test::{closure#1}, ()>::{closure#1}::{closure#0}
[INFO] [stdout]                                at /rustc/b2282dd5646a57d570fc86fbe8df0e8826665ef6/library/std/src/thread/lifecycle.rs:70:13
[INFO] [stdout]   35:     0x5777cb001782 - <core[8fb95b77d25ab6c8]::panic::unwind_safe::AssertUnwindSafe<std[10d71ac2c42b111e]::thread::lifecycle::spawn_unchecked<test[213991da798b1c03]::run_test::{closure#1}, ()>::{closure#1}::{closure#0}> as core[8fb95b77d25ab6c8]::ops::function::FnOnce<()>>::call_once
[INFO] [stdout]                                at /rustc/b2282dd5646a57d570fc86fbe8df0e8826665ef6/library/core/src/panic/unwind_safe.rs:275:9
[INFO] [stdout]   36:     0x5777cb001782 - std[10d71ac2c42b111e]::panicking::catch_unwind::do_call::<core[8fb95b77d25ab6c8]::panic::unwind_safe::AssertUnwindSafe<std[10d71ac2c42b111e]::thread::lifecycle::spawn_unchecked<test[213991da798b1c03]::run_test::{closure#1}, ()>::{closure#1}::{closure#0}>, ()>
[INFO] [stdout]                                at /rustc/b2282dd5646a57d570fc86fbe8df0e8826665ef6/library/std/src/panicking.rs:581:40
[INFO] [stdout]   37:     0x5777cb001782 - std[10d71ac2c42b111e]::panicking::catch_unwind::<(), core[8fb95b77d25ab6c8]::panic::unwind_safe::AssertUnwindSafe<std[10d71ac2c42b111e]::thread::lifecycle::spawn_unchecked<test[213991da798b1c03]::run_test::{closure#1}, ()>::{closure#1}::{closure#0}>>
[INFO] [stdout]                                at /rustc/b2282dd5646a57d570fc86fbe8df0e8826665ef6/library/std/src/panicking.rs:544:19
[INFO] [stdout]   38:     0x5777cb001782 - std[10d71ac2c42b111e]::panic::catch_unwind::<core[8fb95b77d25ab6c8]::panic::unwind_safe::AssertUnwindSafe<std[10d71ac2c42b111e]::thread::lifecycle::spawn_unchecked<test[213991da798b1c03]::run_test::{closure#1}, ()>::{closure#1}::{closure#0}>, ()>
[INFO] [stdout]                                at /rustc/b2282dd5646a57d570fc86fbe8df0e8826665ef6/library/std/src/panic.rs:359:14
[INFO] [stdout]   39:     0x5777cb001782 - std[10d71ac2c42b111e]::thread::lifecycle::spawn_unchecked::<test[213991da798b1c03]::run_test::{closure#1}, ()>::{closure#1}
[INFO] [stdout]                                at /rustc/b2282dd5646a57d570fc86fbe8df0e8826665ef6/library/std/src/thread/lifecycle.rs:68:26
[INFO] [stdout]   40:     0x5777cb001782 - <std[10d71ac2c42b111e]::thread::lifecycle::spawn_unchecked<test[213991da798b1c03]::run_test::{closure#1}, ()>::{closure#1} as core[8fb95b77d25ab6c8]::ops::function::FnOnce<()>>::call_once::{shim:vtable#0}
[INFO] [stdout]                                at /rustc/b2282dd5646a57d570fc86fbe8df0e8826665ef6/library/core/src/ops/function.rs:250:5
[INFO] [stdout]   41:     0x5777cb374a1f - <alloc[a7ee25936407c584]::boxed::Box<dyn core[8fb95b77d25ab6c8]::ops::function::FnOnce<(), Output = ()> + core[8fb95b77d25ab6c8]::marker::Send> as core[8fb95b77d25ab6c8]::ops::function::FnOnce<()>>::call_once
[INFO] [stdout]                                at /rustc/b2282dd5646a57d570fc86fbe8df0e8826665ef6/library/alloc/src/boxed.rs:2275:9
[INFO] [stdout]   42:     0x5777cb374a1f - <std[10d71ac2c42b111e]::sys::thread::unix::Thread>::new::thread_start
[INFO] [stdout]                                at /rustc/b2282dd5646a57d570fc86fbe8df0e8826665ef6/library/std/src/sys/thread/unix.rs:118:17
[INFO] [stdout]   43:     0x7ea4808e8aa4 - <unknown>
[INFO] [stdout]   44:     0x7ea480975a64 - clone
[INFO] [stdout]   45:                0x0 - <unknown>
[INFO] [stdout] 
[INFO] [stdout] 
[INFO] [stdout] failures:
[INFO] [stdout]     compiler::tests::compile_numeric_binary_unary
[INFO] [stdout] 
[INFO] [stdout] test result: FAILED. 25 passed; 1 failed; 0 ignored; 0 measured; 0 filtered out; finished in 0.16s
[INFO] [stdout] 
[INFO] running `Command { std: "docker" "inspect" "e8d9c2fcdbee3702167f53ea85ec54dd0d906be0e1fd3bf3514c1540d0735f68", kill_on_drop: false }`
[INFO] running `Command { std: "docker" "rm" "-f" "e8d9c2fcdbee3702167f53ea85ec54dd0d906be0e1fd3bf3514c1540d0735f68", kill_on_drop: false }`
[INFO] [stdout] e8d9c2fcdbee3702167f53ea85ec54dd0d906be0e1fd3bf3514c1540d0735f68
