[INFO] cloning repository https://github.com/homeserversltd/harmonia
[INFO] running `Command { std: "git" "-c" "credential.helper=" "-c" "credential.helper=/workspace/cargo-home/bin/git-credential-null" "clone" "--bare" "https://github.com/homeserversltd/harmonia" "/workspace/cache/git-repos/https%3A%2F%2Fgithub.com%2Fhomeserversltd%2Fharmonia", kill_on_drop: false }`
[INFO] [stderr] Cloning into bare repository '/workspace/cache/git-repos/https%3A%2F%2Fgithub.com%2Fhomeserversltd%2Fharmonia'...
[INFO] running `Command { std: "git" "rev-parse" "HEAD", kill_on_drop: false }`
[INFO] [stdout] 4023be43b007c6fcfa3ddc128a6546d2cf432326
[INFO] testing homeserversltd/harmonia against 1.98.0-beta.1 for beta-1.98-2
[INFO] running `Command { std: "git" "clone" "/workspace/cache/git-repos/https%3A%2F%2Fgithub.com%2Fhomeserversltd%2Fharmonia" "/workspace/builds/worker-2-tc2/source", kill_on_drop: false }`
[INFO] [stderr] Cloning into '/workspace/builds/worker-2-tc2/source'...
[INFO] [stderr] done.
[INFO] started tweaking git repo https://github.com/homeserversltd/harmonia
[INFO] finished tweaking git repo https://github.com/homeserversltd/harmonia
[INFO] tweaked toml for git repo https://github.com/homeserversltd/harmonia written to /workspace/builds/worker-2-tc2/source/Cargo.toml
[INFO] validating manifest of git repo https://github.com/homeserversltd/harmonia on toolchain 1.98.0-beta.1
[INFO] running `Command { std: CARGO_HOME="/workspace/cargo-home" RUSTUP_HOME="/workspace/rustup-home" "/workspace/cargo-home/bin/cargo" "+1.98.0-beta.1" "metadata" "--manifest-path" "Cargo.toml" "--no-deps", kill_on_drop: false }`
[INFO] crate git repo https://github.com/homeserversltd/harmonia already has a lockfile, it will not be regenerated
[INFO] running `Command { std: CARGO_HOME="/workspace/cargo-home" RUSTUP_HOME="/workspace/rustup-home" "/workspace/cargo-home/bin/cargo" "+1.98.0-beta.1" "fetch" "--manifest-path" "Cargo.toml", kill_on_drop: false }`
[INFO] [stderr]     Blocking waiting for file lock on package cache
[INFO] [stderr]     Blocking waiting for file lock on package cache
[INFO] running `Command { std: "docker" "create" "-v" "/var/lib/crater-agent-workspace/builds/worker-2-tc2/source:/opt/rustwide/workdir:ro,Z" "-v" "/var/lib/crater-agent-workspace/builds/worker-2-tc2/target:/opt/rustwide/target:rw,Z" "-v" "/var/lib/crater-agent-workspace/cargo-home:/opt/rustwide/cargo-home:ro,Z" "-v" "/var/lib/crater-agent-workspace/rustup-home:/opt/rustwide/rustup-home:ro,Z" "-m" "1610612736" "--network" "none" "ghcr.io/rust-lang/crates-build-env/linux@sha256:3d5ced03c013a94a2f102a4510f48a6e9184255caf5fd8244f58017bde7f5210" "sleep" "infinity", kill_on_drop: false }`
[INFO] [stdout] 153ad593e829d70eb18de58150206f15d5fee7bb905882f8defa6b325cc82b75
[INFO] running `Command { std: "docker" "start" "153ad593e829d70eb18de58150206f15d5fee7bb905882f8defa6b325cc82b75", kill_on_drop: false }`
[INFO] running `Command { std: "docker" "inspect" "153ad593e829d70eb18de58150206f15d5fee7bb905882f8defa6b325cc82b75", kill_on_drop: false }`
[INFO] running `Command { std: "docker" "exec" "-e" "SOURCE_DIR=/opt/rustwide/workdir" "-e" "CARGO_HOME=/opt/rustwide/cargo-home" "-e" "RUSTUP_HOME=/opt/rustwide/rustup-home" "-e" "CARGO_TARGET_DIR=/opt/rustwide/target" "-w" "/opt/rustwide/workdir" "--user" "0:0" "153ad593e829d70eb18de58150206f15d5fee7bb905882f8defa6b325cc82b75" "/opt/rustwide/cargo-home/bin/cargo" "+1.98.0-beta.1" "metadata" "--no-deps" "--format-version=1", kill_on_drop: false }`
[INFO] running `Command { std: "docker" "inspect" "153ad593e829d70eb18de58150206f15d5fee7bb905882f8defa6b325cc82b75", kill_on_drop: false }`
[INFO] running `Command { std: "docker" "exec" "-e" "SOURCE_DIR=/opt/rustwide/workdir" "-e" "CARGO_HOME=/opt/rustwide/cargo-home" "-e" "RUSTUP_HOME=/opt/rustwide/rustup-home" "-e" "CARGO_TARGET_DIR=/opt/rustwide/target" "-e" "CARGO_INCREMENTAL=0" "-e" "RUST_BACKTRACE=full" "-e" "RUSTFLAGS=--cap-lints=warn" "-e" "RUSTDOCFLAGS=--cap-lints=warn" "-w" "/opt/rustwide/workdir" "--user" "0:0" "153ad593e829d70eb18de58150206f15d5fee7bb905882f8defa6b325cc82b75" "/opt/rustwide/cargo-home/bin/cargo" "+1.98.0-beta.1" "build" "--frozen" "--message-format=json", kill_on_drop: false }`
[INFO] [stderr]    Compiling version_check v0.9.5
[INFO] [stderr]    Compiling proc-macro2 v1.0.106
[INFO] [stderr]    Compiling quote v1.0.45
[INFO] [stderr]    Compiling unicode-ident v1.0.24
[INFO] [stderr]    Compiling typenum v1.20.1
[INFO] [stderr]    Compiling serde_core v1.0.228
[INFO] [stderr]    Compiling zmij v1.0.21
[INFO] [stderr]    Compiling serde_json v1.0.150
[INFO] [stderr]    Compiling serde v1.0.228
[INFO] [stderr]    Compiling libc v0.2.186
[INFO] [stderr]    Compiling itoa v1.0.18
[INFO] [stderr]    Compiling cpufeatures v0.2.17
[INFO] [stderr]    Compiling memchr v2.8.2
[INFO] [stderr]    Compiling cfg-if v1.0.4
[INFO] [stderr]    Compiling generic-array v0.14.7
[INFO] [stderr]    Compiling syn v2.0.118
[INFO] [stderr]    Compiling crypto-common v0.1.7
[INFO] [stderr]    Compiling block-buffer v0.10.4
[INFO] [stderr]    Compiling digest v0.10.7
[INFO] [stderr]    Compiling sha2 v0.10.9
[INFO] [stderr]    Compiling serde_derive v1.0.228
[INFO] [stderr]    Compiling harmonia v0.1.0 (/opt/rustwide/workdir)
[INFO] [stdout] warning: unused import: `tools::module_steps::*`
[INFO] [stdout]  --> src/lib.rs:2:16
[INFO] [stdout]   |
[INFO] [stdout] 2 | pub(crate) use tools::module_steps::*;
[INFO] [stdout]   |                ^^^^^^^^^^^^^^^^^^^^^^
[INFO] [stdout]   |
[INFO] [stdout]   = note: `#[warn(unused_imports)]` (part of `#[warn(unused)]`) on by default
[INFO] [stdout] 
[INFO] [stdout] 
[INFO] [stdout] warning: function `package_tool` is never used
[INFO] [stdout]   --> src/tools/module_steps.rs:10:15
[INFO] [stdout]    |
[INFO] [stdout] 10 | pub(crate) fn package_tool(
[INFO] [stdout]    |               ^^^^^^^^^^^^
[INFO] [stdout]    |
[INFO] [stdout]    = note: `#[warn(dead_code)]` (part of `#[warn(unused)]`) on by default
[INFO] [stdout] 
[INFO] [stdout] 
[INFO] [stdout] warning: function `git_artifact_tool` is never used
[INFO] [stdout]    --> src/tools/module_steps.rs:217:15
[INFO] [stdout]     |
[INFO] [stdout] 217 | pub(crate) fn git_artifact_tool(
[INFO] [stdout]     |               ^^^^^^^^^^^^^^^^^
[INFO] [stdout] 
[INFO] [stdout] 
[INFO] [stdout] warning: constant `HOME_CONSOLE_UPDATE_RECEIPT_LEGACY` is never used
[INFO] [stdout]   --> src/convergence_lock.rs:10:18
[INFO] [stdout]    |
[INFO] [stdout] 10 | pub(crate) const HOME_CONSOLE_UPDATE_RECEIPT_LEGACY: &str =
[INFO] [stdout]    |                  ^^^^^^^^^^^^^^^^^^^^^^^^^^^^^^^^^^
[INFO] [stdout] 
[INFO] [stdout] 
[INFO] [stdout] warning: constant `TV_UPDATE_RECEIPT_LEGACY` is never used
[INFO] [stdout]   --> src/convergence_lock.rs:18:18
[INFO] [stdout]    |
[INFO] [stdout] 18 | pub(crate) const TV_UPDATE_RECEIPT_LEGACY: &str = "/var/lib/harmonia/receipts/tv-latest";
[INFO] [stdout]    |                  ^^^^^^^^^^^^^^^^^^^^^^^^
[INFO] [stdout] 
[INFO] [stdout] 
[INFO] [stdout] warning: function `homeconsole_update_receipt_legacy` is never used
[INFO] [stdout]   --> src/convergence_lock.rs:24:15
[INFO] [stdout]    |
[INFO] [stdout] 24 | pub(crate) fn homeconsole_update_receipt_legacy() -> PathBuf {
[INFO] [stdout]    |               ^^^^^^^^^^^^^^^^^^^^^^^^^^^^^^^^^
[INFO] [stdout] 
[INFO] [stdout] 
[INFO] [stdout] warning: function `tv_update_receipt_legacy` is never used
[INFO] [stdout]   --> src/convergence_lock.rs:90:15
[INFO] [stdout]    |
[INFO] [stdout] 90 | pub(crate) fn tv_update_receipt_legacy() -> PathBuf {
[INFO] [stdout]    |               ^^^^^^^^^^^^^^^^^^^^^^^^
[INFO] [stdout] 
[INFO] [stdout] 
[INFO] [stdout] warning: function `link_legacy_receipt_alias` is never used
[INFO] [stdout]    --> src/convergence_lock.rs:303:15
[INFO] [stdout]     |
[INFO] [stdout] 303 | pub(crate) fn link_legacy_receipt_alias(legacy: &Path, canonical: &Path) -> Result<bool, String> {
[INFO] [stdout]     |               ^^^^^^^^^^^^^^^^^^^^^^^^^
[INFO] [stdout] 
[INFO] [stdout] 
[INFO] [stdout] warning: function `is_registered_module_id` is never used
[INFO] [stdout]   --> src/module_dispatch.rs:64:15
[INFO] [stdout]    |
[INFO] [stdout] 64 | pub(crate) fn is_registered_module_id(_module_id: &str) -> bool {
[INFO] [stdout]    |               ^^^^^^^^^^^^^^^^^^^^^^^
[INFO] [stdout] 
[INFO] [stdout] 
[INFO] [stdout] warning: function `validate_registered_module` is never used
[INFO] [stdout]   --> src/module_dispatch.rs:68:15
[INFO] [stdout]    |
[INFO] [stdout] 68 | pub(crate) fn validate_registered_module(module: &ModuleManifest) -> Result<(), String> {
[INFO] [stdout]    |               ^^^^^^^^^^^^^^^^^^^^^^^^^^
[INFO] [stdout] 
[INFO] [stdout] 
[INFO] [stdout] warning: function `require_packages` is never used
[INFO] [stdout]   --> src/module_dispatch.rs:97:15
[INFO] [stdout]    |
[INFO] [stdout] 97 | pub(crate) fn require_packages(module: &ModuleManifest) -> Result<(), String> {
[INFO] [stdout]    |               ^^^^^^^^^^^^^^^^
[INFO] [stdout] 
[INFO] [stdout] 
[INFO] [stdout] warning: function `homeconsole_module_root` is never used
[INFO] [stdout]    --> src/profile_engine.rs:657:15
[INFO] [stdout]     |
[INFO] [stdout] 657 | pub(crate) fn homeconsole_module_root() -> std::path::PathBuf {
[INFO] [stdout]     |               ^^^^^^^^^^^^^^^^^^^^^^^
[INFO] [stdout] 
[INFO] [stdout] 
[INFO] [stdout] warning: function `normalize_homeserver_engine_branch` is never used
[INFO] [stdout]    --> src/profile_engine.rs:764:15
[INFO] [stdout]     |
[INFO] [stdout] 764 | pub(crate) fn normalize_homeserver_engine_branch() -> Result<(), String> {
[INFO] [stdout]     |               ^^^^^^^^^^^^^^^^^^^^^^^^^^^^^^^^^^
[INFO] [stdout] 
[INFO] [stdout] 
[INFO] [stdout] warning: function `homeserver_module_root` is never used
[INFO] [stdout]    --> src/profile_engine.rs:792:15
[INFO] [stdout]     |
[INFO] [stdout] 792 | pub(crate) fn homeserver_module_root() -> PathBuf {
[INFO] [stdout]     |               ^^^^^^^^^^^^^^^^^^^^^^
[INFO] [stdout] 
[INFO] [stdout] 
[INFO] [stdout] warning: function `tv_module_root` is never used
[INFO] [stdout]    --> src/profile_engine.rs:834:15
[INFO] [stdout]     |
[INFO] [stdout] 834 | pub(crate) fn tv_module_root() -> PathBuf {
[INFO] [stdout]     |               ^^^^^^^^^^^^^^
[INFO] [stdout] 
[INFO] [stdout] 
[INFO] [stderr]     Finished `dev` profile [unoptimized + debuginfo] target(s) in 18.10s
[INFO] running `Command { std: "docker" "inspect" "153ad593e829d70eb18de58150206f15d5fee7bb905882f8defa6b325cc82b75", kill_on_drop: false }`
[INFO] running `Command { std: "docker" "exec" "-e" "SOURCE_DIR=/opt/rustwide/workdir" "-e" "CARGO_HOME=/opt/rustwide/cargo-home" "-e" "RUSTUP_HOME=/opt/rustwide/rustup-home" "-e" "CARGO_TARGET_DIR=/opt/rustwide/target" "-e" "CARGO_INCREMENTAL=0" "-e" "RUST_BACKTRACE=full" "-e" "RUSTFLAGS=--cap-lints=warn" "-e" "RUSTDOCFLAGS=--cap-lints=warn" "-w" "/opt/rustwide/workdir" "--user" "0:0" "153ad593e829d70eb18de58150206f15d5fee7bb905882f8defa6b325cc82b75" "/opt/rustwide/cargo-home/bin/cargo" "+1.98.0-beta.1" "test" "--frozen" "--no-run" "--message-format=json", kill_on_drop: false }`
[INFO] [stderr]    Compiling harmonia v0.1.0 (/opt/rustwide/workdir)
[INFO] [stdout] warning: unused import: `tools::module_steps::*`
[INFO] [stdout]  --> src/lib.rs:2:16
[INFO] [stdout]   |
[INFO] [stdout] 2 | pub(crate) use tools::module_steps::*;
[INFO] [stdout]   |                ^^^^^^^^^^^^^^^^^^^^^^
[INFO] [stdout]   |
[INFO] [stdout]   = note: `#[warn(unused_imports)]` (part of `#[warn(unused)]`) on by default
[INFO] [stdout] 
[INFO] [stdout] 
[INFO] [stdout] warning: function `package_tool` is never used
[INFO] [stdout]   --> src/tools/module_steps.rs:10:15
[INFO] [stdout]    |
[INFO] [stdout] 10 | pub(crate) fn package_tool(
[INFO] [stdout]    |               ^^^^^^^^^^^^
[INFO] [stdout]    |
[INFO] [stdout]    = note: `#[warn(dead_code)]` (part of `#[warn(unused)]`) on by default
[INFO] [stdout] 
[INFO] [stdout] 
[INFO] [stdout] warning: function `git_artifact_tool` is never used
[INFO] [stdout]    --> src/tools/module_steps.rs:217:15
[INFO] [stdout]     |
[INFO] [stdout] 217 | pub(crate) fn git_artifact_tool(
[INFO] [stdout]     |               ^^^^^^^^^^^^^^^^^
[INFO] [stdout] 
[INFO] [stdout] 
[INFO] [stdout] warning: constant `HOME_CONSOLE_UPDATE_RECEIPT_LEGACY` is never used
[INFO] [stdout]   --> src/convergence_lock.rs:10:18
[INFO] [stdout]    |
[INFO] [stdout] 10 | pub(crate) const HOME_CONSOLE_UPDATE_RECEIPT_LEGACY: &str =
[INFO] [stdout]    |                  ^^^^^^^^^^^^^^^^^^^^^^^^^^^^^^^^^^
[INFO] [stdout] 
[INFO] [stdout] 
[INFO] [stdout] warning: constant `TV_UPDATE_RECEIPT_LEGACY` is never used
[INFO] [stdout]   --> src/convergence_lock.rs:18:18
[INFO] [stdout]    |
[INFO] [stdout] 18 | pub(crate) const TV_UPDATE_RECEIPT_LEGACY: &str = "/var/lib/harmonia/receipts/tv-latest";
[INFO] [stdout]    |                  ^^^^^^^^^^^^^^^^^^^^^^^^
[INFO] [stdout] 
[INFO] [stdout] 
[INFO] [stdout] warning: function `homeconsole_update_receipt_legacy` is never used
[INFO] [stdout]   --> src/convergence_lock.rs:24:15
[INFO] [stdout]    |
[INFO] [stdout] 24 | pub(crate) fn homeconsole_update_receipt_legacy() -> PathBuf {
[INFO] [stdout]    |               ^^^^^^^^^^^^^^^^^^^^^^^^^^^^^^^^^
[INFO] [stdout] 
[INFO] [stdout] 
[INFO] [stdout] warning: function `tv_update_receipt_legacy` is never used
[INFO] [stdout]   --> src/convergence_lock.rs:90:15
[INFO] [stdout]    |
[INFO] [stdout] 90 | pub(crate) fn tv_update_receipt_legacy() -> PathBuf {
[INFO] [stdout]    |               ^^^^^^^^^^^^^^^^^^^^^^^^
[INFO] [stdout] 
[INFO] [stdout] 
[INFO] [stdout] warning: function `link_legacy_receipt_alias` is never used
[INFO] [stdout]    --> src/convergence_lock.rs:303:15
[INFO] [stdout]     |
[INFO] [stdout] 303 | pub(crate) fn link_legacy_receipt_alias(legacy: &Path, canonical: &Path) -> Result<bool, String> {
[INFO] [stdout]     |               ^^^^^^^^^^^^^^^^^^^^^^^^^
[INFO] [stdout] 
[INFO] [stdout] 
[INFO] [stdout] warning: function `is_registered_module_id` is never used
[INFO] [stdout]   --> src/module_dispatch.rs:64:15
[INFO] [stdout]    |
[INFO] [stdout] 64 | pub(crate) fn is_registered_module_id(_module_id: &str) -> bool {
[INFO] [stdout]    |               ^^^^^^^^^^^^^^^^^^^^^^^
[INFO] [stdout] 
[INFO] [stdout] 
[INFO] [stdout] warning: function `validate_registered_module` is never used
[INFO] [stdout]   --> src/module_dispatch.rs:68:15
[INFO] [stdout]    |
[INFO] [stdout] 68 | pub(crate) fn validate_registered_module(module: &ModuleManifest) -> Result<(), String> {
[INFO] [stdout]    |               ^^^^^^^^^^^^^^^^^^^^^^^^^^
[INFO] [stdout] 
[INFO] [stdout] 
[INFO] [stdout] warning: function `require_packages` is never used
[INFO] [stdout]   --> src/module_dispatch.rs:97:15
[INFO] [stdout]    |
[INFO] [stdout] 97 | pub(crate) fn require_packages(module: &ModuleManifest) -> Result<(), String> {
[INFO] [stdout]    |               ^^^^^^^^^^^^^^^^
[INFO] [stdout] 
[INFO] [stdout] 
[INFO] [stdout] warning: function `homeconsole_module_root` is never used
[INFO] [stdout]    --> src/profile_engine.rs:657:15
[INFO] [stdout]     |
[INFO] [stdout] 657 | pub(crate) fn homeconsole_module_root() -> std::path::PathBuf {
[INFO] [stdout]     |               ^^^^^^^^^^^^^^^^^^^^^^^
[INFO] [stdout] 
[INFO] [stdout] 
[INFO] [stdout] warning: function `normalize_homeserver_engine_branch` is never used
[INFO] [stdout]    --> src/profile_engine.rs:764:15
[INFO] [stdout]     |
[INFO] [stdout] 764 | pub(crate) fn normalize_homeserver_engine_branch() -> Result<(), String> {
[INFO] [stdout]     |               ^^^^^^^^^^^^^^^^^^^^^^^^^^^^^^^^^^
[INFO] [stdout] 
[INFO] [stdout] 
[INFO] [stdout] warning: function `homeserver_module_root` is never used
[INFO] [stdout]    --> src/profile_engine.rs:792:15
[INFO] [stdout]     |
[INFO] [stdout] 792 | pub(crate) fn homeserver_module_root() -> PathBuf {
[INFO] [stdout]     |               ^^^^^^^^^^^^^^^^^^^^^^
[INFO] [stdout] 
[INFO] [stdout] 
[INFO] [stdout] warning: function `tv_module_root` is never used
[INFO] [stdout]    --> src/profile_engine.rs:834:15
[INFO] [stdout]     |
[INFO] [stdout] 834 | pub(crate) fn tv_module_root() -> PathBuf {
[INFO] [stdout]     |               ^^^^^^^^^^^^^^
[INFO] [stdout] 
[INFO] [stdout] 
[INFO] [stdout] warning: function `package_tool` is never used
[INFO] [stdout]   --> src/tools/module_steps.rs:10:15
[INFO] [stdout]    |
[INFO] [stdout] 10 | pub(crate) fn package_tool(
[INFO] [stdout]    |               ^^^^^^^^^^^^
[INFO] [stdout]    |
[INFO] [stdout]    = note: `#[warn(dead_code)]` (part of `#[warn(unused)]`) on by default
[INFO] [stdout] 
[INFO] [stdout] 
[INFO] [stdout] warning: function `git_artifact_tool` is never used
[INFO] [stdout]    --> src/tools/module_steps.rs:217:15
[INFO] [stdout]     |
[INFO] [stdout] 217 | pub(crate) fn git_artifact_tool(
[INFO] [stdout]     |               ^^^^^^^^^^^^^^^^^
[INFO] [stdout] 
[INFO] [stdout] 
[INFO] [stdout] warning: constant `HOME_CONSOLE_UPDATE_RECEIPT_LEGACY` is never used
[INFO] [stdout]   --> src/convergence_lock.rs:10:18
[INFO] [stdout]    |
[INFO] [stdout] 10 | pub(crate) const HOME_CONSOLE_UPDATE_RECEIPT_LEGACY: &str =
[INFO] [stdout]    |                  ^^^^^^^^^^^^^^^^^^^^^^^^^^^^^^^^^^
[INFO] [stdout] 
[INFO] [stdout] 
[INFO] [stdout] warning: constant `TV_UPDATE_RECEIPT_LEGACY` is never used
[INFO] [stdout]   --> src/convergence_lock.rs:18:18
[INFO] [stdout]    |
[INFO] [stdout] 18 | pub(crate) const TV_UPDATE_RECEIPT_LEGACY: &str = "/var/lib/harmonia/receipts/tv-latest";
[INFO] [stdout]    |                  ^^^^^^^^^^^^^^^^^^^^^^^^
[INFO] [stdout] 
[INFO] [stdout] 
[INFO] [stdout] warning: function `homeconsole_update_receipt_legacy` is never used
[INFO] [stdout]   --> src/convergence_lock.rs:24:15
[INFO] [stdout]    |
[INFO] [stdout] 24 | pub(crate) fn homeconsole_update_receipt_legacy() -> PathBuf {
[INFO] [stdout]    |               ^^^^^^^^^^^^^^^^^^^^^^^^^^^^^^^^^
[INFO] [stdout] 
[INFO] [stdout] 
[INFO] [stdout] warning: function `tv_update_receipt_legacy` is never used
[INFO] [stdout]   --> src/convergence_lock.rs:90:15
[INFO] [stdout]    |
[INFO] [stdout] 90 | pub(crate) fn tv_update_receipt_legacy() -> PathBuf {
[INFO] [stdout]    |               ^^^^^^^^^^^^^^^^^^^^^^^^
[INFO] [stdout] 
[INFO] [stdout] 
[INFO] [stdout] warning: function `link_legacy_receipt_alias` is never used
[INFO] [stdout]    --> src/convergence_lock.rs:303:15
[INFO] [stdout]     |
[INFO] [stdout] 303 | pub(crate) fn link_legacy_receipt_alias(legacy: &Path, canonical: &Path) -> Result<bool, String> {
[INFO] [stdout]     |               ^^^^^^^^^^^^^^^^^^^^^^^^^
[INFO] [stdout] 
[INFO] [stdout] 
[INFO] [stdout] warning: function `is_registered_module_id` is never used
[INFO] [stdout]   --> src/module_dispatch.rs:64:15
[INFO] [stdout]    |
[INFO] [stdout] 64 | pub(crate) fn is_registered_module_id(_module_id: &str) -> bool {
[INFO] [stdout]    |               ^^^^^^^^^^^^^^^^^^^^^^^
[INFO] [stdout] 
[INFO] [stdout] 
[INFO] [stdout] warning: function `require_packages` is never used
[INFO] [stdout]   --> src/module_dispatch.rs:97:15
[INFO] [stdout]    |
[INFO] [stdout] 97 | pub(crate) fn require_packages(module: &ModuleManifest) -> Result<(), String> {
[INFO] [stdout]    |               ^^^^^^^^^^^^^^^^
[INFO] [stdout] 
[INFO] [stdout] 
[INFO] [stdout] warning: function `normalize_homeserver_engine_branch` is never used
[INFO] [stdout]    --> src/profile_engine.rs:764:15
[INFO] [stdout]     |
[INFO] [stdout] 764 | pub(crate) fn normalize_homeserver_engine_branch() -> Result<(), String> {
[INFO] [stdout]     |               ^^^^^^^^^^^^^^^^^^^^^^^^^^^^^^^^^^
[INFO] [stdout] 
[INFO] [stdout] 
[INFO] [stderr]     Finished `test` profile [unoptimized + debuginfo] target(s) in 8.50s
[INFO] running `Command { std: "docker" "inspect" "153ad593e829d70eb18de58150206f15d5fee7bb905882f8defa6b325cc82b75", kill_on_drop: false }`
[INFO] running `Command { std: "docker" "exec" "-e" "SOURCE_DIR=/opt/rustwide/workdir" "-e" "CARGO_HOME=/opt/rustwide/cargo-home" "-e" "RUSTUP_HOME=/opt/rustwide/rustup-home" "-e" "CARGO_TARGET_DIR=/opt/rustwide/target" "-e" "CARGO_INCREMENTAL=0" "-e" "RUST_BACKTRACE=full" "-e" "RUSTFLAGS=--cap-lints=warn" "-e" "RUSTDOCFLAGS=--cap-lints=warn" "-w" "/opt/rustwide/workdir" "--user" "0:0" "153ad593e829d70eb18de58150206f15d5fee7bb905882f8defa6b325cc82b75" "/opt/rustwide/cargo-home/bin/cargo" "+1.98.0-beta.1" "test" "--frozen", kill_on_drop: false }`
[INFO] [stderr] warning: unused import: `tools::module_steps::*`
[INFO] [stderr]  --> src/lib.rs:2:16
[INFO] [stderr]   |
[INFO] [stderr] 2 | pub(crate) use tools::module_steps::*;
[INFO] [stderr]   |                ^^^^^^^^^^^^^^^^^^^^^^
[INFO] [stderr]   |
[INFO] [stderr]   = note: `#[warn(unused_imports)]` (part of `#[warn(unused)]`) on by default
[INFO] [stderr] 
[INFO] [stderr] warning: function `package_tool` is never used
[INFO] [stderr]   --> src/tools/module_steps.rs:10:15
[INFO] [stderr]    |
[INFO] [stderr] 10 | pub(crate) fn package_tool(
[INFO] [stderr]    |               ^^^^^^^^^^^^
[INFO] [stderr]    |
[INFO] [stderr]    = note: `#[warn(dead_code)]` (part of `#[warn(unused)]`) on by default
[INFO] [stderr] 
[INFO] [stderr] warning: function `git_artifact_tool` is never used
[INFO] [stderr]    --> src/tools/module_steps.rs:217:15
[INFO] [stderr]     |
[INFO] [stderr] 217 | pub(crate) fn git_artifact_tool(
[INFO] [stderr]     |               ^^^^^^^^^^^^^^^^^
[INFO] [stderr] 
[INFO] [stderr] warning: constant `HOME_CONSOLE_UPDATE_RECEIPT_LEGACY` is never used
[INFO] [stderr]   --> src/convergence_lock.rs:10:18
[INFO] [stderr]    |
[INFO] [stderr] 10 | pub(crate) const HOME_CONSOLE_UPDATE_RECEIPT_LEGACY: &str =
[INFO] [stderr]    |                  ^^^^^^^^^^^^^^^^^^^^^^^^^^^^^^^^^^
[INFO] [stderr] 
[INFO] [stderr] warning: constant `TV_UPDATE_RECEIPT_LEGACY` is never used
[INFO] [stderr]   --> src/convergence_lock.rs:18:18
[INFO] [stderr]    |
[INFO] [stderr] 18 | pub(crate) const TV_UPDATE_RECEIPT_LEGACY: &str = "/var/lib/harmonia/receipts/tv-latest";
[INFO] [stderr]    |                  ^^^^^^^^^^^^^^^^^^^^^^^^
[INFO] [stderr] 
[INFO] [stderr] warning: function `homeconsole_update_receipt_legacy` is never used
[INFO] [stderr]   --> src/convergence_lock.rs:24:15
[INFO] [stderr]    |
[INFO] [stderr] 24 | pub(crate) fn homeconsole_update_receipt_legacy() -> PathBuf {
[INFO] [stderr]    |               ^^^^^^^^^^^^^^^^^^^^^^^^^^^^^^^^^
[INFO] [stderr] 
[INFO] [stderr] warning: function `tv_update_receipt_legacy` is never used
[INFO] [stderr]   --> src/convergence_lock.rs:90:15
[INFO] [stderr]    |
[INFO] [stderr] 90 | pub(crate) fn tv_update_receipt_legacy() -> PathBuf {
[INFO] [stderr]    |               ^^^^^^^^^^^^^^^^^^^^^^^^
[INFO] [stderr] 
[INFO] [stderr] warning: function `link_legacy_receipt_alias` is never used
[INFO] [stderr]    --> src/convergence_lock.rs:303:15
[INFO] [stderr]     |
[INFO] [stderr] 303 | pub(crate) fn link_legacy_receipt_alias(legacy: &Path, canonical: &Path) -> Result<bool, String> {
[INFO] [stderr]     |               ^^^^^^^^^^^^^^^^^^^^^^^^^
[INFO] [stderr] 
[INFO] [stderr] warning: function `is_registered_module_id` is never used
[INFO] [stderr]   --> src/module_dispatch.rs:64:15
[INFO] [stderr]    |
[INFO] [stderr] 64 | pub(crate) fn is_registered_module_id(_module_id: &str) -> bool {
[INFO] [stderr]    |               ^^^^^^^^^^^^^^^^^^^^^^^
[INFO] [stderr] 
[INFO] [stderr] warning: function `validate_registered_module` is never used
[INFO] [stderr]   --> src/module_dispatch.rs:68:15
[INFO] [stderr]    |
[INFO] [stderr] 68 | pub(crate) fn validate_registered_module(module: &ModuleManifest) -> Result<(), String> {
[INFO] [stderr]    |               ^^^^^^^^^^^^^^^^^^^^^^^^^^
[INFO] [stderr] 
[INFO] [stderr] warning: function `require_packages` is never used
[INFO] [stderr]   --> src/module_dispatch.rs:97:15
[INFO] [stderr]    |
[INFO] [stderr] 97 | pub(crate) fn require_packages(module: &ModuleManifest) -> Result<(), String> {
[INFO] [stderr]    |               ^^^^^^^^^^^^^^^^
[INFO] [stderr] 
[INFO] [stderr] warning: function `homeconsole_module_root` is never used
[INFO] [stderr]    --> src/profile_engine.rs:657:15
[INFO] [stderr]     |
[INFO] [stderr] 657 | pub(crate) fn homeconsole_module_root() -> std::path::PathBuf {
[INFO] [stderr]     |               ^^^^^^^^^^^^^^^^^^^^^^^
[INFO] [stderr] 
[INFO] [stderr] warning: function `normalize_homeserver_engine_branch` is never used
[INFO] [stderr]    --> src/profile_engine.rs:764:15
[INFO] [stderr]     |
[INFO] [stderr] 764 | pub(crate) fn normalize_homeserver_engine_branch() -> Result<(), String> {
[INFO] [stderr]     |               ^^^^^^^^^^^^^^^^^^^^^^^^^^^^^^^^^^
[INFO] [stderr] 
[INFO] [stderr] warning: function `homeserver_module_root` is never used
[INFO] [stderr]    --> src/profile_engine.rs:792:15
[INFO] [stderr]     |
[INFO] [stderr] 792 | pub(crate) fn homeserver_module_root() -> PathBuf {
[INFO] [stderr]     |               ^^^^^^^^^^^^^^^^^^^^^^
[INFO] [stderr] 
[INFO] [stderr] warning: function `tv_module_root` is never used
[INFO] [stderr]    --> src/profile_engine.rs:834:15
[INFO] [stderr]     |
[INFO] [stderr] 834 | pub(crate) fn tv_module_root() -> PathBuf {
[INFO] [stderr]     |               ^^^^^^^^^^^^^^
[INFO] [stderr] 
[INFO] [stderr] warning: `harmonia` (lib) generated 15 warnings (run `cargo fix --lib -p harmonia` to apply 1 suggestion)
[INFO] [stderr] warning: `harmonia` (lib test) generated 10 warnings (10 duplicates)
[INFO] [stderr]     Finished `test` profile [unoptimized + debuginfo] target(s) in 0.08s
[INFO] [stderr]      Running unittests src/lib.rs (/opt/rustwide/target/debug/deps/harmonia-3439fefbe522c219)
[INFO] [stdout] 
[INFO] [stdout] running 127 tests
[INFO] [stdout] test ladder::tests::constants_resolve_and_dangling_reference_is_named ... ok
[INFO] [stdout] test ladder::tests::validator_accepts_group_live_probe_and_rejects_unknown_group_field_by_name ... ok
[INFO] [stdout] test ladder::tests::validator_rejects_duplicate_step_and_non_optional_continue_optional ... ok
[INFO] [stdout] test ladder::tests::validator_rejects_undeclared_permutation ... ok
[INFO] [stdout] test ladder::tests::validator_rejects_unknown_tool ... ok
[INFO] [stdout] test ladder::tests::serde_rejects_unknown_manifest_field_by_name ... ok
[INFO] [stdout] test ladder::tests::validator_rejects_missing_extra_and_type_mismatched_args ... ok
[INFO] [stdout] test preflight::tests::absent_engine_config_reports_unconfigured_not_green_noop ... ok
[INFO] [stdout] test ladder::tests::shadow_proof_harness_diffs_receipt_families_on_synthetic_fixture ... ok
[INFO] [stdout] test preflight::tests::preflight_schema_names_engine_plane ... ok
[INFO] [stdout] test ladder::tests::engine_runs_unregistered_ladder_and_ledger_carries_version ... ok
[INFO] [stdout] test preflight::tests::ratchet_lock_schema_denies_unknown_fields ... ok
[INFO] [stdout] test capsule::tests::tamper_verify_names_module_and_path ... ok
[INFO] [stdout] test preflight::tests::self_update_reexec_requires_binary_fingerprint_change ... ok
[INFO] [stdout] test capsule::tests::capsule_plan_and_apply_preserve_unowned_subscription_fields ... ok
[INFO] [stdout] test ladder::tests::group_selection_live_winner_runs_and_loser_skips_with_receipt ... ok
[INFO] [stdout] test profile_engine::profile_authority_tests::module_root_yields_absolute_installed_harmonia_root ... ok
[INFO] [stdout] test profile_engine::profile_authority_tests::module_root_yields_relative_repo_harmonia_root ... ok
[INFO] [stdout] test subscription::tests::subscription_seed_and_atomic_update_preserve_machine_local_fields ... ok
[INFO] [stdout] test ladder::tests::group_selection_all_probes_failing_still_runs_lowest_order_winner ... ok
[INFO] [stdout] test tests::artifact_promote_detects_equal_length_byte_change_by_sha256 ... ok
[INFO] [stdout] test tests::corrupt_profile_index_is_loud_parse_error ... ok
[INFO] [stdout] test tests::default_module_root_is_profile_adjacent ... ok
[INFO] [stdout] test capsule::tests::pack_verify_install_roundtrip_and_prune ... ok
[INFO] [stdout] test tests::deployable_config_export_comes_from_harmonia_profile_tree ... ok
[INFO] [stdout] test tests::deployable_config_export_rejects_non_harmonia_authority_root ... ok
[INFO] [stdout] test tests::detects_pacman_change_from_stdout ... ok
[INFO] [stdout] test tests::empty_profile_spine_writes_false_run_receipt ... ok
[INFO] [stdout] test tests::command_tool_records_unknown_change_observation ... ok
[INFO] [stdout] test capsule::tests::single_module_bump_only_writes_changed_module ... ok
[INFO] [stdout] test tests::files_convergence_apply_backs_up_existing_file_and_sets_mode ... ok
[INFO] [stdout] test tests::files_convergence_apply_is_idempotent_after_byte_equal_mode_equal ... ok
[INFO] [stdout] test tests::every_profile_spine_module_resolves_to_valid_ladder_manifest ... ok
[INFO] [stdout] test tests::files_convergence_error_path_still_writes_partial_receipt ... ok
[INFO] [stdout] test tests::files_convergence_plan_reports_byte_and_mode_drift_without_mutation ... ok
[INFO] [stdout] test tests::files_convergence_rejects_absolute_or_parent_relative_paths ... ok
[INFO] [stdout] test tests::harmonia_runtime_is_engine_preflight_not_profile_artifact_on_arch_profiles ... ok
[INFO] [stdout] test tests::homeconsole_caduceus_public_lever_sidecar_stands_up_http_runtime ... ok
[INFO] [stdout] test tests::homeconsole_profile_contains_only_registered_rust_modules_and_adjacent_sidecars ... ok
[INFO] [stdout] test tests::homeconsole_runtime_modules_require_git_checkout_authority ... ok
[INFO] [stdout] test tests::homeconsole_update_apply_skips_cleanly_when_convergence_lock_held ... ok
[INFO] [stdout] test tests::homeconsole_update_runtime_ladder_registers_convergence_timer ... ok
[INFO] [stdout] test tests::homeserver_profile_registers_coronatio_and_caduceus_runtime_modules ... ok
[INFO] [stdout] test tests::homeserver_profile_registers_homeserver_update_runtime ... ok
[INFO] [stdout] test tests::files_convergence_rejects_unsafe_receipt_duplicate_paths_and_modes ... ok
[INFO] [stdout] test tests::homeserver_update_requires_homeserver_identity ... ok
[INFO] [stdout] test tests::homeserver_update_runtime_ladder_registers_convergence_timer ... ok
[INFO] [stdout] test tests::identity_ladder_shadow_proofs_match_compiled_receipt_family_for_profile_instances ... ok
[INFO] [stdout] test tests::keyman_store_update_noops_when_checkout_and_store_are_same_path ... ok
[INFO] [stdout] test tests::machine_id_truncate_is_idempotent_when_already_empty ... ok
[INFO] [stdout] test tests::machine_id_truncate_refuses_divergent_dbus_regular_file ... ok
[INFO] [stdout] test tests::machine_id_truncate_zeroes_file_and_receipts_no_reboot ... ok
[INFO] [stdout] test tests::materializes_per_run_receipt_dir_for_latest_alias ... ok
[INFO] [stdout] test tests::missing_harmonia_runtime_preflight_absence_allows_ladder_modules ... ok
[INFO] [stdout] test tests::module_sidecar_rejects_command_ladder_fields ... ok
[INFO] [stdout] test tests::git_artifact_invalid_repo_rev_parse_failure_is_not_changed ... ok
[INFO] [stdout] test ladder::tests::executor_happy_path_stop_and_optional_continue ... ok
[INFO] [stdout] test tests::module_sidecar_rejects_legacy_steps_ladder ... ok
[INFO] [stdout] test tests::operator_rc_profile_no_longer_installs_oh_my_posh ... ok
[INFO] [stdout] test tests::parked_machine_id_module_is_valid_and_unreferenced_by_profiles ... ok
[INFO] [stdout] test tests::package_family_modules_are_ladder_manifests ... ok
[INFO] [stdout] test tests::redacts_secret_bearing_lines ... ok
[INFO] [stdout] test tests::rejects_old_console_identity_names ... ok
[INFO] [stdout] test tests::profile_ledger_is_one_append_only_jsonl_per_profile ... ok
[INFO] [stdout] test tests::plan_receipt_validates_module_sidecars_before_green ... ok
[INFO] [stdout] test tests::deployable_config_export_carries_ladder_module_sibling_files ... ok
[INFO] [stdout] test tests::shared_toolbelt_is_callable_by_modules ... ok
[INFO] [stdout] test tests::systemd_tool_declares_system_and_user_lifecycle_permutations ... ok
[INFO] [stdout] test tests::run_profile_homeserver_delegates_to_rolling_update_suite ... ok
[INFO] [stdout] test tests::run_profile_tv_delegates_to_rolling_update_suite ... ok
[INFO] [stdout] test tests::tranche_3_c4_runtime_and_rebis_modules_are_ladder_manifests ... ok
[INFO] [stdout] test tests::tv_desktop_config_manifest_uses_files_root_tree ... ok
[INFO] [stdout] test tests::tv_ladder_managed_file_payloads_live_in_files_root ... ok
[INFO] [stdout] test tests::tv_oh_my_posh_aur_ratchet_owns_public_pin_and_spine_position ... ok
[INFO] [stdout] test tests::tv_hyprland_desktop_includes_kcalc_and_launcher_refresh_surface ... ok
[INFO] [stdout] test tests::tv_profile_owns_deployable_configuration_inside_harmonia_profile ... ok
[INFO] [stdout] test tests::tv_profile_registers_tv_update_runtime ... ok
[INFO] [stdout] test tests::tv_profile_runtime_modules_are_ladder_manifests ... ok
[INFO] [stdout] test tests::homeserver_profile_sync_advances_subscription_module_digest ... FAILED
[INFO] [stdout] test tests::tv_steam_ladder_preserves_optional_continue_semantics ... ok
[INFO] [stdout] test tests::tv_update_requires_tv_identity ... ok
[INFO] [stdout] test tests::tv_update_runtime_ladder_registers_convergence_timer ... ok
[INFO] [stdout] test tests::unregistered_modules_are_rejected_before_sidecar_can_define_work ... ok
[INFO] [stdout] test tools::aur::tests::build_pinned_install_is_truthful_idle_noop_when_installed_pin_matches ... ok
[INFO] [stdout] test tools::aur::tests::build_pinned_neutralizes_pkgver_function_before_exact_package_selection ... ok
[INFO] [stdout] test tools::aur::tests::build_pinned_plans_with_unprivileged_safety_receipt ... ok
[INFO] [stdout] test tests::tv_profile_sync_advances_subscription_module_digest ... FAILED
[INFO] [stdout] test tools::aur::tests::check_compares_pin_to_injected_upstream_without_mutation ... ok
[INFO] [stdout] test tools::aur::tests::pinned_pkg_tar_does_not_select_debug_when_main_missing ... ok
[INFO] [stdout] test tools::aur::tests::pinned_pkg_tar_selects_exact_package_and_excludes_debug_split ... ok
[INFO] [stdout] test tools::aur::tests::validate_ladder_rejects_build_without_build_root ... ok
[INFO] [stdout] test tools::aur::tests::build_pinned_rejects_source_commit_mismatch_before_makepkg ... FAILED
[INFO] [stdout] test tools::git_artifact::tests::plan_accepts_missing_repo_as_future_clone ... ok
[INFO] [stdout] test preflight::tests::artifact_chain_exhausted_misses_fall_back_to_source_lane ... ok
[INFO] [stdout] test tools::git_artifact::tests::sync_preserves_existing_non_git_path_before_clone ... ok
[INFO] [stdout] test tools::module_steps::pacman_safety_tests::overwrite_policy_rejects_wildcard_paths ... ok
[INFO] [stdout] test tools::git_artifact::tests::sync_fetches_configured_branch_into_remote_tracking_ref_before_fast_forward ... ok
[INFO] [stdout] test tools::module_steps::pacman_safety_tests::overwrite_without_sidecar_allowance_remains_conflict_failure ... ok
[INFO] [stdout] test tools::module_steps::pacman_safety_tests::sync_package_mutation_uses_full_upgrade_semantics ... ok
[INFO] [stdout] test tools::package::tests::install_package_mutation_uses_needed_semantics ... ok
[INFO] [stdout] test tools::package::tests::overwrite_policy_rejects_wildcard_paths ... ok
[INFO] [stdout] test tools::package::tests::package_install_skips_non_arch_host_when_applying ... ok
[INFO] [stdout] test tools::package::tests::sync_package_mutation_uses_full_upgrade_semantics ... ok
[INFO] [stdout] test tools::package::tests::keyring_repair_skips_non_arch_host_when_applying ... ok
[INFO] [stdout] test tools::service_runtime::tests::validate_allows_declared_empty_managed_files_but_keeps_required_args ... ok
[INFO] [stdout] test tools::systemd::tests::planned_user_systemd_receipt_names_machine_user_transport ... ok
[INFO] [stdout] test tools::systemd::tests::tv_user_session_manifest_declares_target_user_for_user_systemd_steps ... ok
[INFO] [stdout] test tools::systemd::tests::user_scope_args_use_machine_transport_when_target_user_declared ... ok
[INFO] [stdout] test tools::tests::every_tool_contract_is_singular_and_named ... ok
[INFO] [stdout] test tools::tests::every_tool_is_addressable_by_code ... ok
[INFO] [stdout] test tools::tests::registered_tool_names_have_real_behavioral_entry_points ... ok
[INFO] [stdout] Initialized empty Git repository in /tmp/harmonia-service-runtime-noop-717-1783995367721130255/source/.git/
[INFO] [stdout] test tools::tests::repo_has_exactly_one_tools_folder_and_it_is_rust_code ... ok
[INFO] [stdout] [main (root-commit) acdaac5] seed
[INFO] [stdout]  1 file changed, 1 insertion(+)
[INFO] [stdout]  create mode 100644 README.md
[INFO] [stdout] test tools::service_runtime::tests::empty_managed_files_idle_plan_writes_truthful_noop_receipt ... ok
[INFO] [stdout] test profile_engine::profile_authority_tests::command_timeout_kills_sleeping_child ... ok
[INFO] [stdout] test tools::git_artifact::tests::command_timeout_kills_sleeping_child ... ok
[INFO] [stdout] test preflight::tests::artifact_chain_sha_mismatch_stops_before_second_transport ... ok
[INFO] [stdout] test tests::tv_desktop_config_uses_generic_files_convergence_receipt ... ok
[INFO] [stdout] test preflight::tests::artifact_chain_primary_miss_second_transport_serves ... ok
[INFO] [stdout] test preflight::tests::artifact_already_current_is_noop_without_reexec ... ok
[INFO] [stdout] test tests::tv_profile_has_no_harmonia_runtime_profile_artifact_before_downstream_modules ... ok
[INFO] [stdout] test preflight::tests::artifact_sha_mismatch_refuses_before_promotion ... ok
[INFO] [stdout] test preflight::tests::artifact_lane_happy_path_uses_blessed_lock_and_proof_battery ... ok
[INFO] [stdout] test preflight::tests::artifact_transport_failure_falls_back_to_source_lane ... ok
[INFO] [stdout] test tests::tv_profile_absolute_path_manifests_config_from_profile_authority ... ok
[INFO] [stdout] test preflight::tests::proof_failure_blocks_swap_and_preserves_old_binary ... ok
[INFO] [stdout] test preflight::tests::staged_promote_happy_path_uses_proved_successor ... ok
[INFO] [stdout] test preflight::tests::sync_failure_blocks_source_build_and_preserves_old_binary ... ok
[INFO] [stderr] error: test failed, to rerun pass `--lib`
[INFO] [stdout] 
[INFO] [stdout] failures:
[INFO] [stdout] 
[INFO] [stdout] ---- tests::homeserver_profile_sync_advances_subscription_module_digest stdout ----
[INFO] [stdout] schema=harmonia.deployable_config_export.v1
[INFO] [stdout] ok=true
[INFO] [stdout] profile_id=homeserver
[INFO] [stdout] identity=homeserver
[INFO] [stdout] artifact_count=39
[INFO] [stdout] output_dir=/tmp/harmonia-homeserver-sync-717
[INFO] [stdout] receipt_dir=/tmp/harmonia-homeserver-sync-717/receipts
[INFO] [stdout] first_missing_signal=none
[INFO] [stdout] 
[INFO] [stdout] thread 'tests::homeserver_profile_sync_advances_subscription_module_digest' (797) panicked at src/lib.rs:719:71:
[INFO] [stdout] called `Option::unwrap()` on a `None` value
[INFO] [stdout] stack backtrace:
[INFO] [stdout]    0:     0x5810a2125071 - std[73adb7dc35730857]::backtrace_rs::backtrace::libunwind::trace
[INFO] [stdout]                                at /rustc/6b3fa26749ab40e159b2dd5cf577acaaf5902772/library/std/src/../../backtrace/src/backtrace/libunwind.rs:117:9
[INFO] [stdout]    1:     0x5810a2125071 - std[73adb7dc35730857]::backtrace_rs::backtrace::trace_unsynchronized::<std[73adb7dc35730857]::sys::backtrace::_print_fmt::{closure#1}>
[INFO] [stdout]                                at /rustc/6b3fa26749ab40e159b2dd5cf577acaaf5902772/library/std/src/../../backtrace/src/backtrace/mod.rs:66:14
[INFO] [stdout]    2:     0x5810a2125071 - std[73adb7dc35730857]::sys::backtrace::_print_fmt
[INFO] [stdout]                                at /rustc/6b3fa26749ab40e159b2dd5cf577acaaf5902772/library/std/src/sys/backtrace.rs:74:9
[INFO] [stdout]    3:     0x5810a2125071 - <<std[73adb7dc35730857]::sys::backtrace::BacktraceLock>::print::DisplayBacktrace as core[6883ba1bc0fe4ed1]::fmt::Display>::fmt
[INFO] [stdout]                                at /rustc/6b3fa26749ab40e159b2dd5cf577acaaf5902772/library/std/src/sys/backtrace.rs:44:26
[INFO] [stdout]    4:     0x5810a213aaea - <core[6883ba1bc0fe4ed1]::fmt::rt::Argument>::fmt
[INFO] [stdout]                                at /rustc/6b3fa26749ab40e159b2dd5cf577acaaf5902772/library/core/src/fmt/rt.rs:152:76
[INFO] [stdout]    5:     0x5810a213aaea - core[6883ba1bc0fe4ed1]::fmt::write
[INFO] [stdout]    6:     0x5810a212983c - std[73adb7dc35730857]::io::default_write_fmt::<alloc[55a36b64bcbf2c0d]::vec::Vec<u8>>
[INFO] [stdout]                                at /rustc/6b3fa26749ab40e159b2dd5cf577acaaf5902772/library/std/src/io/mod.rs:626:11
[INFO] [stdout]    7:     0x5810a212983c - <alloc[55a36b64bcbf2c0d]::vec::Vec<u8> as std[73adb7dc35730857]::io::Write>::write_fmt
[INFO] [stdout]                                at /rustc/6b3fa26749ab40e159b2dd5cf577acaaf5902772/library/std/src/io/mod.rs:1730:13
[INFO] [stdout]    8:     0x5810a20fe326 - <std[73adb7dc35730857]::sys::backtrace::BacktraceLock>::print
[INFO] [stdout]                                at /rustc/6b3fa26749ab40e159b2dd5cf577acaaf5902772/library/std/src/sys/backtrace.rs:47:9
[INFO] [stdout]    9:     0x5810a20fe326 - std[73adb7dc35730857]::panicking::default_hook::{closure#0}
[INFO] [stdout]                                at /rustc/6b3fa26749ab40e159b2dd5cf577acaaf5902772/library/std/src/panicking.rs:292:27
[INFO] [stdout]   10:     0x5810a211a579 - std[73adb7dc35730857]::panicking::default_hook
[INFO] [stdout]                                at /rustc/6b3fa26749ab40e159b2dd5cf577acaaf5902772/library/std/src/panicking.rs:316:9
[INFO] [stdout]   11:     0x5810a206b3e0 - <alloc[55a36b64bcbf2c0d]::boxed::Box<dyn for<'a, 'b> core[6883ba1bc0fe4ed1]::ops::function::Fn<(&'a std[73adb7dc35730857]::panic::PanicHookInfo<'b>,), Output = ()> + core[6883ba1bc0fe4ed1]::marker::Send + core[6883ba1bc0fe4ed1]::marker::Sync> as core[6883ba1bc0fe4ed1]::ops::function::Fn<(&std[73adb7dc35730857]::panic::PanicHookInfo,)>>::call
[INFO] [stdout]                                at /rustc/6b3fa26749ab40e159b2dd5cf577acaaf5902772/library/alloc/src/boxed.rs:2333:9
[INFO] [stdout]   12:     0x5810a206b3e0 - test[980ffaebd391d06d]::test_main_inner::<test[980ffaebd391d06d]::test_main_static::{closure#0}>::{closure#0}
[INFO] [stdout]                                at /rustc/6b3fa26749ab40e159b2dd5cf577acaaf5902772/library/test/src/lib.rs:155:21
[INFO] [stdout]   13:     0x5810a211a732 - <alloc[55a36b64bcbf2c0d]::boxed::Box<dyn for<'a, 'b> core[6883ba1bc0fe4ed1]::ops::function::Fn<(&'a std[73adb7dc35730857]::panic::PanicHookInfo<'b>,), Output = ()> + core[6883ba1bc0fe4ed1]::marker::Send + core[6883ba1bc0fe4ed1]::marker::Sync> as core[6883ba1bc0fe4ed1]::ops::function::Fn<(&std[73adb7dc35730857]::panic::PanicHookInfo,)>>::call
[INFO] [stdout]                                at /rustc/6b3fa26749ab40e159b2dd5cf577acaaf5902772/library/alloc/src/boxed.rs:2333:9
[INFO] [stdout]   14:     0x5810a211a732 - std[73adb7dc35730857]::panicking::panic_with_hook
[INFO] [stdout]                                at /rustc/6b3fa26749ab40e159b2dd5cf577acaaf5902772/library/std/src/panicking.rs:823:13
[INFO] [stdout]   15:     0x5810a20fe404 - std[73adb7dc35730857]::panicking::panic_handler::{closure#0}
[INFO] [stdout]                                at /rustc/6b3fa26749ab40e159b2dd5cf577acaaf5902772/library/std/src/panicking.rs:681:13
[INFO] [stdout]   16:     0x5810a20f5709 - std[73adb7dc35730857]::sys::backtrace::__rust_end_short_backtrace::<std[73adb7dc35730857]::panicking::panic_handler::{closure#0}, !>
[INFO] [stdout]                                at /rustc/6b3fa26749ab40e159b2dd5cf577acaaf5902772/library/std/src/sys/backtrace.rs:182:18
[INFO] [stdout]   17:     0x5810a20ff48d - __rustc[a7b7b02e776dd976]::rust_begin_unwind
[INFO] [stdout]                                at /rustc/6b3fa26749ab40e159b2dd5cf577acaaf5902772/library/std/src/panicking.rs:679:5
[INFO] [stdout]   18:     0x5810a213b2ec - core[6883ba1bc0fe4ed1]::panicking::panic_fmt
[INFO] [stdout]                                at /rustc/6b3fa26749ab40e159b2dd5cf577acaaf5902772/library/core/src/panicking.rs:80:14
[INFO] [stdout]   19:     0x5810a213b2b2 - core[6883ba1bc0fe4ed1]::panicking::panic
[INFO] [stdout]                                at /rustc/6b3fa26749ab40e159b2dd5cf577acaaf5902772/library/core/src/panicking.rs:150:5
[INFO] [stdout]   20:     0x5810a213b009 - core[6883ba1bc0fe4ed1]::option::unwrap_failed
[INFO] [stdout]                                at /rustc/6b3fa26749ab40e159b2dd5cf577acaaf5902772/library/core/src/option.rs:2251:5
[INFO] [stdout]   21:     0x5810a1e8acb0 - <core[6883ba1bc0fe4ed1]::option::Option<harmonia[d2eef90ff118bd52]::subscription::SubscriptionRecord>>::unwrap
[INFO] [stdout]                                at /rustc/6b3fa26749ab40e159b2dd5cf577acaaf5902772/library/core/src/option.rs:1014:21
[INFO] [stdout]   22:     0x5810a1e8acb0 - harmonia[d2eef90ff118bd52]::tests::homeserver_profile_sync_advances_subscription_module_digest
[INFO] [stdout]                                at /opt/rustwide/workdir/src/lib.rs:719:71
[INFO] [stdout]   23:     0x5810a1e719a7 - harmonia[d2eef90ff118bd52]::tests::homeserver_profile_sync_advances_subscription_module_digest::{closure#0}
[INFO] [stdout]                                at /opt/rustwide/workdir/src/lib.rs:703:69
[INFO] [stdout]   24:     0x5810a1f72a36 - <harmonia[d2eef90ff118bd52]::tests::homeserver_profile_sync_advances_subscription_module_digest::{closure#0} as core[6883ba1bc0fe4ed1]::ops::function::FnOnce<()>>::call_once
[INFO] [stdout]                                at /rustc/6b3fa26749ab40e159b2dd5cf577acaaf5902772/library/core/src/ops/function.rs:250:5
[INFO] [stdout]   25:     0x5810a205e71b - <fn() -> core[6883ba1bc0fe4ed1]::result::Result<(), alloc[55a36b64bcbf2c0d]::string::String> as core[6883ba1bc0fe4ed1]::ops::function::FnOnce<()>>::call_once
[INFO] [stdout]                                at /rustc/6b3fa26749ab40e159b2dd5cf577acaaf5902772/library/core/src/ops/function.rs:250:5
[INFO] [stdout]   26:     0x5810a205e71b - test[980ffaebd391d06d]::__rust_begin_short_backtrace::<core[6883ba1bc0fe4ed1]::result::Result<(), alloc[55a36b64bcbf2c0d]::string::String>, fn() -> core[6883ba1bc0fe4ed1]::result::Result<(), alloc[55a36b64bcbf2c0d]::string::String>>
[INFO] [stdout]                                at /rustc/6b3fa26749ab40e159b2dd5cf577acaaf5902772/library/test/src/lib.rs:724:18
[INFO] [stdout]   27:     0x5810a206bd65 - test[980ffaebd391d06d]::run_test_in_process::{closure#0}
[INFO] [stdout]                                at /rustc/6b3fa26749ab40e159b2dd5cf577acaaf5902772/library/test/src/lib.rs:747:74
[INFO] [stdout]   28:     0x5810a206bd65 - <core[6883ba1bc0fe4ed1]::panic::unwind_safe::AssertUnwindSafe<test[980ffaebd391d06d]::run_test_in_process::{closure#0}> as core[6883ba1bc0fe4ed1]::ops::function::FnOnce<()>>::call_once
[INFO] [stdout]                                at /rustc/6b3fa26749ab40e159b2dd5cf577acaaf5902772/library/core/src/panic/unwind_safe.rs:275:9
[INFO] [stdout]   29:     0x5810a206bd65 - std[73adb7dc35730857]::panicking::catch_unwind::do_call::<core[6883ba1bc0fe4ed1]::panic::unwind_safe::AssertUnwindSafe<test[980ffaebd391d06d]::run_test_in_process::{closure#0}>, core[6883ba1bc0fe4ed1]::result::Result<(), alloc[55a36b64bcbf2c0d]::string::String>>
[INFO] [stdout]                                at /rustc/6b3fa26749ab40e159b2dd5cf577acaaf5902772/library/std/src/panicking.rs:576:43
[INFO] [stdout]   30:     0x5810a206bd65 - std[73adb7dc35730857]::panicking::catch_unwind::<core[6883ba1bc0fe4ed1]::result::Result<(), alloc[55a36b64bcbf2c0d]::string::String>, core[6883ba1bc0fe4ed1]::panic::unwind_safe::AssertUnwindSafe<test[980ffaebd391d06d]::run_test_in_process::{closure#0}>>
[INFO] [stdout]                                at /rustc/6b3fa26749ab40e159b2dd5cf577acaaf5902772/library/std/src/panicking.rs:544:19
[INFO] [stdout]   31:     0x5810a206bd65 - std[73adb7dc35730857]::panic::catch_unwind::<core[6883ba1bc0fe4ed1]::panic::unwind_safe::AssertUnwindSafe<test[980ffaebd391d06d]::run_test_in_process::{closure#0}>, core[6883ba1bc0fe4ed1]::result::Result<(), alloc[55a36b64bcbf2c0d]::string::String>>
[INFO] [stdout]                                at /rustc/6b3fa26749ab40e159b2dd5cf577acaaf5902772/library/std/src/panic.rs:359:14
[INFO] [stdout]   32:     0x5810a206bd65 - test[980ffaebd391d06d]::run_test_in_process
[INFO] [stdout]                                at /rustc/6b3fa26749ab40e159b2dd5cf577acaaf5902772/library/test/src/lib.rs:747:27
[INFO] [stdout]   33:     0x5810a206bd65 - test[980ffaebd391d06d]::run_test::{closure#0}
[INFO] [stdout]                                at /rustc/6b3fa26749ab40e159b2dd5cf577acaaf5902772/library/test/src/lib.rs:668:43
[INFO] [stdout]   34:     0x5810a2066814 - test[980ffaebd391d06d]::run_test::{closure#1}
[INFO] [stdout]                                at /rustc/6b3fa26749ab40e159b2dd5cf577acaaf5902772/library/test/src/lib.rs:698:41
[INFO] [stdout]   35:     0x5810a2066814 - std[73adb7dc35730857]::sys::backtrace::__rust_begin_short_backtrace::<test[980ffaebd391d06d]::run_test::{closure#1}, ()>
[INFO] [stdout]                                at /rustc/6b3fa26749ab40e159b2dd5cf577acaaf5902772/library/std/src/sys/backtrace.rs:166:18
[INFO] [stdout]   36:     0x5810a206eeb2 - std[73adb7dc35730857]::thread::lifecycle::spawn_unchecked::<test[980ffaebd391d06d]::run_test::{closure#1}, ()>::{closure#1}::{closure#0}
[INFO] [stdout]                                at /rustc/6b3fa26749ab40e159b2dd5cf577acaaf5902772/library/std/src/thread/lifecycle.rs:70:13
[INFO] [stdout]   37:     0x5810a206eeb2 - <core[6883ba1bc0fe4ed1]::panic::unwind_safe::AssertUnwindSafe<std[73adb7dc35730857]::thread::lifecycle::spawn_unchecked<test[980ffaebd391d06d]::run_test::{closure#1}, ()>::{closure#1}::{closure#0}> as core[6883ba1bc0fe4ed1]::ops::function::FnOnce<()>>::call_once
[INFO] [stdout]                                at /rustc/6b3fa26749ab40e159b2dd5cf577acaaf5902772/library/core/src/panic/unwind_safe.rs:275:9
[INFO] [stdout]   38:     0x5810a206eeb2 - std[73adb7dc35730857]::panicking::catch_unwind::do_call::<core[6883ba1bc0fe4ed1]::panic::unwind_safe::AssertUnwindSafe<std[73adb7dc35730857]::thread::lifecycle::spawn_unchecked<test[980ffaebd391d06d]::run_test::{closure#1}, ()>::{closure#1}::{closure#0}>, ()>
[INFO] [stdout]                                at /rustc/6b3fa26749ab40e159b2dd5cf577acaaf5902772/library/std/src/panicking.rs:576:43
[INFO] [stdout]   39:     0x5810a206eeb2 - std[73adb7dc35730857]::panicking::catch_unwind::<(), core[6883ba1bc0fe4ed1]::panic::unwind_safe::AssertUnwindSafe<std[73adb7dc35730857]::thread::lifecycle::spawn_unchecked<test[980ffaebd391d06d]::run_test::{closure#1}, ()>::{closure#1}::{closure#0}>>
[INFO] [stdout]                                at /rustc/6b3fa26749ab40e159b2dd5cf577acaaf5902772/library/std/src/panicking.rs:544:19
[INFO] [stdout]   40:     0x5810a206eeb2 - std[73adb7dc35730857]::panic::catch_unwind::<core[6883ba1bc0fe4ed1]::panic::unwind_safe::AssertUnwindSafe<std[73adb7dc35730857]::thread::lifecycle::spawn_unchecked<test[980ffaebd391d06d]::run_test::{closure#1}, ()>::{closure#1}::{closure#0}>, ()>
[INFO] [stdout]                                at /rustc/6b3fa26749ab40e159b2dd5cf577acaaf5902772/library/std/src/panic.rs:359:14
[INFO] [stdout]   41:     0x5810a206eeb2 - std[73adb7dc35730857]::thread::lifecycle::spawn_unchecked::<test[980ffaebd391d06d]::run_test::{closure#1}, ()>::{closure#1}
[INFO] [stdout]                                at /rustc/6b3fa26749ab40e159b2dd5cf577acaaf5902772/library/std/src/thread/lifecycle.rs:68:26
[INFO] [stdout]   42:     0x5810a206eeb2 - <std[73adb7dc35730857]::thread::lifecycle::spawn_unchecked<test[980ffaebd391d06d]::run_test::{closure#1}, ()>::{closure#1} as core[6883ba1bc0fe4ed1]::ops::function::FnOnce<()>>::call_once::{shim:vtable#0}
[INFO] [stdout]                                at /rustc/6b3fa26749ab40e159b2dd5cf577acaaf5902772/library/core/src/ops/function.rs:250:5
[INFO] [stdout]   43:     0x5810a2123def - <alloc[55a36b64bcbf2c0d]::boxed::Box<dyn core[6883ba1bc0fe4ed1]::ops::function::FnOnce<(), Output = ()> + core[6883ba1bc0fe4ed1]::marker::Send> as core[6883ba1bc0fe4ed1]::ops::function::FnOnce<()>>::call_once
[INFO] [stdout]                                at /rustc/6b3fa26749ab40e159b2dd5cf577acaaf5902772/library/alloc/src/boxed.rs:2319:9
[INFO] [stdout]   44:     0x5810a2123def - <std[73adb7dc35730857]::sys::thread::unix::Thread>::new::thread_start
[INFO] [stdout]                                at /rustc/6b3fa26749ab40e159b2dd5cf577acaaf5902772/library/std/src/sys/thread/unix.rs:123:17
[INFO] [stdout]   45:     0x771137b36aa4 - <unknown>
[INFO] [stdout]   46:     0x771137bc3a64 - clone
[INFO] [stdout]   47:                0x0 - <unknown>
[INFO] [stdout] 
[INFO] [stdout] ---- tests::tv_profile_sync_advances_subscription_module_digest stdout ----
[INFO] [stdout] schema=harmonia.deployable_config_export.v1
[INFO] [stdout] ok=true
[INFO] [stdout] profile_id=tv
[INFO] [stdout] identity=arch-tv
[INFO] [stdout] artifact_count=101
[INFO] [stdout] output_dir=/tmp/harmonia-tv-sync-717
[INFO] [stdout] receipt_dir=/tmp/harmonia-tv-sync-717/receipts
[INFO] [stdout] first_missing_signal=none
[INFO] [stdout] 
[INFO] [stdout] thread 'tests::tv_profile_sync_advances_subscription_module_digest' (835) panicked at src/lib.rs:808:27:
[INFO] [stdout] no entry found for key
[INFO] [stdout] stack backtrace:
[INFO] [stdout]    0:     0x5810a2125071 - std[73adb7dc35730857]::backtrace_rs::backtrace::libunwind::trace
[INFO] [stdout]                                at /rustc/6b3fa26749ab40e159b2dd5cf577acaaf5902772/library/std/src/../../backtrace/src/backtrace/libunwind.rs:117:9
[INFO] [stdout]    1:     0x5810a2125071 - std[73adb7dc35730857]::backtrace_rs::backtrace::trace_unsynchronized::<std[73adb7dc35730857]::sys::backtrace::_print_fmt::{closure#1}>
[INFO] [stdout]                                at /rustc/6b3fa26749ab40e159b2dd5cf577acaaf5902772/library/std/src/../../backtrace/src/backtrace/mod.rs:66:14
[INFO] [stdout]    2:     0x5810a2125071 - std[73adb7dc35730857]::sys::backtrace::_print_fmt
[INFO] [stdout]                                at /rustc/6b3fa26749ab40e159b2dd5cf577acaaf5902772/library/std/src/sys/backtrace.rs:74:9
[INFO] [stdout]    3:     0x5810a2125071 - <<std[73adb7dc35730857]::sys::backtrace::BacktraceLock>::print::DisplayBacktrace as core[6883ba1bc0fe4ed1]::fmt::Display>::fmt
[INFO] [stdout]                                at /rustc/6b3fa26749ab40e159b2dd5cf577acaaf5902772/library/std/src/sys/backtrace.rs:44:26
[INFO] [stdout]    4:     0x5810a213aaea - <core[6883ba1bc0fe4ed1]::fmt::rt::Argument>::fmt
[INFO] [stdout]                                at /rustc/6b3fa26749ab40e159b2dd5cf577acaaf5902772/library/core/src/fmt/rt.rs:152:76
[INFO] [stdout]    5:     0x5810a213aaea - core[6883ba1bc0fe4ed1]::fmt::write
[INFO] [stdout]    6:     0x5810a212983c - std[73adb7dc35730857]::io::default_write_fmt::<alloc[55a36b64bcbf2c0d]::vec::Vec<u8>>
[INFO] [stdout]                                at /rustc/6b3fa26749ab40e159b2dd5cf577acaaf5902772/library/std/src/io/mod.rs:626:11
[INFO] [stdout]    7:     0x5810a212983c - <alloc[55a36b64bcbf2c0d]::vec::Vec<u8> as std[73adb7dc35730857]::io::Write>::write_fmt
[INFO] [stdout]                                at /rustc/6b3fa26749ab40e159b2dd5cf577acaaf5902772/library/std/src/io/mod.rs:1730:13
[INFO] [stdout]    8:     0x5810a20fe326 - <std[73adb7dc35730857]::sys::backtrace::BacktraceLock>::print
[INFO] [stdout]                                at /rustc/6b3fa26749ab40e159b2dd5cf577acaaf5902772/library/std/src/sys/backtrace.rs:47:9
[INFO] [stdout]    9:     0x5810a20fe326 - std[73adb7dc35730857]::panicking::default_hook::{closure#0}
[INFO] [stdout]                                at /rustc/6b3fa26749ab40e159b2dd5cf577acaaf5902772/library/std/src/panicking.rs:292:27
[INFO] [stdout]   10:     0x5810a211a579 - std[73adb7dc35730857]::panicking::default_hook
[INFO] [stdout]                                at /rustc/6b3fa26749ab40e159b2dd5cf577acaaf5902772/library/std/src/panicking.rs:316:9
[INFO] [stdout]   11:     0x5810a206b3e0 - <alloc[55a36b64bcbf2c0d]::boxed::Box<dyn for<'a, 'b> core[6883ba1bc0fe4ed1]::ops::function::Fn<(&'a std[73adb7dc35730857]::panic::PanicHookInfo<'b>,), Output = ()> + core[6883ba1bc0fe4ed1]::marker::Send + core[6883ba1bc0fe4ed1]::marker::Sync> as core[6883ba1bc0fe4ed1]::ops::function::Fn<(&std[73adb7dc35730857]::panic::PanicHookInfo,)>>::call
[INFO] [stdout]                                at /rustc/6b3fa26749ab40e159b2dd5cf577acaaf5902772/library/alloc/src/boxed.rs:2333:9
[INFO] [stdout]   12:     0x5810a206b3e0 - test[980ffaebd391d06d]::test_main_inner::<test[980ffaebd391d06d]::test_main_static::{closure#0}>::{closure#0}
[INFO] [stdout]                                at /rustc/6b3fa26749ab40e159b2dd5cf577acaaf5902772/library/test/src/lib.rs:155:21
[INFO] [stdout]   13:     0x5810a211a732 - <alloc[55a36b64bcbf2c0d]::boxed::Box<dyn for<'a, 'b> core[6883ba1bc0fe4ed1]::ops::function::Fn<(&'a std[73adb7dc35730857]::panic::PanicHookInfo<'b>,), Output = ()> + core[6883ba1bc0fe4ed1]::marker::Send + core[6883ba1bc0fe4ed1]::marker::Sync> as core[6883ba1bc0fe4ed1]::ops::function::Fn<(&std[73adb7dc35730857]::panic::PanicHookInfo,)>>::call
[INFO] [stdout]                                at /rustc/6b3fa26749ab40e159b2dd5cf577acaaf5902772/library/alloc/src/boxed.rs:2333:9
[INFO] [stdout]   14:     0x5810a211a732 - std[73adb7dc35730857]::panicking::panic_with_hook
[INFO] [stdout]                                at /rustc/6b3fa26749ab40e159b2dd5cf577acaaf5902772/library/std/src/panicking.rs:823:13
[INFO] [stdout]   15:     0x5810a20fe3d2 - std[73adb7dc35730857]::panicking::panic_handler::{closure#0}
[INFO] [stdout]                                at /rustc/6b3fa26749ab40e159b2dd5cf577acaaf5902772/library/std/src/panicking.rs:688:13
[INFO] [stdout]   16:     0x5810a20f5709 - std[73adb7dc35730857]::sys::backtrace::__rust_end_short_backtrace::<std[73adb7dc35730857]::panicking::panic_handler::{closure#0}, !>
[INFO] [stdout]                                at /rustc/6b3fa26749ab40e159b2dd5cf577acaaf5902772/library/std/src/sys/backtrace.rs:182:18
[INFO] [stdout]   17:     0x5810a20ff48d - __rustc[a7b7b02e776dd976]::rust_begin_unwind
[INFO] [stdout]                                at /rustc/6b3fa26749ab40e159b2dd5cf577acaaf5902772/library/std/src/panicking.rs:679:5
[INFO] [stdout]   18:     0x5810a213b2ec - core[6883ba1bc0fe4ed1]::panicking::panic_fmt
[INFO] [stdout]                                at /rustc/6b3fa26749ab40e159b2dd5cf577acaaf5902772/library/core/src/panicking.rs:80:14
[INFO] [stdout]   19:     0x5810a213afe4 - core[6883ba1bc0fe4ed1]::panicking::panic_display::<&str>
[INFO] [stdout]                                at /rustc/6b3fa26749ab40e159b2dd5cf577acaaf5902772/library/core/src/panicking.rs:259:5
[INFO] [stdout]   20:     0x5810a213afe4 - core[6883ba1bc0fe4ed1]::option::expect_failed
[INFO] [stdout]                                at /rustc/6b3fa26749ab40e159b2dd5cf577acaaf5902772/library/core/src/option.rs:2260:5
[INFO] [stdout]   21:     0x5810a2022cd9 - <core[6883ba1bc0fe4ed1]::option::Option<&harmonia[d2eef90ff118bd52]::subscription::SubscriptionModuleReceived>>::expect
[INFO] [stdout]                                at /rustc/6b3fa26749ab40e159b2dd5cf577acaaf5902772/library/core/src/option.rs:969:21
[INFO] [stdout]   22:     0x5810a2022cd9 - <alloc[55a36b64bcbf2c0d]::collections::btree::map::BTreeMap<alloc[55a36b64bcbf2c0d]::string::String, harmonia[d2eef90ff118bd52]::subscription::SubscriptionModuleReceived> as core[6883ba1bc0fe4ed1]::ops::index::Index<&str>>::index
[INFO] [stdout]                                at /rustc/6b3fa26749ab40e159b2dd5cf577acaaf5902772/library/alloc/src/collections/btree/map.rs:2653:23
[INFO] [stdout]   23:     0x5810a1e80e51 - harmonia[d2eef90ff118bd52]::tests::tv_profile_sync_advances_subscription_module_digest
[INFO] [stdout]                                at /opt/rustwide/workdir/src/lib.rs:808:27
[INFO] [stdout]   24:     0x5810a1e716d7 - harmonia[d2eef90ff118bd52]::tests::tv_profile_sync_advances_subscription_module_digest::{closure#0}
[INFO] [stdout]                                at /opt/rustwide/workdir/src/lib.rs:785:61
[INFO] [stdout]   25:     0x5810a1f72676 - <harmonia[d2eef90ff118bd52]::tests::tv_profile_sync_advances_subscription_module_digest::{closure#0} as core[6883ba1bc0fe4ed1]::ops::function::FnOnce<()>>::call_once
[INFO] [stdout]                                at /rustc/6b3fa26749ab40e159b2dd5cf577acaaf5902772/library/core/src/ops/function.rs:250:5
[INFO] [stdout]   26:     0x5810a205e71b - <fn() -> core[6883ba1bc0fe4ed1]::result::Result<(), alloc[55a36b64bcbf2c0d]::string::String> as core[6883ba1bc0fe4ed1]::ops::function::FnOnce<()>>::call_once
[INFO] [stdout]                                at /rustc/6b3fa26749ab40e159b2dd5cf577acaaf5902772/library/core/src/ops/function.rs:250:5
[INFO] [stdout]   27:     0x5810a205e71b - test[980ffaebd391d06d]::__rust_begin_short_backtrace::<core[6883ba1bc0fe4ed1]::result::Result<(), alloc[55a36b64bcbf2c0d]::string::String>, fn() -> core[6883ba1bc0fe4ed1]::result::Result<(), alloc[55a36b64bcbf2c0d]::string::String>>
[INFO] [stdout]                                at /rustc/6b3fa26749ab40e159b2dd5cf577acaaf5902772/library/test/src/lib.rs:724:18
[INFO] [stdout]   28:     0x5810a206bd65 - test[980ffaebd391d06d]::run_test_in_process::{closure#0}
[INFO] [stdout]                                at /rustc/6b3fa26749ab40e159b2dd5cf577acaaf5902772/library/test/src/lib.rs:747:74
[INFO] [stdout]   29:     0x5810a206bd65 - <core[6883ba1bc0fe4ed1]::panic::unwind_safe::AssertUnwindSafe<test[980ffaebd391d06d]::run_test_in_process::{closure#0}> as core[6883ba1bc0fe4ed1]::ops::function::FnOnce<()>>::call_once
[INFO] [stdout]                                at /rustc/6b3fa26749ab40e159b2dd5cf577acaaf5902772/library/core/src/panic/unwind_safe.rs:275:9
[INFO] [stdout]   30:     0x5810a206bd65 - std[73adb7dc35730857]::panicking::catch_unwind::do_call::<core[6883ba1bc0fe4ed1]::panic::unwind_safe::AssertUnwindSafe<test[980ffaebd391d06d]::run_test_in_process::{closure#0}>, core[6883ba1bc0fe4ed1]::result::Result<(), alloc[55a36b64bcbf2c0d]::string::String>>
[INFO] [stdout]                                at /rustc/6b3fa26749ab40e159b2dd5cf577acaaf5902772/library/std/src/panicking.rs:576:43
[INFO] [stdout]   31:     0x5810a206bd65 - std[73adb7dc35730857]::panicking::catch_unwind::<core[6883ba1bc0fe4ed1]::result::Result<(), alloc[55a36b64bcbf2c0d]::string::String>, core[6883ba1bc0fe4ed1]::panic::unwind_safe::AssertUnwindSafe<test[980ffaebd391d06d]::run_test_in_process::{closure#0}>>
[INFO] [stdout]                                at /rustc/6b3fa26749ab40e159b2dd5cf577acaaf5902772/library/std/src/panicking.rs:544:19
[INFO] [stdout]   32:     0x5810a206bd65 - std[73adb7dc35730857]::panic::catch_unwind::<core[6883ba1bc0fe4ed1]::panic::unwind_safe::AssertUnwindSafe<test[980ffaebd391d06d]::run_test_in_process::{closure#0}>, core[6883ba1bc0fe4ed1]::result::Result<(), alloc[55a36b64bcbf2c0d]::string::String>>
[INFO] [stdout]                                at /rustc/6b3fa26749ab40e159b2dd5cf577acaaf5902772/library/std/src/panic.rs:359:14
[INFO] [stdout]   33:     0x5810a206bd65 - test[980ffaebd391d06d]::run_test_in_process
[INFO] [stdout]                                at /rustc/6b3fa26749ab40e159b2dd5cf577acaaf5902772/library/test/src/lib.rs:747:27
[INFO] [stdout]   34:     0x5810a206bd65 - test[980ffaebd391d06d]::run_test::{closure#0}
[INFO] [stdout]                                at /rustc/6b3fa26749ab40e159b2dd5cf577acaaf5902772/library/test/src/lib.rs:668:43
[INFO] [stdout]   35:     0x5810a2066814 - test[980ffaebd391d06d]::run_test::{closure#1}
[INFO] [stdout]                                at /rustc/6b3fa26749ab40e159b2dd5cf577acaaf5902772/library/test/src/lib.rs:698:41
[INFO] [stdout]   36:     0x5810a2066814 - std[73adb7dc35730857]::sys::backtrace::__rust_begin_short_backtrace::<test[980ffaebd391d06d]::run_test::{closure#1}, ()>
[INFO] [stdout]                                at /rustc/6b3fa26749ab40e159b2dd5cf577acaaf5902772/library/std/src/sys/backtrace.rs:166:18
[INFO] [stdout]   37:     0x5810a206eeb2 - std[73adb7dc35730857]::thread::lifecycle::spawn_unchecked::<test[980ffaebd391d06d]::run_test::{closure#1}, ()>::{closure#1}::{closure#0}
[INFO] [stdout]                                at /rustc/6b3fa26749ab40e159b2dd5cf577acaaf5902772/library/std/src/thread/lifecycle.rs:70:13
[INFO] [stdout]   38:     0x5810a206eeb2 - <core[6883ba1bc0fe4ed1]::panic::unwind_safe::AssertUnwindSafe<std[73adb7dc35730857]::thread::lifecycle::spawn_unchecked<test[980ffaebd391d06d]::run_test::{closure#1}, ()>::{closure#1}::{closure#0}> as core[6883ba1bc0fe4ed1]::ops::function::FnOnce<()>>::call_once
[INFO] [stdout]                                at /rustc/6b3fa26749ab40e159b2dd5cf577acaaf5902772/library/core/src/panic/unwind_safe.rs:275:9
[INFO] [stdout]   39:     0x5810a206eeb2 - std[73adb7dc35730857]::panicking::catch_unwind::do_call::<core[6883ba1bc0fe4ed1]::panic::unwind_safe::AssertUnwindSafe<std[73adb7dc35730857]::thread::lifecycle::spawn_unchecked<test[980ffaebd391d06d]::run_test::{closure#1}, ()>::{closure#1}::{closure#0}>, ()>
[INFO] [stdout]                                at /rustc/6b3fa26749ab40e159b2dd5cf577acaaf5902772/library/std/src/panicking.rs:576:43
[INFO] [stdout]   40:     0x5810a206eeb2 - std[73adb7dc35730857]::panicking::catch_unwind::<(), core[6883ba1bc0fe4ed1]::panic::unwind_safe::AssertUnwindSafe<std[73adb7dc35730857]::thread::lifecycle::spawn_unchecked<test[980ffaebd391d06d]::run_test::{closure#1}, ()>::{closure#1}::{closure#0}>>
[INFO] [stdout]                                at /rustc/6b3fa26749ab40e159b2dd5cf577acaaf5902772/library/std/src/panicking.rs:544:19
[INFO] [stdout]   41:     0x5810a206eeb2 - std[73adb7dc35730857]::panic::catch_unwind::<core[6883ba1bc0fe4ed1]::panic::unwind_safe::AssertUnwindSafe<std[73adb7dc35730857]::thread::lifecycle::spawn_unchecked<test[980ffaebd391d06d]::run_test::{closure#1}, ()>::{closure#1}::{closure#0}>, ()>
[INFO] [stdout]                                at /rustc/6b3fa26749ab40e159b2dd5cf577acaaf5902772/library/std/src/panic.rs:359:14
[INFO] [stdout]   42:     0x5810a206eeb2 - std[73adb7dc35730857]::thread::lifecycle::spawn_unchecked::<test[980ffaebd391d06d]::run_test::{closure#1}, ()>::{closure#1}
[INFO] [stdout]                                at /rustc/6b3fa26749ab40e159b2dd5cf577acaaf5902772/library/std/src/thread/lifecycle.rs:68:26
[INFO] [stdout]   43:     0x5810a206eeb2 - <std[73adb7dc35730857]::thread::lifecycle::spawn_unchecked<test[980ffaebd391d06d]::run_test::{closure#1}, ()>::{closure#1} as core[6883ba1bc0fe4ed1]::ops::function::FnOnce<()>>::call_once::{shim:vtable#0}
[INFO] [stdout]                                at /rustc/6b3fa26749ab40e159b2dd5cf577acaaf5902772/library/core/src/ops/function.rs:250:5
[INFO] [stdout]   44:     0x5810a2123def - <alloc[55a36b64bcbf2c0d]::boxed::Box<dyn core[6883ba1bc0fe4ed1]::ops::function::FnOnce<(), Output = ()> + core[6883ba1bc0fe4ed1]::marker::Send> as core[6883ba1bc0fe4ed1]::ops::function::FnOnce<()>>::call_once
[INFO] [stdout]                                at /rustc/6b3fa26749ab40e159b2dd5cf577acaaf5902772/library/alloc/src/boxed.rs:2319:9
[INFO] [stdout]   45:     0x5810a2123def - <std[73adb7dc35730857]::sys::thread::unix::Thread>::new::thread_start
[INFO] [stdout]                                at /rustc/6b3fa26749ab40e159b2dd5cf577acaaf5902772/library/std/src/sys/thread/unix.rs:123:17
[INFO] [stdout]   46:     0x771137b36aa4 - <unknown>
[INFO] [stdout]   47:     0x771137bc3a64 - clone
[INFO] [stdout]   48:                0x0 - <unknown>
[INFO] [stdout] 
[INFO] [stdout] ---- tools::aur::tests::build_pinned_rejects_source_commit_mismatch_before_makepkg stdout ----
[INFO] [stdout] 
[INFO] [stdout] thread 'tools::aur::tests::build_pinned_rejects_source_commit_mismatch_before_makepkg' (851) panicked at src/tools/aur.rs:926:9:
[INFO] [stdout] assertion failed: receipt["first_blocker"].as_str().unwrap().contains("unable to read tree")
[INFO] [stdout] stack backtrace:
[INFO] [stdout]    0:     0x5810a2125071 - std[73adb7dc35730857]::backtrace_rs::backtrace::libunwind::trace
[INFO] [stdout]                                at /rustc/6b3fa26749ab40e159b2dd5cf577acaaf5902772/library/std/src/../../backtrace/src/backtrace/libunwind.rs:117:9
[INFO] [stdout]    1:     0x5810a2125071 - std[73adb7dc35730857]::backtrace_rs::backtrace::trace_unsynchronized::<std[73adb7dc35730857]::sys::backtrace::_print_fmt::{closure#1}>
[INFO] [stdout]                                at /rustc/6b3fa26749ab40e159b2dd5cf577acaaf5902772/library/std/src/../../backtrace/src/backtrace/mod.rs:66:14
[INFO] [stdout]    2:     0x5810a2125071 - std[73adb7dc35730857]::sys::backtrace::_print_fmt
[INFO] [stdout]                                at /rustc/6b3fa26749ab40e159b2dd5cf577acaaf5902772/library/std/src/sys/backtrace.rs:74:9
[INFO] [stdout]    3:     0x5810a2125071 - <<std[73adb7dc35730857]::sys::backtrace::BacktraceLock>::print::DisplayBacktrace as core[6883ba1bc0fe4ed1]::fmt::Display>::fmt
[INFO] [stdout]                                at /rustc/6b3fa26749ab40e159b2dd5cf577acaaf5902772/library/std/src/sys/backtrace.rs:44:26
[INFO] [stdout]    4:     0x5810a213aaea - <core[6883ba1bc0fe4ed1]::fmt::rt::Argument>::fmt
[INFO] [stdout]                                at /rustc/6b3fa26749ab40e159b2dd5cf577acaaf5902772/library/core/src/fmt/rt.rs:152:76
[INFO] [stdout]    5:     0x5810a213aaea - core[6883ba1bc0fe4ed1]::fmt::write
[INFO] [stdout]    6:     0x5810a212983c - std[73adb7dc35730857]::io::default_write_fmt::<alloc[55a36b64bcbf2c0d]::vec::Vec<u8>>
[INFO] [stdout]                                at /rustc/6b3fa26749ab40e159b2dd5cf577acaaf5902772/library/std/src/io/mod.rs:626:11
[INFO] [stdout]    7:     0x5810a212983c - <alloc[55a36b64bcbf2c0d]::vec::Vec<u8> as std[73adb7dc35730857]::io::Write>::write_fmt
[INFO] [stdout]                                at /rustc/6b3fa26749ab40e159b2dd5cf577acaaf5902772/library/std/src/io/mod.rs:1730:13
[INFO] [stdout]    8:     0x5810a20fe326 - <std[73adb7dc35730857]::sys::backtrace::BacktraceLock>::print
[INFO] [stdout]                                at /rustc/6b3fa26749ab40e159b2dd5cf577acaaf5902772/library/std/src/sys/backtrace.rs:47:9
[INFO] [stdout]    9:     0x5810a20fe326 - std[73adb7dc35730857]::panicking::default_hook::{closure#0}
[INFO] [stdout]                                at /rustc/6b3fa26749ab40e159b2dd5cf577acaaf5902772/library/std/src/panicking.rs:292:27
[INFO] [stdout]   10:     0x5810a211a579 - std[73adb7dc35730857]::panicking::default_hook
[INFO] [stdout]                                at /rustc/6b3fa26749ab40e159b2dd5cf577acaaf5902772/library/std/src/panicking.rs:316:9
[INFO] [stdout]   11:     0x5810a206b3e0 - <alloc[55a36b64bcbf2c0d]::boxed::Box<dyn for<'a, 'b> core[6883ba1bc0fe4ed1]::ops::function::Fn<(&'a std[73adb7dc35730857]::panic::PanicHookInfo<'b>,), Output = ()> + core[6883ba1bc0fe4ed1]::marker::Send + core[6883ba1bc0fe4ed1]::marker::Sync> as core[6883ba1bc0fe4ed1]::ops::function::Fn<(&std[73adb7dc35730857]::panic::PanicHookInfo,)>>::call
[INFO] [stdout]                                at /rustc/6b3fa26749ab40e159b2dd5cf577acaaf5902772/library/alloc/src/boxed.rs:2333:9
[INFO] [stdout]   12:     0x5810a206b3e0 - test[980ffaebd391d06d]::test_main_inner::<test[980ffaebd391d06d]::test_main_static::{closure#0}>::{closure#0}
[INFO] [stdout]                                at /rustc/6b3fa26749ab40e159b2dd5cf577acaaf5902772/library/test/src/lib.rs:155:21
[INFO] [stdout]   13:     0x5810a211a732 - <alloc[55a36b64bcbf2c0d]::boxed::Box<dyn for<'a, 'b> core[6883ba1bc0fe4ed1]::ops::function::Fn<(&'a std[73adb7dc35730857]::panic::PanicHookInfo<'b>,), Output = ()> + core[6883ba1bc0fe4ed1]::marker::Send + core[6883ba1bc0fe4ed1]::marker::Sync> as core[6883ba1bc0fe4ed1]::ops::function::Fn<(&std[73adb7dc35730857]::panic::PanicHookInfo,)>>::call
[INFO] [stdout]                                at /rustc/6b3fa26749ab40e159b2dd5cf577acaaf5902772/library/alloc/src/boxed.rs:2333:9
[INFO] [stdout]   14:     0x5810a211a732 - std[73adb7dc35730857]::panicking::panic_with_hook
[INFO] [stdout]                                at /rustc/6b3fa26749ab40e159b2dd5cf577acaaf5902772/library/std/src/panicking.rs:823:13
[INFO] [stdout]   15:     0x5810a20fe404 - std[73adb7dc35730857]::panicking::panic_handler::{closure#0}
[INFO] [stdout]                                at /rustc/6b3fa26749ab40e159b2dd5cf577acaaf5902772/library/std/src/panicking.rs:681:13
[INFO] [stdout]   16:     0x5810a20f5709 - std[73adb7dc35730857]::sys::backtrace::__rust_end_short_backtrace::<std[73adb7dc35730857]::panicking::panic_handler::{closure#0}, !>
[INFO] [stdout]                                at /rustc/6b3fa26749ab40e159b2dd5cf577acaaf5902772/library/std/src/sys/backtrace.rs:182:18
[INFO] [stdout]   17:     0x5810a20ff48d - __rustc[a7b7b02e776dd976]::rust_begin_unwind
[INFO] [stdout]                                at /rustc/6b3fa26749ab40e159b2dd5cf577acaaf5902772/library/std/src/panicking.rs:679:5
[INFO] [stdout]   18:     0x5810a213b2ec - core[6883ba1bc0fe4ed1]::panicking::panic_fmt
[INFO] [stdout]                                at /rustc/6b3fa26749ab40e159b2dd5cf577acaaf5902772/library/core/src/panicking.rs:80:14
[INFO] [stdout]   19:     0x5810a213b2b2 - core[6883ba1bc0fe4ed1]::panicking::panic
[INFO] [stdout]                                at /rustc/6b3fa26749ab40e159b2dd5cf577acaaf5902772/library/core/src/panicking.rs:150:5
[INFO] [stdout]   20:     0x5810a1f17c2c - harmonia[d2eef90ff118bd52]::tools::aur::tests::build_pinned_rejects_source_commit_mismatch_before_makepkg
[INFO] [stdout]                                at /opt/rustwide/workdir/src/tools/aur.rs:926:9
[INFO] [stdout]   21:     0x5810a1efd6e7 - harmonia[d2eef90ff118bd52]::tools::aur::tests::build_pinned_rejects_source_commit_mismatch_before_makepkg::{closure#0}
[INFO] [stdout]                                at /opt/rustwide/workdir/src/tools/aur.rs:874:68
[INFO] [stdout]   22:     0x5810a1f73db6 - <harmonia[d2eef90ff118bd52]::tools::aur::tests::build_pinned_rejects_source_commit_mismatch_before_makepkg::{closure#0} as core[6883ba1bc0fe4ed1]::ops::function::FnOnce<()>>::call_once
[INFO] [stdout]                                at /rustc/6b3fa26749ab40e159b2dd5cf577acaaf5902772/library/core/src/ops/function.rs:250:5
[INFO] [stdout]   23:     0x5810a205e71b - <fn() -> core[6883ba1bc0fe4ed1]::result::Result<(), alloc[55a36b64bcbf2c0d]::string::String> as core[6883ba1bc0fe4ed1]::ops::function::FnOnce<()>>::call_once
[INFO] [stdout]                                at /rustc/6b3fa26749ab40e159b2dd5cf577acaaf5902772/library/core/src/ops/function.rs:250:5
[INFO] [stdout]   24:     0x5810a205e71b - test[980ffaebd391d06d]::__rust_begin_short_backtrace::<core[6883ba1bc0fe4ed1]::result::Result<(), alloc[55a36b64bcbf2c0d]::string::String>, fn() -> core[6883ba1bc0fe4ed1]::result::Result<(), alloc[55a36b64bcbf2c0d]::string::String>>
[INFO] [stdout]                                at /rustc/6b3fa26749ab40e159b2dd5cf577acaaf5902772/library/test/src/lib.rs:724:18
[INFO] [stdout]   25:     0x5810a206bd65 - test[980ffaebd391d06d]::run_test_in_process::{closure#0}
[INFO] [stdout]                                at /rustc/6b3fa26749ab40e159b2dd5cf577acaaf5902772/library/test/src/lib.rs:747:74
[INFO] [stdout]   26:     0x5810a206bd65 - <core[6883ba1bc0fe4ed1]::panic::unwind_safe::AssertUnwindSafe<test[980ffaebd391d06d]::run_test_in_process::{closure#0}> as core[6883ba1bc0fe4ed1]::ops::function::FnOnce<()>>::call_once
[INFO] [stdout]                                at /rustc/6b3fa26749ab40e159b2dd5cf577acaaf5902772/library/core/src/panic/unwind_safe.rs:275:9
[INFO] [stdout]   27:     0x5810a206bd65 - std[73adb7dc35730857]::panicking::catch_unwind::do_call::<core[6883ba1bc0fe4ed1]::panic::unwind_safe::AssertUnwindSafe<test[980ffaebd391d06d]::run_test_in_process::{closure#0}>, core[6883ba1bc0fe4ed1]::result::Result<(), alloc[55a36b64bcbf2c0d]::string::String>>
[INFO] [stdout]                                at /rustc/6b3fa26749ab40e159b2dd5cf577acaaf5902772/library/std/src/panicking.rs:576:43
[INFO] [stdout]   28:     0x5810a206bd65 - std[73adb7dc35730857]::panicking::catch_unwind::<core[6883ba1bc0fe4ed1]::result::Result<(), alloc[55a36b64bcbf2c0d]::string::String>, core[6883ba1bc0fe4ed1]::panic::unwind_safe::AssertUnwindSafe<test[980ffaebd391d06d]::run_test_in_process::{closure#0}>>
[INFO] [stdout]                                at /rustc/6b3fa26749ab40e159b2dd5cf577acaaf5902772/library/std/src/panicking.rs:544:19
[INFO] [stdout]   29:     0x5810a206bd65 - std[73adb7dc35730857]::panic::catch_unwind::<core[6883ba1bc0fe4ed1]::panic::unwind_safe::AssertUnwindSafe<test[980ffaebd391d06d]::run_test_in_process::{closure#0}>, core[6883ba1bc0fe4ed1]::result::Result<(), alloc[55a36b64bcbf2c0d]::string::String>>
[INFO] [stdout]                                at /rustc/6b3fa26749ab40e159b2dd5cf577acaaf5902772/library/std/src/panic.rs:359:14
[INFO] [stdout]   30:     0x5810a206bd65 - test[980ffaebd391d06d]::run_test_in_process
[INFO] [stdout]                                at /rustc/6b3fa26749ab40e159b2dd5cf577acaaf5902772/library/test/src/lib.rs:747:27
[INFO] [stdout]   31:     0x5810a206bd65 - test[980ffaebd391d06d]::run_test::{closure#0}
[INFO] [stdout]                                at /rustc/6b3fa26749ab40e159b2dd5cf577acaaf5902772/library/test/src/lib.rs:668:43
[INFO] [stdout]   32:     0x5810a2066814 - test[980ffaebd391d06d]::run_test::{closure#1}
[INFO] [stdout]                                at /rustc/6b3fa26749ab40e159b2dd5cf577acaaf5902772/library/test/src/lib.rs:698:41
[INFO] [stdout]   33:     0x5810a2066814 - std[73adb7dc35730857]::sys::backtrace::__rust_begin_short_backtrace::<test[980ffaebd391d06d]::run_test::{closure#1}, ()>
[INFO] [stdout]                                at /rustc/6b3fa26749ab40e159b2dd5cf577acaaf5902772/library/std/src/sys/backtrace.rs:166:18
[INFO] [stdout]   34:     0x5810a206eeb2 - std[73adb7dc35730857]::thread::lifecycle::spawn_unchecked::<test[980ffaebd391d06d]::run_test::{closure#1}, ()>::{closure#1}::{closure#0}
[INFO] [stdout]                                at /rustc/6b3fa26749ab40e159b2dd5cf577acaaf5902772/library/std/src/thread/lifecycle.rs:70:13
[INFO] [stdout]   35:     0x5810a206eeb2 - <core[6883ba1bc0fe4ed1]::panic::unwind_safe::AssertUnwindSafe<std[73adb7dc35730857]::thread::lifecycle::spawn_unchecked<test[980ffaebd391d06d]::run_test::{closure#1}, ()>::{closure#1}::{closure#0}> as core[6883ba1bc0fe4ed1]::ops::function::FnOnce<()>>::call_once
[INFO] [stdout]                                at /rustc/6b3fa26749ab40e159b2dd5cf577acaaf5902772/library/core/src/panic/unwind_safe.rs:275:9
[INFO] [stdout]   36:     0x5810a206eeb2 - std[73adb7dc35730857]::panicking::catch_unwind::do_call::<core[6883ba1bc0fe4ed1]::panic::unwind_safe::AssertUnwindSafe<std[73adb7dc35730857]::thread::lifecycle::spawn_unchecked<test[980ffaebd391d06d]::run_test::{closure#1}, ()>::{closure#1}::{closure#0}>, ()>
[INFO] [stdout]                                at /rustc/6b3fa26749ab40e159b2dd5cf577acaaf5902772/library/std/src/panicking.rs:576:43
[INFO] [stdout]   37:     0x5810a206eeb2 - std[73adb7dc35730857]::panicking::catch_unwind::<(), core[6883ba1bc0fe4ed1]::panic::unwind_safe::AssertUnwindSafe<std[73adb7dc35730857]::thread::lifecycle::spawn_unchecked<test[980ffaebd391d06d]::run_test::{closure#1}, ()>::{closure#1}::{closure#0}>>
[INFO] [stdout]                                at /rustc/6b3fa26749ab40e159b2dd5cf577acaaf5902772/library/std/src/panicking.rs:544:19
[INFO] [stdout]   38:     0x5810a206eeb2 - std[73adb7dc35730857]::panic::catch_unwind::<core[6883ba1bc0fe4ed1]::panic::unwind_safe::AssertUnwindSafe<std[73adb7dc35730857]::thread::lifecycle::spawn_unchecked<test[980ffaebd391d06d]::run_test::{closure#1}, ()>::{closure#1}::{closure#0}>, ()>
[INFO] [stdout]                                at /rustc/6b3fa26749ab40e159b2dd5cf577acaaf5902772/library/std/src/panic.rs:359:14
[INFO] [stdout]   39:     0x5810a206eeb2 - std[73adb7dc35730857]::thread::lifecycle::spawn_unchecked::<test[980ffaebd391d06d]::run_test::{closure#1}, ()>::{closure#1}
[INFO] [stdout]                                at /rustc/6b3fa26749ab40e159b2dd5cf577acaaf5902772/library/std/src/thread/lifecycle.rs:68:26
[INFO] [stdout]   40:     0x5810a206eeb2 - <std[73adb7dc35730857]::thread::lifecycle::spawn_unchecked<test[980ffaebd391d06d]::run_test::{closure#1}, ()>::{closure#1} as core[6883ba1bc0fe4ed1]::ops::function::FnOnce<()>>::call_once::{shim:vtable#0}
[INFO] [stdout]                                at /rustc/6b3fa26749ab40e159b2dd5cf577acaaf5902772/library/core/src/ops/function.rs:250:5
[INFO] [stdout]   41:     0x5810a2123def - <alloc[55a36b64bcbf2c0d]::boxed::Box<dyn core[6883ba1bc0fe4ed1]::ops::function::FnOnce<(), Output = ()> + core[6883ba1bc0fe4ed1]::marker::Send> as core[6883ba1bc0fe4ed1]::ops::function::FnOnce<()>>::call_once
[INFO] [stdout]                                at /rustc/6b3fa26749ab40e159b2dd5cf577acaaf5902772/library/alloc/src/boxed.rs:2319:9
[INFO] [stdout]   42:     0x5810a2123def - <std[73adb7dc35730857]::sys::thread::unix::Thread>::new::thread_start
[INFO] [stdout]                                at /rustc/6b3fa26749ab40e159b2dd5cf577acaaf5902772/library/std/src/sys/thread/unix.rs:123:17
[INFO] [stdout]   43:     0x771137b36aa4 - <unknown>
[INFO] [stdout]   44:     0x771137bc3a64 - clone
[INFO] [stdout]   45:                0x0 - <unknown>
[INFO] [stdout] 
[INFO] [stdout] 
[INFO] [stdout] failures:
[INFO] [stdout]     tests::homeserver_profile_sync_advances_subscription_module_digest
[INFO] [stdout]     tests::tv_profile_sync_advances_subscription_module_digest
[INFO] [stdout]     tools::aur::tests::build_pinned_rejects_source_commit_mismatch_before_makepkg
[INFO] [stdout] 
[INFO] [stdout] test result: FAILED. 124 passed; 3 failed; 0 ignored; 0 measured; 0 filtered out; finished in 11.39s
[INFO] [stdout] 
[INFO] running `Command { std: "docker" "inspect" "153ad593e829d70eb18de58150206f15d5fee7bb905882f8defa6b325cc82b75", kill_on_drop: false }`
[INFO] running `Command { std: "docker" "rm" "-f" "153ad593e829d70eb18de58150206f15d5fee7bb905882f8defa6b325cc82b75", kill_on_drop: false }`
[INFO] [stdout] 153ad593e829d70eb18de58150206f15d5fee7bb905882f8defa6b325cc82b75
