[INFO] cloning repository https://github.com/himanoa/blizzard-lance
[INFO] running `Command { std: "git" "-c" "credential.helper=" "-c" "credential.helper=/workspace/cargo-home/bin/git-credential-null" "clone" "--bare" "https://github.com/himanoa/blizzard-lance" "/workspace/cache/git-repos/https%3A%2F%2Fgithub.com%2Fhimanoa%2Fblizzard-lance", kill_on_drop: false }`
[INFO] [stderr] Cloning into bare repository '/workspace/cache/git-repos/https%3A%2F%2Fgithub.com%2Fhimanoa%2Fblizzard-lance'...
[INFO] running `Command { std: "git" "rev-parse" "HEAD", kill_on_drop: false }`
[INFO] [stdout] 8a1af50cbe91035f22906d64c8904c0474bb2343
[INFO] testing himanoa/blizzard-lance against 1.98.0-beta.1 for beta-1.98-2
[INFO] running `Command { std: "git" "clone" "/workspace/cache/git-repos/https%3A%2F%2Fgithub.com%2Fhimanoa%2Fblizzard-lance" "/workspace/builds/worker-6-tc2/source", kill_on_drop: false }`
[INFO] [stderr] Cloning into '/workspace/builds/worker-6-tc2/source'...
[INFO] [stderr] done.
[INFO] started tweaking git repo https://github.com/himanoa/blizzard-lance
[INFO] finished tweaking git repo https://github.com/himanoa/blizzard-lance
[INFO] tweaked toml for git repo https://github.com/himanoa/blizzard-lance written to /workspace/builds/worker-6-tc2/source/Cargo.toml
[INFO] validating manifest of git repo https://github.com/himanoa/blizzard-lance on toolchain 1.98.0-beta.1
[INFO] running `Command { std: CARGO_HOME="/workspace/cargo-home" RUSTUP_HOME="/workspace/rustup-home" "/workspace/cargo-home/bin/cargo" "+1.98.0-beta.1" "metadata" "--manifest-path" "Cargo.toml" "--no-deps", kill_on_drop: false }`
[INFO] crate git repo https://github.com/himanoa/blizzard-lance already has a lockfile, it will not be regenerated
[INFO] running `Command { std: CARGO_HOME="/workspace/cargo-home" RUSTUP_HOME="/workspace/rustup-home" "/workspace/cargo-home/bin/cargo" "+1.98.0-beta.1" "fetch" "--manifest-path" "Cargo.toml", kill_on_drop: false }`
[INFO] [stderr]     Blocking waiting for file lock on package cache
[INFO] [stderr]     Blocking waiting for file lock on package cache
[INFO] running `Command { std: "docker" "create" "-v" "/var/lib/crater-agent-workspace/builds/worker-6-tc2/source:/opt/rustwide/workdir:ro,Z" "-v" "/var/lib/crater-agent-workspace/builds/worker-6-tc2/target:/opt/rustwide/target:rw,Z" "-v" "/var/lib/crater-agent-workspace/cargo-home:/opt/rustwide/cargo-home:ro,Z" "-v" "/var/lib/crater-agent-workspace/rustup-home:/opt/rustwide/rustup-home:ro,Z" "-m" "1610612736" "--network" "none" "ghcr.io/rust-lang/crates-build-env/linux@sha256:3d5ced03c013a94a2f102a4510f48a6e9184255caf5fd8244f58017bde7f5210" "sleep" "infinity", kill_on_drop: false }`
[INFO] [stdout] c08ca6cbd008aa02641231e40c75275083b4646d8ce2ac7a003c6a6a2b03dc30
[INFO] running `Command { std: "docker" "start" "c08ca6cbd008aa02641231e40c75275083b4646d8ce2ac7a003c6a6a2b03dc30", kill_on_drop: false }`
[INFO] running `Command { std: "docker" "inspect" "c08ca6cbd008aa02641231e40c75275083b4646d8ce2ac7a003c6a6a2b03dc30", kill_on_drop: false }`
[INFO] running `Command { std: "docker" "exec" "-e" "SOURCE_DIR=/opt/rustwide/workdir" "-e" "CARGO_HOME=/opt/rustwide/cargo-home" "-e" "RUSTUP_HOME=/opt/rustwide/rustup-home" "-e" "CARGO_TARGET_DIR=/opt/rustwide/target" "-w" "/opt/rustwide/workdir" "--user" "0:0" "c08ca6cbd008aa02641231e40c75275083b4646d8ce2ac7a003c6a6a2b03dc30" "/opt/rustwide/cargo-home/bin/cargo" "+1.98.0-beta.1" "metadata" "--no-deps" "--format-version=1", kill_on_drop: false }`
[INFO] running `Command { std: "docker" "inspect" "c08ca6cbd008aa02641231e40c75275083b4646d8ce2ac7a003c6a6a2b03dc30", kill_on_drop: false }`
[INFO] running `Command { std: "docker" "exec" "-e" "SOURCE_DIR=/opt/rustwide/workdir" "-e" "CARGO_HOME=/opt/rustwide/cargo-home" "-e" "RUSTUP_HOME=/opt/rustwide/rustup-home" "-e" "CARGO_TARGET_DIR=/opt/rustwide/target" "-e" "CARGO_INCREMENTAL=0" "-e" "RUST_BACKTRACE=full" "-e" "RUSTFLAGS=--cap-lints=warn" "-e" "RUSTDOCFLAGS=--cap-lints=warn" "-w" "/opt/rustwide/workdir" "--user" "0:0" "c08ca6cbd008aa02641231e40c75275083b4646d8ce2ac7a003c6a6a2b03dc30" "/opt/rustwide/cargo-home/bin/cargo" "+1.98.0-beta.1" "build" "--frozen" "--message-format=json", kill_on_drop: false }`
[INFO] [stderr]    Compiling proc-macro2 v1.0.28
[INFO] [stderr]    Compiling libc v0.2.99
[INFO] [stderr]    Compiling unicode-xid v0.2.2
[INFO] [stderr]    Compiling syn v1.0.74
[INFO] [stderr]    Compiling anyhow v1.0.42
[INFO] [stderr]    Compiling ppv-lite86 v0.2.10
[INFO] [stderr]    Compiling getrandom v0.2.3
[INFO] [stderr]    Compiling rand_core v0.6.3
[INFO] [stderr]    Compiling rand_chacha v0.3.1
[INFO] [stderr]    Compiling quote v1.0.9
[INFO] [stderr]    Compiling rand v0.8.4
[INFO] [stderr]    Compiling thiserror-impl v1.0.26
[INFO] [stderr]    Compiling thiserror v1.0.26
[INFO] [stderr]    Compiling blizzard-lance v0.1.0 (/opt/rustwide/workdir)
[INFO] [stdout] warning: unused variable: `sorted_actors`
[INFO] [stdout]   --> src/battle_executor.rs:21:13
[INFO] [stdout]    |
[INFO] [stdout] 21 |         let sorted_actors = self.execute_preemptive_phase();
[INFO] [stdout]    |             ^^^^^^^^^^^^^ help: if this is intentional, prefix it with an underscore: `_sorted_actors`
[INFO] [stdout]    |
[INFO] [stdout]    = note: `#[warn(unused_variables)]` (part of `#[warn(unused)]`) on by default
[INFO] [stdout] 
[INFO] [stdout] 
[INFO] [stdout] warning: unreachable pattern
[INFO] [stdout]   --> src/battle_executor.rs:39:17
[INFO] [stdout]    |
[INFO] [stdout] 29 |                 Strategies::DummyStrategy(strategy) => {
[INFO] [stdout]    |                 ----------------------------------- matches all the relevant values
[INFO] [stdout] ...
[INFO] [stdout] 39 |                 _ => Err(anyhow!(ApplicationError::PreemtiveStrategyError {
[INFO] [stdout]    |                 ^ no value can reach this
[INFO] [stdout]    |
[INFO] [stdout]    = note: `#[warn(unreachable_patterns)]` (part of `#[warn(unused)]`) on by default
[INFO] [stdout] 
[INFO] [stdout] 
[INFO] [stderr]     Finished `dev` profile [unoptimized + debuginfo] target(s) in 6.14s
[INFO] running `Command { std: "docker" "inspect" "c08ca6cbd008aa02641231e40c75275083b4646d8ce2ac7a003c6a6a2b03dc30", kill_on_drop: false }`
[INFO] running `Command { std: "docker" "exec" "-e" "SOURCE_DIR=/opt/rustwide/workdir" "-e" "CARGO_HOME=/opt/rustwide/cargo-home" "-e" "RUSTUP_HOME=/opt/rustwide/rustup-home" "-e" "CARGO_TARGET_DIR=/opt/rustwide/target" "-e" "CARGO_INCREMENTAL=0" "-e" "RUST_BACKTRACE=full" "-e" "RUSTFLAGS=--cap-lints=warn" "-e" "RUSTDOCFLAGS=--cap-lints=warn" "-w" "/opt/rustwide/workdir" "--user" "0:0" "c08ca6cbd008aa02641231e40c75275083b4646d8ce2ac7a003c6a6a2b03dc30" "/opt/rustwide/cargo-home/bin/cargo" "+1.98.0-beta.1" "test" "--frozen" "--no-run" "--message-format=json", kill_on_drop: false }`
[INFO] [stderr]    Compiling blizzard-lance v0.1.0 (/opt/rustwide/workdir)
[INFO] [stdout] warning: unused variable: `sorted_actors`
[INFO] [stdout]   --> src/battle_executor.rs:21:13
[INFO] [stdout]    |
[INFO] [stdout] 21 |         let sorted_actors = self.execute_preemptive_phase();
[INFO] [stdout]    |             ^^^^^^^^^^^^^ help: if this is intentional, prefix it with an underscore: `_sorted_actors`
[INFO] [stdout]    |
[INFO] [stdout]    = note: `#[warn(unused_variables)]` (part of `#[warn(unused)]`) on by default
[INFO] [stdout] 
[INFO] [stdout] 
[INFO] [stdout] warning: unreachable pattern
[INFO] [stdout]   --> src/battle_executor.rs:39:17
[INFO] [stdout]    |
[INFO] [stdout] 29 |                 Strategies::DummyStrategy(strategy) => {
[INFO] [stdout]    |                 ----------------------------------- matches all the relevant values
[INFO] [stdout] ...
[INFO] [stdout] 39 |                 _ => Err(anyhow!(ApplicationError::PreemtiveStrategyError {
[INFO] [stdout]    |                 ^ no value can reach this
[INFO] [stdout]    |
[INFO] [stdout]    = note: `#[warn(unreachable_patterns)]` (part of `#[warn(unused)]`) on by default
[INFO] [stdout] 
[INFO] [stdout] 
[INFO] [stdout] warning: unused variable: `sorted_actors`
[INFO] [stdout]   --> src/battle_executor.rs:21:13
[INFO] [stdout]    |
[INFO] [stdout] 21 |         let sorted_actors = self.execute_preemptive_phase();
[INFO] [stdout]    |             ^^^^^^^^^^^^^ help: if this is intentional, prefix it with an underscore: `_sorted_actors`
[INFO] [stdout]    |
[INFO] [stdout]    = note: `#[warn(unused_variables)]` (part of `#[warn(unused)]`) on by default
[INFO] [stdout] 
[INFO] [stdout] 
[INFO] [stdout] warning: unreachable pattern
[INFO] [stdout]   --> src/battle_executor.rs:39:17
[INFO] [stdout]    |
[INFO] [stdout] 29 |                 Strategies::DummyStrategy(strategy) => {
[INFO] [stdout]    |                 ----------------------------------- matches all the relevant values
[INFO] [stdout] ...
[INFO] [stdout] 39 |                 _ => Err(anyhow!(ApplicationError::PreemtiveStrategyError {
[INFO] [stdout]    |                 ^ no value can reach this
[INFO] [stdout]    |
[INFO] [stdout]    = note: `#[warn(unreachable_patterns)]` (part of `#[warn(unused)]`) on by default
[INFO] [stdout] 
[INFO] [stdout] 
[INFO] [stderr]     Finished `test` profile [unoptimized + debuginfo] target(s) in 0.62s
[INFO] running `Command { std: "docker" "inspect" "c08ca6cbd008aa02641231e40c75275083b4646d8ce2ac7a003c6a6a2b03dc30", kill_on_drop: false }`
[INFO] running `Command { std: "docker" "exec" "-e" "SOURCE_DIR=/opt/rustwide/workdir" "-e" "CARGO_HOME=/opt/rustwide/cargo-home" "-e" "RUSTUP_HOME=/opt/rustwide/rustup-home" "-e" "CARGO_TARGET_DIR=/opt/rustwide/target" "-e" "CARGO_INCREMENTAL=0" "-e" "RUST_BACKTRACE=full" "-e" "RUSTFLAGS=--cap-lints=warn" "-e" "RUSTDOCFLAGS=--cap-lints=warn" "-w" "/opt/rustwide/workdir" "--user" "0:0" "c08ca6cbd008aa02641231e40c75275083b4646d8ce2ac7a003c6a6a2b03dc30" "/opt/rustwide/cargo-home/bin/cargo" "+1.98.0-beta.1" "test" "--frozen", kill_on_drop: false }`
[INFO] [stderr] warning: unused variable: `sorted_actors`
[INFO] [stderr]   --> src/battle_executor.rs:21:13
[INFO] [stderr]    |
[INFO] [stderr] 21 |         let sorted_actors = self.execute_preemptive_phase();
[INFO] [stderr]    |             ^^^^^^^^^^^^^ help: if this is intentional, prefix it with an underscore: `_sorted_actors`
[INFO] [stderr]    |
[INFO] [stderr]    = note: `#[warn(unused_variables)]` (part of `#[warn(unused)]`) on by default
[INFO] [stderr] 
[INFO] [stderr] warning: unreachable pattern
[INFO] [stderr]   --> src/battle_executor.rs:39:17
[INFO] [stderr]    |
[INFO] [stderr] 29 |                 Strategies::DummyStrategy(strategy) => {
[INFO] [stderr]    |                 ----------------------------------- matches all the relevant values
[INFO] [stderr] ...
[INFO] [stderr] 39 |                 _ => Err(anyhow!(ApplicationError::PreemtiveStrategyError {
[INFO] [stderr]    |                 ^ no value can reach this
[INFO] [stderr]    |
[INFO] [stderr]    = note: `#[warn(unreachable_patterns)]` (part of `#[warn(unused)]`) on by default
[INFO] [stderr] 
[INFO] [stderr] warning: `blizzard-lance` (lib) generated 2 warnings (run `cargo fix --lib -p blizzard-lance` to apply 1 suggestion)
[INFO] [stderr] warning: `blizzard-lance` (lib test) generated 2 warnings (2 duplicates)
[INFO] [stderr]     Finished `test` profile [unoptimized + debuginfo] target(s) in 0.04s
[INFO] [stderr]      Running unittests src/lib.rs (/opt/rustwide/target/debug/deps/blizzard_lance-4e256ad7a214d46f)
[INFO] [stdout] 
[INFO] [stdout] running 14 tests
[INFO] [stdout] test battle::tests::test_battle_actor_is_available ... ok
[INFO] [stdout] test battle::tests::test_enemy_rear_guard_actors ... ok
[INFO] [stdout] test battle::tests::test_player_rear_guard_actors ... ok
[INFO] [stdout] test weapon::tests::test_heavy_weight_weapon_deal_damage_expression ... ok
[INFO] [stdout] test weapon::tests::test_heavy_weight_weapon_decision_count ... ok
[INFO] [stdout] test weapon::tests::test_heavy_weight_weapon_hit_detection_expression ... ok
[INFO] [stdout] test weapon::tests::test_light_weight_weapon_deal_damage_expression ... ok
[INFO] [stdout] test weapon::tests::test_light_weight_weapon_decision_count ... ok
[INFO] [stdout] test weapon::tests::test_light_weight_weapon_hit_detection_expression ... ok
[INFO] [stdout] test weapon::tests::test_medium_weight_weapon_deal_damage_expression ... ok
[INFO] [stdout] test weapon::tests::test_medium_weight_weapon_decision_count ... ok
[INFO] [stdout] test weapon::tests::test_medium_weight_weapon_hit_detection_expression ... ok
[INFO] [stdout] test battle::tests::test_available_actors ... FAILED
[INFO] [stdout] test battle::tests::test_middle_guard_actors ... ok
[INFO] [stdout] 
[INFO] [stdout] failures:
[INFO] [stdout] 
[INFO] [stdout] ---- battle::tests::test_available_actors stdout ----
[INFO] [stdout] [src/battle.rs:148:9] "{:?}" = "{:?}"
[INFO] [stdout] [src/battle.rs:148:9] battle_field.available_actors().chain(battle_field.middle_guard_actors()).collect::<Vec<&BattleActor>>() = [
[INFO] [stdout]     BattleActor {
[INFO] [stdout]         current_position: PlayerRearGuard,
[INFO] [stdout]         actor: Actor {
[INFO] [stdout]             id: ActorId(
[INFO] [stdout]                 "",
[INFO] [stdout]             ),
[INFO] [stdout]             abillity: Abillity {
[INFO] [stdout]                 max_hp: 5,
[INFO] [stdout]                 hp: 5,
[INFO] [stdout]                 py_str: 1,
[INFO] [stdout]                 dex: 1,
[INFO] [stdout]                 int: 1,
[INFO] [stdout]                 con: 1,
[INFO] [stdout]                 luck: 1,
[INFO] [stdout]                 will_power: 2,
[INFO] [stdout]             },
[INFO] [stdout]             skills: [],
[INFO] [stdout]             weapons: [],
[INFO] [stdout]         },
[INFO] [stdout]         strategy: DummyStrategy(
[INFO] [stdout]             DummyStrategy,
[INFO] [stdout]         ),
[INFO] [stdout]     },
[INFO] [stdout]     BattleActor {
[INFO] [stdout]         current_position: MiddleGuard,
[INFO] [stdout]         actor: Actor {
[INFO] [stdout]             id: ActorId(
[INFO] [stdout]                 "",
[INFO] [stdout]             ),
[INFO] [stdout]             abillity: Abillity {
[INFO] [stdout]                 max_hp: 5,
[INFO] [stdout]                 hp: 5,
[INFO] [stdout]                 py_str: 1,
[INFO] [stdout]                 dex: 1,
[INFO] [stdout]                 int: 1,
[INFO] [stdout]                 con: 1,
[INFO] [stdout]                 luck: 1,
[INFO] [stdout]                 will_power: 2,
[INFO] [stdout]             },
[INFO] [stdout]             skills: [],
[INFO] [stdout]             weapons: [],
[INFO] [stdout]         },
[INFO] [stdout]         strategy: DummyStrategy(
[INFO] [stdout]             DummyStrategy,
[INFO] [stdout]         ),
[INFO] [stdout]     },
[INFO] [stdout]     BattleActor {
[INFO] [stdout]         current_position: MiddleGuard,
[INFO] [stdout]         actor: Actor {
[INFO] [stdout]             id: ActorId(
[INFO] [stdout]                 "",
[INFO] [stdout]             ),
[INFO] [stdout]             abillity: Abillity {
[INFO] [stdout]                 max_hp: 5,
[INFO] [stdout]                 hp: 5,
[INFO] [stdout]                 py_str: 1,
[INFO] [stdout]                 dex: 1,
[INFO] [stdout]                 int: 1,
[INFO] [stdout]                 con: 1,
[INFO] [stdout]                 luck: 1,
[INFO] [stdout]                 will_power: 2,
[INFO] [stdout]             },
[INFO] [stdout]             skills: [],
[INFO] [stdout]             weapons: [],
[INFO] [stdout]         },
[INFO] [stdout]         strategy: DummyStrategy(
[INFO] [stdout]             DummyStrategy,
[INFO] [stdout]         ),
[INFO] [stdout]     },
[INFO] [stdout] ]
[INFO] [stdout] 
[INFO] [stdout] thread 'battle::tests::test_available_actors' (479) panicked at src/battle.rs:155:9:
[INFO] [stdout] assertion failed: 1 == 2
[INFO] [stdout] stack backtrace:
[INFO] [stdout]    0:     0x6385aaf145f1 - std[73adb7dc35730857]::backtrace_rs::backtrace::libunwind::trace
[INFO] [stdout]                                at /rustc/6b3fa26749ab40e159b2dd5cf577acaaf5902772/library/std/src/../../backtrace/src/backtrace/libunwind.rs:117:9
[INFO] [stdout]    1:     0x6385aaf145f1 - std[73adb7dc35730857]::backtrace_rs::backtrace::trace_unsynchronized::<std[73adb7dc35730857]::sys::backtrace::_print_fmt::{closure#1}>
[INFO] [stdout]                                at /rustc/6b3fa26749ab40e159b2dd5cf577acaaf5902772/library/std/src/../../backtrace/src/backtrace/mod.rs:66:14
[INFO] [stdout]    2:     0x6385aaf145f1 - std[73adb7dc35730857]::sys::backtrace::_print_fmt
[INFO] [stdout]                                at /rustc/6b3fa26749ab40e159b2dd5cf577acaaf5902772/library/std/src/sys/backtrace.rs:74:9
[INFO] [stdout]    3:     0x6385aaf145f1 - <<std[73adb7dc35730857]::sys::backtrace::BacktraceLock>::print::DisplayBacktrace as core[6883ba1bc0fe4ed1]::fmt::Display>::fmt
[INFO] [stdout]                                at /rustc/6b3fa26749ab40e159b2dd5cf577acaaf5902772/library/std/src/sys/backtrace.rs:44:26
[INFO] [stdout]    4:     0x6385aaf285fa - <core[6883ba1bc0fe4ed1]::fmt::rt::Argument>::fmt
[INFO] [stdout]                                at /rustc/6b3fa26749ab40e159b2dd5cf577acaaf5902772/library/core/src/fmt/rt.rs:152:76
[INFO] [stdout]    5:     0x6385aaf285fa - core[6883ba1bc0fe4ed1]::fmt::write
[INFO] [stdout]    6:     0x6385aaf18aac - std[73adb7dc35730857]::io::default_write_fmt::<alloc[55a36b64bcbf2c0d]::vec::Vec<u8>>
[INFO] [stdout]                                at /rustc/6b3fa26749ab40e159b2dd5cf577acaaf5902772/library/std/src/io/mod.rs:626:11
[INFO] [stdout]    7:     0x6385aaf18aac - <alloc[55a36b64bcbf2c0d]::vec::Vec<u8> as std[73adb7dc35730857]::io::Write>::write_fmt
[INFO] [stdout]                                at /rustc/6b3fa26749ab40e159b2dd5cf577acaaf5902772/library/std/src/io/mod.rs:1730:13
[INFO] [stdout]    8:     0x6385aaef2d66 - <std[73adb7dc35730857]::sys::backtrace::BacktraceLock>::print
[INFO] [stdout]                                at /rustc/6b3fa26749ab40e159b2dd5cf577acaaf5902772/library/std/src/sys/backtrace.rs:47:9
[INFO] [stdout]    9:     0x6385aaef2d66 - std[73adb7dc35730857]::panicking::default_hook::{closure#0}
[INFO] [stdout]                                at /rustc/6b3fa26749ab40e159b2dd5cf577acaaf5902772/library/std/src/panicking.rs:292:27
[INFO] [stdout]   10:     0x6385aaf0c819 - std[73adb7dc35730857]::panicking::default_hook
[INFO] [stdout]                                at /rustc/6b3fa26749ab40e159b2dd5cf577acaaf5902772/library/std/src/panicking.rs:316:9
[INFO] [stdout]   11:     0x6385aaea77b0 - <alloc[55a36b64bcbf2c0d]::boxed::Box<dyn for<'a, 'b> core[6883ba1bc0fe4ed1]::ops::function::Fn<(&'a std[73adb7dc35730857]::panic::PanicHookInfo<'b>,), Output = ()> + core[6883ba1bc0fe4ed1]::marker::Send + core[6883ba1bc0fe4ed1]::marker::Sync> as core[6883ba1bc0fe4ed1]::ops::function::Fn<(&std[73adb7dc35730857]::panic::PanicHookInfo,)>>::call
[INFO] [stdout]                                at /rustc/6b3fa26749ab40e159b2dd5cf577acaaf5902772/library/alloc/src/boxed.rs:2333:9
[INFO] [stdout]   12:     0x6385aaea77b0 - test[980ffaebd391d06d]::test_main_inner::<test[980ffaebd391d06d]::test_main_static::{closure#0}>::{closure#0}
[INFO] [stdout]                                at /rustc/6b3fa26749ab40e159b2dd5cf577acaaf5902772/library/test/src/lib.rs:155:21
[INFO] [stdout]   13:     0x6385aaf0c9d2 - <alloc[55a36b64bcbf2c0d]::boxed::Box<dyn for<'a, 'b> core[6883ba1bc0fe4ed1]::ops::function::Fn<(&'a std[73adb7dc35730857]::panic::PanicHookInfo<'b>,), Output = ()> + core[6883ba1bc0fe4ed1]::marker::Send + core[6883ba1bc0fe4ed1]::marker::Sync> as core[6883ba1bc0fe4ed1]::ops::function::Fn<(&std[73adb7dc35730857]::panic::PanicHookInfo,)>>::call
[INFO] [stdout]                                at /rustc/6b3fa26749ab40e159b2dd5cf577acaaf5902772/library/alloc/src/boxed.rs:2333:9
[INFO] [stdout]   14:     0x6385aaf0c9d2 - std[73adb7dc35730857]::panicking::panic_with_hook
[INFO] [stdout]                                at /rustc/6b3fa26749ab40e159b2dd5cf577acaaf5902772/library/std/src/panicking.rs:823:13
[INFO] [stdout]   15:     0x6385aaef2e44 - std[73adb7dc35730857]::panicking::panic_handler::{closure#0}
[INFO] [stdout]                                at /rustc/6b3fa26749ab40e159b2dd5cf577acaaf5902772/library/std/src/panicking.rs:681:13
[INFO] [stdout]   16:     0x6385aaeea779 - std[73adb7dc35730857]::sys::backtrace::__rust_end_short_backtrace::<std[73adb7dc35730857]::panicking::panic_handler::{closure#0}, !>
[INFO] [stdout]                                at /rustc/6b3fa26749ab40e159b2dd5cf577acaaf5902772/library/std/src/sys/backtrace.rs:182:18
[INFO] [stdout]   17:     0x6385aaef3a0d - __rustc[a7b7b02e776dd976]::rust_begin_unwind
[INFO] [stdout]                                at /rustc/6b3fa26749ab40e159b2dd5cf577acaaf5902772/library/std/src/panicking.rs:679:5
[INFO] [stdout]   18:     0x6385aaf28d8c - core[6883ba1bc0fe4ed1]::panicking::panic_fmt
[INFO] [stdout]                                at /rustc/6b3fa26749ab40e159b2dd5cf577acaaf5902772/library/core/src/panicking.rs:80:14
[INFO] [stdout]   19:     0x6385aaf28d52 - core[6883ba1bc0fe4ed1]::panicking::panic
[INFO] [stdout]                                at /rustc/6b3fa26749ab40e159b2dd5cf577acaaf5902772/library/core/src/panicking.rs:150:5
[INFO] [stdout]   20:     0x6385aae92f48 - blizzard_lance[a8421c7f1065721a]::battle::tests::test_available_actors
[INFO] [stdout]                                at /opt/rustwide/workdir/src/battle.rs:155:9
[INFO] [stdout]   21:     0x6385aae91a77 - blizzard_lance[a8421c7f1065721a]::battle::tests::test_available_actors::{closure#0}
[INFO] [stdout]                                at /opt/rustwide/workdir/src/battle.rs:137:31
[INFO] [stdout]   22:     0x6385aae9a326 - <blizzard_lance[a8421c7f1065721a]::battle::tests::test_available_actors::{closure#0} as core[6883ba1bc0fe4ed1]::ops::function::FnOnce<()>>::call_once
[INFO] [stdout]                                at /rustc/6b3fa26749ab40e159b2dd5cf577acaaf5902772/library/core/src/ops/function.rs:250:5
[INFO] [stdout]   23:     0x6385aae9aaeb - <fn() -> core[6883ba1bc0fe4ed1]::result::Result<(), alloc[55a36b64bcbf2c0d]::string::String> as core[6883ba1bc0fe4ed1]::ops::function::FnOnce<()>>::call_once
[INFO] [stdout]                                at /rustc/6b3fa26749ab40e159b2dd5cf577acaaf5902772/library/core/src/ops/function.rs:250:5
[INFO] [stdout]   24:     0x6385aae9aaeb - test[980ffaebd391d06d]::__rust_begin_short_backtrace::<core[6883ba1bc0fe4ed1]::result::Result<(), alloc[55a36b64bcbf2c0d]::string::String>, fn() -> core[6883ba1bc0fe4ed1]::result::Result<(), alloc[55a36b64bcbf2c0d]::string::String>>
[INFO] [stdout]                                at /rustc/6b3fa26749ab40e159b2dd5cf577acaaf5902772/library/test/src/lib.rs:724:18
[INFO] [stdout]   25:     0x6385aaea8135 - test[980ffaebd391d06d]::run_test_in_process::{closure#0}
[INFO] [stdout]                                at /rustc/6b3fa26749ab40e159b2dd5cf577acaaf5902772/library/test/src/lib.rs:747:74
[INFO] [stdout]   26:     0x6385aaea8135 - <core[6883ba1bc0fe4ed1]::panic::unwind_safe::AssertUnwindSafe<test[980ffaebd391d06d]::run_test_in_process::{closure#0}> as core[6883ba1bc0fe4ed1]::ops::function::FnOnce<()>>::call_once
[INFO] [stdout]                                at /rustc/6b3fa26749ab40e159b2dd5cf577acaaf5902772/library/core/src/panic/unwind_safe.rs:275:9
[INFO] [stdout]   27:     0x6385aaea8135 - std[73adb7dc35730857]::panicking::catch_unwind::do_call::<core[6883ba1bc0fe4ed1]::panic::unwind_safe::AssertUnwindSafe<test[980ffaebd391d06d]::run_test_in_process::{closure#0}>, core[6883ba1bc0fe4ed1]::result::Result<(), alloc[55a36b64bcbf2c0d]::string::String>>
[INFO] [stdout]                                at /rustc/6b3fa26749ab40e159b2dd5cf577acaaf5902772/library/std/src/panicking.rs:576:43
[INFO] [stdout]   28:     0x6385aaea8135 - std[73adb7dc35730857]::panicking::catch_unwind::<core[6883ba1bc0fe4ed1]::result::Result<(), alloc[55a36b64bcbf2c0d]::string::String>, core[6883ba1bc0fe4ed1]::panic::unwind_safe::AssertUnwindSafe<test[980ffaebd391d06d]::run_test_in_process::{closure#0}>>
[INFO] [stdout]                                at /rustc/6b3fa26749ab40e159b2dd5cf577acaaf5902772/library/std/src/panicking.rs:544:19
[INFO] [stdout]   29:     0x6385aaea8135 - std[73adb7dc35730857]::panic::catch_unwind::<core[6883ba1bc0fe4ed1]::panic::unwind_safe::AssertUnwindSafe<test[980ffaebd391d06d]::run_test_in_process::{closure#0}>, core[6883ba1bc0fe4ed1]::result::Result<(), alloc[55a36b64bcbf2c0d]::string::String>>
[INFO] [stdout]                                at /rustc/6b3fa26749ab40e159b2dd5cf577acaaf5902772/library/std/src/panic.rs:359:14
[INFO] [stdout]   30:     0x6385aaea8135 - test[980ffaebd391d06d]::run_test_in_process
[INFO] [stdout]                                at /rustc/6b3fa26749ab40e159b2dd5cf577acaaf5902772/library/test/src/lib.rs:747:27
[INFO] [stdout]   31:     0x6385aaea8135 - test[980ffaebd391d06d]::run_test::{closure#0}
[INFO] [stdout]                                at /rustc/6b3fa26749ab40e159b2dd5cf577acaaf5902772/library/test/src/lib.rs:668:43
[INFO] [stdout]   32:     0x6385aaea2be4 - test[980ffaebd391d06d]::run_test::{closure#1}
[INFO] [stdout]                                at /rustc/6b3fa26749ab40e159b2dd5cf577acaaf5902772/library/test/src/lib.rs:698:41
[INFO] [stdout]   33:     0x6385aaea2be4 - std[73adb7dc35730857]::sys::backtrace::__rust_begin_short_backtrace::<test[980ffaebd391d06d]::run_test::{closure#1}, ()>
[INFO] [stdout]                                at /rustc/6b3fa26749ab40e159b2dd5cf577acaaf5902772/library/std/src/sys/backtrace.rs:166:18
[INFO] [stdout]   34:     0x6385aaeab282 - std[73adb7dc35730857]::thread::lifecycle::spawn_unchecked::<test[980ffaebd391d06d]::run_test::{closure#1}, ()>::{closure#1}::{closure#0}
[INFO] [stdout]                                at /rustc/6b3fa26749ab40e159b2dd5cf577acaaf5902772/library/std/src/thread/lifecycle.rs:70:13
[INFO] [stdout]   35:     0x6385aaeab282 - <core[6883ba1bc0fe4ed1]::panic::unwind_safe::AssertUnwindSafe<std[73adb7dc35730857]::thread::lifecycle::spawn_unchecked<test[980ffaebd391d06d]::run_test::{closure#1}, ()>::{closure#1}::{closure#0}> as core[6883ba1bc0fe4ed1]::ops::function::FnOnce<()>>::call_once
[INFO] [stdout]                                at /rustc/6b3fa26749ab40e159b2dd5cf577acaaf5902772/library/core/src/panic/unwind_safe.rs:275:9
[INFO] [stdout]   36:     0x6385aaeab282 - std[73adb7dc35730857]::panicking::catch_unwind::do_call::<core[6883ba1bc0fe4ed1]::panic::unwind_safe::AssertUnwindSafe<std[73adb7dc35730857]::thread::lifecycle::spawn_unchecked<test[980ffaebd391d06d]::run_test::{closure#1}, ()>::{closure#1}::{closure#0}>, ()>
[INFO] [stdout]                                at /rustc/6b3fa26749ab40e159b2dd5cf577acaaf5902772/library/std/src/panicking.rs:576:43
[INFO] [stdout]   37:     0x6385aaeab282 - std[73adb7dc35730857]::panicking::catch_unwind::<(), core[6883ba1bc0fe4ed1]::panic::unwind_safe::AssertUnwindSafe<std[73adb7dc35730857]::thread::lifecycle::spawn_unchecked<test[980ffaebd391d06d]::run_test::{closure#1}, ()>::{closure#1}::{closure#0}>>
[INFO] [stdout]                                at /rustc/6b3fa26749ab40e159b2dd5cf577acaaf5902772/library/std/src/panicking.rs:544:19
[INFO] [stdout]   38:     0x6385aaeab282 - std[73adb7dc35730857]::panic::catch_unwind::<core[6883ba1bc0fe4ed1]::panic::unwind_safe::AssertUnwindSafe<std[73adb7dc35730857]::thread::lifecycle::spawn_unchecked<test[980ffaebd391d06d]::run_test::{closure#1}, ()>::{closure#1}::{closure#0}>, ()>
[INFO] [stdout]                                at /rustc/6b3fa26749ab40e159b2dd5cf577acaaf5902772/library/std/src/panic.rs:359:14
[INFO] [stdout]   39:     0x6385aaeab282 - std[73adb7dc35730857]::thread::lifecycle::spawn_unchecked::<test[980ffaebd391d06d]::run_test::{closure#1}, ()>::{closure#1}
[INFO] [stdout]                                at /rustc/6b3fa26749ab40e159b2dd5cf577acaaf5902772/library/std/src/thread/lifecycle.rs:68:26
[INFO] [stdout]   40:     0x6385aaeab282 - <std[73adb7dc35730857]::thread::lifecycle::spawn_unchecked<test[980ffaebd391d06d]::run_test::{closure#1}, ()>::{closure#1} as core[6883ba1bc0fe4ed1]::ops::function::FnOnce<()>>::call_once::{shim:vtable#0}
[INFO] [stdout]                                at /rustc/6b3fa26749ab40e159b2dd5cf577acaaf5902772/library/core/src/ops/function.rs:250:5
[INFO] [stdout]   41:     0x6385aaf13e7f - <alloc[55a36b64bcbf2c0d]::boxed::Box<dyn core[6883ba1bc0fe4ed1]::ops::function::FnOnce<(), Output = ()> + core[6883ba1bc0fe4ed1]::marker::Send> as core[6883ba1bc0fe4ed1]::ops::function::FnOnce<()>>::call_once
[INFO] [stdout]                                at /rustc/6b3fa26749ab40e159b2dd5cf577acaaf5902772/library/alloc/src/boxed.rs:2319:9
[INFO] [stdout]   42:     0x6385aaf13e7f - <std[73adb7dc35730857]::sys::thread::unix::Thread>::new::thread_start
[INFO] [stdout]                                at /rustc/6b3fa26749ab40e159b2dd5cf577acaaf5902772/library/std/src/sys/thread/unix.rs:123:17
[INFO] [stdout]   43:     0x7e41ae9e7aa4 - <unknown>
[INFO] [stdout]   44:     0x7e41aea74a64 - clone
[INFO] [stdout]   45:                0x0 - <unknown>
[INFO] [stdout] 
[INFO] [stdout] 
[INFO] [stdout] failures:
[INFO] [stdout]     battle::tests::test_available_actors
[INFO] [stdout] 
[INFO] [stdout] test result: FAILED. 13 passed; 1 failed; 0 ignored; 0 measured; 0 filtered out; finished in 0.04s
[INFO] [stdout] 
[INFO] [stderr] error: test failed, to rerun pass `--lib`
[INFO] running `Command { std: "docker" "inspect" "c08ca6cbd008aa02641231e40c75275083b4646d8ce2ac7a003c6a6a2b03dc30", kill_on_drop: false }`
[INFO] running `Command { std: "docker" "rm" "-f" "c08ca6cbd008aa02641231e40c75275083b4646d8ce2ac7a003c6a6a2b03dc30", kill_on_drop: false }`
[INFO] [stdout] c08ca6cbd008aa02641231e40c75275083b4646d8ce2ac7a003c6a6a2b03dc30
