[INFO] cloning repository https://github.com/heydocode/ServerAPI
[INFO] running `Command { std: "git" "-c" "credential.helper=" "-c" "credential.helper=/workspace/cargo-home/bin/git-credential-null" "clone" "--bare" "https://github.com/heydocode/ServerAPI" "/workspace/cache/git-repos/https%3A%2F%2Fgithub.com%2Fheydocode%2FServerAPI", kill_on_drop: false }`
[INFO] [stderr] Cloning into bare repository '/workspace/cache/git-repos/https%3A%2F%2Fgithub.com%2Fheydocode%2FServerAPI'...
[INFO] running `Command { std: "git" "rev-parse" "HEAD", kill_on_drop: false }`
[INFO] [stdout] 2d5d326abdcc32aa2e9bd85fbecca952eed1ef28
[INFO] testing heydocode/ServerAPI against 1.97.0-beta.6 for beta-1.98-2
[INFO] running `Command { std: "git" "clone" "/workspace/cache/git-repos/https%3A%2F%2Fgithub.com%2Fheydocode%2FServerAPI" "/workspace/builds/worker-6-tc1/source", kill_on_drop: false }`
[INFO] [stderr] Cloning into '/workspace/builds/worker-6-tc1/source'...
[INFO] [stderr] done.
[INFO] started tweaking git repo https://github.com/heydocode/ServerAPI
[INFO] finished tweaking git repo https://github.com/heydocode/ServerAPI
[INFO] tweaked toml for git repo https://github.com/heydocode/ServerAPI written to /workspace/builds/worker-6-tc1/source/Cargo.toml
[INFO] validating manifest of git repo https://github.com/heydocode/ServerAPI on toolchain 1.97.0-beta.6
[INFO] running `Command { std: CARGO_HOME="/workspace/cargo-home" RUSTUP_HOME="/workspace/rustup-home" "/workspace/cargo-home/bin/cargo" "+1.97.0-beta.6" "metadata" "--manifest-path" "Cargo.toml" "--no-deps", kill_on_drop: false }`
[INFO] crate git repo https://github.com/heydocode/ServerAPI already has a lockfile, it will not be regenerated
[INFO] running `Command { std: CARGO_HOME="/workspace/cargo-home" RUSTUP_HOME="/workspace/rustup-home" "/workspace/cargo-home/bin/cargo" "+1.97.0-beta.6" "fetch" "--manifest-path" "Cargo.toml", kill_on_drop: false }`
[INFO] [stderr]     Updating crates.io index
[INFO] [stderr]  Downloading crates ...
[INFO] [stderr]   Downloaded maud v0.26.0
[INFO] [stderr]   Downloaded proc-macro2 v1.0.86
[INFO] [stderr]   Downloaded maud_macros v0.26.0
[INFO] [stderr]   Downloaded fastrand v1.9.0
[INFO] [stderr]   Downloaded gloo-timers v0.2.6
[INFO] [stderr]   Downloaded parking v2.2.0
[INFO] [stderr]   Downloaded hostname v0.4.0
[INFO] [stderr]   Downloaded email_address v0.2.4
[INFO] [stderr]   Downloaded errno v0.3.9
[INFO] [stderr]   Downloaded stacker v0.1.15
[INFO] [stderr]   Downloaded event-listener-strategy v0.5.2
[INFO] [stderr]   Downloaded quoted_printable v0.5.0
[INFO] [stderr]   Downloaded fastrand v2.1.0
[INFO] [stderr]   Downloaded waker-fn v1.2.0
[INFO] [stderr]   Downloaded piper v0.2.3
[INFO] [stderr]   Downloaded lettre v0.11.7
[INFO] [stderr]   Downloaded async-lock v2.8.0
[INFO] [stderr]   Downloaded security-framework-sys v2.11.0
[INFO] [stderr]   Downloaded async-executor v1.12.0
[INFO] [stderr]   Downloaded email-encoding v0.3.0
[INFO] [stderr]   Downloaded psm v0.1.21
[INFO] [stderr]   Downloaded futures-lite v1.13.0
[INFO] [stderr]   Downloaded socket2 v0.4.10
[INFO] [stderr]   Downloaded async-io v1.13.0
[INFO] [stderr]   Downloaded schannel v0.1.23
[INFO] [stderr]   Downloaded polling v2.8.0
[INFO] [stderr]   Downloaded futures-lite v2.3.0
[INFO] [stderr]   Downloaded async-io v2.3.3
[INFO] [stderr]   Downloaded polling v3.7.2
[INFO] [stderr]   Downloaded url v2.5.2
[INFO] [stderr]   Downloaded security-framework v2.11.0
[INFO] [stderr]   Downloaded openssl-sys v0.9.102
[INFO] [stderr]   Downloaded syn v2.0.67
[INFO] [stderr]   Downloaded async-std v1.12.0
[INFO] [stderr]   Downloaded openssl v0.10.64
[INFO] [stderr]   Downloaded rustix v0.37.27
[INFO] [stderr]   Downloaded rustix v0.38.34
[INFO] [stderr]   Downloaded linux-raw-sys v0.3.8
[INFO] [stderr]   Downloaded windows v0.52.0
[INFO] running `Command { std: "docker" "create" "-v" "/var/lib/crater-agent-workspace/builds/worker-6-tc1/source:/opt/rustwide/workdir:ro,Z" "-v" "/var/lib/crater-agent-workspace/builds/worker-6-tc1/target:/opt/rustwide/target:rw,Z" "-v" "/var/lib/crater-agent-workspace/cargo-home:/opt/rustwide/cargo-home:ro,Z" "-v" "/var/lib/crater-agent-workspace/rustup-home:/opt/rustwide/rustup-home:ro,Z" "-m" "1610612736" "--network" "none" "ghcr.io/rust-lang/crates-build-env/linux@sha256:3d5ced03c013a94a2f102a4510f48a6e9184255caf5fd8244f58017bde7f5210" "sleep" "infinity", kill_on_drop: false }`
[INFO] [stdout] 79d2fd87f9f221636ea51fbd541b8b22f91c9f305f48d9f15825c7e0a5f77fe7
[INFO] running `Command { std: "docker" "start" "79d2fd87f9f221636ea51fbd541b8b22f91c9f305f48d9f15825c7e0a5f77fe7", kill_on_drop: false }`
[INFO] running `Command { std: "docker" "inspect" "79d2fd87f9f221636ea51fbd541b8b22f91c9f305f48d9f15825c7e0a5f77fe7", kill_on_drop: false }`
[INFO] running `Command { std: "docker" "exec" "-e" "SOURCE_DIR=/opt/rustwide/workdir" "-e" "CARGO_HOME=/opt/rustwide/cargo-home" "-e" "RUSTUP_HOME=/opt/rustwide/rustup-home" "-e" "CARGO_TARGET_DIR=/opt/rustwide/target" "-w" "/opt/rustwide/workdir" "--user" "0:0" "79d2fd87f9f221636ea51fbd541b8b22f91c9f305f48d9f15825c7e0a5f77fe7" "/opt/rustwide/cargo-home/bin/cargo" "+1.97.0-beta.6" "metadata" "--no-deps" "--format-version=1", kill_on_drop: false }`
[INFO] running `Command { std: "docker" "inspect" "79d2fd87f9f221636ea51fbd541b8b22f91c9f305f48d9f15825c7e0a5f77fe7", kill_on_drop: false }`
[INFO] running `Command { std: "docker" "exec" "-e" "SOURCE_DIR=/opt/rustwide/workdir" "-e" "CARGO_HOME=/opt/rustwide/cargo-home" "-e" "RUSTUP_HOME=/opt/rustwide/rustup-home" "-e" "CARGO_TARGET_DIR=/opt/rustwide/target" "-e" "CARGO_INCREMENTAL=0" "-e" "RUST_BACKTRACE=full" "-e" "RUSTFLAGS=--cap-lints=warn" "-e" "RUSTDOCFLAGS=--cap-lints=warn" "-w" "/opt/rustwide/workdir" "--user" "0:0" "79d2fd87f9f221636ea51fbd541b8b22f91c9f305f48d9f15825c7e0a5f77fe7" "/opt/rustwide/cargo-home/bin/cargo" "+1.97.0-beta.6" "build" "--frozen" "--message-format=json", kill_on_drop: false }`
[INFO] [stderr]    Compiling pin-project-lite v0.2.14
[INFO] [stderr]    Compiling libc v0.2.155
[INFO] [stderr]    Compiling autocfg v1.3.0
[INFO] [stderr]    Compiling cc v1.0.99
[INFO] [stderr]    Compiling crossbeam-utils v0.8.20
[INFO] [stderr]    Compiling proc-macro2 v1.0.86
[INFO] [stderr]    Compiling futures-core v0.3.30
[INFO] [stderr]    Compiling parking v2.2.0
[INFO] [stderr]    Compiling futures-io v0.3.30
[INFO] [stderr]    Compiling bitflags v2.5.0
[INFO] [stderr]    Compiling pkg-config v0.3.30
[INFO] [stderr]    Compiling vcpkg v0.2.15
[INFO] [stderr]    Compiling fastrand v2.1.0
[INFO] [stderr]    Compiling memchr v2.7.4
[INFO] [stderr]    Compiling value-bag v1.9.0
[INFO] [stderr]    Compiling rustix v0.38.34
[INFO] [stderr]    Compiling proc-macro-error-attr v1.0.4
[INFO] [stderr]    Compiling ahash v0.8.11
[INFO] [stderr]    Compiling futures-lite v2.3.0
[INFO] [stderr]    Compiling log v0.4.21
[INFO] [stderr]    Compiling io-lifetimes v1.0.11
[INFO] [stderr]    Compiling tinyvec_macros v0.1.1
[INFO] [stderr]    Compiling linux-raw-sys v0.4.14
[INFO] [stderr]    Compiling tracing v0.1.40
[INFO] [stderr]    Compiling tinyvec v1.6.0
[INFO] [stderr]    Compiling proc-macro-error v1.0.4
[INFO] [stderr]    Compiling openssl v0.10.64
[INFO] [stderr]    Compiling slab v0.4.9
[INFO] [stderr]    Compiling polling v2.8.0
[INFO] [stderr]    Compiling foreign-types-shared v0.1.1
[INFO] [stderr]    Compiling async-task v4.7.1
[INFO] [stderr]    Compiling zerocopy v0.7.34
[INFO] [stderr]    Compiling event-listener v2.5.3
[INFO] [stderr]    Compiling rustix v0.37.27
[INFO] [stderr]    Compiling atomic-waker v1.1.2
[INFO] [stderr]    Compiling foreign-types v0.3.2
[INFO] [stderr]    Compiling quote v1.0.36
[INFO] [stderr]    Compiling piper v0.2.3
[INFO] [stderr]    Compiling async-io v1.13.0
[INFO] [stderr]    Compiling fastrand v1.9.0
[INFO] [stderr]    Compiling native-tls v0.2.12
[INFO] [stderr]    Compiling unicode-bidi v0.3.15
[INFO] [stderr]    Compiling pin-utils v0.1.0
[INFO] [stderr]    Compiling concurrent-queue v2.5.0
[INFO] [stderr]    Compiling linux-raw-sys v0.3.8
[INFO] [stderr]    Compiling allocator-api2 v0.2.18
[INFO] [stderr]    Compiling waker-fn v1.2.0
[INFO] [stderr]    Compiling form_urlencoded v1.2.1
[INFO] [stderr]    Compiling futures-lite v1.13.0
[INFO] [stderr]    Compiling socket2 v0.4.10
[INFO] [stderr]    Compiling async-lock v2.8.0
[INFO] [stderr]    Compiling base64 v0.22.1
[INFO] [stderr]    Compiling minimal-lexical v0.2.1
[INFO] [stderr]    Compiling event-listener v5.3.1
[INFO] [stderr]    Compiling unicode-normalization v0.1.23
[INFO] [stderr]    Compiling futures-task v0.3.30
[INFO] [stderr]    Compiling event-listener-strategy v0.5.2
[INFO] [stderr]    Compiling syn v2.0.67
[INFO] [stderr]    Compiling hashbrown v0.14.5
[INFO] [stderr]    Compiling openssl-probe v0.1.5
[INFO] [stderr]    Compiling async-channel v2.3.1
[INFO] [stderr]    Compiling async-lock v3.4.0
[INFO] [stderr]    Compiling futures-util v0.3.30
[INFO] [stderr]    Compiling nom v7.1.3
[INFO] [stderr]    Compiling blocking v1.6.1
[INFO] [stderr]    Compiling async-executor v1.12.0
[INFO] [stderr]    Compiling email-encoding v0.3.0
[INFO] [stderr]    Compiling idna v0.5.0
[INFO] [stderr]    Compiling async-channel v1.9.0
[INFO] [stderr]    Compiling socket2 v0.5.7
[INFO] [stderr]    Compiling hostname v0.4.0
[INFO] [stderr]    Compiling kv-log-macro v1.0.7
[INFO] [stderr]    Compiling itoa v1.0.11
[INFO] [stderr]    Compiling httpdate v1.0.3
[INFO] [stderr]    Compiling mime v0.3.17
[INFO] [stderr]    Compiling openssl-sys v0.9.102
[INFO] [stderr]    Compiling psm v0.1.21
[INFO] [stderr]    Compiling stacker v0.1.15
[INFO] [stderr]    Compiling email_address v0.2.4
[INFO] [stderr]    Compiling quoted_printable v0.5.0
[INFO] [stderr]    Compiling url v2.5.2
[INFO] [stderr]    Compiling chumsky v0.9.3
[INFO] [stderr]    Compiling openssl-macros v0.1.1
[INFO] [stderr]    Compiling maud_macros v0.26.0
[INFO] [stderr]    Compiling maud v0.26.0
[INFO] [stderr]    Compiling polling v3.7.2
[INFO] [stderr]    Compiling async-io v2.3.3
[INFO] [stderr]    Compiling async-global-executor v2.4.1
[INFO] [stderr]    Compiling async-std v1.12.0
[INFO] [stderr]    Compiling lettre v0.11.7
[INFO] [stderr]    Compiling ServerAPI v0.1.0 (/opt/rustwide/workdir)
[INFO] [stderr]     Finished `dev` profile [unoptimized + debuginfo] target(s) in 29.71s
[INFO] running `Command { std: "docker" "inspect" "79d2fd87f9f221636ea51fbd541b8b22f91c9f305f48d9f15825c7e0a5f77fe7", kill_on_drop: false }`
[INFO] running `Command { std: "docker" "exec" "-e" "SOURCE_DIR=/opt/rustwide/workdir" "-e" "CARGO_HOME=/opt/rustwide/cargo-home" "-e" "RUSTUP_HOME=/opt/rustwide/rustup-home" "-e" "CARGO_TARGET_DIR=/opt/rustwide/target" "-e" "CARGO_INCREMENTAL=0" "-e" "RUST_BACKTRACE=full" "-e" "RUSTFLAGS=--cap-lints=warn" "-e" "RUSTDOCFLAGS=--cap-lints=warn" "-w" "/opt/rustwide/workdir" "--user" "0:0" "79d2fd87f9f221636ea51fbd541b8b22f91c9f305f48d9f15825c7e0a5f77fe7" "/opt/rustwide/cargo-home/bin/cargo" "+1.97.0-beta.6" "test" "--frozen" "--no-run" "--message-format=json", kill_on_drop: false }`
[INFO] [stderr]    Compiling ServerAPI v0.1.0 (/opt/rustwide/workdir)
[INFO] [stderr]     Finished `test` profile [unoptimized + debuginfo] target(s) in 1.84s
[INFO] running `Command { std: "docker" "inspect" "79d2fd87f9f221636ea51fbd541b8b22f91c9f305f48d9f15825c7e0a5f77fe7", kill_on_drop: false }`
[INFO] running `Command { std: "docker" "exec" "-e" "SOURCE_DIR=/opt/rustwide/workdir" "-e" "CARGO_HOME=/opt/rustwide/cargo-home" "-e" "RUSTUP_HOME=/opt/rustwide/rustup-home" "-e" "CARGO_TARGET_DIR=/opt/rustwide/target" "-e" "CARGO_INCREMENTAL=0" "-e" "RUST_BACKTRACE=full" "-e" "RUSTFLAGS=--cap-lints=warn" "-e" "RUSTDOCFLAGS=--cap-lints=warn" "-w" "/opt/rustwide/workdir" "--user" "0:0" "79d2fd87f9f221636ea51fbd541b8b22f91c9f305f48d9f15825c7e0a5f77fe7" "/opt/rustwide/cargo-home/bin/cargo" "+1.97.0-beta.6" "test" "--frozen", kill_on_drop: false }`
[INFO] [stderr]     Finished `test` profile [unoptimized + debuginfo] target(s) in 0.17s
[INFO] [stderr]      Running unittests src/main.rs (/opt/rustwide/target/debug/deps/ServerAPI-e1c4139670919df2)
[INFO] [stdout] 
[INFO] [stdout] running 2 tests
[INFO] [stdout] test tests::test_update_credentials ... FAILED
[INFO] [stdout] test tests::test_write_to_file ... FAILED
[INFO] [stdout] 
[INFO] [stdout] failures:
[INFO] [stdout] 
[INFO] [stdout] ---- tests::test_update_credentials stdout ----
[INFO] [stdout] 
[INFO] [stdout] thread 'tests::test_update_credentials' (1665) panicked at src/tests.rs:54:14:
[INFO] [stdout] Failed to create config directory: Custom { kind: ReadOnlyFilesystem, error: VerboseError { source: Os { code: 30, kind: ReadOnlyFilesystem, message: "Read-only file system" }, message: "could not create directory path `config`" } }
[INFO] [stdout] stack backtrace:
[INFO] [stdout]    0:     0x615864ede598 - std[10d71ac2c42b111e]::backtrace_rs::backtrace::libunwind::trace
[INFO] [stdout]                                at /rustc/b2282dd5646a57d570fc86fbe8df0e8826665ef6/library/std/src/../../backtrace/src/backtrace/libunwind.rs:117:9
[INFO] [stdout]    1:     0x615864ede598 - std[10d71ac2c42b111e]::backtrace_rs::backtrace::trace_unsynchronized::<std[10d71ac2c42b111e]::sys::backtrace::_print_fmt::{closure#1}>
[INFO] [stdout]                                at /rustc/b2282dd5646a57d570fc86fbe8df0e8826665ef6/library/std/src/../../backtrace/src/backtrace/mod.rs:66:14
[INFO] [stdout]    2:     0x615864ede598 - std[10d71ac2c42b111e]::sys::backtrace::_print_fmt
[INFO] [stdout]                                at /rustc/b2282dd5646a57d570fc86fbe8df0e8826665ef6/library/std/src/sys/backtrace.rs:74:9
[INFO] [stdout]    3:     0x615864ede598 - <<std[10d71ac2c42b111e]::sys::backtrace::BacktraceLock>::print::DisplayBacktrace as core[8fb95b77d25ab6c8]::fmt::Display>::fmt
[INFO] [stdout]                                at /rustc/b2282dd5646a57d570fc86fbe8df0e8826665ef6/library/std/src/sys/backtrace.rs:44:26
[INFO] [stdout]    4:     0x615864ef285a - <core[8fb95b77d25ab6c8]::fmt::rt::Argument>::fmt
[INFO] [stdout]                                at /rustc/b2282dd5646a57d570fc86fbe8df0e8826665ef6/library/core/src/fmt/rt.rs:152:76
[INFO] [stdout]    5:     0x615864ef285a - core[8fb95b77d25ab6c8]::fmt::write
[INFO] [stdout]    6:     0x615864ee3082 - std[10d71ac2c42b111e]::io::default_write_fmt::<alloc[a7ee25936407c584]::vec::Vec<u8>>
[INFO] [stdout]                                at /rustc/b2282dd5646a57d570fc86fbe8df0e8826665ef6/library/std/src/io/mod.rs:622:11
[INFO] [stdout]    7:     0x615864ee3082 - <alloc[a7ee25936407c584]::vec::Vec<u8> as std[10d71ac2c42b111e]::io::Write>::write_fmt
[INFO] [stdout]                                at /rustc/b2282dd5646a57d570fc86fbe8df0e8826665ef6/library/std/src/io/mod.rs:1977:13
[INFO] [stdout]    8:     0x615864ebc416 - <std[10d71ac2c42b111e]::sys::backtrace::BacktraceLock>::print
[INFO] [stdout]                                at /rustc/b2282dd5646a57d570fc86fbe8df0e8826665ef6/library/std/src/sys/backtrace.rs:47:9
[INFO] [stdout]    9:     0x615864ebc416 - std[10d71ac2c42b111e]::panicking::default_hook::{closure#0}
[INFO] [stdout]                                at /rustc/b2282dd5646a57d570fc86fbe8df0e8826665ef6/library/std/src/panicking.rs:292:27
[INFO] [stdout]   10:     0x615864ed6619 - std[10d71ac2c42b111e]::panicking::default_hook
[INFO] [stdout]                                at /rustc/b2282dd5646a57d570fc86fbe8df0e8826665ef6/library/std/src/panicking.rs:316:9
[INFO] [stdout]   11:     0x615864dbcbec - <alloc[a7ee25936407c584]::boxed::Box<dyn for<'a, 'b> core[8fb95b77d25ab6c8]::ops::function::Fn<(&'a std[10d71ac2c42b111e]::panic::PanicHookInfo<'b>,), Output = ()> + core[8fb95b77d25ab6c8]::marker::Sync + core[8fb95b77d25ab6c8]::marker::Send> as core[8fb95b77d25ab6c8]::ops::function::Fn<(&std[10d71ac2c42b111e]::panic::PanicHookInfo,)>>::call
[INFO] [stdout]                                at /rustc/b2282dd5646a57d570fc86fbe8df0e8826665ef6/library/alloc/src/boxed.rs:2289:9
[INFO] [stdout]   12:     0x615864dbcbec - test[213991da798b1c03]::test_main_inner::<test[213991da798b1c03]::test_main_static::{closure#0}>::{closure#0}
[INFO] [stdout]                                at /rustc/b2282dd5646a57d570fc86fbe8df0e8826665ef6/library/test/src/lib.rs:155:21
[INFO] [stdout]   13:     0x615864ed6892 - <alloc[a7ee25936407c584]::boxed::Box<dyn for<'a, 'b> core[8fb95b77d25ab6c8]::ops::function::Fn<(&'a std[10d71ac2c42b111e]::panic::PanicHookInfo<'b>,), Output = ()> + core[8fb95b77d25ab6c8]::marker::Sync + core[8fb95b77d25ab6c8]::marker::Send> as core[8fb95b77d25ab6c8]::ops::function::Fn<(&std[10d71ac2c42b111e]::panic::PanicHookInfo,)>>::call
[INFO] [stdout]                                at /rustc/b2282dd5646a57d570fc86fbe8df0e8826665ef6/library/alloc/src/boxed.rs:2289:9
[INFO] [stdout]   14:     0x615864ed6892 - std[10d71ac2c42b111e]::panicking::panic_with_hook
[INFO] [stdout]                                at /rustc/b2282dd5646a57d570fc86fbe8df0e8826665ef6/library/std/src/panicking.rs:833:13
[INFO] [stdout]   15:     0x615864ebc4d2 - std[10d71ac2c42b111e]::panicking::panic_handler::{closure#0}
[INFO] [stdout]                                at /rustc/b2282dd5646a57d570fc86fbe8df0e8826665ef6/library/std/src/panicking.rs:698:13
[INFO] [stdout]   16:     0x615864eb15c9 - std[10d71ac2c42b111e]::sys::backtrace::__rust_end_short_backtrace::<std[10d71ac2c42b111e]::panicking::panic_handler::{closure#0}, !>
[INFO] [stdout]                                at /rustc/b2282dd5646a57d570fc86fbe8df0e8826665ef6/library/std/src/sys/backtrace.rs:182:18
[INFO] [stdout]   17:     0x615864ebd1ed - __rustc[3be9ba60078d4c86]::rust_begin_unwind
[INFO] [stdout]                                at /rustc/b2282dd5646a57d570fc86fbe8df0e8826665ef6/library/std/src/panicking.rs:689:5
[INFO] [stdout]   18:     0x615864ef2fec - core[8fb95b77d25ab6c8]::panicking::panic_fmt
[INFO] [stdout]                                at /rustc/b2282dd5646a57d570fc86fbe8df0e8826665ef6/library/core/src/panicking.rs:80:14
[INFO] [stdout]   19:     0x615864ef2d62 - core[8fb95b77d25ab6c8]::result::unwrap_failed
[INFO] [stdout]                                at /rustc/b2282dd5646a57d570fc86fbe8df0e8826665ef6/library/core/src/result.rs:1867:5
[INFO] [stdout]   20:     0x615864e9a73c - <core[8fb95b77d25ab6c8]::result::Result<(), std[10d71ac2c42b111e]::io::error::Error>>::expect
[INFO] [stdout]                                at /rustc/b2282dd5646a57d570fc86fbe8df0e8826665ef6/library/core/src/result.rs:1185:23
[INFO] [stdout]   21:     0x615864d98fbb - ServerAPI[af28c30fccbe73d4]::tests::test_update_credentials::{closure#0}
[INFO] [stdout]                                at /opt/rustwide/workdir/src/tests.rs:54:14
[INFO] [stdout]   22:     0x615864da4a20 - <async_std[d07f3c630279b0d4]::task::builder::SupportTaskLocals<ServerAPI[af28c30fccbe73d4]::tests::test_update_credentials::{closure#0}> as core[8fb95b77d25ab6c8]::future::future::Future>::poll::{closure#0}
[INFO] [stdout]                                at /opt/rustwide/cargo-home/registry/src/index.crates.io-1949cf8c6b5b557f/async-std-1.12.0/src/task/builder.rs:199:29
[INFO] [stdout]   23:     0x615864da72b8 - <async_std[d07f3c630279b0d4]::task::task_locals_wrapper::TaskLocalsWrapper>::set_current::<<async_std[d07f3c630279b0d4]::task::builder::SupportTaskLocals<ServerAPI[af28c30fccbe73d4]::tests::test_update_credentials::{closure#0}> as core[8fb95b77d25ab6c8]::future::future::Future>::poll::{closure#0}, core[8fb95b77d25ab6c8]::task::poll::Poll<()>>::{closure#0}
[INFO] [stdout]                                at /opt/rustwide/cargo-home/registry/src/index.crates.io-1949cf8c6b5b557f/async-std-1.12.0/src/task/task_locals_wrapper.rs:60:13
[INFO] [stdout]   24:     0x615864da2a45 - <std[10d71ac2c42b111e]::thread::local::LocalKey<core[8fb95b77d25ab6c8]::cell::Cell<*const async_std[d07f3c630279b0d4]::task::task_locals_wrapper::TaskLocalsWrapper>>>::try_with::<<async_std[d07f3c630279b0d4]::task::task_locals_wrapper::TaskLocalsWrapper>::set_current<<async_std[d07f3c630279b0d4]::task::builder::SupportTaskLocals<ServerAPI[af28c30fccbe73d4]::tests::test_update_credentials::{closure#0}> as core[8fb95b77d25ab6c8]::future::future::Future>::poll::{closure#0}, core[8fb95b77d25ab6c8]::task::poll::Poll<()>>::{closure#0}, core[8fb95b77d25ab6c8]::task::poll::Poll<()>>
[INFO] [stdout]                                at /rustc/b2282dd5646a57d570fc86fbe8df0e8826665ef6/library/std/src/thread/local.rs:462:12
[INFO] [stdout]   25:     0x615864da1d6e - <std[10d71ac2c42b111e]::thread::local::LocalKey<core[8fb95b77d25ab6c8]::cell::Cell<*const async_std[d07f3c630279b0d4]::task::task_locals_wrapper::TaskLocalsWrapper>>>::with::<<async_std[d07f3c630279b0d4]::task::task_locals_wrapper::TaskLocalsWrapper>::set_current<<async_std[d07f3c630279b0d4]::task::builder::SupportTaskLocals<ServerAPI[af28c30fccbe73d4]::tests::test_update_credentials::{closure#0}> as core[8fb95b77d25ab6c8]::future::future::Future>::poll::{closure#0}, core[8fb95b77d25ab6c8]::task::poll::Poll<()>>::{closure#0}, core[8fb95b77d25ab6c8]::task::poll::Poll<()>>
[INFO] [stdout]                                at /rustc/b2282dd5646a57d570fc86fbe8df0e8826665ef6/library/std/src/thread/local.rs:426:20
[INFO] [stdout]   26:     0x615864da5a08 - <async_std[d07f3c630279b0d4]::task::task_locals_wrapper::TaskLocalsWrapper>::set_current::<<async_std[d07f3c630279b0d4]::task::builder::SupportTaskLocals<ServerAPI[af28c30fccbe73d4]::tests::test_update_credentials::{closure#0}> as core[8fb95b77d25ab6c8]::future::future::Future>::poll::{closure#0}, core[8fb95b77d25ab6c8]::task::poll::Poll<()>>
[INFO] [stdout]                                at /opt/rustwide/cargo-home/registry/src/index.crates.io-1949cf8c6b5b557f/async-std-1.12.0/src/task/task_locals_wrapper.rs:55:17
[INFO] [stdout]   27:     0x615864da517a - <async_std[d07f3c630279b0d4]::task::builder::SupportTaskLocals<ServerAPI[af28c30fccbe73d4]::tests::test_update_credentials::{closure#0}> as core[8fb95b77d25ab6c8]::future::future::Future>::poll
[INFO] [stdout]                                at /opt/rustwide/cargo-home/registry/src/index.crates.io-1949cf8c6b5b557f/async-std-1.12.0/src/task/builder.rs:197:13
[INFO] [stdout]   28:     0x615864daf6f4 - <futures_lite[34fbb1d47e7006be]::future::Or<async_std[d07f3c630279b0d4]::task::builder::SupportTaskLocals<ServerAPI[af28c30fccbe73d4]::tests::test_update_credentials::{closure#0}>, <async_executor[8b0e3af77d67b4c0]::State>::run<(), async_std[d07f3c630279b0d4]::task::builder::SupportTaskLocals<ServerAPI[af28c30fccbe73d4]::tests::test_update_credentials::{closure#0}>>::{closure#0}::{closure#0}> as core[8fb95b77d25ab6c8]::future::future::Future>::poll
[INFO] [stdout]                                at /opt/rustwide/cargo-home/registry/src/index.crates.io-1949cf8c6b5b557f/futures-lite-2.3.0/src/future.rs:446:46
[INFO] [stdout]   29:     0x615864d9db7e - <async_executor[8b0e3af77d67b4c0]::State>::run::<(), async_std[d07f3c630279b0d4]::task::builder::SupportTaskLocals<ServerAPI[af28c30fccbe73d4]::tests::test_update_credentials::{closure#0}>>::{closure#0}
[INFO] [stdout]                                at /opt/rustwide/cargo-home/registry/src/index.crates.io-1949cf8c6b5b557f/async-executor-1.12.0/src/lib.rs:747:32
[INFO] [stdout]   30:     0x615864d9cf7a - <async_executor[8b0e3af77d67b4c0]::Executor>::run::<(), async_std[d07f3c630279b0d4]::task::builder::SupportTaskLocals<ServerAPI[af28c30fccbe73d4]::tests::test_update_credentials::{closure#0}>>::{closure#0}
[INFO] [stdout]                                at /opt/rustwide/cargo-home/registry/src/index.crates.io-1949cf8c6b5b557f/async-executor-1.12.0/src/lib.rs:343:34
[INFO] [stdout]   31:     0x615864d9d47e - <async_executor[8b0e3af77d67b4c0]::LocalExecutor>::run::<(), async_std[d07f3c630279b0d4]::task::builder::SupportTaskLocals<ServerAPI[af28c30fccbe73d4]::tests::test_update_credentials::{closure#0}>>::{closure#0}
[INFO] [stdout]                                at /opt/rustwide/cargo-home/registry/src/index.crates.io-1949cf8c6b5b557f/async-executor-1.12.0/src/lib.rs:647:34
[INFO] [stdout]   32:     0x615864d91474 - async_io[e33986720245e5be]::driver::block_on::<(), <async_executor[8b0e3af77d67b4c0]::LocalExecutor>::run<(), async_std[d07f3c630279b0d4]::task::builder::SupportTaskLocals<ServerAPI[af28c30fccbe73d4]::tests::test_update_credentials::{closure#0}>>::{closure#0}>::{closure#1}
[INFO] [stdout]                                at /opt/rustwide/cargo-home/registry/src/index.crates.io-1949cf8c6b5b557f/async-io-2.3.3/src/driver.rs:199:53
[INFO] [stdout]   33:     0x615864da3aed - <std[10d71ac2c42b111e]::thread::local::LocalKey<core[8fb95b77d25ab6c8]::cell::RefCell<(parking[bd228741835d1352]::Parker, core[8fb95b77d25ab6c8]::task::wake::Waker, alloc[a7ee25936407c584]::sync::Arc<core[8fb95b77d25ab6c8]::sync::atomic::Atomic<bool>>)>>>::try_with::<async_io[e33986720245e5be]::driver::block_on<(), <async_executor[8b0e3af77d67b4c0]::LocalExecutor>::run<(), async_std[d07f3c630279b0d4]::task::builder::SupportTaskLocals<ServerAPI[af28c30fccbe73d4]::tests::test_update_credentials::{closure#0}>>::{closure#0}>::{closure#1}, ()>
[INFO] [stdout]                                at /rustc/b2282dd5646a57d570fc86fbe8df0e8826665ef6/library/std/src/thread/local.rs:462:12
[INFO] [stdout]   34:     0x615864da387e - <std[10d71ac2c42b111e]::thread::local::LocalKey<core[8fb95b77d25ab6c8]::cell::RefCell<(parking[bd228741835d1352]::Parker, core[8fb95b77d25ab6c8]::task::wake::Waker, alloc[a7ee25936407c584]::sync::Arc<core[8fb95b77d25ab6c8]::sync::atomic::Atomic<bool>>)>>>::with::<async_io[e33986720245e5be]::driver::block_on<(), <async_executor[8b0e3af77d67b4c0]::LocalExecutor>::run<(), async_std[d07f3c630279b0d4]::task::builder::SupportTaskLocals<ServerAPI[af28c30fccbe73d4]::tests::test_update_credentials::{closure#0}>>::{closure#0}>::{closure#1}, ()>
[INFO] [stdout]                                at /rustc/b2282dd5646a57d570fc86fbe8df0e8826665ef6/library/std/src/thread/local.rs:426:20
[INFO] [stdout]   35:     0x615864d8d70e - async_io[e33986720245e5be]::driver::block_on::<(), <async_executor[8b0e3af77d67b4c0]::LocalExecutor>::run<(), async_std[d07f3c630279b0d4]::task::builder::SupportTaskLocals<ServerAPI[af28c30fccbe73d4]::tests::test_update_credentials::{closure#0}>>::{closure#0}>
[INFO] [stdout]                                at /opt/rustwide/cargo-home/registry/src/index.crates.io-1949cf8c6b5b557f/async-io-2.3.3/src/driver.rs:175:11
[INFO] [stdout]   36:     0x615864da7393 - async_global_executor[d52a9c0c24deff95]::reactor::block_on::<<async_executor[8b0e3af77d67b4c0]::LocalExecutor>::run<(), async_std[d07f3c630279b0d4]::task::builder::SupportTaskLocals<ServerAPI[af28c30fccbe73d4]::tests::test_update_credentials::{closure#0}>>::{closure#0}, ()>::{closure#0}
[INFO] [stdout]                                at /opt/rustwide/cargo-home/registry/src/index.crates.io-1949cf8c6b5b557f/async-global-executor-2.4.1/src/reactor.rs:3:18
[INFO] [stdout]   37:     0x615864da5c1d - async_global_executor[d52a9c0c24deff95]::reactor::block_on::<<async_executor[8b0e3af77d67b4c0]::LocalExecutor>::run<(), async_std[d07f3c630279b0d4]::task::builder::SupportTaskLocals<ServerAPI[af28c30fccbe73d4]::tests::test_update_credentials::{closure#0}>>::{closure#0}, ()>
[INFO] [stdout]                                at /opt/rustwide/cargo-home/registry/src/index.crates.io-1949cf8c6b5b557f/async-global-executor-2.4.1/src/reactor.rs:12:5
[INFO] [stdout]   38:     0x615864dae97d - async_global_executor[d52a9c0c24deff95]::executor::block_on::<async_std[d07f3c630279b0d4]::task::builder::SupportTaskLocals<ServerAPI[af28c30fccbe73d4]::tests::test_update_credentials::{closure#0}>, ()>::{closure#0}
[INFO] [stdout]                                at /opt/rustwide/cargo-home/registry/src/index.crates.io-1949cf8c6b5b557f/async-global-executor-2.4.1/src/executor.rs:26:36
[INFO] [stdout]   39:     0x615864da3ded - <std[10d71ac2c42b111e]::thread::local::LocalKey<async_executor[8b0e3af77d67b4c0]::LocalExecutor>>::try_with::<async_global_executor[d52a9c0c24deff95]::executor::block_on<async_std[d07f3c630279b0d4]::task::builder::SupportTaskLocals<ServerAPI[af28c30fccbe73d4]::tests::test_update_credentials::{closure#0}>, ()>::{closure#0}, ()>
[INFO] [stdout]                                at /rustc/b2282dd5646a57d570fc86fbe8df0e8826665ef6/library/std/src/thread/local.rs:462:12
[INFO] [stdout]   40:     0x615864da3b7e - <std[10d71ac2c42b111e]::thread::local::LocalKey<async_executor[8b0e3af77d67b4c0]::LocalExecutor>>::with::<async_global_executor[d52a9c0c24deff95]::executor::block_on<async_std[d07f3c630279b0d4]::task::builder::SupportTaskLocals<ServerAPI[af28c30fccbe73d4]::tests::test_update_credentials::{closure#0}>, ()>::{closure#0}, ()>
[INFO] [stdout]                                at /rustc/b2282dd5646a57d570fc86fbe8df0e8826665ef6/library/std/src/thread/local.rs:426:20
[INFO] [stdout]   41:     0x615864daddaa - async_global_executor[d52a9c0c24deff95]::executor::block_on::<async_std[d07f3c630279b0d4]::task::builder::SupportTaskLocals<ServerAPI[af28c30fccbe73d4]::tests::test_update_credentials::{closure#0}>, ()>
[INFO] [stdout]                                at /opt/rustwide/cargo-home/registry/src/index.crates.io-1949cf8c6b5b557f/async-global-executor-2.4.1/src/executor.rs:26:20
[INFO] [stdout]   42:     0x615864da47f0 - <async_std[d07f3c630279b0d4]::task::builder::Builder>::blocking::<ServerAPI[af28c30fccbe73d4]::tests::test_update_credentials::{closure#0}, ()>::{closure#0}::{closure#0}
[INFO] [stdout]                                at /opt/rustwide/cargo-home/registry/src/index.crates.io-1949cf8c6b5b557f/async-std-1.12.0/src/task/builder.rs:171:25
[INFO] [stdout]   43:     0x615864da6e36 - <async_std[d07f3c630279b0d4]::task::task_locals_wrapper::TaskLocalsWrapper>::set_current::<<async_std[d07f3c630279b0d4]::task::builder::Builder>::blocking<ServerAPI[af28c30fccbe73d4]::tests::test_update_credentials::{closure#0}, ()>::{closure#0}::{closure#0}, ()>::{closure#0}
[INFO] [stdout]                                at /opt/rustwide/cargo-home/registry/src/index.crates.io-1949cf8c6b5b557f/async-std-1.12.0/src/task/task_locals_wrapper.rs:60:13
[INFO] [stdout]   44:     0x615864da249f - <std[10d71ac2c42b111e]::thread::local::LocalKey<core[8fb95b77d25ab6c8]::cell::Cell<*const async_std[d07f3c630279b0d4]::task::task_locals_wrapper::TaskLocalsWrapper>>>::try_with::<<async_std[d07f3c630279b0d4]::task::task_locals_wrapper::TaskLocalsWrapper>::set_current<<async_std[d07f3c630279b0d4]::task::builder::Builder>::blocking<ServerAPI[af28c30fccbe73d4]::tests::test_update_credentials::{closure#0}, ()>::{closure#0}::{closure#0}, ()>::{closure#0}, ()>
[INFO] [stdout]                                at /rustc/b2282dd5646a57d570fc86fbe8df0e8826665ef6/library/std/src/thread/local.rs:462:12
[INFO] [stdout]   45:     0x615864da1b9e - <std[10d71ac2c42b111e]::thread::local::LocalKey<core[8fb95b77d25ab6c8]::cell::Cell<*const async_std[d07f3c630279b0d4]::task::task_locals_wrapper::TaskLocalsWrapper>>>::with::<<async_std[d07f3c630279b0d4]::task::task_locals_wrapper::TaskLocalsWrapper>::set_current<<async_std[d07f3c630279b0d4]::task::builder::Builder>::blocking<ServerAPI[af28c30fccbe73d4]::tests::test_update_credentials::{closure#0}, ()>::{closure#0}::{closure#0}, ()>::{closure#0}, ()>
[INFO] [stdout]                                at /rustc/b2282dd5646a57d570fc86fbe8df0e8826665ef6/library/std/src/thread/local.rs:426:20
[INFO] [stdout]   46:     0x615864da589a - <async_std[d07f3c630279b0d4]::task::task_locals_wrapper::TaskLocalsWrapper>::set_current::<<async_std[d07f3c630279b0d4]::task::builder::Builder>::blocking<ServerAPI[af28c30fccbe73d4]::tests::test_update_credentials::{closure#0}, ()>::{closure#0}::{closure#0}, ()>
[INFO] [stdout]                                at /opt/rustwide/cargo-home/registry/src/index.crates.io-1949cf8c6b5b557f/async-std-1.12.0/src/task/task_locals_wrapper.rs:55:17
[INFO] [stdout]   47:     0x615864da430c - <async_std[d07f3c630279b0d4]::task::builder::Builder>::blocking::<ServerAPI[af28c30fccbe73d4]::tests::test_update_credentials::{closure#0}, ()>::{closure#0}
[INFO] [stdout]                                at /opt/rustwide/cargo-home/registry/src/index.crates.io-1949cf8c6b5b557f/async-std-1.12.0/src/task/builder.rs:168:17
[INFO] [stdout]   48:     0x615864da35ad - <std[10d71ac2c42b111e]::thread::local::LocalKey<core[8fb95b77d25ab6c8]::cell::Cell<usize>>>::try_with::<<async_std[d07f3c630279b0d4]::task::builder::Builder>::blocking<ServerAPI[af28c30fccbe73d4]::tests::test_update_credentials::{closure#0}, ()>::{closure#0}, ()>
[INFO] [stdout]                                at /rustc/b2282dd5646a57d570fc86fbe8df0e8826665ef6/library/std/src/thread/local.rs:462:12
[INFO] [stdout]   49:     0x615864da333e - <std[10d71ac2c42b111e]::thread::local::LocalKey<core[8fb95b77d25ab6c8]::cell::Cell<usize>>>::with::<<async_std[d07f3c630279b0d4]::task::builder::Builder>::blocking<ServerAPI[af28c30fccbe73d4]::tests::test_update_credentials::{closure#0}, ()>::{closure#0}, ()>
[INFO] [stdout]                                at /rustc/b2282dd5646a57d570fc86fbe8df0e8826665ef6/library/std/src/thread/local.rs:426:20
[INFO] [stdout]   50:     0x615864da1965 - <async_std[d07f3c630279b0d4]::task::builder::Builder>::blocking::<ServerAPI[af28c30fccbe73d4]::tests::test_update_credentials::{closure#0}, ()>
[INFO] [stdout]                                at /opt/rustwide/cargo-home/registry/src/index.crates.io-1949cf8c6b5b557f/async-std-1.12.0/src/task/builder.rs:161:29
[INFO] [stdout]   51:     0x615864da3fac - async_std[d07f3c630279b0d4]::task::block_on::block_on::<ServerAPI[af28c30fccbe73d4]::tests::test_update_credentials::{closure#0}, ()>
[INFO] [stdout]                                at /opt/rustwide/cargo-home/registry/src/index.crates.io-1949cf8c6b5b557f/async-std-1.12.0/src/task/block_on.rs:33:20
[INFO] [stdout]   52:     0x615864d99a42 - ServerAPI[af28c30fccbe73d4]::tests::test_update_credentials
[INFO] [stdout]                                at /opt/rustwide/workdir/src/tests.rs:50:5
[INFO] [stdout]   53:     0x615864d981c7 - ServerAPI[af28c30fccbe73d4]::tests::test_update_credentials::{closure#0}
[INFO] [stdout]                                at /opt/rustwide/workdir/src/tests.rs:46:29
[INFO] [stdout]   54:     0x615864d84786 - <ServerAPI[af28c30fccbe73d4]::tests::test_update_credentials::{closure#0} as core[8fb95b77d25ab6c8]::ops::function::FnOnce<()>>::call_once
[INFO] [stdout]                                at /rustc/b2282dd5646a57d570fc86fbe8df0e8826665ef6/library/core/src/ops/function.rs:250:5
[INFO] [stdout]   55:     0x615864dafccb - <fn() -> core[8fb95b77d25ab6c8]::result::Result<(), alloc[a7ee25936407c584]::string::String> as core[8fb95b77d25ab6c8]::ops::function::FnOnce<()>>::call_once
[INFO] [stdout]                                at /rustc/b2282dd5646a57d570fc86fbe8df0e8826665ef6/library/core/src/ops/function.rs:250:5
[INFO] [stdout]   56:     0x615864dafccb - test[213991da798b1c03]::__rust_begin_short_backtrace::<core[8fb95b77d25ab6c8]::result::Result<(), alloc[a7ee25936407c584]::string::String>, fn() -> core[8fb95b77d25ab6c8]::result::Result<(), alloc[a7ee25936407c584]::string::String>>
[INFO] [stdout]                                at /rustc/b2282dd5646a57d570fc86fbe8df0e8826665ef6/library/test/src/lib.rs:724:18
[INFO] [stdout]   57:     0x615864dbd545 - test[213991da798b1c03]::run_test_in_process::{closure#0}
[INFO] [stdout]                                at /rustc/b2282dd5646a57d570fc86fbe8df0e8826665ef6/library/test/src/lib.rs:747:74
[INFO] [stdout]   58:     0x615864dbd545 - <core[8fb95b77d25ab6c8]::panic::unwind_safe::AssertUnwindSafe<test[213991da798b1c03]::run_test_in_process::{closure#0}> as core[8fb95b77d25ab6c8]::ops::function::FnOnce<()>>::call_once
[INFO] [stdout]                                at /rustc/b2282dd5646a57d570fc86fbe8df0e8826665ef6/library/core/src/panic/unwind_safe.rs:275:9
[INFO] [stdout]   59:     0x615864dbd545 - std[10d71ac2c42b111e]::panicking::catch_unwind::do_call::<core[8fb95b77d25ab6c8]::panic::unwind_safe::AssertUnwindSafe<test[213991da798b1c03]::run_test_in_process::{closure#0}>, core[8fb95b77d25ab6c8]::result::Result<(), alloc[a7ee25936407c584]::string::String>>
[INFO] [stdout]                                at /rustc/b2282dd5646a57d570fc86fbe8df0e8826665ef6/library/std/src/panicking.rs:581:40
[INFO] [stdout]   60:     0x615864dbd545 - std[10d71ac2c42b111e]::panicking::catch_unwind::<core[8fb95b77d25ab6c8]::result::Result<(), alloc[a7ee25936407c584]::string::String>, core[8fb95b77d25ab6c8]::panic::unwind_safe::AssertUnwindSafe<test[213991da798b1c03]::run_test_in_process::{closure#0}>>
[INFO] [stdout]                                at /rustc/b2282dd5646a57d570fc86fbe8df0e8826665ef6/library/std/src/panicking.rs:544:19
[INFO] [stdout]   61:     0x615864dbd545 - std[10d71ac2c42b111e]::panic::catch_unwind::<core[8fb95b77d25ab6c8]::panic::unwind_safe::AssertUnwindSafe<test[213991da798b1c03]::run_test_in_process::{closure#0}>, core[8fb95b77d25ab6c8]::result::Result<(), alloc[a7ee25936407c584]::string::String>>
[INFO] [stdout]                                at /rustc/b2282dd5646a57d570fc86fbe8df0e8826665ef6/library/std/src/panic.rs:359:14
[INFO] [stdout]   62:     0x615864dbd545 - test[213991da798b1c03]::run_test_in_process
[INFO] [stdout]                                at /rustc/b2282dd5646a57d570fc86fbe8df0e8826665ef6/library/test/src/lib.rs:747:27
[INFO] [stdout]   63:     0x615864dbd545 - test[213991da798b1c03]::run_test::{closure#0}
[INFO] [stdout]                                at /rustc/b2282dd5646a57d570fc86fbe8df0e8826665ef6/library/test/src/lib.rs:668:43
[INFO] [stdout]   64:     0x615864db6e54 - test[213991da798b1c03]::run_test::{closure#1}
[INFO] [stdout]                                at /rustc/b2282dd5646a57d570fc86fbe8df0e8826665ef6/library/test/src/lib.rs:698:41
[INFO] [stdout]   65:     0x615864db6e54 - std[10d71ac2c42b111e]::sys::backtrace::__rust_begin_short_backtrace::<test[213991da798b1c03]::run_test::{closure#1}, ()>
[INFO] [stdout]                                at /rustc/b2282dd5646a57d570fc86fbe8df0e8826665ef6/library/std/src/sys/backtrace.rs:166:18
[INFO] [stdout]   66:     0x615864dc05c2 - std[10d71ac2c42b111e]::thread::lifecycle::spawn_unchecked::<test[213991da798b1c03]::run_test::{closure#1}, ()>::{closure#1}::{closure#0}
[INFO] [stdout]                                at /rustc/b2282dd5646a57d570fc86fbe8df0e8826665ef6/library/std/src/thread/lifecycle.rs:70:13
[INFO] [stdout]   67:     0x615864dc05c2 - <core[8fb95b77d25ab6c8]::panic::unwind_safe::AssertUnwindSafe<std[10d71ac2c42b111e]::thread::lifecycle::spawn_unchecked<test[213991da798b1c03]::run_test::{closure#1}, ()>::{closure#1}::{closure#0}> as core[8fb95b77d25ab6c8]::ops::function::FnOnce<()>>::call_once
[INFO] [stdout]                                at /rustc/b2282dd5646a57d570fc86fbe8df0e8826665ef6/library/core/src/panic/unwind_safe.rs:275:9
[INFO] [stdout]   68:     0x615864dc05c2 - std[10d71ac2c42b111e]::panicking::catch_unwind::do_call::<core[8fb95b77d25ab6c8]::panic::unwind_safe::AssertUnwindSafe<std[10d71ac2c42b111e]::thread::lifecycle::spawn_unchecked<test[213991da798b1c03]::run_test::{closure#1}, ()>::{closure#1}::{closure#0}>, ()>
[INFO] [stdout]                                at /rustc/b2282dd5646a57d570fc86fbe8df0e8826665ef6/library/std/src/panicking.rs:581:40
[INFO] [stdout]   69:     0x615864dc05c2 - std[10d71ac2c42b111e]::panicking::catch_unwind::<(), core[8fb95b77d25ab6c8]::panic::unwind_safe::AssertUnwindSafe<std[10d71ac2c42b111e]::thread::lifecycle::spawn_unchecked<test[213991da798b1c03]::run_test::{closure#1}, ()>::{closure#1}::{closure#0}>>
[INFO] [stdout]                                at /rustc/b2282dd5646a57d570fc86fbe8df0e8826665ef6/library/std/src/panicking.rs:544:19
[INFO] [stdout]   70:     0x615864dc05c2 - std[10d71ac2c42b111e]::panic::catch_unwind::<core[8fb95b77d25ab6c8]::panic::unwind_safe::AssertUnwindSafe<std[10d71ac2c42b111e]::thread::lifecycle::spawn_unchecked<test[213991da798b1c03]::run_test::{closure#1}, ()>::{closure#1}::{closure#0}>, ()>
[INFO] [stdout]                                at /rustc/b2282dd5646a57d570fc86fbe8df0e8826665ef6/library/std/src/panic.rs:359:14
[INFO] [stdout]   71:     0x615864dc05c2 - std[10d71ac2c42b111e]::thread::lifecycle::spawn_unchecked::<test[213991da798b1c03]::run_test::{closure#1}, ()>::{closure#1}
[INFO] [stdout]                                at /rustc/b2282dd5646a57d570fc86fbe8df0e8826665ef6/library/std/src/thread/lifecycle.rs:68:26
[INFO] [stdout]   72:     0x615864dc05c2 - <std[10d71ac2c42b111e]::thread::lifecycle::spawn_unchecked<test[213991da798b1c03]::run_test::{closure#1}, ()>::{closure#1} as core[8fb95b77d25ab6c8]::ops::function::FnOnce<()>>::call_once::{shim:vtable#0}
[INFO] [stdout]                                at /rustc/b2282dd5646a57d570fc86fbe8df0e8826665ef6/library/core/src/ops/function.rs:250:5
[INFO] [stdout]   73:     0x615864eddcef - <alloc[a7ee25936407c584]::boxed::Box<dyn core[8fb95b77d25ab6c8]::ops::function::FnOnce<(), Output = ()> + core[8fb95b77d25ab6c8]::marker::Send> as core[8fb95b77d25ab6c8]::ops::function::FnOnce<()>>::call_once
[INFO] [stdout]                                at /rustc/b2282dd5646a57d570fc86fbe8df0e8826665ef6/library/alloc/src/boxed.rs:2275:9
[INFO] [stdout]   74:     0x615864eddcef - <std[10d71ac2c42b111e]::sys::thread::unix::Thread>::new::thread_start
[INFO] [stdout]                                at /rustc/b2282dd5646a57d570fc86fbe8df0e8826665ef6/library/std/src/sys/thread/unix.rs:118:17
[INFO] [stdout]   75:     0x777222825aa4 - <unknown>
[INFO] [stdout]   76:     0x7772228b2a64 - clone
[INFO] [stdout]   77:                0x0 - <unknown>
[INFO] [stdout] 
[INFO] [stdout] ---- tests::test_write_to_file stdout ----
[INFO] [stdout] 
[INFO] [stdout] thread 'tests::test_write_to_file' (1666) panicked at src/tests.rs:24:14:
[INFO] [stdout] Failed to write to file: "Read-only file system (os error 30)"
[INFO] [stdout] stack backtrace:
[INFO] [stdout]    0:     0x615864ede598 - std[10d71ac2c42b111e]::backtrace_rs::backtrace::libunwind::trace
[INFO] [stdout]                                at /rustc/b2282dd5646a57d570fc86fbe8df0e8826665ef6/library/std/src/../../backtrace/src/backtrace/libunwind.rs:117:9
[INFO] [stdout]    1:     0x615864ede598 - std[10d71ac2c42b111e]::backtrace_rs::backtrace::trace_unsynchronized::<std[10d71ac2c42b111e]::sys::backtrace::_print_fmt::{closure#1}>
[INFO] [stdout]                                at /rustc/b2282dd5646a57d570fc86fbe8df0e8826665ef6/library/std/src/../../backtrace/src/backtrace/mod.rs:66:14
[INFO] [stdout]    2:     0x615864ede598 - std[10d71ac2c42b111e]::sys::backtrace::_print_fmt
[INFO] [stdout]                                at /rustc/b2282dd5646a57d570fc86fbe8df0e8826665ef6/library/std/src/sys/backtrace.rs:74:9
[INFO] [stdout]    3:     0x615864ede598 - <<std[10d71ac2c42b111e]::sys::backtrace::BacktraceLock>::print::DisplayBacktrace as core[8fb95b77d25ab6c8]::fmt::Display>::fmt
[INFO] [stdout]                                at /rustc/b2282dd5646a57d570fc86fbe8df0e8826665ef6/library/std/src/sys/backtrace.rs:44:26
[INFO] [stdout]    4:     0x615864ef285a - <core[8fb95b77d25ab6c8]::fmt::rt::Argument>::fmt
[INFO] [stdout]                                at /rustc/b2282dd5646a57d570fc86fbe8df0e8826665ef6/library/core/src/fmt/rt.rs:152:76
[INFO] [stdout]    5:     0x615864ef285a - core[8fb95b77d25ab6c8]::fmt::write
[INFO] [stdout]    6:     0x615864ee3082 - std[10d71ac2c42b111e]::io::default_write_fmt::<alloc[a7ee25936407c584]::vec::Vec<u8>>
[INFO] [stdout]                                at /rustc/b2282dd5646a57d570fc86fbe8df0e8826665ef6/library/std/src/io/mod.rs:622:11
[INFO] [stdout]    7:     0x615864ee3082 - <alloc[a7ee25936407c584]::vec::Vec<u8> as std[10d71ac2c42b111e]::io::Write>::write_fmt
[INFO] [stdout]                                at /rustc/b2282dd5646a57d570fc86fbe8df0e8826665ef6/library/std/src/io/mod.rs:1977:13
[INFO] [stdout]    8:     0x615864ebc416 - <std[10d71ac2c42b111e]::sys::backtrace::BacktraceLock>::print
[INFO] [stdout]                                at /rustc/b2282dd5646a57d570fc86fbe8df0e8826665ef6/library/std/src/sys/backtrace.rs:47:9
[INFO] [stdout]    9:     0x615864ebc416 - std[10d71ac2c42b111e]::panicking::default_hook::{closure#0}
[INFO] [stdout]                                at /rustc/b2282dd5646a57d570fc86fbe8df0e8826665ef6/library/std/src/panicking.rs:292:27
[INFO] [stdout]   10:     0x615864ed6619 - std[10d71ac2c42b111e]::panicking::default_hook
[INFO] [stdout]                                at /rustc/b2282dd5646a57d570fc86fbe8df0e8826665ef6/library/std/src/panicking.rs:316:9
[INFO] [stdout]   11:     0x615864dbcbec - <alloc[a7ee25936407c584]::boxed::Box<dyn for<'a, 'b> core[8fb95b77d25ab6c8]::ops::function::Fn<(&'a std[10d71ac2c42b111e]::panic::PanicHookInfo<'b>,), Output = ()> + core[8fb95b77d25ab6c8]::marker::Sync + core[8fb95b77d25ab6c8]::marker::Send> as core[8fb95b77d25ab6c8]::ops::function::Fn<(&std[10d71ac2c42b111e]::panic::PanicHookInfo,)>>::call
[INFO] [stdout]                                at /rustc/b2282dd5646a57d570fc86fbe8df0e8826665ef6/library/alloc/src/boxed.rs:2289:9
[INFO] [stdout]   12:     0x615864dbcbec - test[213991da798b1c03]::test_main_inner::<test[213991da798b1c03]::test_main_static::{closure#0}>::{closure#0}
[INFO] [stdout]                                at /rustc/b2282dd5646a57d570fc86fbe8df0e8826665ef6/library/test/src/lib.rs:155:21
[INFO] [stdout]   13:     0x615864ed6892 - <alloc[a7ee25936407c584]::boxed::Box<dyn for<'a, 'b> core[8fb95b77d25ab6c8]::ops::function::Fn<(&'a std[10d71ac2c42b111e]::panic::PanicHookInfo<'b>,), Output = ()> + core[8fb95b77d25ab6c8]::marker::Sync + core[8fb95b77d25ab6c8]::marker::Send> as core[8fb95b77d25ab6c8]::ops::function::Fn<(&std[10d71ac2c42b111e]::panic::PanicHookInfo,)>>::call
[INFO] [stdout]                                at /rustc/b2282dd5646a57d570fc86fbe8df0e8826665ef6/library/alloc/src/boxed.rs:2289:9
[INFO] [stdout]   14:     0x615864ed6892 - std[10d71ac2c42b111e]::panicking::panic_with_hook
[INFO] [stdout]                                at /rustc/b2282dd5646a57d570fc86fbe8df0e8826665ef6/library/std/src/panicking.rs:833:13
[INFO] [stdout]   15:     0x615864ebc4d2 - std[10d71ac2c42b111e]::panicking::panic_handler::{closure#0}
[INFO] [stdout]                                at /rustc/b2282dd5646a57d570fc86fbe8df0e8826665ef6/library/std/src/panicking.rs:698:13
[INFO] [stdout]   16:     0x615864eb15c9 - std[10d71ac2c42b111e]::sys::backtrace::__rust_end_short_backtrace::<std[10d71ac2c42b111e]::panicking::panic_handler::{closure#0}, !>
[INFO] [stdout]                                at /rustc/b2282dd5646a57d570fc86fbe8df0e8826665ef6/library/std/src/sys/backtrace.rs:182:18
[INFO] [stdout]   17:     0x615864ebd1ed - __rustc[3be9ba60078d4c86]::rust_begin_unwind
[INFO] [stdout]                                at /rustc/b2282dd5646a57d570fc86fbe8df0e8826665ef6/library/std/src/panicking.rs:689:5
[INFO] [stdout]   18:     0x615864ef2fec - core[8fb95b77d25ab6c8]::panicking::panic_fmt
[INFO] [stdout]                                at /rustc/b2282dd5646a57d570fc86fbe8df0e8826665ef6/library/core/src/panicking.rs:80:14
[INFO] [stdout]   19:     0x615864ef2d62 - core[8fb95b77d25ab6c8]::result::unwrap_failed
[INFO] [stdout]                                at /rustc/b2282dd5646a57d570fc86fbe8df0e8826665ef6/library/core/src/result.rs:1867:5
[INFO] [stdout]   20:     0x615864daee11 - <core[8fb95b77d25ab6c8]::result::Result<(), alloc[a7ee25936407c584]::string::String>>::expect
[INFO] [stdout]                                at /rustc/b2282dd5646a57d570fc86fbe8df0e8826665ef6/library/core/src/result.rs:1185:23
[INFO] [stdout]   21:     0x615864d98790 - ServerAPI[af28c30fccbe73d4]::tests::test_write_to_file::{closure#0}
[INFO] [stdout]                                at /opt/rustwide/workdir/src/tests.rs:24:14
[INFO] [stdout]   22:     0x615864da49e0 - <async_std[d07f3c630279b0d4]::task::builder::SupportTaskLocals<ServerAPI[af28c30fccbe73d4]::tests::test_write_to_file::{closure#0}> as core[8fb95b77d25ab6c8]::future::future::Future>::poll::{closure#0}
[INFO] [stdout]                                at /opt/rustwide/cargo-home/registry/src/index.crates.io-1949cf8c6b5b557f/async-std-1.12.0/src/task/builder.rs:199:29
[INFO] [stdout]   23:     0x615864da71d8 - <async_std[d07f3c630279b0d4]::task::task_locals_wrapper::TaskLocalsWrapper>::set_current::<<async_std[d07f3c630279b0d4]::task::builder::SupportTaskLocals<ServerAPI[af28c30fccbe73d4]::tests::test_write_to_file::{closure#0}> as core[8fb95b77d25ab6c8]::future::future::Future>::poll::{closure#0}, core[8fb95b77d25ab6c8]::task::poll::Poll<()>>::{closure#0}
[INFO] [stdout]                                at /opt/rustwide/cargo-home/registry/src/index.crates.io-1949cf8c6b5b557f/async-std-1.12.0/src/task/task_locals_wrapper.rs:60:13
[INFO] [stdout]   24:     0x615864da2945 - <std[10d71ac2c42b111e]::thread::local::LocalKey<core[8fb95b77d25ab6c8]::cell::Cell<*const async_std[d07f3c630279b0d4]::task::task_locals_wrapper::TaskLocalsWrapper>>>::try_with::<<async_std[d07f3c630279b0d4]::task::task_locals_wrapper::TaskLocalsWrapper>::set_current<<async_std[d07f3c630279b0d4]::task::builder::SupportTaskLocals<ServerAPI[af28c30fccbe73d4]::tests::test_write_to_file::{closure#0}> as core[8fb95b77d25ab6c8]::future::future::Future>::poll::{closure#0}, core[8fb95b77d25ab6c8]::task::poll::Poll<()>>::{closure#0}, core[8fb95b77d25ab6c8]::task::poll::Poll<()>>
[INFO] [stdout]                                at /rustc/b2282dd5646a57d570fc86fbe8df0e8826665ef6/library/std/src/thread/local.rs:462:12
[INFO] [stdout]   25:     0x615864da1d1e - <std[10d71ac2c42b111e]::thread::local::LocalKey<core[8fb95b77d25ab6c8]::cell::Cell<*const async_std[d07f3c630279b0d4]::task::task_locals_wrapper::TaskLocalsWrapper>>>::with::<<async_std[d07f3c630279b0d4]::task::task_locals_wrapper::TaskLocalsWrapper>::set_current<<async_std[d07f3c630279b0d4]::task::builder::SupportTaskLocals<ServerAPI[af28c30fccbe73d4]::tests::test_write_to_file::{closure#0}> as core[8fb95b77d25ab6c8]::future::future::Future>::poll::{closure#0}, core[8fb95b77d25ab6c8]::task::poll::Poll<()>>::{closure#0}, core[8fb95b77d25ab6c8]::task::poll::Poll<()>>
[INFO] [stdout]                                at /rustc/b2282dd5646a57d570fc86fbe8df0e8826665ef6/library/std/src/thread/local.rs:426:20
[INFO] [stdout]   26:     0x615864da59c8 - <async_std[d07f3c630279b0d4]::task::task_locals_wrapper::TaskLocalsWrapper>::set_current::<<async_std[d07f3c630279b0d4]::task::builder::SupportTaskLocals<ServerAPI[af28c30fccbe73d4]::tests::test_write_to_file::{closure#0}> as core[8fb95b77d25ab6c8]::future::future::Future>::poll::{closure#0}, core[8fb95b77d25ab6c8]::task::poll::Poll<()>>
[INFO] [stdout]                                at /opt/rustwide/cargo-home/registry/src/index.crates.io-1949cf8c6b5b557f/async-std-1.12.0/src/task/task_locals_wrapper.rs:55:17
[INFO] [stdout]   27:     0x615864da513a - <async_std[d07f3c630279b0d4]::task::builder::SupportTaskLocals<ServerAPI[af28c30fccbe73d4]::tests::test_write_to_file::{closure#0}> as core[8fb95b77d25ab6c8]::future::future::Future>::poll
[INFO] [stdout]                                at /opt/rustwide/cargo-home/registry/src/index.crates.io-1949cf8c6b5b557f/async-std-1.12.0/src/task/builder.rs:197:13
[INFO] [stdout]   28:     0x615864daf654 - <futures_lite[34fbb1d47e7006be]::future::Or<async_std[d07f3c630279b0d4]::task::builder::SupportTaskLocals<ServerAPI[af28c30fccbe73d4]::tests::test_write_to_file::{closure#0}>, <async_executor[8b0e3af77d67b4c0]::State>::run<(), async_std[d07f3c630279b0d4]::task::builder::SupportTaskLocals<ServerAPI[af28c30fccbe73d4]::tests::test_write_to_file::{closure#0}>>::{closure#0}::{closure#0}> as core[8fb95b77d25ab6c8]::future::future::Future>::poll
[INFO] [stdout]                                at /opt/rustwide/cargo-home/registry/src/index.crates.io-1949cf8c6b5b557f/futures-lite-2.3.0/src/future.rs:446:46
[INFO] [stdout]   29:     0x615864d9d7e0 - <async_executor[8b0e3af77d67b4c0]::State>::run::<(), async_std[d07f3c630279b0d4]::task::builder::SupportTaskLocals<ServerAPI[af28c30fccbe73d4]::tests::test_write_to_file::{closure#0}>>::{closure#0}
[INFO] [stdout]                                at /opt/rustwide/cargo-home/registry/src/index.crates.io-1949cf8c6b5b557f/async-executor-1.12.0/src/lib.rs:747:32
[INFO] [stdout]   30:     0x615864d9ccfa - <async_executor[8b0e3af77d67b4c0]::Executor>::run::<(), async_std[d07f3c630279b0d4]::task::builder::SupportTaskLocals<ServerAPI[af28c30fccbe73d4]::tests::test_write_to_file::{closure#0}>>::{closure#0}
[INFO] [stdout]                                at /opt/rustwide/cargo-home/registry/src/index.crates.io-1949cf8c6b5b557f/async-executor-1.12.0/src/lib.rs:343:34
[INFO] [stdout]   31:     0x615864d9d1fe - <async_executor[8b0e3af77d67b4c0]::LocalExecutor>::run::<(), async_std[d07f3c630279b0d4]::task::builder::SupportTaskLocals<ServerAPI[af28c30fccbe73d4]::tests::test_write_to_file::{closure#0}>>::{closure#0}
[INFO] [stdout]                                at /opt/rustwide/cargo-home/registry/src/index.crates.io-1949cf8c6b5b557f/async-executor-1.12.0/src/lib.rs:647:34
[INFO] [stdout]   32:     0x615864d8e8f4 - async_io[e33986720245e5be]::driver::block_on::<(), <async_executor[8b0e3af77d67b4c0]::LocalExecutor>::run<(), async_std[d07f3c630279b0d4]::task::builder::SupportTaskLocals<ServerAPI[af28c30fccbe73d4]::tests::test_write_to_file::{closure#0}>>::{closure#0}>::{closure#1}
[INFO] [stdout]                                at /opt/rustwide/cargo-home/registry/src/index.crates.io-1949cf8c6b5b557f/async-io-2.3.3/src/driver.rs:199:53
[INFO] [stdout]   33:     0x615864da39ad - <std[10d71ac2c42b111e]::thread::local::LocalKey<core[8fb95b77d25ab6c8]::cell::RefCell<(parking[bd228741835d1352]::Parker, core[8fb95b77d25ab6c8]::task::wake::Waker, alloc[a7ee25936407c584]::sync::Arc<core[8fb95b77d25ab6c8]::sync::atomic::Atomic<bool>>)>>>::try_with::<async_io[e33986720245e5be]::driver::block_on<(), <async_executor[8b0e3af77d67b4c0]::LocalExecutor>::run<(), async_std[d07f3c630279b0d4]::task::builder::SupportTaskLocals<ServerAPI[af28c30fccbe73d4]::tests::test_write_to_file::{closure#0}>>::{closure#0}>::{closure#1}, ()>
[INFO] [stdout]                                at /rustc/b2282dd5646a57d570fc86fbe8df0e8826665ef6/library/std/src/thread/local.rs:462:12
[INFO] [stdout]   34:     0x615864da383e - <std[10d71ac2c42b111e]::thread::local::LocalKey<core[8fb95b77d25ab6c8]::cell::RefCell<(parking[bd228741835d1352]::Parker, core[8fb95b77d25ab6c8]::task::wake::Waker, alloc[a7ee25936407c584]::sync::Arc<core[8fb95b77d25ab6c8]::sync::atomic::Atomic<bool>>)>>>::with::<async_io[e33986720245e5be]::driver::block_on<(), <async_executor[8b0e3af77d67b4c0]::LocalExecutor>::run<(), async_std[d07f3c630279b0d4]::task::builder::SupportTaskLocals<ServerAPI[af28c30fccbe73d4]::tests::test_write_to_file::{closure#0}>>::{closure#0}>::{closure#1}, ()>
[INFO] [stdout]                                at /rustc/b2282dd5646a57d570fc86fbe8df0e8826665ef6/library/std/src/thread/local.rs:426:20
[INFO] [stdout]   35:     0x615864d8d16e - async_io[e33986720245e5be]::driver::block_on::<(), <async_executor[8b0e3af77d67b4c0]::LocalExecutor>::run<(), async_std[d07f3c630279b0d4]::task::builder::SupportTaskLocals<ServerAPI[af28c30fccbe73d4]::tests::test_write_to_file::{closure#0}>>::{closure#0}>
[INFO] [stdout]                                at /opt/rustwide/cargo-home/registry/src/index.crates.io-1949cf8c6b5b557f/async-io-2.3.3/src/driver.rs:175:11
[INFO] [stdout]   36:     0x615864da7363 - async_global_executor[d52a9c0c24deff95]::reactor::block_on::<<async_executor[8b0e3af77d67b4c0]::LocalExecutor>::run<(), async_std[d07f3c630279b0d4]::task::builder::SupportTaskLocals<ServerAPI[af28c30fccbe73d4]::tests::test_write_to_file::{closure#0}>>::{closure#0}, ()>::{closure#0}
[INFO] [stdout]                                at /opt/rustwide/cargo-home/registry/src/index.crates.io-1949cf8c6b5b557f/async-global-executor-2.4.1/src/reactor.rs:3:18
[INFO] [stdout]   37:     0x615864da5bcd - async_global_executor[d52a9c0c24deff95]::reactor::block_on::<<async_executor[8b0e3af77d67b4c0]::LocalExecutor>::run<(), async_std[d07f3c630279b0d4]::task::builder::SupportTaskLocals<ServerAPI[af28c30fccbe73d4]::tests::test_write_to_file::{closure#0}>>::{closure#0}, ()>
[INFO] [stdout]                                at /opt/rustwide/cargo-home/registry/src/index.crates.io-1949cf8c6b5b557f/async-global-executor-2.4.1/src/reactor.rs:12:5
[INFO] [stdout]   38:     0x615864dae91d - async_global_executor[d52a9c0c24deff95]::executor::block_on::<async_std[d07f3c630279b0d4]::task::builder::SupportTaskLocals<ServerAPI[af28c30fccbe73d4]::tests::test_write_to_file::{closure#0}>, ()>::{closure#0}
[INFO] [stdout]                                at /opt/rustwide/cargo-home/registry/src/index.crates.io-1949cf8c6b5b557f/async-global-executor-2.4.1/src/executor.rs:26:36
[INFO] [stdout]   39:     0x615864da3cad - <std[10d71ac2c42b111e]::thread::local::LocalKey<async_executor[8b0e3af77d67b4c0]::LocalExecutor>>::try_with::<async_global_executor[d52a9c0c24deff95]::executor::block_on<async_std[d07f3c630279b0d4]::task::builder::SupportTaskLocals<ServerAPI[af28c30fccbe73d4]::tests::test_write_to_file::{closure#0}>, ()>::{closure#0}, ()>
[INFO] [stdout]                                at /rustc/b2282dd5646a57d570fc86fbe8df0e8826665ef6/library/std/src/thread/local.rs:462:12
[INFO] [stdout]   40:     0x615864da3b3e - <std[10d71ac2c42b111e]::thread::local::LocalKey<async_executor[8b0e3af77d67b4c0]::LocalExecutor>>::with::<async_global_executor[d52a9c0c24deff95]::executor::block_on<async_std[d07f3c630279b0d4]::task::builder::SupportTaskLocals<ServerAPI[af28c30fccbe73d4]::tests::test_write_to_file::{closure#0}>, ()>::{closure#0}, ()>
[INFO] [stdout]                                at /rustc/b2282dd5646a57d570fc86fbe8df0e8826665ef6/library/std/src/thread/local.rs:426:20
[INFO] [stdout]   41:     0x615864dadd6a - async_global_executor[d52a9c0c24deff95]::executor::block_on::<async_std[d07f3c630279b0d4]::task::builder::SupportTaskLocals<ServerAPI[af28c30fccbe73d4]::tests::test_write_to_file::{closure#0}>, ()>
[INFO] [stdout]                                at /opt/rustwide/cargo-home/registry/src/index.crates.io-1949cf8c6b5b557f/async-global-executor-2.4.1/src/executor.rs:26:20
[INFO] [stdout]   42:     0x615864da4700 - <async_std[d07f3c630279b0d4]::task::builder::Builder>::blocking::<ServerAPI[af28c30fccbe73d4]::tests::test_write_to_file::{closure#0}, ()>::{closure#0}::{closure#0}
[INFO] [stdout]                                at /opt/rustwide/cargo-home/registry/src/index.crates.io-1949cf8c6b5b557f/async-std-1.12.0/src/task/builder.rs:171:25
[INFO] [stdout]   43:     0x615864da6d16 - <async_std[d07f3c630279b0d4]::task::task_locals_wrapper::TaskLocalsWrapper>::set_current::<<async_std[d07f3c630279b0d4]::task::builder::Builder>::blocking<ServerAPI[af28c30fccbe73d4]::tests::test_write_to_file::{closure#0}, ()>::{closure#0}::{closure#0}, ()>::{closure#0}
[INFO] [stdout]                                at /opt/rustwide/cargo-home/registry/src/index.crates.io-1949cf8c6b5b557f/async-std-1.12.0/src/task/task_locals_wrapper.rs:60:13
[INFO] [stdout]   44:     0x615864da235f - <std[10d71ac2c42b111e]::thread::local::LocalKey<core[8fb95b77d25ab6c8]::cell::Cell<*const async_std[d07f3c630279b0d4]::task::task_locals_wrapper::TaskLocalsWrapper>>>::try_with::<<async_std[d07f3c630279b0d4]::task::task_locals_wrapper::TaskLocalsWrapper>::set_current<<async_std[d07f3c630279b0d4]::task::builder::Builder>::blocking<ServerAPI[af28c30fccbe73d4]::tests::test_write_to_file::{closure#0}, ()>::{closure#0}::{closure#0}, ()>::{closure#0}, ()>
[INFO] [stdout]                                at /rustc/b2282dd5646a57d570fc86fbe8df0e8826665ef6/library/std/src/thread/local.rs:462:12
[INFO] [stdout]   45:     0x615864da1b5e - <std[10d71ac2c42b111e]::thread::local::LocalKey<core[8fb95b77d25ab6c8]::cell::Cell<*const async_std[d07f3c630279b0d4]::task::task_locals_wrapper::TaskLocalsWrapper>>>::with::<<async_std[d07f3c630279b0d4]::task::task_locals_wrapper::TaskLocalsWrapper>::set_current<<async_std[d07f3c630279b0d4]::task::builder::Builder>::blocking<ServerAPI[af28c30fccbe73d4]::tests::test_write_to_file::{closure#0}, ()>::{closure#0}::{closure#0}, ()>::{closure#0}, ()>
[INFO] [stdout]                                at /rustc/b2282dd5646a57d570fc86fbe8df0e8826665ef6/library/std/src/thread/local.rs:426:20
[INFO] [stdout]   46:     0x615864da584a - <async_std[d07f3c630279b0d4]::task::task_locals_wrapper::TaskLocalsWrapper>::set_current::<<async_std[d07f3c630279b0d4]::task::builder::Builder>::blocking<ServerAPI[af28c30fccbe73d4]::tests::test_write_to_file::{closure#0}, ()>::{closure#0}::{closure#0}, ()>
[INFO] [stdout]                                at /opt/rustwide/cargo-home/registry/src/index.crates.io-1949cf8c6b5b557f/async-std-1.12.0/src/task/task_locals_wrapper.rs:55:17
[INFO] [stdout]   47:     0x615864da41cc - <async_std[d07f3c630279b0d4]::task::builder::Builder>::blocking::<ServerAPI[af28c30fccbe73d4]::tests::test_write_to_file::{closure#0}, ()>::{closure#0}
[INFO] [stdout]                                at /opt/rustwide/cargo-home/registry/src/index.crates.io-1949cf8c6b5b557f/async-std-1.12.0/src/task/builder.rs:168:17
[INFO] [stdout]   48:     0x615864da346d - <std[10d71ac2c42b111e]::thread::local::LocalKey<core[8fb95b77d25ab6c8]::cell::Cell<usize>>>::try_with::<<async_std[d07f3c630279b0d4]::task::builder::Builder>::blocking<ServerAPI[af28c30fccbe73d4]::tests::test_write_to_file::{closure#0}, ()>::{closure#0}, ()>
[INFO] [stdout]                                at /rustc/b2282dd5646a57d570fc86fbe8df0e8826665ef6/library/std/src/thread/local.rs:462:12
[INFO] [stdout]   49:     0x615864da32fe - <std[10d71ac2c42b111e]::thread::local::LocalKey<core[8fb95b77d25ab6c8]::cell::Cell<usize>>>::with::<<async_std[d07f3c630279b0d4]::task::builder::Builder>::blocking<ServerAPI[af28c30fccbe73d4]::tests::test_write_to_file::{closure#0}, ()>::{closure#0}, ()>
[INFO] [stdout]                                at /rustc/b2282dd5646a57d570fc86fbe8df0e8826665ef6/library/std/src/thread/local.rs:426:20
[INFO] [stdout]   50:     0x615864da1695 - <async_std[d07f3c630279b0d4]::task::builder::Builder>::blocking::<ServerAPI[af28c30fccbe73d4]::tests::test_write_to_file::{closure#0}, ()>
[INFO] [stdout]                                at /opt/rustwide/cargo-home/registry/src/index.crates.io-1949cf8c6b5b557f/async-std-1.12.0/src/task/builder.rs:161:29
[INFO] [stdout]   51:     0x615864da3efc - async_std[d07f3c630279b0d4]::task::block_on::block_on::<ServerAPI[af28c30fccbe73d4]::tests::test_write_to_file::{closure#0}, ()>
[INFO] [stdout]                                at /opt/rustwide/cargo-home/registry/src/index.crates.io-1949cf8c6b5b557f/async-std-1.12.0/src/task/block_on.rs:33:20
[INFO] [stdout]   52:     0x615864d99a02 - ServerAPI[af28c30fccbe73d4]::tests::test_write_to_file
[INFO] [stdout]                                at /opt/rustwide/workdir/src/tests.rs:13:5
[INFO] [stdout]   53:     0x615864d98197 - ServerAPI[af28c30fccbe73d4]::tests::test_write_to_file::{closure#0}
[INFO] [stdout]                                at /opt/rustwide/workdir/src/tests.rs:9:24
[INFO] [stdout]   54:     0x615864d84746 - <ServerAPI[af28c30fccbe73d4]::tests::test_write_to_file::{closure#0} as core[8fb95b77d25ab6c8]::ops::function::FnOnce<()>>::call_once
[INFO] [stdout]                                at /rustc/b2282dd5646a57d570fc86fbe8df0e8826665ef6/library/core/src/ops/function.rs:250:5
[INFO] [stdout]   55:     0x615864dafccb - <fn() -> core[8fb95b77d25ab6c8]::result::Result<(), alloc[a7ee25936407c584]::string::String> as core[8fb95b77d25ab6c8]::ops::function::FnOnce<()>>::call_once
[INFO] [stdout]                                at /rustc/b2282dd5646a57d570fc86fbe8df0e8826665ef6/library/core/src/ops/function.rs:250:5
[INFO] [stdout]   56:     0x615864dafccb - test[213991da798b1c03]::__rust_begin_short_backtrace::<core[8fb95b77d25ab6c8]::result::Result<(), alloc[a7ee25936407c584]::string::String>, fn() -> core[8fb95b77d25ab6c8]::result::Result<(), alloc[a7ee25936407c584]::string::String>>
[INFO] [stdout]                                at /rustc/b2282dd5646a57d570fc86fbe8df0e8826665ef6/library/test/src/lib.rs:724:18
[INFO] [stdout]   57:     0x615864dbd545 - test[213991da798b1c03]::run_test_in_process::{closure#0}
[INFO] [stdout]                                at /rustc/b2282dd5646a57d570fc86fbe8df0e8826665ef6/library/test/src/lib.rs:747:74
[INFO] [stdout]   58:     0x615864dbd545 - <core[8fb95b77d25ab6c8]::panic::unwind_safe::AssertUnwindSafe<test[213991da798b1c03]::run_test_in_process::{closure#0}> as core[8fb95b77d25ab6c8]::ops::function::FnOnce<()>>::call_once
[INFO] [stdout]                                at /rustc/b2282dd5646a57d570fc86fbe8df0e8826665ef6/library/core/src/panic/unwind_safe.rs:275:9
[INFO] [stdout]   59:     0x615864dbd545 - std[10d71ac2c42b111e]::panicking::catch_unwind::do_call::<core[8fb95b77d25ab6c8]::panic::unwind_safe::AssertUnwindSafe<test[213991da798b1c03]::run_test_in_process::{closure#0}>, core[8fb95b77d25ab6c8]::result::Result<(), alloc[a7ee25936407c584]::string::String>>
[INFO] [stdout]                                at /rustc/b2282dd5646a57d570fc86fbe8df0e8826665ef6/library/std/src/panicking.rs:581:40
[INFO] [stdout]   60:     0x615864dbd545 - std[10d71ac2c42b111e]::panicking::catch_unwind::<core[8fb95b77d25ab6c8]::result::Result<(), alloc[a7ee25936407c584]::string::String>, core[8fb95b77d25ab6c8]::panic::unwind_safe::AssertUnwindSafe<test[213991da798b1c03]::run_test_in_process::{closure#0}>>
[INFO] [stdout]                                at /rustc/b2282dd5646a57d570fc86fbe8df0e8826665ef6/library/std/src/panicking.rs:544:19
[INFO] [stdout]   61:     0x615864dbd545 - std[10d71ac2c42b111e]::panic::catch_unwind::<core[8fb95b77d25ab6c8]::panic::unwind_safe::AssertUnwindSafe<test[213991da798b1c03]::run_test_in_process::{closure#0}>, core[8fb95b77d25ab6c8]::result::Result<(), alloc[a7ee25936407c584]::string::String>>
[INFO] [stdout]                                at /rustc/b2282dd5646a57d570fc86fbe8df0e8826665ef6/library/std/src/panic.rs:359:14
[INFO] [stdout]   62:     0x615864dbd545 - test[213991da798b1c03]::run_test_in_process
[INFO] [stdout]                                at /rustc/b2282dd5646a57d570fc86fbe8df0e8826665ef6/library/test/src/lib.rs:747:27
[INFO] [stdout]   63:     0x615864dbd545 - test[213991da798b1c03]::run_test::{closure#0}
[INFO] [stdout]                                at /rustc/b2282dd5646a57d570fc86fbe8df0e8826665ef6/library/test/src/lib.rs:668:43
[INFO] [stdout]   64:     0x615864db6e54 - test[213991da798b1c03]::run_test::{closure#1}
[INFO] [stdout]                                at /rustc/b2282dd5646a57d570fc86fbe8df0e8826665ef6/library/test/src/lib.rs:698:41
[INFO] [stdout]   65:     0x615864db6e54 - std[10d71ac2c42b111e]::sys::backtrace::__rust_begin_short_backtrace::<test[213991da798b1c03]::run_test::{closure#1}, ()>
[INFO] [stdout]                                at /rustc/b2282dd5646a57d570fc86fbe8df0e8826665ef6/library/std/src/sys/backtrace.rs:166:18
[INFO] [stdout]   66:     0x615864dc05c2 - std[10d71ac2c42b111e]::thread::lifecycle::spawn_unchecked::<test[213991da798b1c03]::run_test::{closure#1}, ()>::{closure#1}::{closure#0}
[INFO] [stdout]                                at /rustc/b2282dd5646a57d570fc86fbe8df0e8826665ef6/library/std/src/thread/lifecycle.rs:70:13
[INFO] [stdout]   67:     0x615864dc05c2 - <core[8fb95b77d25ab6c8]::panic::unwind_safe::AssertUnwindSafe<std[10d71ac2c42b111e]::thread::lifecycle::spawn_unchecked<test[213991da798b1c03]::run_test::{closure#1}, ()>::{closure#1}::{closure#0}> as core[8fb95b77d25ab6c8]::ops::function::FnOnce<()>>::call_once
[INFO] [stdout]                                at /rustc/b2282dd5646a57d570fc86fbe8df0e8826665ef6/library/core/src/panic/unwind_safe.rs:275:9
[INFO] [stdout]   68:     0x615864dc05c2 - std[10d71ac2c42b111e]::panicking::catch_unwind::do_call::<core[8fb95b77d25ab6c8]::panic::unwind_safe::AssertUnwindSafe<std[10d71ac2c42b111e]::thread::lifecycle::spawn_unchecked<test[213991da798b1c03]::run_test::{closure#1}, ()>::{closure#1}::{closure#0}>, ()>
[INFO] [stdout]                                at /rustc/b2282dd5646a57d570fc86fbe8df0e8826665ef6/library/std/src/panicking.rs:581:40
[INFO] [stdout]   69:     0x615864dc05c2 - std[10d71ac2c42b111e]::panicking::catch_unwind::<(), core[8fb95b77d25ab6c8]::panic::unwind_safe::AssertUnwindSafe<std[10d71ac2c42b111e]::thread::lifecycle::spawn_unchecked<test[213991da798b1c03]::run_test::{closure#1}, ()>::{closure#1}::{closure#0}>>
[INFO] [stdout]                                at /rustc/b2282dd5646a57d570fc86fbe8df0e8826665ef6/library/std/src/panicking.rs:544:19
[INFO] [stdout]   70:     0x615864dc05c2 - std[10d71ac2c42b111e]::panic::catch_unwind::<core[8fb95b77d25ab6c8]::panic::unwind_safe::AssertUnwindSafe<std[10d71ac2c42b111e]::thread::lifecycle::spawn_unchecked<test[213991da798b1c03]::run_test::{closure#1}, ()>::{closure#1}::{closure#0}>, ()>
[INFO] [stdout]                                at /rustc/b2282dd5646a57d570fc86fbe8df0e8826665ef6/library/std/src/panic.rs:359:14
[INFO] [stdout]   71:     0x615864dc05c2 - std[10d71ac2c42b111e]::thread::lifecycle::spawn_unchecked::<test[213991da798b1c03]::run_test::{closure#1}, ()>::{closure#1}
[INFO] [stdout]                                at /rustc/b2282dd5646a57d570fc86fbe8df0e8826665ef6/library/std/src/thread/lifecycle.rs:68:26
[INFO] [stdout]   72:     0x615864dc05c2 - <std[10d71ac2c42b111e]::thread::lifecycle::spawn_unchecked<test[213991da798b1c03]::run_test::{closure#1}, ()>::{closure#1} as core[8fb95b77d25ab6c8]::ops::function::FnOnce<()>>::call_once::{shim:vtable#0}
[INFO] [stdout]                                at /rustc/b2282dd5646a57d570fc86fbe8df0e8826665ef6/library/core/src/ops/function.rs:250:5
[INFO] [stdout]   73:     0x615864eddcef - <alloc[a7ee25936407c584]::boxed::Box<dyn core[8fb95b77d25ab6c8]::ops::function::FnOnce<(), Output = ()> + core[8fb95b77d25ab6c8]::marker::Send> as core[8fb95b77d25ab6c8]::ops::function::FnOnce<()>>::call_once
[INFO] [stdout]                                at /rustc/b2282dd5646a57d570fc86fbe8df0e8826665ef6/library/alloc/src/boxed.rs:2275:9
[INFO] [stdout]   74:     0x615864eddcef - <std[10d71ac2c42b111e]::sys::thread::unix::Thread>::new::thread_start
[INFO] [stdout]                                at /rustc/b2282dd5646a57d570fc86fbe8df0e8826665ef6/library/std/src/sys/thread/unix.rs:118:17
[INFO] [stdout]   75:     0x777222825aa4 - <unknown>
[INFO] [stdout]   76:     0x7772228b2a64 - clone
[INFO] [stdout]   77:                0x0 - <unknown>
[INFO] [stdout] 
[INFO] [stdout] 
[INFO] [stdout] failures:
[INFO] [stdout]     tests::test_update_credentials
[INFO] [stdout]     tests::test_write_to_file
[INFO] [stdout] 
[INFO] [stdout] test result: FAILED. 0 passed; 2 failed; 0 ignored; 0 measured; 0 filtered out; finished in 0.19s
[INFO] [stdout] 
[INFO] [stderr] error: test failed, to rerun pass `--bin ServerAPI`
[INFO] running `Command { std: "docker" "inspect" "79d2fd87f9f221636ea51fbd541b8b22f91c9f305f48d9f15825c7e0a5f77fe7", kill_on_drop: false }`
[INFO] running `Command { std: "docker" "rm" "-f" "79d2fd87f9f221636ea51fbd541b8b22f91c9f305f48d9f15825c7e0a5f77fe7", kill_on_drop: false }`
[INFO] [stdout] 79d2fd87f9f221636ea51fbd541b8b22f91c9f305f48d9f15825c7e0a5f77fe7
