[INFO] cloning repository https://github.com/henrybarreto/hull
[INFO] running `Command { std: "git" "-c" "credential.helper=" "-c" "credential.helper=/workspace/cargo-home/bin/git-credential-null" "clone" "--bare" "https://github.com/henrybarreto/hull" "/workspace/cache/git-repos/https%3A%2F%2Fgithub.com%2Fhenrybarreto%2Fhull", kill_on_drop: false }`
[INFO] [stderr] Cloning into bare repository '/workspace/cache/git-repos/https%3A%2F%2Fgithub.com%2Fhenrybarreto%2Fhull'...
[INFO] running `Command { std: "git" "rev-parse" "HEAD", kill_on_drop: false }`
[INFO] [stdout] fb3d6c083e1fb3e731d9e135cb3a9db25e62c8fb
[INFO] testing henrybarreto/hull against 1.98.0-beta.1 for beta-1.98-2
[INFO] running `Command { std: "git" "clone" "/workspace/cache/git-repos/https%3A%2F%2Fgithub.com%2Fhenrybarreto%2Fhull" "/workspace/builds/worker-1-tc2/source", kill_on_drop: false }`
[INFO] [stderr] Cloning into '/workspace/builds/worker-1-tc2/source'...
[INFO] [stderr] done.
[INFO] removed /workspace/builds/worker-1-tc2/source/rust-toolchain.toml
[INFO] started tweaking git repo https://github.com/henrybarreto/hull
[INFO] finished tweaking git repo https://github.com/henrybarreto/hull
[INFO] tweaked toml for git repo https://github.com/henrybarreto/hull written to /workspace/builds/worker-1-tc2/source/Cargo.toml
[INFO] validating manifest of git repo https://github.com/henrybarreto/hull on toolchain 1.98.0-beta.1
[INFO] running `Command { std: CARGO_HOME="/workspace/cargo-home" RUSTUP_HOME="/workspace/rustup-home" "/workspace/cargo-home/bin/cargo" "+1.98.0-beta.1" "metadata" "--manifest-path" "Cargo.toml" "--no-deps", kill_on_drop: false }`
[INFO] crate git repo https://github.com/henrybarreto/hull already has a lockfile, it will not be regenerated
[INFO] running `Command { std: CARGO_HOME="/workspace/cargo-home" RUSTUP_HOME="/workspace/rustup-home" "/workspace/cargo-home/bin/cargo" "+1.98.0-beta.1" "fetch" "--manifest-path" "Cargo.toml", kill_on_drop: false }`
[INFO] running `Command { std: "docker" "create" "-v" "/var/lib/crater-agent-workspace/builds/worker-1-tc2/source:/opt/rustwide/workdir:ro,Z" "-v" "/var/lib/crater-agent-workspace/builds/worker-1-tc2/target:/opt/rustwide/target:rw,Z" "-v" "/var/lib/crater-agent-workspace/cargo-home:/opt/rustwide/cargo-home:ro,Z" "-v" "/var/lib/crater-agent-workspace/rustup-home:/opt/rustwide/rustup-home:ro,Z" "-m" "1610612736" "--network" "none" "ghcr.io/rust-lang/crates-build-env/linux@sha256:3d5ced03c013a94a2f102a4510f48a6e9184255caf5fd8244f58017bde7f5210" "sleep" "infinity", kill_on_drop: false }`
[INFO] [stdout] 578ca7b5333fb539b290333fd1396a600a3e61f27897d9cd495dd5b04c22c440
[INFO] running `Command { std: "docker" "start" "578ca7b5333fb539b290333fd1396a600a3e61f27897d9cd495dd5b04c22c440", kill_on_drop: false }`
[INFO] running `Command { std: "docker" "inspect" "578ca7b5333fb539b290333fd1396a600a3e61f27897d9cd495dd5b04c22c440", kill_on_drop: false }`
[INFO] running `Command { std: "docker" "exec" "-e" "SOURCE_DIR=/opt/rustwide/workdir" "-e" "CARGO_HOME=/opt/rustwide/cargo-home" "-e" "RUSTUP_HOME=/opt/rustwide/rustup-home" "-e" "CARGO_TARGET_DIR=/opt/rustwide/target" "-w" "/opt/rustwide/workdir" "--user" "0:0" "578ca7b5333fb539b290333fd1396a600a3e61f27897d9cd495dd5b04c22c440" "/opt/rustwide/cargo-home/bin/cargo" "+1.98.0-beta.1" "metadata" "--no-deps" "--format-version=1", kill_on_drop: false }`
[INFO] running `Command { std: "docker" "inspect" "578ca7b5333fb539b290333fd1396a600a3e61f27897d9cd495dd5b04c22c440", kill_on_drop: false }`
[INFO] running `Command { std: "docker" "exec" "-e" "SOURCE_DIR=/opt/rustwide/workdir" "-e" "CARGO_HOME=/opt/rustwide/cargo-home" "-e" "RUSTUP_HOME=/opt/rustwide/rustup-home" "-e" "CARGO_TARGET_DIR=/opt/rustwide/target" "-e" "CARGO_INCREMENTAL=0" "-e" "RUST_BACKTRACE=full" "-e" "RUSTFLAGS=--cap-lints=warn" "-e" "RUSTDOCFLAGS=--cap-lints=warn" "-w" "/opt/rustwide/workdir" "--user" "0:0" "578ca7b5333fb539b290333fd1396a600a3e61f27897d9cd495dd5b04c22c440" "/opt/rustwide/cargo-home/bin/cargo" "+1.98.0-beta.1" "build" "--frozen" "--message-format=json", kill_on_drop: false }`
[INFO] [stderr]    Compiling zerocopy v0.8.42
[INFO] [stderr]    Compiling libc v0.2.183
[INFO] [stderr]    Compiling crc32fast v1.5.0
[INFO] [stderr]    Compiling object v0.36.7
[INFO] [stderr]    Compiling core-error v0.0.0
[INFO] [stderr]    Compiling cc v1.2.57
[INFO] [stderr]    Compiling indexmap v2.13.0
[INFO] [stderr]    Compiling bytes v1.11.1
[INFO] [stderr]    Compiling syn v2.0.117
[INFO] [stderr]    Compiling smallvec v1.15.1
[INFO] [stderr]    Compiling uuid v1.22.0
[INFO] [stderr]    Compiling serde_json v1.0.149
[INFO] [stderr]    Compiling libsqlite3-sys v0.28.0
[INFO] [stderr]    Compiling getrandom v0.2.17
[INFO] [stderr]    Compiling rand_core v0.6.4
[INFO] [stderr]    Compiling thiserror-impl v1.0.69
[INFO] [stderr]    Compiling tracing-attributes v0.1.31
[INFO] [stderr]    Compiling serde_derive v1.0.228
[INFO] [stderr]    Compiling ahash v0.8.12
[INFO] [stderr]    Compiling ppv-lite86 v0.2.21
[INFO] [stderr]    Compiling hashbrown v0.14.5
[INFO] [stderr]    Compiling tracing v0.1.44
[INFO] [stderr]    Compiling thiserror v1.0.69
[INFO] [stderr]    Compiling rand_chacha v0.3.1
[INFO] [stderr]    Compiling rand v0.8.6
[INFO] [stderr]    Compiling aya-obj v0.2.1
[INFO] [stderr]    Compiling hashlink v0.9.1
[INFO] [stderr]    Compiling serde v1.0.228
[INFO] [stderr]    Compiling aya v0.13.1
[INFO] [stderr]    Compiling common v0.1.0 (/opt/rustwide/workdir/common)
[INFO] [stderr]    Compiling rusqlite v0.31.0
[INFO] [stderr]    Compiling hull v0.1.0 (/opt/rustwide/workdir)
[INFO] [stderr]     Finished `dev` profile [unoptimized + debuginfo] target(s) in 29.96s
[INFO] running `Command { std: "docker" "inspect" "578ca7b5333fb539b290333fd1396a600a3e61f27897d9cd495dd5b04c22c440", kill_on_drop: false }`
[INFO] running `Command { std: "docker" "exec" "-e" "SOURCE_DIR=/opt/rustwide/workdir" "-e" "CARGO_HOME=/opt/rustwide/cargo-home" "-e" "RUSTUP_HOME=/opt/rustwide/rustup-home" "-e" "CARGO_TARGET_DIR=/opt/rustwide/target" "-e" "CARGO_INCREMENTAL=0" "-e" "RUST_BACKTRACE=full" "-e" "RUSTFLAGS=--cap-lints=warn" "-e" "RUSTDOCFLAGS=--cap-lints=warn" "-w" "/opt/rustwide/workdir" "--user" "0:0" "578ca7b5333fb539b290333fd1396a600a3e61f27897d9cd495dd5b04c22c440" "/opt/rustwide/cargo-home/bin/cargo" "+1.98.0-beta.1" "test" "--frozen" "--no-run" "--message-format=json", kill_on_drop: false }`
[INFO] [stderr]    Compiling hull v0.1.0 (/opt/rustwide/workdir)
[INFO] [stderr]     Finished `test` profile [unoptimized + debuginfo] target(s) in 1.82s
[INFO] running `Command { std: "docker" "inspect" "578ca7b5333fb539b290333fd1396a600a3e61f27897d9cd495dd5b04c22c440", kill_on_drop: false }`
[INFO] running `Command { std: "docker" "exec" "-e" "SOURCE_DIR=/opt/rustwide/workdir" "-e" "CARGO_HOME=/opt/rustwide/cargo-home" "-e" "RUSTUP_HOME=/opt/rustwide/rustup-home" "-e" "CARGO_TARGET_DIR=/opt/rustwide/target" "-e" "CARGO_INCREMENTAL=0" "-e" "RUST_BACKTRACE=full" "-e" "RUSTFLAGS=--cap-lints=warn" "-e" "RUSTDOCFLAGS=--cap-lints=warn" "-w" "/opt/rustwide/workdir" "--user" "0:0" "578ca7b5333fb539b290333fd1396a600a3e61f27897d9cd495dd5b04c22c440" "/opt/rustwide/cargo-home/bin/cargo" "+1.98.0-beta.1" "test" "--frozen", kill_on_drop: false }`
[INFO] [stderr]     Finished `test` profile [unoptimized + debuginfo] target(s) in 0.13s
[INFO] [stderr]      Running unittests src/lib.rs (/opt/rustwide/target/debug/deps/hull-82cba2d0ca6c3e07)
[INFO] [stdout] 
[INFO] [stdout] running 7 tests
[INFO] [stdout] test cidr::tests::accepts_dotted_decimal_netmask ... ok
[INFO] [stdout] test cidr::tests::contains_and_overlaps ... ok
[INFO] [stdout] test cidr::tests::handles_boundary_prefixes ... ok
[INFO] [stdout] test cidr::tests::iterates_all_addresses ... ok
[INFO] [stdout] test cidr::tests::parses_and_calculates_network_bounds ... ok
[INFO] [stdout] test cidr::tests::rejects_invalid_cidrs ... ok
[INFO] [stdout] test utils::tests::stable_uuid_is_reproducible ... ok
[INFO] [stdout] 
[INFO] [stdout] test result: ok. 7 passed; 0 failed; 0 ignored; 0 measured; 0 filtered out; finished in 0.00s
[INFO] [stdout] 
[INFO] [stderr]      Running tests/cli.rs (/opt/rustwide/target/debug/deps/cli-7e86f8cbfde94eca)
[INFO] [stdout] 
[INFO] [stdout] running 6 tests
[INFO] [stderr]     Blocking waiting for file lock on build directory
[INFO] [stderr]     Blocking waiting for file lock on build directory
[INFO] [stderr]     Blocking waiting for file lock on build directory
[INFO] [stderr]    Compiling libc v0.2.183
[INFO] [stderr]     Blocking waiting for file lock on build directory
[INFO] [stderr]    Compiling tracing v0.1.44
[INFO] [stderr]    Compiling daemon v0.1.0 (/opt/rustwide/workdir/daemon)
[INFO] [stderr]    Compiling aya-obj v0.2.1
[INFO] [stderr]    Compiling tracing-serde v0.2.0
[INFO] [stderr]    Compiling clap v4.6.0
[INFO] [stderr]     Blocking waiting for file lock on build directory
[INFO] [stderr]    Compiling tracing-subscriber v0.3.23
[INFO] [stderr] error: failed to run custom build command for `daemon v0.1.0 (/opt/rustwide/workdir/daemon)`
[INFO] [stderr] note: To improve backtraces for build dependencies, set the CARGO_PROFILE_DEV_BUILD_OVERRIDE_DEBUG=true environment variable to enable debug information generation.
[INFO] [stderr] 
[INFO] [stderr] Caused by:
[INFO] [stderr]   process didn't exit successfully: `/opt/rustwide/target/debug/build/daemon-f468bb150fb36565/build-script-build` (exit status: 101)
[INFO] [stderr]   --- stdout
[INFO] [stderr]   cargo:rerun-if-changed=/opt/rustwide/workdir/ebpf/Cargo.toml
[INFO] [stderr]   cargo:rerun-if-changed=/opt/rustwide/workdir/ebpf/src
[INFO] [stderr]   cargo:rerun-if-changed=/opt/rustwide/workdir/common/src
[INFO] [stderr] 
[INFO] [stderr]   --- stderr
[INFO] [stderr]   error: toolchain 'nightly-x86_64-unknown-linux-gnu' is not installed
[INFO] [stderr]   help: run `rustup toolchain install nightly-x86_64-unknown-linux-gnu` to install it
[INFO] [stderr] 
[INFO] [stderr]   thread 'main' (984) panicked at daemon/build.rs:57:5:
[INFO] [stderr]   failed to build eBPF object with rustup nightly cargo
[INFO] [stderr]   stack backtrace:
[INFO] [stderr]      0:     0x648ce5da4611 - std[73adb7dc35730857]::backtrace_rs::backtrace::libunwind::trace
[INFO] [stderr]                                  at /rustc/6b3fa26749ab40e159b2dd5cf577acaaf5902772/library/std/src/../../backtrace/src/backtrace/libunwind.rs:117:9
[INFO] [stderr]      1:     0x648ce5da4611 - std[73adb7dc35730857]::backtrace_rs::backtrace::trace_unsynchronized::<std[73adb7dc35730857]::sys::backtrace::_print_fmt::{closure#1}>
[INFO] [stderr]                                  at /rustc/6b3fa26749ab40e159b2dd5cf577acaaf5902772/library/std/src/../../backtrace/src/backtrace/mod.rs:66:14
[INFO] [stderr]      2:     0x648ce5da4611 - std[73adb7dc35730857]::sys::backtrace::_print_fmt
[INFO] [stderr]                                  at /rustc/6b3fa26749ab40e159b2dd5cf577acaaf5902772/library/std/src/sys/backtrace.rs:74:9
[INFO] [stderr]      3:     0x648ce5da4611 - <<std[73adb7dc35730857]::sys::backtrace::BacktraceLock>::print::DisplayBacktrace as core[6883ba1bc0fe4ed1]::fmt::Display>::fmt
[INFO] [stderr]                                  at /rustc/6b3fa26749ab40e159b2dd5cf577acaaf5902772/library/std/src/sys/backtrace.rs:44:26
[INFO] [stderr]      4:     0x648ce5db544a - <core[6883ba1bc0fe4ed1]::fmt::rt::Argument>::fmt
[INFO] [stderr]                                  at /rustc/6b3fa26749ab40e159b2dd5cf577acaaf5902772/library/core/src/fmt/rt.rs:152:76
[INFO] [stderr]      5:     0x648ce5db544a - core[6883ba1bc0fe4ed1]::fmt::write
[INFO] [stderr]      6:     0x648ce5da855c - std[73adb7dc35730857]::io::default_write_fmt::<std[73adb7dc35730857]::sys::stdio::unix::Stderr>
[INFO] [stderr]                                  at /rustc/6b3fa26749ab40e159b2dd5cf577acaaf5902772/library/std/src/io/mod.rs:626:11
[INFO] [stderr]      7:     0x648ce5da855c - <std[73adb7dc35730857]::sys::stdio::unix::Stderr as std[73adb7dc35730857]::io::Write>::write_fmt
[INFO] [stderr]                                  at /rustc/6b3fa26749ab40e159b2dd5cf577acaaf5902772/library/std/src/io/mod.rs:1730:13
[INFO] [stderr]      8:     0x648ce5d881b6 - <std[73adb7dc35730857]::sys::backtrace::BacktraceLock>::print
[INFO] [stderr]                                  at /rustc/6b3fa26749ab40e159b2dd5cf577acaaf5902772/library/std/src/sys/backtrace.rs:47:9
[INFO] [stderr]      9:     0x648ce5d881b6 - std[73adb7dc35730857]::panicking::default_hook::{closure#0}
[INFO] [stderr]                                  at /rustc/6b3fa26749ab40e159b2dd5cf577acaaf5902772/library/std/src/panicking.rs:292:27
[INFO] [stderr]     10:     0x648ce5da0211 - std[73adb7dc35730857]::panicking::default_hook
[INFO] [stderr]                                  at /rustc/6b3fa26749ab40e159b2dd5cf577acaaf5902772/library/std/src/panicking.rs:319:9
[INFO] [stderr]     11:     0x648ce5da03cb - std[73adb7dc35730857]::panicking::panic_with_hook
[INFO] [stderr]                                  at /rustc/6b3fa26749ab40e159b2dd5cf577acaaf5902772/library/std/src/panicking.rs:815:13
[INFO] [stderr]     12:     0x648ce5d88294 - std[73adb7dc35730857]::panicking::panic_handler::{closure#0}
[INFO] [stderr]                                  at /rustc/6b3fa26749ab40e159b2dd5cf577acaaf5902772/library/std/src/panicking.rs:681:13
[INFO] [stderr]     13:     0x648ce5d7fee9 - std[73adb7dc35730857]::sys::backtrace::__rust_end_short_backtrace::<std[73adb7dc35730857]::panicking::panic_handler::{closure#0}, !>
[INFO] [stderr]                                  at /rustc/6b3fa26749ab40e159b2dd5cf577acaaf5902772/library/std/src/sys/backtrace.rs:182:18
[INFO] [stderr]     14:     0x648ce5d88a3d - __rustc[a7b7b02e776dd976]::rust_begin_unwind
[INFO] [stderr]                                  at /rustc/6b3fa26749ab40e159b2dd5cf577acaaf5902772/library/std/src/panicking.rs:679:5
[INFO] [stderr]     15:     0x648ce5db5b7c - core[6883ba1bc0fe4ed1]::panicking::panic_fmt
[INFO] [stderr]                                  at /rustc/6b3fa26749ab40e159b2dd5cf577acaaf5902772/library/core/src/panicking.rs:80:14
[INFO] [stderr]     16:     0x648ce5d6deb5 - build_script_build[e7a3a806edad748a]::run_cargo_build
[INFO] [stderr]     17:     0x648ce5d6e630 - build_script_build[e7a3a806edad748a]::main
[INFO] [stderr]     18:     0x648ce5d70e73 - <fn() as core[6883ba1bc0fe4ed1]::ops::function::FnOnce<()>>::call_once
[INFO] [stderr]     19:     0x648ce5d6d7c6 - std[73adb7dc35730857]::sys::backtrace::__rust_begin_short_backtrace::<fn(), ()>
[INFO] [stderr]     20:     0x648ce5d6dbd9 - std[73adb7dc35730857]::rt::lang_start::<()>::{closure#0}
[INFO] [stderr]     21:     0x648ce5d9f5a7 - <&dyn core[6883ba1bc0fe4ed1]::ops::function::Fn<(), Output = i32> + core[6883ba1bc0fe4ed1]::panic::unwind_safe::RefUnwindSafe + core[6883ba1bc0fe4ed1]::marker::Sync as core[6883ba1bc0fe4ed1]::ops::function::FnOnce<()>>::call_once
[INFO] [stderr]                                  at /rustc/6b3fa26749ab40e159b2dd5cf577acaaf5902772/library/core/src/ops/function.rs:287:21
[INFO] [stderr]     22:     0x648ce5d9f5a7 - std[73adb7dc35730857]::panicking::catch_unwind::do_call::<&dyn core[6883ba1bc0fe4ed1]::ops::function::Fn<(), Output = i32> + core[6883ba1bc0fe4ed1]::panic::unwind_safe::RefUnwindSafe + core[6883ba1bc0fe4ed1]::marker::Sync, i32>
[INFO] [stderr]                                  at /rustc/6b3fa26749ab40e159b2dd5cf577acaaf5902772/library/std/src/panicking.rs:576:43
[INFO] [stderr]     23:     0x648ce5d9f5a7 - std[73adb7dc35730857]::panicking::catch_unwind::<i32, &dyn core[6883ba1bc0fe4ed1]::ops::function::Fn<(), Output = i32> + core[6883ba1bc0fe4ed1]::panic::unwind_safe::RefUnwindSafe + core[6883ba1bc0fe4ed1]::marker::Sync>
[INFO] [stderr]                                  at /rustc/6b3fa26749ab40e159b2dd5cf577acaaf5902772/library/std/src/panicking.rs:544:19
[INFO] [stderr]     24:     0x648ce5d9f5a7 - std[73adb7dc35730857]::panic::catch_unwind::<&dyn core[6883ba1bc0fe4ed1]::ops::function::Fn<(), Output = i32> + core[6883ba1bc0fe4ed1]::panic::unwind_safe::RefUnwindSafe + core[6883ba1bc0fe4ed1]::marker::Sync, i32>
[INFO] [stderr]                                  at /rustc/6b3fa26749ab40e159b2dd5cf577acaaf5902772/library/std/src/panic.rs:359:14
[INFO] [stderr]     25:     0x648ce5d9f5a7 - std[73adb7dc35730857]::rt::lang_start_internal::{closure#0}
[INFO] [stderr]                                  at /rustc/6b3fa26749ab40e159b2dd5cf577acaaf5902772/library/std/src/rt.rs:175:24
[INFO] [stderr]     26:     0x648ce5d9f5a7 - std[73adb7dc35730857]::panicking::catch_unwind::do_call::<std[73adb7dc35730857]::rt::lang_start_internal::{closure#0}, isize>
[INFO] [stderr]                                  at /rustc/6b3fa26749ab40e159b2dd5cf577acaaf5902772/library/std/src/panicking.rs:576:43
[INFO] [stderr]     27:     0x648ce5d9f5a7 - std[73adb7dc35730857]::panicking::catch_unwind::<isize, std[73adb7dc35730857]::rt::lang_start_internal::{closure#0}>
[INFO] [stderr]                                  at /rustc/6b3fa26749ab40e159b2dd5cf577acaaf5902772/library/std/src/panicking.rs:544:19
[INFO] [stderr]     28:     0x648ce5d9f5a7 - std[73adb7dc35730857]::panic::catch_unwind::<std[73adb7dc35730857]::rt::lang_start_internal::{closure#0}, isize>
[INFO] [stderr]                                  at /rustc/6b3fa26749ab40e159b2dd5cf577acaaf5902772/library/std/src/panic.rs:359:14
[INFO] [stderr]     29:     0x648ce5d9f5a7 - std[73adb7dc35730857]::rt::lang_start_internal
[INFO] [stderr]                                  at /rustc/6b3fa26749ab40e159b2dd5cf577acaaf5902772/library/std/src/rt.rs:171:5
[INFO] [stderr]     30:     0x648ce5d6d6d1 - std[73adb7dc35730857]::rt::lang_start::<()>
[INFO] [stderr]     31:     0x648ce5d71115 - main
[INFO] [stderr]     32:     0x75c4e953e1ca - <unknown>
[INFO] [stderr]     33:     0x75c4e953e28b - __libc_start_main
[INFO] [stderr]     34:     0x648ce5d6c2f5 - _start
[INFO] [stderr]     35:                0x0 - <unknown>
[INFO] [stderr] warning: build failed, waiting for other jobs to finish...
[INFO] [stderr]    Compiling libc v0.2.183
[INFO] [stderr]    Compiling daemon v0.1.0 (/opt/rustwide/workdir/daemon)
[INFO] [stdout] test test_switch_port_remove ... FAILED
[INFO] [stderr] error: failed to run custom build command for `daemon v0.1.0 (/opt/rustwide/workdir/daemon)`
[INFO] [stderr] note: To improve backtraces for build dependencies, set the CARGO_PROFILE_DEV_BUILD_OVERRIDE_DEBUG=true environment variable to enable debug information generation.
[INFO] [stderr] 
[INFO] [stderr] Caused by:
[INFO] [stderr]   process didn't exit successfully: `/opt/rustwide/target/debug/build/daemon-f468bb150fb36565/build-script-build` (exit status: 101)
[INFO] [stderr]   --- stdout
[INFO] [stderr]   cargo:rerun-if-changed=/opt/rustwide/workdir/ebpf/Cargo.toml
[INFO] [stderr]   cargo:rerun-if-changed=/opt/rustwide/workdir/ebpf/src
[INFO] [stderr]   cargo:rerun-if-changed=/opt/rustwide/workdir/common/src
[INFO] [stderr] 
[INFO] [stderr]   --- stderr
[INFO] [stderr]   error: toolchain 'nightly-x86_64-unknown-linux-gnu' is not installed
[INFO] [stderr]   help: run `rustup toolchain install nightly-x86_64-unknown-linux-gnu` to install it
[INFO] [stderr] 
[INFO] [stderr]   thread 'main' (1027) panicked at daemon/build.rs:57:5:
[INFO] [stderr]   failed to build eBPF object with rustup nightly cargo
[INFO] [stderr]   stack backtrace:
[INFO] [stderr]      0:     0x60c13feda611 - std[73adb7dc35730857]::backtrace_rs::backtrace::libunwind::trace
[INFO] [stderr]                                  at /rustc/6b3fa26749ab40e159b2dd5cf577acaaf5902772/library/std/src/../../backtrace/src/backtrace/libunwind.rs:117:9
[INFO] [stderr]      1:     0x60c13feda611 - std[73adb7dc35730857]::backtrace_rs::backtrace::trace_unsynchronized::<std[73adb7dc35730857]::sys::backtrace::_print_fmt::{closure#1}>
[INFO] [stderr]                                  at /rustc/6b3fa26749ab40e159b2dd5cf577acaaf5902772/library/std/src/../../backtrace/src/backtrace/mod.rs:66:14
[INFO] [stderr]      2:     0x60c13feda611 - std[73adb7dc35730857]::sys::backtrace::_print_fmt
[INFO] [stderr]                                  at /rustc/6b3fa26749ab40e159b2dd5cf577acaaf5902772/library/std/src/sys/backtrace.rs:74:9
[INFO] [stderr]      3:     0x60c13feda611 - <<std[73adb7dc35730857]::sys::backtrace::BacktraceLock>::print::DisplayBacktrace as core[6883ba1bc0fe4ed1]::fmt::Display>::fmt
[INFO] [stderr]                                  at /rustc/6b3fa26749ab40e159b2dd5cf577acaaf5902772/library/std/src/sys/backtrace.rs:44:26
[INFO] [stderr]      4:     0x60c13feeb44a - <core[6883ba1bc0fe4ed1]::fmt::rt::Argument>::fmt
[INFO] [stderr]                                  at /rustc/6b3fa26749ab40e159b2dd5cf577acaaf5902772/library/core/src/fmt/rt.rs:152:76
[INFO] [stderr]      5:     0x60c13feeb44a - core[6883ba1bc0fe4ed1]::fmt::write
[INFO] [stderr]      6:     0x60c13fede55c - std[73adb7dc35730857]::io::default_write_fmt::<std[73adb7dc35730857]::sys::stdio::unix::Stderr>
[INFO] [stderr]                                  at /rustc/6b3fa26749ab40e159b2dd5cf577acaaf5902772/library/std/src/io/mod.rs:626:11
[INFO] [stderr]      7:     0x60c13fede55c - <std[73adb7dc35730857]::sys::stdio::unix::Stderr as std[73adb7dc35730857]::io::Write>::write_fmt
[INFO] [stderr]                                  at /rustc/6b3fa26749ab40e159b2dd5cf577acaaf5902772/library/std/src/io/mod.rs:1730:13
[INFO] [stderr]      8:     0x60c13febe1b6 - <std[73adb7dc35730857]::sys::backtrace::BacktraceLock>::print
[INFO] [stderr]                                  at /rustc/6b3fa26749ab40e159b2dd5cf577acaaf5902772/library/std/src/sys/backtrace.rs:47:9
[INFO] [stderr]      9:     0x60c13febe1b6 - std[73adb7dc35730857]::panicking::default_hook::{closure#0}
[INFO] [stderr]                                  at /rustc/6b3fa26749ab40e159b2dd5cf577acaaf5902772/library/std/src/panicking.rs:292:27
[INFO] [stderr]     10:     0x60c13fed6211 - std[73adb7dc35730857]::panicking::default_hook
[INFO] [stderr]                                  at /rustc/6b3fa26749ab40e159b2dd5cf577acaaf5902772/library/std/src/panicking.rs:319:9
[INFO] [stderr]     11:     0x60c13fed63cb - std[73adb7dc35730857]::panicking::panic_with_hook
[INFO] [stderr]                                  at /rustc/6b3fa26749ab40e159b2dd5cf577acaaf5902772/library/std/src/panicking.rs:815:13
[INFO] [stderr]     12:     0x60c13febe294 - std[73adb7dc35730857]::panicking::panic_handler::{closure#0}
[INFO] [stderr]                                  at /rustc/6b3fa26749ab40e159b2dd5cf577acaaf5902772/library/std/src/panicking.rs:681:13
[INFO] [stderr]     13:     0x60c13feb5ee9 - std[73adb7dc35730857]::sys::backtrace::__rust_end_short_backtrace::<std[73adb7dc35730857]::panicking::panic_handler::{closure#0}, !>
[INFO] [stderr]                                  at /rustc/6b3fa26749ab40e159b2dd5cf577acaaf5902772/library/std/src/sys/backtrace.rs:182:18
[INFO] [stderr]     14:     0x60c13febea3d - __rustc[a7b7b02e776dd976]::rust_begin_unwind
[INFO] [stderr]                                  at /rustc/6b3fa26749ab40e159b2dd5cf577acaaf5902772/library/std/src/panicking.rs:679:5
[INFO] [stderr]     15:     0x60c13feebb7c - core[6883ba1bc0fe4ed1]::panicking::panic_fmt
[INFO] [stderr]                                  at /rustc/6b3fa26749ab40e159b2dd5cf577acaaf5902772/library/core/src/panicking.rs:80:14
[INFO] [stderr]     16:     0x60c13fea3eb5 - build_script_build[e7a3a806edad748a]::run_cargo_build
[INFO] [stderr]     17:     0x60c13fea4630 - build_script_build[e7a3a806edad748a]::main
[INFO] [stderr]     18:     0x60c13fea6e73 - <fn() as core[6883ba1bc0fe4ed1]::ops::function::FnOnce<()>>::call_once
[INFO] [stderr]     19:     0x60c13fea37c6 - std[73adb7dc35730857]::sys::backtrace::__rust_begin_short_backtrace::<fn(), ()>
[INFO] [stderr]     20:     0x60c13fea3bd9 - std[73adb7dc35730857]::rt::lang_start::<()>::{closure#0}
[INFO] [stderr]     21:     0x60c13fed55a7 - <&dyn core[6883ba1bc0fe4ed1]::ops::function::Fn<(), Output = i32> + core[6883ba1bc0fe4ed1]::panic::unwind_safe::RefUnwindSafe + core[6883ba1bc0fe4ed1]::marker::Sync as core[6883ba1bc0fe4ed1]::ops::function::FnOnce<()>>::call_once
[INFO] [stderr]                                  at /rustc/6b3fa26749ab40e159b2dd5cf577acaaf5902772/library/core/src/ops/function.rs:287:21
[INFO] [stderr]     22:     0x60c13fed55a7 - std[73adb7dc35730857]::panicking::catch_unwind::do_call::<&dyn core[6883ba1bc0fe4ed1]::ops::function::Fn<(), Output = i32> + core[6883ba1bc0fe4ed1]::panic::unwind_safe::RefUnwindSafe + core[6883ba1bc0fe4ed1]::marker::Sync, i32>
[INFO] [stderr]                                  at /rustc/6b3fa26749ab40e159b2dd5cf577acaaf5902772/library/std/src/panicking.rs:576:43
[INFO] [stderr]     23:     0x60c13fed55a7 - std[73adb7dc35730857]::panicking::catch_unwind::<i32, &dyn core[6883ba1bc0fe4ed1]::ops::function::Fn<(), Output = i32> + core[6883ba1bc0fe4ed1]::panic::unwind_safe::RefUnwindSafe + core[6883ba1bc0fe4ed1]::marker::Sync>
[INFO] [stderr]                                  at /rustc/6b3fa26749ab40e159b2dd5cf577acaaf5902772/library/std/src/panicking.rs:544:19
[INFO] [stderr]     24:     0x60c13fed55a7 - std[73adb7dc35730857]::panic::catch_unwind::<&dyn core[6883ba1bc0fe4ed1]::ops::function::Fn<(), Output = i32> + core[6883ba1bc0fe4ed1]::panic::unwind_safe::RefUnwindSafe + core[6883ba1bc0fe4ed1]::marker::Sync, i32>
[INFO] [stderr]                                  at /rustc/6b3fa26749ab40e159b2dd5cf577acaaf5902772/library/std/src/panic.rs:359:14
[INFO] [stderr]     25:     0x60c13fed55a7 - std[73adb7dc35730857]::rt::lang_start_internal::{closure#0}
[INFO] [stderr]                                  at /rustc/6b3fa26749ab40e159b2dd5cf577acaaf5902772/library/std/src/rt.rs:175:24
[INFO] [stderr]     26:     0x60c13fed55a7 - std[73adb7dc35730857]::panicking::catch_unwind::do_call::<std[73adb7dc35730857]::rt::lang_start_internal::{closure#0}, isize>
[INFO] [stderr]                                  at /rustc/6b3fa26749ab40e159b2dd5cf577acaaf5902772/library/std/src/panicking.rs:576:43
[INFO] [stderr]     27:     0x60c13fed55a7 - std[73adb7dc35730857]::panicking::catch_unwind::<isize, std[73adb7dc35730857]::rt::lang_start_internal::{closure#0}>
[INFO] [stderr]                                  at /rustc/6b3fa26749ab40e159b2dd5cf577acaaf5902772/library/std/src/panicking.rs:544:19
[INFO] [stderr]     28:     0x60c13fed55a7 - std[73adb7dc35730857]::panic::catch_unwind::<std[73adb7dc35730857]::rt::lang_start_internal::{closure#0}, isize>
[INFO] [stderr]                                  at /rustc/6b3fa26749ab40e159b2dd5cf577acaaf5902772/library/std/src/panic.rs:359:14
[INFO] [stderr]     29:     0x60c13fed55a7 - std[73adb7dc35730857]::rt::lang_start_internal
[INFO] [stderr]                                  at /rustc/6b3fa26749ab40e159b2dd5cf577acaaf5902772/library/std/src/rt.rs:171:5
[INFO] [stderr]     30:     0x60c13fea36d1 - std[73adb7dc35730857]::rt::lang_start::<()>
[INFO] [stderr]     31:     0x60c13fea7115 - main
[INFO] [stderr]     32:     0x7a67a906e1ca - <unknown>
[INFO] [stderr]     33:     0x7a67a906e28b - __libc_start_main
[INFO] [stderr]     34:     0x60c13fea22f5 - _start
[INFO] [stderr]     35:                0x0 - <unknown>
[INFO] [stderr] warning: build failed, waiting for other jobs to finish...
[INFO] [stdout] test test_switch_port_lifecycle_and_sync ... FAILED
[INFO] [stderr]    Compiling libc v0.2.183
[INFO] [stderr]    Compiling daemon v0.1.0 (/opt/rustwide/workdir/daemon)
[INFO] [stderr] error: failed to run custom build command for `daemon v0.1.0 (/opt/rustwide/workdir/daemon)`
[INFO] [stderr] note: To improve backtraces for build dependencies, set the CARGO_PROFILE_DEV_BUILD_OVERRIDE_DEBUG=true environment variable to enable debug information generation.
[INFO] [stderr] 
[INFO] [stderr] Caused by:
[INFO] [stderr]   process didn't exit successfully: `/opt/rustwide/target/debug/build/daemon-f468bb150fb36565/build-script-build` (exit status: 101)
[INFO] [stderr]   --- stdout
[INFO] [stderr]   cargo:rerun-if-changed=/opt/rustwide/workdir/ebpf/Cargo.toml
[INFO] [stderr]   cargo:rerun-if-changed=/opt/rustwide/workdir/ebpf/src
[INFO] [stderr]   cargo:rerun-if-changed=/opt/rustwide/workdir/common/src
[INFO] [stderr] 
[INFO] [stderr]   --- stderr
[INFO] [stderr]   error: toolchain 'nightly-x86_64-unknown-linux-gnu' is not installed
[INFO] [stderr]   help: run `rustup toolchain install nightly-x86_64-unknown-linux-gnu` to install it
[INFO] [stderr] 
[INFO] [stderr]   thread 'main' (1045) panicked at daemon/build.rs:57:5:
[INFO] [stderr]   failed to build eBPF object with rustup nightly cargo
[INFO] [stderr]   stack backtrace:
[INFO] [stderr]      0:     0x57ea9d416611 - std[73adb7dc35730857]::backtrace_rs::backtrace::libunwind::trace
[INFO] [stderr]                                  at /rustc/6b3fa26749ab40e159b2dd5cf577acaaf5902772/library/std/src/../../backtrace/src/backtrace/libunwind.rs:117:9
[INFO] [stderr]      1:     0x57ea9d416611 - std[73adb7dc35730857]::backtrace_rs::backtrace::trace_unsynchronized::<std[73adb7dc35730857]::sys::backtrace::_print_fmt::{closure#1}>
[INFO] [stderr]                                  at /rustc/6b3fa26749ab40e159b2dd5cf577acaaf5902772/library/std/src/../../backtrace/src/backtrace/mod.rs:66:14
[INFO] [stderr]      2:     0x57ea9d416611 - std[73adb7dc35730857]::sys::backtrace::_print_fmt
[INFO] [stderr]                                  at /rustc/6b3fa26749ab40e159b2dd5cf577acaaf5902772/library/std/src/sys/backtrace.rs:74:9
[INFO] [stderr]      3:     0x57ea9d416611 - <<std[73adb7dc35730857]::sys::backtrace::BacktraceLock>::print::DisplayBacktrace as core[6883ba1bc0fe4ed1]::fmt::Display>::fmt
[INFO] [stderr]                                  at /rustc/6b3fa26749ab40e159b2dd5cf577acaaf5902772/library/std/src/sys/backtrace.rs:44:26
[INFO] [stderr]      4:     0x57ea9d42744a - <core[6883ba1bc0fe4ed1]::fmt::rt::Argument>::fmt
[INFO] [stderr]                                  at /rustc/6b3fa26749ab40e159b2dd5cf577acaaf5902772/library/core/src/fmt/rt.rs:152:76
[INFO] [stderr]      5:     0x57ea9d42744a - core[6883ba1bc0fe4ed1]::fmt::write
[INFO] [stderr]      6:     0x57ea9d41a55c - std[73adb7dc35730857]::io::default_write_fmt::<std[73adb7dc35730857]::sys::stdio::unix::Stderr>
[INFO] [stderr]                                  at /rustc/6b3fa26749ab40e159b2dd5cf577acaaf5902772/library/std/src/io/mod.rs:626:11
[INFO] [stderr]      7:     0x57ea9d41a55c - <std[73adb7dc35730857]::sys::stdio::unix::Stderr as std[73adb7dc35730857]::io::Write>::write_fmt
[INFO] [stderr]                                  at /rustc/6b3fa26749ab40e159b2dd5cf577acaaf5902772/library/std/src/io/mod.rs:1730:13
[INFO] [stderr]      8:     0x57ea9d3fa1b6 - <std[73adb7dc35730857]::sys::backtrace::BacktraceLock>::print
[INFO] [stderr]                                  at /rustc/6b3fa26749ab40e159b2dd5cf577acaaf5902772/library/std/src/sys/backtrace.rs:47:9
[INFO] [stderr]      9:     0x57ea9d3fa1b6 - std[73adb7dc35730857]::panicking::default_hook::{closure#0}
[INFO] [stderr]                                  at /rustc/6b3fa26749ab40e159b2dd5cf577acaaf5902772/library/std/src/panicking.rs:292:27
[INFO] [stderr]     10:     0x57ea9d412211 - std[73adb7dc35730857]::panicking::default_hook
[INFO] [stderr]                                  at /rustc/6b3fa26749ab40e159b2dd5cf577acaaf5902772/library/std/src/panicking.rs:319:9
[INFO] [stderr]     11:     0x57ea9d4123cb - std[73adb7dc35730857]::panicking::panic_with_hook
[INFO] [stderr]                                  at /rustc/6b3fa26749ab40e159b2dd5cf577acaaf5902772/library/std/src/panicking.rs:815:13
[INFO] [stderr]     12:     0x57ea9d3fa294 - std[73adb7dc35730857]::panicking::panic_handler::{closure#0}
[INFO] [stderr]                                  at /rustc/6b3fa26749ab40e159b2dd5cf577acaaf5902772/library/std/src/panicking.rs:681:13
[INFO] [stderr]     13:     0x57ea9d3f1ee9 - std[73adb7dc35730857]::sys::backtrace::__rust_end_short_backtrace::<std[73adb7dc35730857]::panicking::panic_handler::{closure#0}, !>
[INFO] [stderr]                                  at /rustc/6b3fa26749ab40e159b2dd5cf577acaaf5902772/library/std/src/sys/backtrace.rs:182:18
[INFO] [stderr]     14:     0x57ea9d3faa3d - __rustc[a7b7b02e776dd976]::rust_begin_unwind
[INFO] [stderr]                                  at /rustc/6b3fa26749ab40e159b2dd5cf577acaaf5902772/library/std/src/panicking.rs:679:5
[INFO] [stderr]     15:     0x57ea9d427b7c - core[6883ba1bc0fe4ed1]::panicking::panic_fmt
[INFO] [stderr]                                  at /rustc/6b3fa26749ab40e159b2dd5cf577acaaf5902772/library/core/src/panicking.rs:80:14
[INFO] [stderr]     16:     0x57ea9d3dfeb5 - build_script_build[e7a3a806edad748a]::run_cargo_build
[INFO] [stderr]     17:     0x57ea9d3e0630 - build_script_build[e7a3a806edad748a]::main
[INFO] [stderr]     18:     0x57ea9d3e2e73 - <fn() as core[6883ba1bc0fe4ed1]::ops::function::FnOnce<()>>::call_once
[INFO] [stderr]     19:     0x57ea9d3df7c6 - std[73adb7dc35730857]::sys::backtrace::__rust_begin_short_backtrace::<fn(), ()>
[INFO] [stderr]     20:     0x57ea9d3dfbd9 - std[73adb7dc35730857]::rt::lang_start::<()>::{closure#0}
[INFO] [stderr]     21:     0x57ea9d4115a7 - <&dyn core[6883ba1bc0fe4ed1]::ops::function::Fn<(), Output = i32> + core[6883ba1bc0fe4ed1]::panic::unwind_safe::RefUnwindSafe + core[6883ba1bc0fe4ed1]::marker::Sync as core[6883ba1bc0fe4ed1]::ops::function::FnOnce<()>>::call_once
[INFO] [stderr]                                  at /rustc/6b3fa26749ab40e159b2dd5cf577acaaf5902772/library/core/src/ops/function.rs:287:21
[INFO] [stderr]     22:     0x57ea9d4115a7 - std[73adb7dc35730857]::panicking::catch_unwind::do_call::<&dyn core[6883ba1bc0fe4ed1]::ops::function::Fn<(), Output = i32> + core[6883ba1bc0fe4ed1]::panic::unwind_safe::RefUnwindSafe + core[6883ba1bc0fe4ed1]::marker::Sync, i32>
[INFO] [stderr]                                  at /rustc/6b3fa26749ab40e159b2dd5cf577acaaf5902772/library/std/src/panicking.rs:576:43
[INFO] [stderr]     23:     0x57ea9d4115a7 - std[73adb7dc35730857]::panicking::catch_unwind::<i32, &dyn core[6883ba1bc0fe4ed1]::ops::function::Fn<(), Output = i32> + core[6883ba1bc0fe4ed1]::panic::unwind_safe::RefUnwindSafe + core[6883ba1bc0fe4ed1]::marker::Sync>
[INFO] [stderr]                                  at /rustc/6b3fa26749ab40e159b2dd5cf577acaaf5902772/library/std/src/panicking.rs:544:19
[INFO] [stderr]     24:     0x57ea9d4115a7 - std[73adb7dc35730857]::panic::catch_unwind::<&dyn core[6883ba1bc0fe4ed1]::ops::function::Fn<(), Output = i32> + core[6883ba1bc0fe4ed1]::panic::unwind_safe::RefUnwindSafe + core[6883ba1bc0fe4ed1]::marker::Sync, i32>
[INFO] [stderr]                                  at /rustc/6b3fa26749ab40e159b2dd5cf577acaaf5902772/library/std/src/panic.rs:359:14
[INFO] [stderr]     25:     0x57ea9d4115a7 - std[73adb7dc35730857]::rt::lang_start_internal::{closure#0}
[INFO] [stderr]                                  at /rustc/6b3fa26749ab40e159b2dd5cf577acaaf5902772/library/std/src/rt.rs:175:24
[INFO] [stderr]     26:     0x57ea9d4115a7 - std[73adb7dc35730857]::panicking::catch_unwind::do_call::<std[73adb7dc35730857]::rt::lang_start_internal::{closure#0}, isize>
[INFO] [stderr]                                  at /rustc/6b3fa26749ab40e159b2dd5cf577acaaf5902772/library/std/src/panicking.rs:576:43
[INFO] [stderr]     27:     0x57ea9d4115a7 - std[73adb7dc35730857]::panicking::catch_unwind::<isize, std[73adb7dc35730857]::rt::lang_start_internal::{closure#0}>
[INFO] [stderr]                                  at /rustc/6b3fa26749ab40e159b2dd5cf577acaaf5902772/library/std/src/panicking.rs:544:19
[INFO] [stderr]     28:     0x57ea9d4115a7 - std[73adb7dc35730857]::panic::catch_unwind::<std[73adb7dc35730857]::rt::lang_start_internal::{closure#0}, isize>
[INFO] [stderr]                                  at /rustc/6b3fa26749ab40e159b2dd5cf577acaaf5902772/library/std/src/panic.rs:359:14
[INFO] [stderr]     29:     0x57ea9d4115a7 - std[73adb7dc35730857]::rt::lang_start_internal
[INFO] [stderr]                                  at /rustc/6b3fa26749ab40e159b2dd5cf577acaaf5902772/library/std/src/rt.rs:171:5
[INFO] [stderr]     30:     0x57ea9d3df6d1 - std[73adb7dc35730857]::rt::lang_start::<()>
[INFO] [stderr]     31:     0x57ea9d3e3115 - main
[INFO] [stderr]     32:     0x7cd6a7ccd1ca - <unknown>
[INFO] [stderr]     33:     0x7cd6a7ccd28b - __libc_start_main
[INFO] [stderr]     34:     0x57ea9d3de2f5 - _start
[INFO] [stderr]     35:                0x0 - <unknown>
[INFO] [stderr] warning: build failed, waiting for other jobs to finish...
[INFO] [stdout] test test_switch_create_defaults_l3_fields ... FAILED
[INFO] [stderr]    Compiling getrandom v0.2.17
[INFO] [stderr]    Compiling daemon v0.1.0 (/opt/rustwide/workdir/daemon)
[INFO] [stderr]    Compiling aya v0.13.1
[INFO] [stderr] error: failed to run custom build command for `daemon v0.1.0 (/opt/rustwide/workdir/daemon)`
[INFO] [stderr] note: To improve backtraces for build dependencies, set the CARGO_PROFILE_DEV_BUILD_OVERRIDE_DEBUG=true environment variable to enable debug information generation.
[INFO] [stderr] 
[INFO] [stderr] Caused by:
[INFO] [stderr]   process didn't exit successfully: `/opt/rustwide/target/debug/build/daemon-f468bb150fb36565/build-script-build` (exit status: 101)
[INFO] [stderr]   --- stdout
[INFO] [stderr]   cargo:rerun-if-changed=/opt/rustwide/workdir/ebpf/Cargo.toml
[INFO] [stderr]   cargo:rerun-if-changed=/opt/rustwide/workdir/ebpf/src
[INFO] [stderr]   cargo:rerun-if-changed=/opt/rustwide/workdir/common/src
[INFO] [stderr] 
[INFO] [stderr]   --- stderr
[INFO] [stderr]   error: toolchain 'nightly-x86_64-unknown-linux-gnu' is not installed
[INFO] [stderr]   help: run `rustup toolchain install nightly-x86_64-unknown-linux-gnu` to install it
[INFO] [stderr] 
[INFO] [stderr]   thread 'main' (1066) panicked at daemon/build.rs:57:5:
[INFO] [stderr]   failed to build eBPF object with rustup nightly cargo
[INFO] [stderr]   stack backtrace:
[INFO] [stderr]      0:     0x5680e36ba611 - std[73adb7dc35730857]::backtrace_rs::backtrace::libunwind::trace
[INFO] [stderr]                                  at /rustc/6b3fa26749ab40e159b2dd5cf577acaaf5902772/library/std/src/../../backtrace/src/backtrace/libunwind.rs:117:9
[INFO] [stderr]      1:     0x5680e36ba611 - std[73adb7dc35730857]::backtrace_rs::backtrace::trace_unsynchronized::<std[73adb7dc35730857]::sys::backtrace::_print_fmt::{closure#1}>
[INFO] [stderr]                                  at /rustc/6b3fa26749ab40e159b2dd5cf577acaaf5902772/library/std/src/../../backtrace/src/backtrace/mod.rs:66:14
[INFO] [stderr]      2:     0x5680e36ba611 - std[73adb7dc35730857]::sys::backtrace::_print_fmt
[INFO] [stderr]                                  at /rustc/6b3fa26749ab40e159b2dd5cf577acaaf5902772/library/std/src/sys/backtrace.rs:74:9
[INFO] [stderr]      3:     0x5680e36ba611 - <<std[73adb7dc35730857]::sys::backtrace::BacktraceLock>::print::DisplayBacktrace as core[6883ba1bc0fe4ed1]::fmt::Display>::fmt
[INFO] [stderr]                                  at /rustc/6b3fa26749ab40e159b2dd5cf577acaaf5902772/library/std/src/sys/backtrace.rs:44:26
[INFO] [stderr]      4:     0x5680e36cb44a - <core[6883ba1bc0fe4ed1]::fmt::rt::Argument>::fmt
[INFO] [stderr]                                  at /rustc/6b3fa26749ab40e159b2dd5cf577acaaf5902772/library/core/src/fmt/rt.rs:152:76
[INFO] [stderr]      5:     0x5680e36cb44a - core[6883ba1bc0fe4ed1]::fmt::write
[INFO] [stderr]      6:     0x5680e36be55c - std[73adb7dc35730857]::io::default_write_fmt::<std[73adb7dc35730857]::sys::stdio::unix::Stderr>
[INFO] [stderr]                                  at /rustc/6b3fa26749ab40e159b2dd5cf577acaaf5902772/library/std/src/io/mod.rs:626:11
[INFO] [stderr]      7:     0x5680e36be55c - <std[73adb7dc35730857]::sys::stdio::unix::Stderr as std[73adb7dc35730857]::io::Write>::write_fmt
[INFO] [stderr]                                  at /rustc/6b3fa26749ab40e159b2dd5cf577acaaf5902772/library/std/src/io/mod.rs:1730:13
[INFO] [stderr]      8:     0x5680e369e1b6 - <std[73adb7dc35730857]::sys::backtrace::BacktraceLock>::print
[INFO] [stderr]                                  at /rustc/6b3fa26749ab40e159b2dd5cf577acaaf5902772/library/std/src/sys/backtrace.rs:47:9
[INFO] [stderr]      9:     0x5680e369e1b6 - std[73adb7dc35730857]::panicking::default_hook::{closure#0}
[INFO] [stderr]                                  at /rustc/6b3fa26749ab40e159b2dd5cf577acaaf5902772/library/std/src/panicking.rs:292:27
[INFO] [stderr]     10:     0x5680e36b6211 - std[73adb7dc35730857]::panicking::default_hook
[INFO] [stderr]                                  at /rustc/6b3fa26749ab40e159b2dd5cf577acaaf5902772/library/std/src/panicking.rs:319:9
[INFO] [stderr]     11:     0x5680e36b63cb - std[73adb7dc35730857]::panicking::panic_with_hook
[INFO] [stderr]                                  at /rustc/6b3fa26749ab40e159b2dd5cf577acaaf5902772/library/std/src/panicking.rs:815:13
[INFO] [stderr]     12:     0x5680e369e294 - std[73adb7dc35730857]::panicking::panic_handler::{closure#0}
[INFO] [stderr]                                  at /rustc/6b3fa26749ab40e159b2dd5cf577acaaf5902772/library/std/src/panicking.rs:681:13
[INFO] [stderr]     13:     0x5680e3695ee9 - std[73adb7dc35730857]::sys::backtrace::__rust_end_short_backtrace::<std[73adb7dc35730857]::panicking::panic_handler::{closure#0}, !>
[INFO] [stderr]                                  at /rustc/6b3fa26749ab40e159b2dd5cf577acaaf5902772/library/std/src/sys/backtrace.rs:182:18
[INFO] [stderr]     14:     0x5680e369ea3d - __rustc[a7b7b02e776dd976]::rust_begin_unwind
[INFO] [stderr]                                  at /rustc/6b3fa26749ab40e159b2dd5cf577acaaf5902772/library/std/src/panicking.rs:679:5
[INFO] [stderr]     15:     0x5680e36cbb7c - core[6883ba1bc0fe4ed1]::panicking::panic_fmt
[INFO] [stderr]                                  at /rustc/6b3fa26749ab40e159b2dd5cf577acaaf5902772/library/core/src/panicking.rs:80:14
[INFO] [stderr]     16:     0x5680e3683eb5 - build_script_build[e7a3a806edad748a]::run_cargo_build
[INFO] [stderr]     17:     0x5680e3684630 - build_script_build[e7a3a806edad748a]::main
[INFO] [stderr]     18:     0x5680e3686e73 - <fn() as core[6883ba1bc0fe4ed1]::ops::function::FnOnce<()>>::call_once
[INFO] [stderr]     19:     0x5680e36837c6 - std[73adb7dc35730857]::sys::backtrace::__rust_begin_short_backtrace::<fn(), ()>
[INFO] [stderr]     20:     0x5680e3683bd9 - std[73adb7dc35730857]::rt::lang_start::<()>::{closure#0}
[INFO] [stderr]     21:     0x5680e36b55a7 - <&dyn core[6883ba1bc0fe4ed1]::ops::function::Fn<(), Output = i32> + core[6883ba1bc0fe4ed1]::panic::unwind_safe::RefUnwindSafe + core[6883ba1bc0fe4ed1]::marker::Sync as core[6883ba1bc0fe4ed1]::ops::function::FnOnce<()>>::call_once
[INFO] [stderr]                                  at /rustc/6b3fa26749ab40e159b2dd5cf577acaaf5902772/library/core/src/ops/function.rs:287:21
[INFO] [stderr]     22:     0x5680e36b55a7 - std[73adb7dc35730857]::panicking::catch_unwind::do_call::<&dyn core[6883ba1bc0fe4ed1]::ops::function::Fn<(), Output = i32> + core[6883ba1bc0fe4ed1]::panic::unwind_safe::RefUnwindSafe + core[6883ba1bc0fe4ed1]::marker::Sync, i32>
[INFO] [stderr]                                  at /rustc/6b3fa26749ab40e159b2dd5cf577acaaf5902772/library/std/src/panicking.rs:576:43
[INFO] [stderr]     23:     0x5680e36b55a7 - std[73adb7dc35730857]::panicking::catch_unwind::<i32, &dyn core[6883ba1bc0fe4ed1]::ops::function::Fn<(), Output = i32> + core[6883ba1bc0fe4ed1]::panic::unwind_safe::RefUnwindSafe + core[6883ba1bc0fe4ed1]::marker::Sync>
[INFO] [stderr]                                  at /rustc/6b3fa26749ab40e159b2dd5cf577acaaf5902772/library/std/src/panicking.rs:544:19
[INFO] [stderr]     24:     0x5680e36b55a7 - std[73adb7dc35730857]::panic::catch_unwind::<&dyn core[6883ba1bc0fe4ed1]::ops::function::Fn<(), Output = i32> + core[6883ba1bc0fe4ed1]::panic::unwind_safe::RefUnwindSafe + core[6883ba1bc0fe4ed1]::marker::Sync, i32>
[INFO] [stderr]                                  at /rustc/6b3fa26749ab40e159b2dd5cf577acaaf5902772/library/std/src/panic.rs:359:14
[INFO] [stderr]     25:     0x5680e36b55a7 - std[73adb7dc35730857]::rt::lang_start_internal::{closure#0}
[INFO] [stderr]                                  at /rustc/6b3fa26749ab40e159b2dd5cf577acaaf5902772/library/std/src/rt.rs:175:24
[INFO] [stderr]     26:     0x5680e36b55a7 - std[73adb7dc35730857]::panicking::catch_unwind::do_call::<std[73adb7dc35730857]::rt::lang_start_internal::{closure#0}, isize>
[INFO] [stderr]                                  at /rustc/6b3fa26749ab40e159b2dd5cf577acaaf5902772/library/std/src/panicking.rs:576:43
[INFO] [stderr]     27:     0x5680e36b55a7 - std[73adb7dc35730857]::panicking::catch_unwind::<isize, std[73adb7dc35730857]::rt::lang_start_internal::{closure#0}>
[INFO] [stderr]                                  at /rustc/6b3fa26749ab40e159b2dd5cf577acaaf5902772/library/std/src/panicking.rs:544:19
[INFO] [stderr]     28:     0x5680e36b55a7 - std[73adb7dc35730857]::panic::catch_unwind::<std[73adb7dc35730857]::rt::lang_start_internal::{closure#0}, isize>
[INFO] [stderr]                                  at /rustc/6b3fa26749ab40e159b2dd5cf577acaaf5902772/library/std/src/panic.rs:359:14
[INFO] [stderr]     29:     0x5680e36b55a7 - std[73adb7dc35730857]::rt::lang_start_internal
[INFO] [stderr]                                  at /rustc/6b3fa26749ab40e159b2dd5cf577acaaf5902772/library/std/src/rt.rs:171:5
[INFO] [stderr]     30:     0x5680e36836d1 - std[73adb7dc35730857]::rt::lang_start::<()>
[INFO] [stderr]     31:     0x5680e3687115 - main
[INFO] [stderr]     32:     0x7e12a64e91ca - <unknown>
[INFO] [stderr]     33:     0x7e12a64e928b - __libc_start_main
[INFO] [stderr]     34:     0x5680e36822f5 - _start
[INFO] [stderr]     35:                0x0 - <unknown>
[INFO] [stderr] warning: build failed, waiting for other jobs to finish...
[INFO] [stdout] test test_help_without_subcommand ... FAILED
[INFO] [stderr]    Compiling rand_core v0.6.4
[INFO] [stderr]    Compiling common v0.1.0 (/opt/rustwide/workdir/common)
[INFO] [stderr]    Compiling daemon v0.1.0 (/opt/rustwide/workdir/daemon)
[INFO] [stderr] error: failed to run custom build command for `daemon v0.1.0 (/opt/rustwide/workdir/daemon)`
[INFO] [stderr] note: To improve backtraces for build dependencies, set the CARGO_PROFILE_DEV_BUILD_OVERRIDE_DEBUG=true environment variable to enable debug information generation.
[INFO] [stderr] 
[INFO] [stderr] Caused by:
[INFO] [stderr]   process didn't exit successfully: `/opt/rustwide/target/debug/build/daemon-f468bb150fb36565/build-script-build` (exit status: 101)
[INFO] [stderr]   --- stdout
[INFO] [stderr]   cargo:rerun-if-changed=/opt/rustwide/workdir/ebpf/Cargo.toml
[INFO] [stderr]   cargo:rerun-if-changed=/opt/rustwide/workdir/ebpf/src
[INFO] [stderr]   cargo:rerun-if-changed=/opt/rustwide/workdir/common/src
[INFO] [stderr] 
[INFO] [stderr]   --- stderr
[INFO] [stderr]   error: toolchain 'nightly-x86_64-unknown-linux-gnu' is not installed
[INFO] [stderr]   help: run `rustup toolchain install nightly-x86_64-unknown-linux-gnu` to install it
[INFO] [stderr] 
[INFO] [stderr]   thread 'main' (1112) panicked at daemon/build.rs:57:5:
[INFO] [stderr]   failed to build eBPF object with rustup nightly cargo
[INFO] [stderr]   stack backtrace:
[INFO] [stderr]      0:     0x5d8be1e0d611 - std[73adb7dc35730857]::backtrace_rs::backtrace::libunwind::trace
[INFO] [stderr]                                  at /rustc/6b3fa26749ab40e159b2dd5cf577acaaf5902772/library/std/src/../../backtrace/src/backtrace/libunwind.rs:117:9
[INFO] [stderr]      1:     0x5d8be1e0d611 - std[73adb7dc35730857]::backtrace_rs::backtrace::trace_unsynchronized::<std[73adb7dc35730857]::sys::backtrace::_print_fmt::{closure#1}>
[INFO] [stderr]                                  at /rustc/6b3fa26749ab40e159b2dd5cf577acaaf5902772/library/std/src/../../backtrace/src/backtrace/mod.rs:66:14
[INFO] [stderr]      2:     0x5d8be1e0d611 - std[73adb7dc35730857]::sys::backtrace::_print_fmt
[INFO] [stderr]                                  at /rustc/6b3fa26749ab40e159b2dd5cf577acaaf5902772/library/std/src/sys/backtrace.rs:74:9
[INFO] [stderr]      3:     0x5d8be1e0d611 - <<std[73adb7dc35730857]::sys::backtrace::BacktraceLock>::print::DisplayBacktrace as core[6883ba1bc0fe4ed1]::fmt::Display>::fmt
[INFO] [stderr]                                  at /rustc/6b3fa26749ab40e159b2dd5cf577acaaf5902772/library/std/src/sys/backtrace.rs:44:26
[INFO] [stderr]      4:     0x5d8be1e1e44a - <core[6883ba1bc0fe4ed1]::fmt::rt::Argument>::fmt
[INFO] [stderr]                                  at /rustc/6b3fa26749ab40e159b2dd5cf577acaaf5902772/library/core/src/fmt/rt.rs:152:76
[INFO] [stderr]      5:     0x5d8be1e1e44a - core[6883ba1bc0fe4ed1]::fmt::write
[INFO] [stderr]      6:     0x5d8be1e1155c - std[73adb7dc35730857]::io::default_write_fmt::<std[73adb7dc35730857]::sys::stdio::unix::Stderr>
[INFO] [stderr]                                  at /rustc/6b3fa26749ab40e159b2dd5cf577acaaf5902772/library/std/src/io/mod.rs:626:11
[INFO] [stderr]      7:     0x5d8be1e1155c - <std[73adb7dc35730857]::sys::stdio::unix::Stderr as std[73adb7dc35730857]::io::Write>::write_fmt
[INFO] [stderr]                                  at /rustc/6b3fa26749ab40e159b2dd5cf577acaaf5902772/library/std/src/io/mod.rs:1730:13
[INFO] [stderr]      8:     0x5d8be1df11b6 - <std[73adb7dc35730857]::sys::backtrace::BacktraceLock>::print
[INFO] [stderr]                                  at /rustc/6b3fa26749ab40e159b2dd5cf577acaaf5902772/library/std/src/sys/backtrace.rs:47:9
[INFO] [stderr]      9:     0x5d8be1df11b6 - std[73adb7dc35730857]::panicking::default_hook::{closure#0}
[INFO] [stderr]                                  at /rustc/6b3fa26749ab40e159b2dd5cf577acaaf5902772/library/std/src/panicking.rs:292:27
[INFO] [stderr]     10:     0x5d8be1e09211 - std[73adb7dc35730857]::panicking::default_hook
[INFO] [stderr]                                  at /rustc/6b3fa26749ab40e159b2dd5cf577acaaf5902772/library/std/src/panicking.rs:319:9
[INFO] [stderr]     11:     0x5d8be1e093cb - std[73adb7dc35730857]::panicking::panic_with_hook
[INFO] [stderr]                                  at /rustc/6b3fa26749ab40e159b2dd5cf577acaaf5902772/library/std/src/panicking.rs:815:13
[INFO] [stderr]     12:     0x5d8be1df1294 - std[73adb7dc35730857]::panicking::panic_handler::{closure#0}
[INFO] [stderr]                                  at /rustc/6b3fa26749ab40e159b2dd5cf577acaaf5902772/library/std/src/panicking.rs:681:13
[INFO] [stderr]     13:     0x5d8be1de8ee9 - std[73adb7dc35730857]::sys::backtrace::__rust_end_short_backtrace::<std[73adb7dc35730857]::panicking::panic_handler::{closure#0}, !>
[INFO] [stderr]                                  at /rustc/6b3fa26749ab40e159b2dd5cf577acaaf5902772/library/std/src/sys/backtrace.rs:182:18
[INFO] [stderr]     14:     0x5d8be1df1a3d - __rustc[a7b7b02e776dd976]::rust_begin_unwind
[INFO] [stderr]                                  at /rustc/6b3fa26749ab40e159b2dd5cf577acaaf5902772/library/std/src/panicking.rs:679:5
[INFO] [stderr]     15:     0x5d8be1e1eb7c - core[6883ba1bc0fe4ed1]::panicking::panic_fmt
[INFO] [stderr]                                  at /rustc/6b3fa26749ab40e159b2dd5cf577acaaf5902772/library/core/src/panicking.rs:80:14
[INFO] [stderr]     16:     0x5d8be1dd6eb5 - build_script_build[e7a3a806edad748a]::run_cargo_build
[INFO] [stderr]     17:     0x5d8be1dd7630 - build_script_build[e7a3a806edad748a]::main
[INFO] [stderr]     18:     0x5d8be1dd9e73 - <fn() as core[6883ba1bc0fe4ed1]::ops::function::FnOnce<()>>::call_once
[INFO] [stderr]     19:     0x5d8be1dd67c6 - std[73adb7dc35730857]::sys::backtrace::__rust_begin_short_backtrace::<fn(), ()>
[INFO] [stderr]     20:     0x5d8be1dd6bd9 - std[73adb7dc35730857]::rt::lang_start::<()>::{closure#0}
[INFO] [stderr]     21:     0x5d8be1e085a7 - <&dyn core[6883ba1bc0fe4ed1]::ops::function::Fn<(), Output = i32> + core[6883ba1bc0fe4ed1]::panic::unwind_safe::RefUnwindSafe + core[6883ba1bc0fe4ed1]::marker::Sync as core[6883ba1bc0fe4ed1]::ops::function::FnOnce<()>>::call_once
[INFO] [stderr]                                  at /rustc/6b3fa26749ab40e159b2dd5cf577acaaf5902772/library/core/src/ops/function.rs:287:21
[INFO] [stderr]     22:     0x5d8be1e085a7 - std[73adb7dc35730857]::panicking::catch_unwind::do_call::<&dyn core[6883ba1bc0fe4ed1]::ops::function::Fn<(), Output = i32> + core[6883ba1bc0fe4ed1]::panic::unwind_safe::RefUnwindSafe + core[6883ba1bc0fe4ed1]::marker::Sync, i32>
[INFO] [stderr]                                  at /rustc/6b3fa26749ab40e159b2dd5cf577acaaf5902772/library/std/src/panicking.rs:576:43
[INFO] [stderr]     23:     0x5d8be1e085a7 - std[73adb7dc35730857]::panicking::catch_unwind::<i32, &dyn core[6883ba1bc0fe4ed1]::ops::function::Fn<(), Output = i32> + core[6883ba1bc0fe4ed1]::panic::unwind_safe::RefUnwindSafe + core[6883ba1bc0fe4ed1]::marker::Sync>
[INFO] [stderr]                                  at /rustc/6b3fa26749ab40e159b2dd5cf577acaaf5902772/library/std/src/panicking.rs:544:19
[INFO] [stderr]     24:     0x5d8be1e085a7 - std[73adb7dc35730857]::panic::catch_unwind::<&dyn core[6883ba1bc0fe4ed1]::ops::function::Fn<(), Output = i32> + core[6883ba1bc0fe4ed1]::panic::unwind_safe::RefUnwindSafe + core[6883ba1bc0fe4ed1]::marker::Sync, i32>
[INFO] [stderr]                                  at /rustc/6b3fa26749ab40e159b2dd5cf577acaaf5902772/library/std/src/panic.rs:359:14
[INFO] [stderr]     25:     0x5d8be1e085a7 - std[73adb7dc35730857]::rt::lang_start_internal::{closure#0}
[INFO] [stderr]                                  at /rustc/6b3fa26749ab40e159b2dd5cf577acaaf5902772/library/std/src/rt.rs:175:24
[INFO] [stderr]     26:     0x5d8be1e085a7 - std[73adb7dc35730857]::panicking::catch_unwind::do_call::<std[73adb7dc35730857]::rt::lang_start_internal::{closure#0}, isize>
[INFO] [stderr]                                  at /rustc/6b3fa26749ab40e159b2dd5cf577acaaf5902772/library/std/src/panicking.rs:576:43
[INFO] [stderr]     27:     0x5d8be1e085a7 - std[73adb7dc35730857]::panicking::catch_unwind::<isize, std[73adb7dc35730857]::rt::lang_start_internal::{closure#0}>
[INFO] [stderr]                                  at /rustc/6b3fa26749ab40e159b2dd5cf577acaaf5902772/library/std/src/panicking.rs:544:19
[INFO] [stderr]     28:     0x5d8be1e085a7 - std[73adb7dc35730857]::panic::catch_unwind::<std[73adb7dc35730857]::rt::lang_start_internal::{closure#0}, isize>
[INFO] [stderr]                                  at /rustc/6b3fa26749ab40e159b2dd5cf577acaaf5902772/library/std/src/panic.rs:359:14
[INFO] [stderr]     29:     0x5d8be1e085a7 - std[73adb7dc35730857]::rt::lang_start_internal
[INFO] [stderr]                                  at /rustc/6b3fa26749ab40e159b2dd5cf577acaaf5902772/library/std/src/rt.rs:171:5
[INFO] [stderr]     30:     0x5d8be1dd66d1 - std[73adb7dc35730857]::rt::lang_start::<()>
[INFO] [stderr]     31:     0x5d8be1dda115 - main
[INFO] [stderr]     32:     0x76d1186a91ca - <unknown>
[INFO] [stderr]     33:     0x76d1186a928b - __libc_start_main
[INFO] [stderr]     34:     0x5d8be1dd52f5 - _start
[INFO] [stderr]     35:                0x0 - <unknown>
[INFO] [stderr] warning: build failed, waiting for other jobs to finish...
[INFO] [stdout] test test_init_and_deinit ... FAILED
[INFO] [stderr]    Compiling rand_chacha v0.3.1
[INFO] [stderr]    Compiling daemon v0.1.0 (/opt/rustwide/workdir/daemon)
[INFO] [stderr] error: failed to run custom build command for `daemon v0.1.0 (/opt/rustwide/workdir/daemon)`
[INFO] [stderr] note: To improve backtraces for build dependencies, set the CARGO_PROFILE_DEV_BUILD_OVERRIDE_DEBUG=true environment variable to enable debug information generation.
[INFO] [stderr] 
[INFO] [stderr] Caused by:
[INFO] [stderr]   process didn't exit successfully: `/opt/rustwide/target/debug/build/daemon-f468bb150fb36565/build-script-build` (exit status: 101)
[INFO] [stderr]   --- stdout
[INFO] [stderr]   cargo:rerun-if-changed=/opt/rustwide/workdir/ebpf/Cargo.toml
[INFO] [stderr]   cargo:rerun-if-changed=/opt/rustwide/workdir/ebpf/src
[INFO] [stderr]   cargo:rerun-if-changed=/opt/rustwide/workdir/common/src
[INFO] [stderr] 
[INFO] [stderr]   --- stderr
[INFO] [stderr]   error: toolchain 'nightly-x86_64-unknown-linux-gnu' is not installed
[INFO] [stderr]   help: run `rustup toolchain install nightly-x86_64-unknown-linux-gnu` to install it
[INFO] [stderr] 
[INFO] [stderr]   thread 'main' (1139) panicked at daemon/build.rs:57:5:
[INFO] [stderr]   failed to build eBPF object with rustup nightly cargo
[INFO] [stderr]   stack backtrace:
[INFO] [stderr]      0:     0x59f8c9aa0611 - std[73adb7dc35730857]::backtrace_rs::backtrace::libunwind::trace
[INFO] [stderr]                                  at /rustc/6b3fa26749ab40e159b2dd5cf577acaaf5902772/library/std/src/../../backtrace/src/backtrace/libunwind.rs:117:9
[INFO] [stderr]      1:     0x59f8c9aa0611 - std[73adb7dc35730857]::backtrace_rs::backtrace::trace_unsynchronized::<std[73adb7dc35730857]::sys::backtrace::_print_fmt::{closure#1}>
[INFO] [stderr]                                  at /rustc/6b3fa26749ab40e159b2dd5cf577acaaf5902772/library/std/src/../../backtrace/src/backtrace/mod.rs:66:14
[INFO] [stderr]      2:     0x59f8c9aa0611 - std[73adb7dc35730857]::sys::backtrace::_print_fmt
[INFO] [stderr]                                  at /rustc/6b3fa26749ab40e159b2dd5cf577acaaf5902772/library/std/src/sys/backtrace.rs:74:9
[INFO] [stderr]      3:     0x59f8c9aa0611 - <<std[73adb7dc35730857]::sys::backtrace::BacktraceLock>::print::DisplayBacktrace as core[6883ba1bc0fe4ed1]::fmt::Display>::fmt
[INFO] [stderr]                                  at /rustc/6b3fa26749ab40e159b2dd5cf577acaaf5902772/library/std/src/sys/backtrace.rs:44:26
[INFO] [stderr]      4:     0x59f8c9ab144a - <core[6883ba1bc0fe4ed1]::fmt::rt::Argument>::fmt
[INFO] [stderr]                                  at /rustc/6b3fa26749ab40e159b2dd5cf577acaaf5902772/library/core/src/fmt/rt.rs:152:76
[INFO] [stderr]      5:     0x59f8c9ab144a - core[6883ba1bc0fe4ed1]::fmt::write
[INFO] [stderr]      6:     0x59f8c9aa455c - std[73adb7dc35730857]::io::default_write_fmt::<std[73adb7dc35730857]::sys::stdio::unix::Stderr>
[INFO] [stderr]                                  at /rustc/6b3fa26749ab40e159b2dd5cf577acaaf5902772/library/std/src/io/mod.rs:626:11
[INFO] [stderr]      7:     0x59f8c9aa455c - <std[73adb7dc35730857]::sys::stdio::unix::Stderr as std[73adb7dc35730857]::io::Write>::write_fmt
[INFO] [stderr]                                  at /rustc/6b3fa26749ab40e159b2dd5cf577acaaf5902772/library/std/src/io/mod.rs:1730:13
[INFO] [stderr]      8:     0x59f8c9a841b6 - <std[73adb7dc35730857]::sys::backtrace::BacktraceLock>::print
[INFO] [stderr]                                  at /rustc/6b3fa26749ab40e159b2dd5cf577acaaf5902772/library/std/src/sys/backtrace.rs:47:9
[INFO] [stderr]      9:     0x59f8c9a841b6 - std[73adb7dc35730857]::panicking::default_hook::{closure#0}
[INFO] [stderr]                                  at /rustc/6b3fa26749ab40e159b2dd5cf577acaaf5902772/library/std/src/panicking.rs:292:27
[INFO] [stderr]     10:     0x59f8c9a9c211 - std[73adb7dc35730857]::panicking::default_hook
[INFO] [stderr]                                  at /rustc/6b3fa26749ab40e159b2dd5cf577acaaf5902772/library/std/src/panicking.rs:319:9
[INFO] [stderr]     11:     0x59f8c9a9c3cb - std[73adb7dc35730857]::panicking::panic_with_hook
[INFO] [stderr]                                  at /rustc/6b3fa26749ab40e159b2dd5cf577acaaf5902772/library/std/src/panicking.rs:815:13
[INFO] [stderr]     12:     0x59f8c9a84294 - std[73adb7dc35730857]::panicking::panic_handler::{closure#0}
[INFO] [stderr]                                  at /rustc/6b3fa26749ab40e159b2dd5cf577acaaf5902772/library/std/src/panicking.rs:681:13
[INFO] [stderr]     13:     0x59f8c9a7bee9 - std[73adb7dc35730857]::sys::backtrace::__rust_end_short_backtrace::<std[73adb7dc35730857]::panicking::panic_handler::{closure#0}, !>
[INFO] [stderr]                                  at /rustc/6b3fa26749ab40e159b2dd5cf577acaaf5902772/library/std/src/sys/backtrace.rs:182:18
[INFO] [stderr]     14:     0x59f8c9a84a3d - __rustc[a7b7b02e776dd976]::rust_begin_unwind
[INFO] [stderr]                                  at /rustc/6b3fa26749ab40e159b2dd5cf577acaaf5902772/library/std/src/panicking.rs:679:5
[INFO] [stderr]     15:     0x59f8c9ab1b7c - core[6883ba1bc0fe4ed1]::panicking::panic_fmt
[INFO] [stderr]                                  at /rustc/6b3fa26749ab40e159b2dd5cf577acaaf5902772/library/core/src/panicking.rs:80:14
[INFO] [stderr]     16:     0x59f8c9a69eb5 - build_script_build[e7a3a806edad748a]::run_cargo_build
[INFO] [stderr]     17:     0x59f8c9a6a630 - build_script_build[e7a3a806edad748a]::main
[INFO] [stderr]     18:     0x59f8c9a6ce73 - <fn() as core[6883ba1bc0fe4ed1]::ops::function::FnOnce<()>>::call_once
[INFO] [stderr]     19:     0x59f8c9a697c6 - std[73adb7dc35730857]::sys::backtrace::__rust_begin_short_backtrace::<fn(), ()>
[INFO] [stderr]     20:     0x59f8c9a69bd9 - std[73adb7dc35730857]::rt::lang_start::<()>::{closure#0}
[INFO] [stderr]     21:     0x59f8c9a9b5a7 - <&dyn core[6883ba1bc0fe4ed1]::ops::function::Fn<(), Output = i32> + core[6883ba1bc0fe4ed1]::panic::unwind_safe::RefUnwindSafe + core[6883ba1bc0fe4ed1]::marker::Sync as core[6883ba1bc0fe4ed1]::ops::function::FnOnce<()>>::call_once
[INFO] [stderr]                                  at /rustc/6b3fa26749ab40e159b2dd5cf577acaaf5902772/library/core/src/ops/function.rs:287:21
[INFO] [stderr]     22:     0x59f8c9a9b5a7 - std[73adb7dc35730857]::panicking::catch_unwind::do_call::<&dyn core[6883ba1bc0fe4ed1]::ops::function::Fn<(), Output = i32> + core[6883ba1bc0fe4ed1]::panic::unwind_safe::RefUnwindSafe + core[6883ba1bc0fe4ed1]::marker::Sync, i32>
[INFO] [stderr]                                  at /rustc/6b3fa26749ab40e159b2dd5cf577acaaf5902772/library/std/src/panicking.rs:576:43
[INFO] [stderr]     23:     0x59f8c9a9b5a7 - std[73adb7dc35730857]::panicking::catch_unwind::<i32, &dyn core[6883ba1bc0fe4ed1]::ops::function::Fn<(), Output = i32> + core[6883ba1bc0fe4ed1]::panic::unwind_safe::RefUnwindSafe + core[6883ba1bc0fe4ed1]::marker::Sync>
[INFO] [stderr]                                  at /rustc/6b3fa26749ab40e159b2dd5cf577acaaf5902772/library/std/src/panicking.rs:544:19
[INFO] [stderr]     24:     0x59f8c9a9b5a7 - std[73adb7dc35730857]::panic::catch_unwind::<&dyn core[6883ba1bc0fe4ed1]::ops::function::Fn<(), Output = i32> + core[6883ba1bc0fe4ed1]::panic::unwind_safe::RefUnwindSafe + core[6883ba1bc0fe4ed1]::marker::Sync, i32>
[INFO] [stderr]                                  at /rustc/6b3fa26749ab40e159b2dd5cf577acaaf5902772/library/std/src/panic.rs:359:14
[INFO] [stderr]     25:     0x59f8c9a9b5a7 - std[73adb7dc35730857]::rt::lang_start_internal::{closure#0}
[INFO] [stderr]                                  at /rustc/6b3fa26749ab40e159b2dd5cf577acaaf5902772/library/std/src/rt.rs:175:24
[INFO] [stderr]     26:     0x59f8c9a9b5a7 - std[73adb7dc35730857]::panicking::catch_unwind::do_call::<std[73adb7dc35730857]::rt::lang_start_internal::{closure#0}, isize>
[INFO] [stderr]                                  at /rustc/6b3fa26749ab40e159b2dd5cf577acaaf5902772/library/std/src/panicking.rs:576:43
[INFO] [stderr]     27:     0x59f8c9a9b5a7 - std[73adb7dc35730857]::panicking::catch_unwind::<isize, std[73adb7dc35730857]::rt::lang_start_internal::{closure#0}>
[INFO] [stderr]                                  at /rustc/6b3fa26749ab40e159b2dd5cf577acaaf5902772/library/std/src/panicking.rs:544:19
[INFO] [stderr]     28:     0x59f8c9a9b5a7 - std[73adb7dc35730857]::panic::catch_unwind::<std[73adb7dc35730857]::rt::lang_start_internal::{closure#0}, isize>
[INFO] [stderr]                                  at /rustc/6b3fa26749ab40e159b2dd5cf577acaaf5902772/library/std/src/panic.rs:359:14
[INFO] [stderr]     29:     0x59f8c9a9b5a7 - std[73adb7dc35730857]::rt::lang_start_internal
[INFO] [stderr]                                  at /rustc/6b3fa26749ab40e159b2dd5cf577acaaf5902772/library/std/src/rt.rs:171:5
[INFO] [stderr]     30:     0x59f8c9a696d1 - std[73adb7dc35730857]::rt::lang_start::<()>
[INFO] [stderr]     31:     0x59f8c9a6d115 - main
[INFO] [stderr]     32:     0x7148c99f51ca - <unknown>
[INFO] [stderr]     33:     0x7148c99f528b - __libc_start_main
[INFO] [stderr]     34:     0x59f8c9a682f5 - _start
[INFO] [stderr]     35:                0x0 - <unknown>
[INFO] [stderr] warning: build failed, waiting for other jobs to finish...
[INFO] [stdout] test test_switch_lifecycle ... FAILED
[INFO] [stdout] 
[INFO] [stdout] failures:
[INFO] [stdout] 
[INFO] [stdout] ---- test_switch_port_remove stdout ----
[INFO] [stdout] Error: failed to build binary 'hulld' from '/opt/rustwide/workdir/daemon/Cargo.toml'
[INFO] [stdout] 
[INFO] [stdout] Stack backtrace:
[INFO] [stdout]    0: <anyhow::Error>::msg::<alloc::string::String>
[INFO] [stdout]              at /opt/rustwide/cargo-home/registry/src/index.crates.io-1949cf8c6b5b557f/anyhow-1.0.102/src/backtrace.rs:10:14
[INFO] [stdout]    1: anyhow::__private::format_err
[INFO] [stdout]              at /opt/rustwide/cargo-home/registry/src/index.crates.io-1949cf8c6b5b557f/anyhow-1.0.102/src/lib.rs:690:13
[INFO] [stdout]    2: <cli::common::CliTestHarness>::binary_path
[INFO] [stdout]              at ./tests/common.rs:54:28
[INFO] [stdout]    3: <cli::common::CliTestHarness>::spawn_daemon
[INFO] [stdout]              at ./tests/common.rs:94:26
[INFO] [stdout]    4: <cli::common::CliTestHarness>::new
[INFO] [stdout]              at ./tests/common.rs:81:22
[INFO] [stdout]    5: cli::test_switch_port_remove
[INFO] [stdout]              at ./tests/cli.rs:83:19
[INFO] [stdout]    6: cli::test_switch_port_remove::{closure#0}
[INFO] [stdout]              at ./tests/cli.rs:82:33
[INFO] [stdout]    7: <cli::test_switch_port_remove::{closure#0} as core::ops::function::FnOnce<()>>::call_once
[INFO] [stdout]              at /rustc/6b3fa26749ab40e159b2dd5cf577acaaf5902772/library/core/src/ops/function.rs:250:5
[INFO] [stdout]    8: <fn() -> core::result::Result<(), alloc::string::String> as core::ops::function::FnOnce<()>>::call_once
[INFO] [stdout]              at /rustc/6b3fa26749ab40e159b2dd5cf577acaaf5902772/library/core/src/ops/function.rs:250:5
[INFO] [stdout]    9: test::__rust_begin_short_backtrace::<core::result::Result<(), alloc::string::String>, fn() -> core::result::Result<(), alloc::string::String>>
[INFO] [stdout]              at /rustc/6b3fa26749ab40e159b2dd5cf577acaaf5902772/library/test/src/lib.rs:724:18
[INFO] [stdout]   10: test::run_test_in_process::{closure#0}
[INFO] [stdout]              at /rustc/6b3fa26749ab40e159b2dd5cf577acaaf5902772/library/test/src/lib.rs:747:74
[INFO] [stdout]   11: <core::panic::unwind_safe::AssertUnwindSafe<test::run_test_in_process::{closure#0}> as core::ops::function::FnOnce<()>>::call_once
[INFO] [stdout]              at /rustc/6b3fa26749ab40e159b2dd5cf577acaaf5902772/library/core/src/panic/unwind_safe.rs:275:9
[INFO] [stdout]   12: std::panicking::catch_unwind::do_call::<core::panic::unwind_safe::AssertUnwindSafe<test::run_test_in_process::{closure#0}>, core::result::Result<(), alloc::string::String>>
[INFO] [stdout]              at /rustc/6b3fa26749ab40e159b2dd5cf577acaaf5902772/library/std/src/panicking.rs:576:43
[INFO] [stdout]   13: std::panicking::catch_unwind::<core::result::Result<(), alloc::string::String>, core::panic::unwind_safe::AssertUnwindSafe<test::run_test_in_process::{closure#0}>>
[INFO] [stdout]              at /rustc/6b3fa26749ab40e159b2dd5cf577acaaf5902772/library/std/src/panicking.rs:544:19
[INFO] [stdout]   14: std::panic::catch_unwind::<core::panic::unwind_safe::AssertUnwindSafe<test::run_test_in_process::{closure#0}>, core::result::Result<(), alloc::string::String>>
[INFO] [stdout]              at /rustc/6b3fa26749ab40e159b2dd5cf577acaaf5902772/library/std/src/panic.rs:359:14
[INFO] [stdout]   15: test::run_test_in_process
[INFO] [stdout]              at /rustc/6b3fa26749ab40e159b2dd5cf577acaaf5902772/library/test/src/lib.rs:747:27
[INFO] [stdout]   16: test::run_test::{closure#0}
[INFO] [stdout]              at /rustc/6b3fa26749ab40e159b2dd5cf577acaaf5902772/library/test/src/lib.rs:668:43
[INFO] [stdout]   17: test::run_test::{closure#1}
[INFO] [stdout]              at /rustc/6b3fa26749ab40e159b2dd5cf577acaaf5902772/library/test/src/lib.rs:698:41
[INFO] [stdout]   18: std::sys::backtrace::__rust_begin_short_backtrace::<test::run_test::{closure#1}, ()>
[INFO] [stdout]              at /rustc/6b3fa26749ab40e159b2dd5cf577acaaf5902772/library/std/src/sys/backtrace.rs:166:18
[INFO] [stdout]   19: std::thread::lifecycle::spawn_unchecked::<test::run_test::{closure#1}, ()>::{closure#1}::{closure#0}
[INFO] [stdout]              at /rustc/6b3fa26749ab40e159b2dd5cf577acaaf5902772/library/std/src/thread/lifecycle.rs:70:13
[INFO] [stdout]   20: <core::panic::unwind_safe::AssertUnwindSafe<std::thread::lifecycle::spawn_unchecked<test::run_test::{closure#1}, ()>::{closure#1}::{closure#0}> as core::ops::function::FnOnce<()>>::call_once
[INFO] [stdout]              at /rustc/6b3fa26749ab40e159b2dd5cf577acaaf5902772/library/core/src/panic/unwind_safe.rs:275:9
[INFO] [stdout]   21: std::panicking::catch_unwind::do_call::<core::panic::unwind_safe::AssertUnwindSafe<std::thread::lifecycle::spawn_unchecked<test::run_test::{closure#1}, ()>::{closure#1}::{closure#0}>, ()>
[INFO] [stdout]              at /rustc/6b3fa26749ab40e159b2dd5cf577acaaf5902772/library/std/src/panicking.rs:576:43
[INFO] [stdout]   22: std::panicking::catch_unwind::<(), core::panic::unwind_safe::AssertUnwindSafe<std::thread::lifecycle::spawn_unchecked<test::run_test::{closure#1}, ()>::{closure#1}::{closure#0}>>
[INFO] [stdout]              at /rustc/6b3fa26749ab40e159b2dd5cf577acaaf5902772/library/std/src/panicking.rs:544:19
[INFO] [stdout]   23: std::panic::catch_unwind::<core::panic::unwind_safe::AssertUnwindSafe<std::thread::lifecycle::spawn_unchecked<test::run_test::{closure#1}, ()>::{closure#1}::{closure#0}>, ()>
[INFO] [stdout]              at /rustc/6b3fa26749ab40e159b2dd5cf577acaaf5902772/library/std/src/panic.rs:359:14
[INFO] [stdout]   24: std::thread::lifecycle::spawn_unchecked::<test::run_test::{closure#1}, ()>::{closure#1}
[INFO] [stdout]              at /rustc/6b3fa26749ab40e159b2dd5cf577acaaf5902772/library/std/src/thread/lifecycle.rs:68:26
[INFO] [stdout]   25: <std::thread::lifecycle::spawn_unchecked<test::run_test::{closure#1}, ()>::{closure#1} as core::ops::function::FnOnce<()>>::call_once::{shim:vtable#0}
[INFO] [stdout]              at /rustc/6b3fa26749ab40e159b2dd5cf577acaaf5902772/library/core/src/ops/function.rs:250:5
[INFO] [stdout]   26: <alloc::boxed::Box<dyn core::ops::function::FnOnce<(), Output = ()> + core::marker::Send> as core::ops::function::FnOnce<()>>::call_once
[INFO] [stdout]              at /rustc/6b3fa26749ab40e159b2dd5cf577acaaf5902772/library/alloc/src/boxed.rs:2319:9
[INFO] [stdout]   27: <std::sys::thread::unix::Thread>::new::thread_start
[INFO] [stdout]              at /rustc/6b3fa26749ab40e159b2dd5cf577acaaf5902772/library/std/src/sys/thread/unix.rs:123:17
[INFO] [stdout]   28: <unknown>
[INFO] [stdout]   29: clone
[INFO] [stdout] 
[INFO] [stdout] ---- test_switch_port_lifecycle_and_sync stdout ----
[INFO] [stdout] Error: failed to build binary 'hulld' from '/opt/rustwide/workdir/daemon/Cargo.toml'
[INFO] [stdout] 
[INFO] [stdout] Stack backtrace:
[INFO] [stdout]    0: <anyhow::Error>::msg::<alloc::string::String>
[INFO] [stdout]              at /opt/rustwide/cargo-home/registry/src/index.crates.io-1949cf8c6b5b557f/anyhow-1.0.102/src/backtrace.rs:10:14
[INFO] [stdout]    1: anyhow::__private::format_err
[INFO] [stdout]              at /opt/rustwide/cargo-home/registry/src/index.crates.io-1949cf8c6b5b557f/anyhow-1.0.102/src/lib.rs:690:13
[INFO] [stdout]    2: <cli::common::CliTestHarness>::binary_path
[INFO] [stdout]              at ./tests/common.rs:54:28
[INFO] [stdout]    3: <cli::common::CliTestHarness>::spawn_daemon
[INFO] [stdout]              at ./tests/common.rs:94:26
[INFO] [stdout]    4: <cli::common::CliTestHarness>::new
[INFO] [stdout]              at ./tests/common.rs:81:22
[INFO] [stdout]    5: cli::test_switch_port_lifecycle_and_sync
[INFO] [stdout]              at ./tests/cli.rs:54:19
[INFO] [stdout]    6: cli::test_switch_port_lifecycle_and_sync::{closure#0}
[INFO] [stdout]              at ./tests/cli.rs:53:45
[INFO] [stdout]    7: <cli::test_switch_port_lifecycle_and_sync::{closure#0} as core::ops::function::FnOnce<()>>::call_once
[INFO] [stdout]              at /rustc/6b3fa26749ab40e159b2dd5cf577acaaf5902772/library/core/src/ops/function.rs:250:5
[INFO] [stdout]    8: <fn() -> core::result::Result<(), alloc::string::String> as core::ops::function::FnOnce<()>>::call_once
[INFO] [stdout]              at /rustc/6b3fa26749ab40e159b2dd5cf577acaaf5902772/library/core/src/ops/function.rs:250:5
[INFO] [stdout]    9: test::__rust_begin_short_backtrace::<core::result::Result<(), alloc::string::String>, fn() -> core::result::Result<(), alloc::string::String>>
[INFO] [stdout]              at /rustc/6b3fa26749ab40e159b2dd5cf577acaaf5902772/library/test/src/lib.rs:724:18
[INFO] [stdout]   10: test::run_test_in_process::{closure#0}
[INFO] [stdout]              at /rustc/6b3fa26749ab40e159b2dd5cf577acaaf5902772/library/test/src/lib.rs:747:74
[INFO] [stdout]   11: <core::panic::unwind_safe::AssertUnwindSafe<test::run_test_in_process::{closure#0}> as core::ops::function::FnOnce<()>>::call_once
[INFO] [stdout]              at /rustc/6b3fa26749ab40e159b2dd5cf577acaaf5902772/library/core/src/panic/unwind_safe.rs:275:9
[INFO] [stdout]   12: std::panicking::catch_unwind::do_call::<core::panic::unwind_safe::AssertUnwindSafe<test::run_test_in_process::{closure#0}>, core::result::Result<(), alloc::string::String>>
[INFO] [stdout]              at /rustc/6b3fa26749ab40e159b2dd5cf577acaaf5902772/library/std/src/panicking.rs:576:43
[INFO] [stdout]   13: std::panicking::catch_unwind::<core::result::Result<(), alloc::string::String>, core::panic::unwind_safe::AssertUnwindSafe<test::run_test_in_process::{closure#0}>>
[INFO] [stdout]              at /rustc/6b3fa26749ab40e159b2dd5cf577acaaf5902772/library/std/src/panicking.rs:544:19
[INFO] [stdout]   14: std::panic::catch_unwind::<core::panic::unwind_safe::AssertUnwindSafe<test::run_test_in_process::{closure#0}>, core::result::Result<(), alloc::string::String>>
[INFO] [stdout]              at /rustc/6b3fa26749ab40e159b2dd5cf577acaaf5902772/library/std/src/panic.rs:359:14
[INFO] [stdout]   15: test::run_test_in_process
[INFO] [stdout]              at /rustc/6b3fa26749ab40e159b2dd5cf577acaaf5902772/library/test/src/lib.rs:747:27
[INFO] [stdout]   16: test::run_test::{closure#0}
[INFO] [stdout]              at /rustc/6b3fa26749ab40e159b2dd5cf577acaaf5902772/library/test/src/lib.rs:668:43
[INFO] [stdout]   17: test::run_test::{closure#1}
[INFO] [stdout]              at /rustc/6b3fa26749ab40e159b2dd5cf577acaaf5902772/library/test/src/lib.rs:698:41
[INFO] [stdout]   18: std::sys::backtrace::__rust_begin_short_backtrace::<test::run_test::{closure#1}, ()>
[INFO] [stdout]              at /rustc/6b3fa26749ab40e159b2dd5cf577acaaf5902772/library/std/src/sys/backtrace.rs:166:18
[INFO] [stdout]   19: std::thread::lifecycle::spawn_unchecked::<test::run_test::{closure#1}, ()>::{closure#1}::{closure#0}
[INFO] [stdout]              at /rustc/6b3fa26749ab40e159b2dd5cf577acaaf5902772/library/std/src/thread/lifecycle.rs:70:13
[INFO] [stdout]   20: <core::panic::unwind_safe::AssertUnwindSafe<std::thread::lifecycle::spawn_unchecked<test::run_test::{closure#1}, ()>::{closure#1}::{closure#0}> as core::ops::function::FnOnce<()>>::call_once
[INFO] [stdout]              at /rustc/6b3fa26749ab40e159b2dd5cf577acaaf5902772/library/core/src/panic/unwind_safe.rs:275:9
[INFO] [stdout]   21: std::panicking::catch_unwind::do_call::<core::panic::unwind_safe::AssertUnwindSafe<std::thread::lifecycle::spawn_unchecked<test::run_test::{closure#1}, ()>::{closure#1}::{closure#0}>, ()>
[INFO] [stdout]              at /rustc/6b3fa26749ab40e159b2dd5cf577acaaf5902772/library/std/src/panicking.rs:576:43
[INFO] [stdout]   22: std::panicking::catch_unwind::<(), core::panic::unwind_safe::AssertUnwindSafe<std::thread::lifecycle::spawn_unchecked<test::run_test::{closure#1}, ()>::{closure#1}::{closure#0}>>
[INFO] [stdout]              at /rustc/6b3fa26749ab40e159b2dd5cf577acaaf5902772/library/std/src/panicking.rs:544:19
[INFO] [stdout]   23: std::panic::catch_unwind::<core::panic::unwind_safe::AssertUnwindSafe<std::thread::lifecycle::spawn_unchecked<test::run_test::{closure#1}, ()>::{closure#1}::{closure#0}>, ()>
[INFO] [stdout]              at /rustc/6b3fa26749ab40e159b2dd5cf577acaaf5902772/library/std/src/panic.rs:359:14
[INFO] [stdout]   24: std::thread::lifecycle::spawn_unchecked::<test::run_test::{closure#1}, ()>::{closure#1}
[INFO] [stdout]              at /rustc/6b3fa26749ab40e159b2dd5cf577acaaf5902772/library/std/src/thread/lifecycle.rs:68:26
[INFO] [stdout]   25: <std::thread::lifecycle::spawn_unchecked<test::run_test::{closure#1}, ()>::{closure#1} as core::ops::function::FnOnce<()>>::call_once::{shim:vtable#0}
[INFO] [stdout]              at /rustc/6b3fa26749ab40e159b2dd5cf577acaaf5902772/library/core/src/ops/function.rs:250:5
[INFO] [stdout]   26: <alloc::boxed::Box<dyn core::ops::function::FnOnce<(), Output = ()> + core::marker::Send> as core::ops::function::FnOnce<()>>::call_once
[INFO] [stdout]              at /rustc/6b3fa26749ab40e159b2dd5cf577acaaf5902772/library/alloc/src/boxed.rs:2319:9
[INFO] [stdout]   27: <std::sys::thread::unix::Thread>::new::thread_start
[INFO] [stdout]              at /rustc/6b3fa26749ab40e159b2dd5cf577acaaf5902772/library/std/src/sys/thread/unix.rs:123:17
[INFO] [stdout]   28: <unknown>
[INFO] [stdout]   29: clone
[INFO] [stdout] 
[INFO] [stdout] ---- test_switch_create_defaults_l3_fields stdout ----
[INFO] [stdout] Error: failed to build binary 'hulld' from '/opt/rustwide/workdir/daemon/Cargo.toml'
[INFO] [stdout] 
[INFO] [stdout] Stack backtrace:
[INFO] [stdout]    0: <anyhow::Error>::msg::<alloc::string::String>
[INFO] [stdout]              at /opt/rustwide/cargo-home/registry/src/index.crates.io-1949cf8c6b5b557f/anyhow-1.0.102/src/backtrace.rs:10:14
[INFO] [stdout]    1: anyhow::__private::format_err
[INFO] [stdout]              at /opt/rustwide/cargo-home/registry/src/index.crates.io-1949cf8c6b5b557f/anyhow-1.0.102/src/lib.rs:690:13
[INFO] [stdout]    2: <cli::common::CliTestHarness>::binary_path
[INFO] [stdout]              at ./tests/common.rs:54:28
[INFO] [stdout]    3: <cli::common::CliTestHarness>::spawn_daemon
[INFO] [stdout]              at ./tests/common.rs:94:26
[INFO] [stdout]    4: <cli::common::CliTestHarness>::new
[INFO] [stdout]              at ./tests/common.rs:81:22
[INFO] [stdout]    5: cli::test_switch_create_defaults_l3_fields
[INFO] [stdout]              at ./tests/cli.rs:71:19
[INFO] [stdout]    6: cli::test_switch_create_defaults_l3_fields::{closure#0}
[INFO] [stdout]              at ./tests/cli.rs:70:47
[INFO] [stdout]    7: <cli::test_switch_create_defaults_l3_fields::{closure#0} as core::ops::function::FnOnce<()>>::call_once
[INFO] [stdout]              at /rustc/6b3fa26749ab40e159b2dd5cf577acaaf5902772/library/core/src/ops/function.rs:250:5
[INFO] [stdout]    8: <fn() -> core::result::Result<(), alloc::string::String> as core::ops::function::FnOnce<()>>::call_once
[INFO] [stdout]              at /rustc/6b3fa26749ab40e159b2dd5cf577acaaf5902772/library/core/src/ops/function.rs:250:5
[INFO] [stdout]    9: test::__rust_begin_short_backtrace::<core::result::Result<(), alloc::string::String>, fn() -> core::result::Result<(), alloc::string::String>>
[INFO] [stdout]              at /rustc/6b3fa26749ab40e159b2dd5cf577acaaf5902772/library/test/src/lib.rs:724:18
[INFO] [stdout]   10: test::run_test_in_process::{closure#0}
[INFO] [stdout]              at /rustc/6b3fa26749ab40e159b2dd5cf577acaaf5902772/library/test/src/lib.rs:747:74
[INFO] [stdout]   11: <core::panic::unwind_safe::AssertUnwindSafe<test::run_test_in_process::{closure#0}> as core::ops::function::FnOnce<()>>::call_once
[INFO] [stdout]              at /rustc/6b3fa26749ab40e159b2dd5cf577acaaf5902772/library/core/src/panic/unwind_safe.rs:275:9
[INFO] [stdout]   12: std::panicking::catch_unwind::do_call::<core::panic::unwind_safe::AssertUnwindSafe<test::run_test_in_process::{closure#0}>, core::result::Result<(), alloc::string::String>>
[INFO] [stdout]              at /rustc/6b3fa26749ab40e159b2dd5cf577acaaf5902772/library/std/src/panicking.rs:576:43
[INFO] [stdout]   13: std::panicking::catch_unwind::<core::result::Result<(), alloc::string::String>, core::panic::unwind_safe::AssertUnwindSafe<test::run_test_in_process::{closure#0}>>
[INFO] [stdout]              at /rustc/6b3fa26749ab40e159b2dd5cf577acaaf5902772/library/std/src/panicking.rs:544:19
[INFO] [stdout]   14: std::panic::catch_unwind::<core::panic::unwind_safe::AssertUnwindSafe<test::run_test_in_process::{closure#0}>, core::result::Result<(), alloc::string::String>>
[INFO] [stdout]              at /rustc/6b3fa26749ab40e159b2dd5cf577acaaf5902772/library/std/src/panic.rs:359:14
[INFO] [stdout]   15: test::run_test_in_process
[INFO] [stdout]              at /rustc/6b3fa26749ab40e159b2dd5cf577acaaf5902772/library/test/src/lib.rs:747:27
[INFO] [stdout]   16: test::run_test::{closure#0}
[INFO] [stdout]              at /rustc/6b3fa26749ab40e159b2dd5cf577acaaf5902772/library/test/src/lib.rs:668:43
[INFO] [stdout]   17: test::run_test::{closure#1}
[INFO] [stdout]              at /rustc/6b3fa26749ab40e159b2dd5cf577acaaf5902772/library/test/src/lib.rs:698:41
[INFO] [stdout]   18: std::sys::backtrace::__rust_begin_short_backtrace::<test::run_test::{closure#1}, ()>
[INFO] [stdout]              at /rustc/6b3fa26749ab40e159b2dd5cf577acaaf5902772/library/std/src/sys/backtrace.rs:166:18
[INFO] [stdout]   19: std::thread::lifecycle::spawn_unchecked::<test::run_test::{closure#1}, ()>::{closure#1}::{closure#0}
[INFO] [stdout]              at /rustc/6b3fa26749ab40e159b2dd5cf577acaaf5902772/library/std/src/thread/lifecycle.rs:70:13
[INFO] [stdout]   20: <core::panic::unwind_safe::AssertUnwindSafe<std::thread::lifecycle::spawn_unchecked<test::run_test::{closure#1}, ()>::{closure#1}::{closure#0}> as core::ops::function::FnOnce<()>>::call_once
[INFO] [stdout]              at /rustc/6b3fa26749ab40e159b2dd5cf577acaaf5902772/library/core/src/panic/unwind_safe.rs:275:9
[INFO] [stdout]   21: std::panicking::catch_unwind::do_call::<core::panic::unwind_safe::AssertUnwindSafe<std::thread::lifecycle::spawn_unchecked<test::run_test::{closure#1}, ()>::{closure#1}::{closure#0}>, ()>
[INFO] [stdout]              at /rustc/6b3fa26749ab40e159b2dd5cf577acaaf5902772/library/std/src/panicking.rs:576:43
[INFO] [stdout]   22: std::panicking::catch_unwind::<(), core::panic::unwind_safe::AssertUnwindSafe<std::thread::lifecycle::spawn_unchecked<test::run_test::{closure#1}, ()>::{closure#1}::{closure#0}>>
[INFO] [stdout]              at /rustc/6b3fa26749ab40e159b2dd5cf577acaaf5902772/library/std/src/panicking.rs:544:19
[INFO] [stdout]   23: std::panic::catch_unwind::<core::panic::unwind_safe::AssertUnwindSafe<std::thread::lifecycle::spawn_unchecked<test::run_test::{closure#1}, ()>::{closure#1}::{closure#0}>, ()>
[INFO] [stdout]              at /rustc/6b3fa26749ab40e159b2dd5cf577acaaf5902772/library/std/src/panic.rs:359:14
[INFO] [stdout]   24: std::thread::lifecycle::spawn_unchecked::<test::run_test::{closure#1}, ()>::{closure#1}
[INFO] [stdout]              at /rustc/6b3fa26749ab40e159b2dd5cf577acaaf5902772/library/std/src/thread/lifecycle.rs:68:26
[INFO] [stdout]   25: <std::thread::lifecycle::spawn_unchecked<test::run_test::{closure#1}, ()>::{closure#1} as core::ops::function::FnOnce<()>>::call_once::{shim:vtable#0}
[INFO] [stdout]              at /rustc/6b3fa26749ab40e159b2dd5cf577acaaf5902772/library/core/src/ops/function.rs:250:5
[INFO] [stdout]   26: <alloc::boxed::Box<dyn core::ops::function::FnOnce<(), Output = ()> + core::marker::Send> as core::ops::function::FnOnce<()>>::call_once
[INFO] [stdout]              at /rustc/6b3fa26749ab40e159b2dd5cf577acaaf5902772/library/alloc/src/boxed.rs:2319:9
[INFO] [stdout]   27: <std::sys::thread::unix::Thread>::new::thread_start
[INFO] [stdout]              at /rustc/6b3fa26749ab40e159b2dd5cf577acaaf5902772/library/std/src/sys/thread/unix.rs:123:17
[INFO] [stdout]   28: <unknown>
[INFO] [stdout]   29: clone
[INFO] [stdout] 
[INFO] [stdout] ---- test_help_without_subcommand stdout ----
[INFO] [stdout] Error: failed to build binary 'hulld' from '/opt/rustwide/workdir/daemon/Cargo.toml'
[INFO] [stdout] 
[INFO] [stdout] Stack backtrace:
[INFO] [stdout]    0: <anyhow::Error>::msg::<alloc::string::String>
[INFO] [stdout]              at /opt/rustwide/cargo-home/registry/src/index.crates.io-1949cf8c6b5b557f/anyhow-1.0.102/src/backtrace.rs:10:14
[INFO] [stdout]    1: anyhow::__private::format_err
[INFO] [stdout]              at /opt/rustwide/cargo-home/registry/src/index.crates.io-1949cf8c6b5b557f/anyhow-1.0.102/src/lib.rs:690:13
[INFO] [stdout]    2: <cli::common::CliTestHarness>::binary_path
[INFO] [stdout]              at ./tests/common.rs:54:28
[INFO] [stdout]    3: <cli::common::CliTestHarness>::spawn_daemon
[INFO] [stdout]              at ./tests/common.rs:94:26
[INFO] [stdout]    4: <cli::common::CliTestHarness>::new
[INFO] [stdout]              at ./tests/common.rs:81:22
[INFO] [stdout]    5: cli::test_help_without_subcommand
[INFO] [stdout]              at ./tests/cli.rs:10:19
[INFO] [stdout]    6: cli::test_help_without_subcommand::{closure#0}
[INFO] [stdout]              at ./tests/cli.rs:9:38
[INFO] [stdout]    7: <cli::test_help_without_subcommand::{closure#0} as core::ops::function::FnOnce<()>>::call_once
[INFO] [stdout]              at /rustc/6b3fa26749ab40e159b2dd5cf577acaaf5902772/library/core/src/ops/function.rs:250:5
[INFO] [stdout]    8: <fn() -> core::result::Result<(), alloc::string::String> as core::ops::function::FnOnce<()>>::call_once
[INFO] [stdout]              at /rustc/6b3fa26749ab40e159b2dd5cf577acaaf5902772/library/core/src/ops/function.rs:250:5
[INFO] [stdout]    9: test::__rust_begin_short_backtrace::<core::result::Result<(), alloc::string::String>, fn() -> core::result::Result<(), alloc::string::String>>
[INFO] [stdout]              at /rustc/6b3fa26749ab40e159b2dd5cf577acaaf5902772/library/test/src/lib.rs:724:18
[INFO] [stdout]   10: test::run_test_in_process::{closure#0}
[INFO] [stdout]              at /rustc/6b3fa26749ab40e159b2dd5cf577acaaf5902772/library/test/src/lib.rs:747:74
[INFO] [stdout]   11: <core::panic::unwind_safe::AssertUnwindSafe<test::run_test_in_process::{closure#0}> as core::ops::function::FnOnce<()>>::call_once
[INFO] [stdout]              at /rustc/6b3fa26749ab40e159b2dd5cf577acaaf5902772/library/core/src/panic/unwind_safe.rs:275:9
[INFO] [stdout]   12: std::panicking::catch_unwind::do_call::<core::panic::unwind_safe::AssertUnwindSafe<test::run_test_in_process::{closure#0}>, core::result::Result<(), alloc::string::String>>
[INFO] [stdout]              at /rustc/6b3fa26749ab40e159b2dd5cf577acaaf5902772/library/std/src/panicking.rs:576:43
[INFO] [stdout]   13: std::panicking::catch_unwind::<core::result::Result<(), alloc::string::String>, core::panic::unwind_safe::AssertUnwindSafe<test::run_test_in_process::{closure#0}>>
[INFO] [stdout]              at /rustc/6b3fa26749ab40e159b2dd5cf577acaaf5902772/library/std/src/panicking.rs:544:19
[INFO] [stdout]   14: std::panic::catch_unwind::<core::panic::unwind_safe::AssertUnwindSafe<test::run_test_in_process::{closure#0}>, core::result::Result<(), alloc::string::String>>
[INFO] [stdout]              at /rustc/6b3fa26749ab40e159b2dd5cf577acaaf5902772/library/std/src/panic.rs:359:14
[INFO] [stdout]   15: test::run_test_in_process
[INFO] [stdout]              at /rustc/6b3fa26749ab40e159b2dd5cf577acaaf5902772/library/test/src/lib.rs:747:27
[INFO] [stdout]   16: test::run_test::{closure#0}
[INFO] [stdout]              at /rustc/6b3fa26749ab40e159b2dd5cf577acaaf5902772/library/test/src/lib.rs:668:43
[INFO] [stdout]   17: test::run_test::{closure#1}
[INFO] [stdout]              at /rustc/6b3fa26749ab40e159b2dd5cf577acaaf5902772/library/test/src/lib.rs:698:41
[INFO] [stdout]   18: std::sys::backtrace::__rust_begin_short_backtrace::<test::run_test::{closure#1}, ()>
[INFO] [stdout]              at /rustc/6b3fa26749ab40e159b2dd5cf577acaaf5902772/library/std/src/sys/backtrace.rs:166:18
[INFO] [stdout]   19: std::thread::lifecycle::spawn_unchecked::<test::run_test::{closure#1}, ()>::{closure#1}::{closure#0}
[INFO] [stdout]              at /rustc/6b3fa26749ab40e159b2dd5cf577acaaf5902772/library/std/src/thread/lifecycle.rs:70:13
[INFO] [stdout]   20: <core::panic::unwind_safe::AssertUnwindSafe<std::thread::lifecycle::spawn_unchecked<test::run_test::{closure#1}, ()>::{closure#1}::{closure#0}> as core::ops::function::FnOnce<()>>::call_once
[INFO] [stdout]              at /rustc/6b3fa26749ab40e159b2dd5cf577acaaf5902772/library/core/src/panic/unwind_safe.rs:275:9
[INFO] [stdout]   21: std::panicking::catch_unwind::do_call::<core::panic::unwind_safe::AssertUnwindSafe<std::thread::lifecycle::spawn_unchecked<test::run_test::{closure#1}, ()>::{closure#1}::{closure#0}>, ()>
[INFO] [stdout]              at /rustc/6b3fa26749ab40e159b2dd5cf577acaaf5902772/library/std/src/panicking.rs:576:43
[INFO] [stdout]   22: std::panicking::catch_unwind::<(), core::panic::unwind_safe::AssertUnwindSafe<std::thread::lifecycle::spawn_unchecked<test::run_test::{closure#1}, ()>::{closure#1}::{closure#0}>>
[INFO] [stdout]              at /rustc/6b3fa26749ab40e159b2dd5cf577acaaf5902772/library/std/src/panicking.rs:544:19
[INFO] [stdout]   23: std::panic::catch_unwind::<core::panic::unwind_safe::AssertUnwindSafe<std::thread::lifecycle::spawn_unchecked<test::run_test::{closure#1}, ()>::{closure#1}::{closure#0}>, ()>
[INFO] [stdout]              at /rustc/6b3fa26749ab40e159b2dd5cf577acaaf5902772/library/std/src/panic.rs:359:14
[INFO] [stdout]   24: std::thread::lifecycle::spawn_unchecked::<test::run_test::{closure#1}, ()>::{closure#1}
[INFO] [stdout]              at /rustc/6b3fa26749ab40e159b2dd5cf577acaaf5902772/library/std/src/thread/lifecycle.rs:68:26
[INFO] [stdout]   25: <std::thread::lifecycle::spawn_unchecked<test::run_test::{closure#1}, ()>::{closure#1} as core::ops::function::FnOnce<()>>::call_once::{shim:vtable#0}
[INFO] [stdout]              at /rustc/6b3fa26749ab40e159b2dd5cf577acaaf5902772/library/core/src/ops/function.rs:250:5
[INFO] [stdout]   26: <alloc::boxed::Box<dyn core::ops::function::FnOnce<(), Output = ()> + core::marker::Send> as core::ops::function::FnOnce<()>>::call_once
[INFO] [stdout]              at /rustc/6b3fa26749ab40e159b2dd5cf577acaaf5902772/library/alloc/src/boxed.rs:2319:9
[INFO] [stdout]   27: <std::sys::thread::unix::Thread>::new::thread_start
[INFO] [stdout]              at /rustc/6b3fa26749ab40e159b2dd5cf577acaaf5902772/library/std/src/sys/thread/unix.rs:123:17
[INFO] [stdout]   28: <unknown>
[INFO] [stdout]   29: clone
[INFO] [stdout] 
[INFO] [stdout] ---- test_init_and_deinit stdout ----
[INFO] [stdout] Error: failed to build binary 'hulld' from '/opt/rustwide/workdir/daemon/Cargo.toml'
[INFO] [stdout] 
[INFO] [stdout] Stack backtrace:
[INFO] [stdout]    0: <anyhow::Error>::msg::<alloc::string::String>
[INFO] [stdout]              at /opt/rustwide/cargo-home/registry/src/index.crates.io-1949cf8c6b5b557f/anyhow-1.0.102/src/backtrace.rs:10:14
[INFO] [stdout]    1: anyhow::__private::format_err
[INFO] [stdout]              at /opt/rustwide/cargo-home/registry/src/index.crates.io-1949cf8c6b5b557f/anyhow-1.0.102/src/lib.rs:690:13
[INFO] [stdout]    2: <cli::common::CliTestHarness>::binary_path
[INFO] [stdout]              at ./tests/common.rs:54:28
[INFO] [stdout]    3: <cli::common::CliTestHarness>::spawn_daemon
[INFO] [stdout]              at ./tests/common.rs:94:26
[INFO] [stdout]    4: <cli::common::CliTestHarness>::new
[INFO] [stdout]              at ./tests/common.rs:81:22
[INFO] [stdout]    5: cli::test_init_and_deinit
[INFO] [stdout]              at ./tests/cli.rs:31:19
[INFO] [stdout]    6: cli::test_init_and_deinit::{closure#0}
[INFO] [stdout]              at ./tests/cli.rs:30:30
[INFO] [stdout]    7: <cli::test_init_and_deinit::{closure#0} as core::ops::function::FnOnce<()>>::call_once
[INFO] [stdout]              at /rustc/6b3fa26749ab40e159b2dd5cf577acaaf5902772/library/core/src/ops/function.rs:250:5
[INFO] [stdout]    8: <fn() -> core::result::Result<(), alloc::string::String> as core::ops::function::FnOnce<()>>::call_once
[INFO] [stdout]              at /rustc/6b3fa26749ab40e159b2dd5cf577acaaf5902772/library/core/src/ops/function.rs:250:5
[INFO] [stdout]    9: test::__rust_begin_short_backtrace::<core::result::Result<(), alloc::string::String>, fn() -> core::result::Result<(), alloc::string::String>>
[INFO] [stdout]              at /rustc/6b3fa26749ab40e159b2dd5cf577acaaf5902772/library/test/src/lib.rs:724:18
[INFO] [stdout]   10: test::run_test_in_process::{closure#0}
[INFO] [stdout]              at /rustc/6b3fa26749ab40e159b2dd5cf577acaaf5902772/library/test/src/lib.rs:747:74
[INFO] [stdout]   11: <core::panic::unwind_safe::AssertUnwindSafe<test::run_test_in_process::{closure#0}> as core::ops::function::FnOnce<()>>::call_once
[INFO] [stdout]              at /rustc/6b3fa26749ab40e159b2dd5cf577acaaf5902772/library/core/src/panic/unwind_safe.rs:275:9
[INFO] [stdout]   12: std::panicking::catch_unwind::do_call::<core::panic::unwind_safe::AssertUnwindSafe<test::run_test_in_process::{closure#0}>, core::result::Result<(), alloc::string::String>>
[INFO] [stdout]              at /rustc/6b3fa26749ab40e159b2dd5cf577acaaf5902772/library/std/src/panicking.rs:576:43
[INFO] [stdout]   13: std::panicking::catch_unwind::<core::result::Result<(), alloc::string::String>, core::panic::unwind_safe::AssertUnwindSafe<test::run_test_in_process::{closure#0}>>
[INFO] [stdout]              at /rustc/6b3fa26749ab40e159b2dd5cf577acaaf5902772/library/std/src/panicking.rs:544:19
[INFO] [stdout]   14: std::panic::catch_unwind::<core::panic::unwind_safe::AssertUnwindSafe<test::run_test_in_process::{closure#0}>, core::result::Result<(), alloc::string::String>>
[INFO] [stdout]              at /rustc/6b3fa26749ab40e159b2dd5cf577acaaf5902772/library/std/src/panic.rs:359:14
[INFO] [stdout]   15: test::run_test_in_process
[INFO] [stdout]              at /rustc/6b3fa26749ab40e159b2dd5cf577acaaf5902772/library/test/src/lib.rs:747:27
[INFO] [stdout]   16: test::run_test::{closure#0}
[INFO] [stdout]              at /rustc/6b3fa26749ab40e159b2dd5cf577acaaf5902772/library/test/src/lib.rs:668:43
[INFO] [stdout]   17: test::run_test::{closure#1}
[INFO] [stdout]              at /rustc/6b3fa26749ab40e159b2dd5cf577acaaf5902772/library/test/src/lib.rs:698:41
[INFO] [stdout]   18: std::sys::backtrace::__rust_begin_short_backtrace::<test::run_test::{closure#1}, ()>
[INFO] [stdout]              at /rustc/6b3fa26749ab40e159b2dd5cf577acaaf5902772/library/std/src/sys/backtrace.rs:166:18
[INFO] [stdout]   19: std::thread::lifecycle::spawn_unchecked::<test::run_test::{closure#1}, ()>::{closure#1}::{closure#0}
[INFO] [stdout]              at /rustc/6b3fa26749ab40e159b2dd5cf577acaaf5902772/library/std/src/thread/lifecycle.rs:70:13
[INFO] [stdout]   20: <core::panic::unwind_safe::AssertUnwindSafe<std::thread::lifecycle::spawn_unchecked<test::run_test::{closure#1}, ()>::{closure#1}::{closure#0}> as core::ops::function::FnOnce<()>>::call_once
[INFO] [stdout]              at /rustc/6b3fa26749ab40e159b2dd5cf577acaaf5902772/library/core/src/panic/unwind_safe.rs:275:9
[INFO] [stdout]   21: std::panicking::catch_unwind::do_call::<core::panic::unwind_safe::AssertUnwindSafe<std::thread::lifecycle::spawn_unchecked<test::run_test::{closure#1}, ()>::{closure#1}::{closure#0}>, ()>
[INFO] [stdout]              at /rustc/6b3fa26749ab40e159b2dd5cf577acaaf5902772/library/std/src/panicking.rs:576:43
[INFO] [stdout]   22: std::panicking::catch_unwind::<(), core::panic::unwind_safe::AssertUnwindSafe<std::thread::lifecycle::spawn_unchecked<test::run_test::{closure#1}, ()>::{closure#1}::{closure#0}>>
[INFO] [stdout]              at /rustc/6b3fa26749ab40e159b2dd5cf577acaaf5902772/library/std/src/panicking.rs:544:19
[INFO] [stdout]   23: std::panic::catch_unwind::<core::panic::unwind_safe::AssertUnwindSafe<std::thread::lifecycle::spawn_unchecked<test::run_test::{closure#1}, ()>::{closure#1}::{closure#0}>, ()>
[INFO] [stdout]              at /rustc/6b3fa26749ab40e159b2dd5cf577acaaf5902772/library/std/src/panic.rs:359:14
[INFO] [stdout]   24: std::thread::lifecycle::spawn_unchecked::<test::run_test::{closure#1}, ()>::{closure#1}
[INFO] [stdout]              at /rustc/6b3fa26749ab40e159b2dd5cf577acaaf5902772/library/std/src/thread/lifecycle.rs:68:26
[INFO] [stdout]   25: <std::thread::lifecycle::spawn_unchecked<test::run_test::{closure#1}, ()>::{closure#1} as core::ops::function::FnOnce<()>>::call_once::{shim:vtable#0}
[INFO] [stdout]              at /rustc/6b3fa26749ab40e159b2dd5cf577acaaf5902772/library/core/src/ops/function.rs:250:5
[INFO] [stdout]   26: <alloc::boxed::Box<dyn core::ops::function::FnOnce<(), Output = ()> + core::marker::Send> as core::ops::function::FnOnce<()>>::call_once
[INFO] [stdout]              at /rustc/6b3fa26749ab40e159b2dd5cf577acaaf5902772/library/alloc/src/boxed.rs:2319:9
[INFO] [stdout]   27: <std::sys::thread::unix::Thread>::new::thread_start
[INFO] [stdout]              at /rustc/6b3fa26749ab40e159b2dd5cf577acaaf5902772/library/std/src/sys/thread/unix.rs:123:17
[INFO] [stdout]   28: <unknown>
[INFO] [stdout]   29: clone
[INFO] [stdout] 
[INFO] [stdout] ---- test_switch_lifecycle stdout ----
[INFO] [stdout] Error: failed to build binary 'hulld' from '/opt/rustwide/workdir/daemon/Cargo.toml'
[INFO] [stdout] 
[INFO] [stdout] Stack backtrace:
[INFO] [stdout]    0: <anyhow::Error>::msg::<alloc::string::String>
[INFO] [stdout]              at /opt/rustwide/cargo-home/registry/src/index.crates.io-1949cf8c6b5b557f/anyhow-1.0.102/src/backtrace.rs:10:14
[INFO] [stdout]    1: anyhow::__private::format_err
[INFO] [stdout]              at /opt/rustwide/cargo-home/registry/src/index.crates.io-1949cf8c6b5b557f/anyhow-1.0.102/src/lib.rs:690:13
[INFO] [stdout]    2: <cli::common::CliTestHarness>::binary_path
[INFO] [stdout]              at ./tests/common.rs:54:28
[INFO] [stdout]    3: <cli::common::CliTestHarness>::spawn_daemon
[INFO] [stdout]              at ./tests/common.rs:94:26
[INFO] [stdout]    4: <cli::common::CliTestHarness>::new
[INFO] [stdout]              at ./tests/common.rs:81:22
[INFO] [stdout]    5: cli::test_switch_lifecycle
[INFO] [stdout]              at ./tests/cli.rs:39:19
[INFO] [stdout]    6: cli::test_switch_lifecycle::{closure#0}
[INFO] [stdout]              at ./tests/cli.rs:38:31
[INFO] [stdout]    7: <cli::test_switch_lifecycle::{closure#0} as core::ops::function::FnOnce<()>>::call_once
[INFO] [stdout]              at /rustc/6b3fa26749ab40e159b2dd5cf577acaaf5902772/library/core/src/ops/function.rs:250:5
[INFO] [stdout]    8: <fn() -> core::result::Result<(), alloc::string::String> as core::ops::function::FnOnce<()>>::call_once
[INFO] [stdout]              at /rustc/6b3fa26749ab40e159b2dd5cf577acaaf5902772/library/core/src/ops/function.rs:250:5
[INFO] [stdout]    9: test::__rust_begin_short_backtrace::<core::result::Result<(), alloc::string::String>, fn() -> core::result::Result<(), alloc::string::String>>
[INFO] [stdout]              at /rustc/6b3fa26749ab40e159b2dd5cf577acaaf5902772/library/test/src/lib.rs:724:18
[INFO] [stdout]   10: test::run_test_in_process::{closure#0}
[INFO] [stdout]              at /rustc/6b3fa26749ab40e159b2dd5cf577acaaf5902772/library/test/src/lib.rs:747:74
[INFO] [stdout]   11: <core::panic::unwind_safe::AssertUnwindSafe<test::run_test_in_process::{closure#0}> as core::ops::function::FnOnce<()>>::call_once
[INFO] [stdout]              at /rustc/6b3fa26749ab40e159b2dd5cf577acaaf5902772/library/core/src/panic/unwind_safe.rs:275:9
[INFO] [stdout]   12: std::panicking::catch_unwind::do_call::<core::panic::unwind_safe::AssertUnwindSafe<test::run_test_in_process::{closure#0}>, core::result::Result<(), alloc::string::String>>
[INFO] [stdout]              at /rustc/6b3fa26749ab40e159b2dd5cf577acaaf5902772/library/std/src/panicking.rs:576:43
[INFO] [stdout]   13: std::panicking::catch_unwind::<core::result::Result<(), alloc::string::String>, core::panic::unwind_safe::AssertUnwindSafe<test::run_test_in_process::{closure#0}>>
[INFO] [stdout]              at /rustc/6b3fa26749ab40e159b2dd5cf577acaaf5902772/library/std/src/panicking.rs:544:19
[INFO] [stdout]   14: std::panic::catch_unwind::<core::panic::unwind_safe::AssertUnwindSafe<test::run_test_in_process::{closure#0}>, core::result::Result<(), alloc::string::String>>
[INFO] [stdout]              at /rustc/6b3fa26749ab40e159b2dd5cf577acaaf5902772/library/std/src/panic.rs:359:14
[INFO] [stdout]   15: test::run_test_in_process
[INFO] [stdout]              at /rustc/6b3fa26749ab40e159b2dd5cf577acaaf5902772/library/test/src/lib.rs:747:27
[INFO] [stdout]   16: test::run_test::{closure#0}
[INFO] [stdout]              at /rustc/6b3fa26749ab40e159b2dd5cf577acaaf5902772/library/test/src/lib.rs:668:43
[INFO] [stdout]   17: test::run_test::{closure#1}
[INFO] [stdout]              at /rustc/6b3fa26749ab40e159b2dd5cf577acaaf5902772/library/test/src/lib.rs:698:41
[INFO] [stdout]   18: std::sys::backtrace::__rust_begin_short_backtrace::<test::run_test::{closure#1}, ()>
[INFO] [stdout]              at /rustc/6b3fa26749ab40e159b2dd5cf577acaaf5902772/library/std/src/sys/backtrace.rs:166:18
[INFO] [stdout]   19: std::thread::lifecycle::spawn_unchecked::<test::run_test::{closure#1}, ()>::{closure#1}::{closure#0}
[INFO] [stdout]              at /rustc/6b3fa26749ab40e159b2dd5cf577acaaf5902772/library/std/src/thread/lifecycle.rs:70:13
[INFO] [stdout]   20: <core::panic::unwind_safe::AssertUnwindSafe<std::thread::lifecycle::spawn_unchecked<test::run_test::{closure#1}, ()>::{closure#1}::{closure#0}> as core::ops::function::FnOnce<()>>::call_once
[INFO] [stdout]              at /rustc/6b3fa26749ab40e159b2dd5cf577acaaf5902772/library/core/src/panic/unwind_safe.rs:275:9
[INFO] [stdout]   21: std::panicking::catch_unwind::do_call::<core::panic::unwind_safe::AssertUnwindSafe<std::thread::lifecycle::spawn_unchecked<test::run_test::{closure#1}, ()>::{closure#1}::{closure#0}>, ()>
[INFO] [stdout]              at /rustc/6b3fa26749ab40e159b2dd5cf577acaaf5902772/library/std/src/panicking.rs:576:43
[INFO] [stdout]   22: std::panicking::catch_unwind::<(), core::panic::unwind_safe::AssertUnwindSafe<std::thread::lifecycle::spawn_unchecked<test::run_test::{closure#1}, ()>::{closure#1}::{closure#0}>>
[INFO] [stdout]              at /rustc/6b3fa26749ab40e159b2dd5cf577acaaf5902772/library/std/src/panicking.rs:544:19
[INFO] [stdout]   23: std::panic::catch_unwind::<core::panic::unwind_safe::AssertUnwindSafe<std::thread::lifecycle::spawn_unchecked<test::run_test::{closure#1}, ()>::{closure#1}::{closure#0}>, ()>
[INFO] [stdout]              at /rustc/6b3fa26749ab40e159b2dd5cf577acaaf5902772/library/std/src/panic.rs:359:14
[INFO] [stdout]   24: std::thread::lifecycle::spawn_unchecked::<test::run_test::{closure#1}, ()>::{closure#1}
[INFO] [stdout]              at /rustc/6b3fa26749ab40e159b2dd5cf577acaaf5902772/library/std/src/thread/lifecycle.rs:68:26
[INFO] [stdout]   25: <std::thread::lifecycle::spawn_unchecked<test::run_test::{closure#1}, ()>::{closure#1} as core::ops::function::FnOnce<()>>::call_once::{shim:vtable#0}
[INFO] [stdout]              at /rustc/6b3fa26749ab40e159b2dd5cf577acaaf5902772/library/core/src/ops/function.rs:250:5
[INFO] [stdout]   26: <alloc::boxed::Box<dyn core::ops::function::FnOnce<(), Output = ()> + core::marker::Send> as core::ops::function::FnOnce<()>>::call_once
[INFO] [stdout]              at /rustc/6b3fa26749ab40e159b2dd5cf577acaaf5902772/library/alloc/src/boxed.rs:2319:9
[INFO] [stdout]   27: <std::sys::thread::unix::Thread>::new::thread_start
[INFO] [stdout]              at /rustc/6b3fa26749ab40e159b2dd5cf577acaaf5902772/library/std/src/sys/thread/unix.rs:123:17
[INFO] [stdout]   28: <unknown>
[INFO] [stdout]   29: clone
[INFO] [stdout] 
[INFO] [stdout] 
[INFO] [stdout] failures:
[INFO] [stdout]     test_help_without_subcommand
[INFO] [stdout]     test_init_and_deinit
[INFO] [stdout]     test_switch_create_defaults_l3_fields
[INFO] [stdout]     test_switch_lifecycle
[INFO] [stdout]     test_switch_port_lifecycle_and_sync
[INFO] [stdout]     test_switch_port_remove
[INFO] [stdout] 
[INFO] [stdout] test result: FAILED. 0 passed; 6 failed; 0 ignored; 0 measured; 0 filtered out; finished in 10.33s
[INFO] [stdout] 
[INFO] [stderr] error: test failed, to rerun pass `--test cli`
[INFO] running `Command { std: "docker" "inspect" "578ca7b5333fb539b290333fd1396a600a3e61f27897d9cd495dd5b04c22c440", kill_on_drop: false }`
[INFO] running `Command { std: "docker" "rm" "-f" "578ca7b5333fb539b290333fd1396a600a3e61f27897d9cd495dd5b04c22c440", kill_on_drop: false }`
[INFO] [stdout] 578ca7b5333fb539b290333fd1396a600a3e61f27897d9cd495dd5b04c22c440
