[INFO] cloning repository https://github.com/henry-aus/05-chat
[INFO] running `Command { std: "git" "-c" "credential.helper=" "-c" "credential.helper=/workspace/cargo-home/bin/git-credential-null" "clone" "--bare" "https://github.com/henry-aus/05-chat" "/workspace/cache/git-repos/https%3A%2F%2Fgithub.com%2Fhenry-aus%2F05-chat", kill_on_drop: false }`
[INFO] [stderr] Cloning into bare repository '/workspace/cache/git-repos/https%3A%2F%2Fgithub.com%2Fhenry-aus%2F05-chat'...
[INFO] running `Command { std: "git" "rev-parse" "HEAD", kill_on_drop: false }`
[INFO] [stdout] f4df8d61de839fe12258ee92903ce0bbddfc029f
[INFO] testing henry-aus/05-chat against 1.97.0-beta.6 for beta-1.98-2
[INFO] running `Command { std: "git" "clone" "/workspace/cache/git-repos/https%3A%2F%2Fgithub.com%2Fhenry-aus%2F05-chat" "/workspace/builds/worker-0-tc1/source", kill_on_drop: false }`
[INFO] [stderr] Cloning into '/workspace/builds/worker-0-tc1/source'...
[INFO] [stderr] done.
[INFO] started tweaking git repo https://github.com/henry-aus/05-chat
[INFO] finished tweaking git repo https://github.com/henry-aus/05-chat
[INFO] tweaked toml for git repo https://github.com/henry-aus/05-chat written to /workspace/builds/worker-0-tc1/source/Cargo.toml
[INFO] validating manifest of git repo https://github.com/henry-aus/05-chat on toolchain 1.97.0-beta.6
[INFO] running `Command { std: CARGO_HOME="/workspace/cargo-home" RUSTUP_HOME="/workspace/rustup-home" "/workspace/cargo-home/bin/cargo" "+1.97.0-beta.6" "metadata" "--manifest-path" "Cargo.toml" "--no-deps", kill_on_drop: false }`
[INFO] crate git repo https://github.com/henry-aus/05-chat already has a lockfile, it will not be regenerated
[INFO] running `Command { std: CARGO_HOME="/workspace/cargo-home" RUSTUP_HOME="/workspace/rustup-home" "/workspace/cargo-home/bin/cargo" "+1.97.0-beta.6" "fetch" "--manifest-path" "Cargo.toml", kill_on_drop: false }`
[INFO] [stderr]     Updating crates.io index
[INFO] [stderr]  Downloading crates ...
[INFO] [stderr]   Downloaded tokio-macros v2.2.0
[INFO] [stderr]   Downloaded num_cpus v1.16.0
[INFO] [stderr]   Downloaded pin-project-lite v0.2.14
[INFO] [stderr]   Downloaded socket2 v0.5.6
[INFO] [stderr]   Downloaded futures-io v0.3.30
[INFO] [stderr]   Downloaded futures-core v0.3.30
[INFO] [stderr]   Downloaded wasm-bindgen-futures v0.4.42
[INFO] [stderr]   Downloaded futures-sink v0.3.30
[INFO] [stderr]   Downloaded futures-macro v0.3.30
[INFO] [stderr]   Downloaded winreg v0.52.0
[INFO] [stderr]   Downloaded slab v0.4.9
[INFO] [stderr]   Downloaded futures-task v0.3.30
[INFO] [stderr]   Downloaded wasm-streams v0.4.0
[INFO] [stderr]   Downloaded tower-service v0.3.2
[INFO] [stderr]   Downloaded mime_guess v2.0.4
[INFO] [stderr]   Downloaded rustls-pki-types v1.5.0
[INFO] [stderr]   Downloaded futures-executor v0.3.30
[INFO] [stderr]   Downloaded whoami v1.5.1
[INFO] [stderr]   Downloaded iana-time-zone v0.1.60
[INFO] [stderr]   Downloaded http-body v1.0.0
[INFO] [stderr]   Downloaded http-body-util v0.1.1
[INFO] [stderr]   Downloaded eventsource-stream v0.2.3
[INFO] [stderr]   Downloaded crc v3.2.1
[INFO] [stderr]   Downloaded fastrand v2.0.2
[INFO] [stderr]   Downloaded hyper-rustls v0.26.0
[INFO] [stderr]   Downloaded sha1 v0.10.6
[INFO] [stderr]   Downloaded coarsetime v0.1.34
[INFO] [stderr]   Downloaded peeking_take_while v0.1.2
[INFO] [stderr]   Downloaded rustls-pemfile v2.1.2
[INFO] [stderr]   Downloaded cpufeatures v0.2.12
[INFO] [stderr]   Downloaded subtle v2.5.0
[INFO] [stderr]   Downloaded matchers v0.1.0
[INFO] [stderr]   Downloaded urlencoding v2.1.3
[INFO] [stderr]   Downloaded thread_local v1.1.8
[INFO] [stderr]   Downloaded atoi v2.0.0
[INFO] [stderr]   Downloaded home v0.5.9
[INFO] [stderr]   Downloaded sqlx-macros v0.7.4
[INFO] [stderr]   Downloaded hmac-sha256 v1.1.7
[INFO] [stderr]   Downloaded crc-catalog v2.4.0
[INFO] [stderr]   Downloaded axum-core v0.4.3
[INFO] [stderr]   Downloaded async-trait v0.1.80
[INFO] [stderr]   Downloaded tower-layer v0.3.2
[INFO] [stderr]   Downloaded cmake v0.1.50
[INFO] [stderr]   Downloaded thiserror-impl v1.0.59
[INFO] [stderr]   Downloaded tracing-attributes v0.1.27
[INFO] [stderr]   Downloaded unicase v2.7.0
[INFO] [stderr]   Downloaded wasite v0.1.0
[INFO] [stderr]   Downloaded fslock v0.2.1
[INFO] [stderr]   Downloaded futures-channel v0.3.30
[INFO] [stderr]   Downloaded tokio-rustls v0.25.0
[INFO] [stderr]   Downloaded sync_wrapper v0.1.2
[INFO] [stderr]   Downloaded pin-project-internal v1.1.5
[INFO] [stderr]   Downloaded sqlformat v0.2.3
[INFO] [stderr]   Downloaded hmac-sha1-compact v1.1.4
[INFO] [stderr]   Downloaded paste v1.0.14
[INFO] [stderr]   Downloaded alloc-no-stdlib v2.0.4
[INFO] [stderr]   Downloaded valuable v0.1.0
[INFO] [stderr]   Downloaded zeroize v1.7.0
[INFO] [stderr]   Downloaded lock_api v0.4.11
[INFO] [stderr]   Downloaded ipnet v2.9.0
[INFO] [stderr]   Downloaded httparse v1.8.0
[INFO] [stderr]   Downloaded nu-ansi-term v0.46.0
[INFO] [stderr]   Downloaded overload v0.1.1
[INFO] [stderr]   Downloaded sha2 v0.10.8
[INFO] [stderr]   Downloaded typenum v1.17.0
[INFO] [stderr]   Downloaded rustls-pemfile v1.0.4
[INFO] [stderr]   Downloaded redox_syscall v0.4.1
[INFO] [stderr]   Downloaded pkg-config v0.3.30
[INFO] [stderr]   Downloaded sqlx-postgres v0.7.4
[INFO] [stderr]   Downloaded ct-codecs v1.1.1
[INFO] [stderr]   Downloaded addr2line v0.21.0
[INFO] [stderr]   Downloaded reqwest-eventsource v0.6.0
[INFO] [stderr]   Downloaded thiserror v1.0.59
[INFO] [stderr]   Downloaded getrandom v0.2.14
[INFO] [stderr]   Downloaded smallvec v1.13.2
[INFO] [stderr]   Downloaded hmac-sha512 v1.1.5
[INFO] [stderr]   Downloaded foreign-types-macros v0.2.3
[INFO] [stderr]   Downloaded constant_time_eq v0.3.0
[INFO] [stderr]   Downloaded http-range-header v0.4.0
[INFO] [stderr]   Downloaded headers-core v0.3.0
[INFO] [stderr]   Downloaded utoipa-rapidoc v3.0.0
[INFO] [stderr]   Downloaded sqlx-db-tester v0.4.2
[INFO] [stderr]   Downloaded rustc-demangle v0.1.23
[INFO] [stderr]   Downloaded tokio-stream v0.1.15
[INFO] [stderr]   Downloaded hashlink v0.8.4
[INFO] [stderr]   Downloaded md-5 v0.10.6
[INFO] [stderr]   Downloaded errno v0.3.8
[INFO] [stderr]   Downloaded foreign-types-shared v0.3.1
[INFO] [stderr]   Downloaded binstring v0.1.1
[INFO] [stderr]   Downloaded jobserver v0.1.31
[INFO] [stderr]   Downloaded tinyvec v1.6.0
[INFO] [stderr]   Downloaded tracing-core v0.1.32
[INFO] [stderr]   Downloaded parking_lot_core v0.9.9
[INFO] [stderr]   Downloaded alloc-stdlib v0.2.2
[INFO] [stderr]   Downloaded sync_wrapper v1.0.1
[INFO] [stderr]   Downloaded winapi-util v0.1.8
[INFO] [stderr]   Downloaded hyper-util v0.1.3
[INFO] [stderr]   Downloaded sqlx-sqlite v0.7.4
[INFO] [stderr]   Downloaded unicode-bidi v0.3.15
[INFO] [stderr]   Downloaded core-foundation-sys v0.8.6
[INFO] [stderr]   Downloaded atomic v0.5.3
[INFO] [stderr]   Downloaded cc v1.0.95
[INFO] [stderr]   Downloaded url v2.5.0
[INFO] [stderr]   Downloaded base64ct v1.6.0
[INFO] [stderr]   Downloaded zstd v0.13.1
[INFO] [stderr]   Downloaded serde_path_to_error v0.1.16
[INFO] [stderr]   Downloaded multer v3.0.0
[INFO] [stderr]   Downloaded pin-project v1.1.5
[INFO] [stderr]   Downloaded bytes v1.6.0
[INFO] [stderr]   Downloaded tracing v0.1.40
[INFO] [stderr]   Downloaded indexmap v2.2.6
[INFO] [stderr]   Downloaded sqlx-core v0.7.4
[INFO] [stderr]   Downloaded unicode_categories v0.1.1
[INFO] [stderr]   Downloaded futures-intrusive v0.5.0
[INFO] [stderr]   Downloaded flume v0.11.0
[INFO] [stderr]   Downloaded foreign-types v0.5.0
[INFO] [stderr]   Downloaded mio v0.8.11
[INFO] [stderr]   Downloaded backtrace v0.3.71
[INFO] [stderr]   Downloaded tower v0.4.13
[INFO] [stderr]   Downloaded http v1.1.0
[INFO] [stderr]   Downloaded regex-automata v0.1.10
[INFO] [stderr]   Downloaded jwt-simple v0.12.9
[INFO] [stderr]   Downloaded arrayvec v0.7.4
[INFO] [stderr]   Downloaded arrayref v0.3.7
[INFO] [stderr]   Downloaded rust-embed-utils v8.3.0
[INFO] [stderr]   Downloaded utoipa-redoc v3.0.0
[INFO] [stderr]   Downloaded futures-util v0.3.30
[INFO] [stderr]   Downloaded unicode-normalization v0.1.23
[INFO] [stderr]   Downloaded tokio-util v0.7.10
[INFO] [stderr]   Downloaded hyper v1.3.1
[INFO] [stderr]   Downloaded libm v0.2.8
[INFO] [stderr]   Downloaded etcetera v0.8.0
[INFO] [stderr]   Downloaded ed25519-compact v2.1.1
[INFO] [stderr]   Downloaded dashmap v5.5.3
[INFO] [stderr]   Downloaded rust-embed-impl v8.3.0
[INFO] [stderr]   Downloaded sqlx v0.7.4
[INFO] [stderr]   Downloaded glob v0.3.1
[INFO] [stderr]   Downloaded h2 v0.4.4
[INFO] [stderr]   Downloaded stringprep v0.1.4
[INFO] [stderr]   Downloaded rustls-webpki v0.102.3
[INFO] [stderr]   Downloaded rustls-webpki v0.101.7
[INFO] [stderr]   Downloaded reqwest v0.12.4
[INFO] [stderr]   Downloaded webpki-roots v0.26.1
[INFO] [stderr]   Downloaded tracing-subscriber v0.3.18
[INFO] [stderr]   Downloaded dotenvy v0.15.7
[INFO] [stderr]   Downloaded sqlx-mysql v0.7.4
[INFO] [stderr]   Downloaded clang-sys v1.7.0
[INFO] [stderr]   Downloaded uuid v1.8.0
[INFO] [stderr]   Downloaded zstd-safe v7.1.0
[INFO] [stderr]   Downloaded argon2 v0.5.3
[INFO] [stderr]   Downloaded chrono v0.4.38
[INFO] [stderr]   Downloaded sqlx-macros-core v0.7.4
[INFO] [stderr]   Downloaded ff v0.13.0
[INFO] [stderr]   Downloaded libloading v0.8.3
[INFO] [stderr]   Downloaded rustversion v1.0.15
[INFO] [stderr]   Downloaded csv-core v0.1.11
[INFO] [stderr]   Downloaded webpki-roots v0.25.4
[INFO] [stderr]   Downloaded rustls v0.21.11
[INFO] [stderr]   Downloaded gimli v0.28.1
[INFO] [stderr]   Downloaded idna v0.5.0
[INFO] [stderr]   Downloaded object v0.32.2
[INFO] [stderr]   Downloaded regex-syntax v0.6.29
[INFO] [stderr]   Downloaded rustls v0.22.4
[INFO] [stderr]   Downloaded blake2b_simd v1.0.2
[INFO] [stderr]   Downloaded axum-extra v0.9.3
[INFO] [stderr]   Downloaded bitflags v2.5.0
[INFO] [stderr]   Downloaded tempfile v3.10.1
[INFO] [stderr]   Downloaded anyhow v1.0.82
[INFO] [stderr]   Downloaded futures v0.3.30
[INFO] [stderr]   Downloaded tokio v1.37.0
[INFO] [stderr]   Downloaded unicode-segmentation v1.11.0
[INFO] [stderr]   Downloaded utoipa v4.2.0
[INFO] [stderr]   Downloaded password-hash v0.5.0
[INFO] [stderr]   Downloaded zip v0.6.6
[INFO] [stderr]   Downloaded flate2 v1.0.29
[INFO] [stderr]   Downloaded headers v0.4.0
[INFO] [stderr]   Downloaded rsa v0.9.6
[INFO] [stderr]   Downloaded der v0.7.9
[INFO] [stderr]   Downloaded num-bigint-dig v0.8.4
[INFO] [stderr]   Downloaded k256 v0.13.3
[INFO] [stderr]   Downloaded tower-http v0.5.2
[INFO] [stderr]   Downloaded async-compression v0.4.9
[INFO] [stderr]   Downloaded hkdf v0.12.4
[INFO] [stderr]   Downloaded utoipa-gen v4.2.0
[INFO] [stderr]   Downloaded axum v0.7.5
[INFO] [stderr]   Downloaded superboring v0.1.2
[INFO] [stderr]   Downloaded wasix v0.12.21
[INFO] [stderr]   Downloaded brotli-decompressor v4.0.0
[INFO] [stderr]   Downloaded boring v4.6.0
[INFO] [stderr]   Downloaded p384 v0.13.0
[INFO] [stderr]   Downloaded bindgen v0.68.1
[INFO] [stderr]   Downloaded rustix v0.38.34
[INFO] [stderr]   Downloaded ring v0.17.8
[INFO] [stderr]   Downloaded finl_unicode v1.2.0
[INFO] [stderr]   Downloaded zstd-sys v2.0.10+zstd.1.5.6
[INFO] [stderr]   Downloaded rust-embed v8.3.0
[INFO] [stderr]   Downloaded csv v1.3.0
[INFO] [stderr]   Downloaded libsqlite3-sys v0.27.0
[INFO] [stderr]   Downloaded brotli v5.0.0
[INFO] [stderr]   Downloaded encoding_rs v0.8.34
[INFO] [stderr]   Downloaded linux-raw-sys v0.4.13
[INFO] [stderr]   Downloaded utoipa-swagger-ui v6.0.0
[INFO] [stderr]   Downloaded boring-sys v4.6.0
[INFO] running `Command { std: "docker" "create" "-v" "/var/lib/crater-agent-workspace/builds/worker-0-tc1/source:/opt/rustwide/workdir:ro,Z" "-v" "/var/lib/crater-agent-workspace/builds/worker-0-tc1/target:/opt/rustwide/target:rw,Z" "-v" "/var/lib/crater-agent-workspace/cargo-home:/opt/rustwide/cargo-home:ro,Z" "-v" "/var/lib/crater-agent-workspace/rustup-home:/opt/rustwide/rustup-home:ro,Z" "-m" "1610612736" "--network" "none" "ghcr.io/rust-lang/crates-build-env/linux@sha256:3d5ced03c013a94a2f102a4510f48a6e9184255caf5fd8244f58017bde7f5210" "sleep" "infinity", kill_on_drop: false }`
[INFO] [stdout] 7b74c5b66f4b4068e9e32e9a962892ef693244b904407c8fe9224f98d9ac2ebf
[INFO] running `Command { std: "docker" "start" "7b74c5b66f4b4068e9e32e9a962892ef693244b904407c8fe9224f98d9ac2ebf", kill_on_drop: false }`
[INFO] running `Command { std: "docker" "inspect" "7b74c5b66f4b4068e9e32e9a962892ef693244b904407c8fe9224f98d9ac2ebf", kill_on_drop: false }`
[INFO] running `Command { std: "docker" "exec" "-e" "SOURCE_DIR=/opt/rustwide/workdir" "-e" "CARGO_HOME=/opt/rustwide/cargo-home" "-e" "RUSTUP_HOME=/opt/rustwide/rustup-home" "-e" "CARGO_TARGET_DIR=/opt/rustwide/target" "-w" "/opt/rustwide/workdir" "--user" "0:0" "7b74c5b66f4b4068e9e32e9a962892ef693244b904407c8fe9224f98d9ac2ebf" "/opt/rustwide/cargo-home/bin/cargo" "+1.97.0-beta.6" "metadata" "--no-deps" "--format-version=1", kill_on_drop: false }`
[INFO] running `Command { std: "docker" "inspect" "7b74c5b66f4b4068e9e32e9a962892ef693244b904407c8fe9224f98d9ac2ebf", kill_on_drop: false }`
[INFO] running `Command { std: "docker" "exec" "-e" "SOURCE_DIR=/opt/rustwide/workdir" "-e" "CARGO_HOME=/opt/rustwide/cargo-home" "-e" "RUSTUP_HOME=/opt/rustwide/rustup-home" "-e" "CARGO_TARGET_DIR=/opt/rustwide/target" "-e" "CARGO_INCREMENTAL=0" "-e" "RUST_BACKTRACE=full" "-e" "RUSTFLAGS=--cap-lints=warn" "-e" "RUSTDOCFLAGS=--cap-lints=warn" "-w" "/opt/rustwide/workdir" "--user" "0:0" "7b74c5b66f4b4068e9e32e9a962892ef693244b904407c8fe9224f98d9ac2ebf" "/opt/rustwide/cargo-home/bin/cargo" "+1.97.0-beta.6" "build" "--frozen" "--message-format=json", kill_on_drop: false }`
[INFO] [stderr]    Compiling libc v0.2.153
[INFO] [stderr]    Compiling cfg-if v1.0.0
[INFO] [stderr]    Compiling proc-macro2 v1.0.81
[INFO] [stderr]    Compiling once_cell v1.19.0
[INFO] [stderr]    Compiling typenum v1.17.0
[INFO] [stderr]    Compiling memchr v2.7.2
[INFO] [stderr]    Compiling autocfg v1.2.0
[INFO] [stderr]    Compiling zeroize v1.7.0
[INFO] [stderr]    Compiling pin-project-lite v0.2.14
[INFO] [stderr]    Compiling generic-array v0.14.7
[INFO] [stderr]    Compiling futures-core v0.3.30
[INFO] [stderr]    Compiling subtle v2.5.0
[INFO] [stderr]    Compiling const-oid v0.9.6
[INFO] [stderr]    Compiling bytes v1.6.0
[INFO] [stderr]    Compiling itoa v1.0.11
[INFO] [stderr]    Compiling serde v1.0.198
[INFO] [stderr]    Compiling slab v0.4.9
[INFO] [stderr]    Compiling ahash v0.8.11
[INFO] [stderr]    Compiling futures-task v0.3.30
[INFO] [stderr]    Compiling getrandom v0.2.14
[INFO] [stderr]    Compiling jobserver v0.1.31
[INFO] [stderr]    Compiling pin-utils v0.1.0
[INFO] [stderr]    Compiling futures-io v0.3.30
[INFO] [stderr]    Compiling mio v0.8.11
[INFO] [stderr]    Compiling socket2 v0.5.6
[INFO] [stderr]    Compiling zerocopy v0.7.32
[INFO] [stderr]    Compiling cpufeatures v0.2.12
[INFO] [stderr]    Compiling allocator-api2 v0.2.18
[INFO] [stderr]    Compiling cc v1.0.95
[INFO] [stderr]    Compiling quote v1.0.36
[INFO] [stderr]    Compiling futures-sink v0.3.30
[INFO] [stderr]    Compiling syn v2.0.60
[INFO] [stderr]    Compiling rand_core v0.6.4
[INFO] [stderr]    Compiling log v0.4.21
[INFO] [stderr]    Compiling hashbrown v0.14.3
[INFO] [stderr]    Compiling futures-channel v0.3.30
[INFO] [stderr]    Compiling tracing-core v0.1.32
[INFO] [stderr]    Compiling equivalent v1.0.1
[INFO] [stderr]    Compiling num_cpus v1.16.0
[INFO] [stderr]    Compiling ryu v1.0.17
[INFO] [stderr]    Compiling fnv v1.0.7
[INFO] [stderr]    Compiling serde_json v1.0.116
[INFO] [stderr]    Compiling percent-encoding v2.3.1
[INFO] [stderr]    Compiling minimal-lexical v0.2.1
[INFO] [stderr]    Compiling http v1.1.0
[INFO] [stderr]    Compiling block-buffer v0.10.4
[INFO] [stderr]    Compiling crypto-common v0.1.6
[INFO] [stderr]    Compiling aho-corasick v1.1.3
[INFO] [stderr]    Compiling smallvec v1.13.2
[INFO] [stderr]    Compiling digest v0.10.7
[INFO] [stderr]    Compiling nom v7.1.3
[INFO] [stderr]    Compiling parking_lot_core v0.9.9
[INFO] [stderr]    Compiling untrusted v0.9.0
[INFO] [stderr]    Compiling regex-syntax v0.8.3
[INFO] [stderr]    Compiling form_urlencoded v1.2.1
[INFO] [stderr]    Compiling lock_api v0.4.11
[INFO] [stderr]    Compiling ring v0.17.8
[INFO] [stderr]    Compiling base64ct v1.6.0
[INFO] [stderr]    Compiling scopeguard v1.2.0
[INFO] [stderr]    Compiling spin v0.9.8
[INFO] [stderr]    Compiling num-traits v0.2.18
[INFO] [stderr]    Compiling tinyvec_macros v0.1.1
[INFO] [stderr]    Compiling rustversion v1.0.15
[INFO] [stderr]    Compiling bitflags v2.5.0
[INFO] [stderr]    Compiling tinyvec v1.6.0
[INFO] [stderr]    Compiling pem-rfc7468 v0.7.0
[INFO] [stderr]    Compiling hmac v0.12.1
[INFO] [stderr]    Compiling syn v1.0.109
[INFO] [stderr]    Compiling der v0.7.9
[INFO] [stderr]    Compiling unicode-normalization v0.1.23
[INFO] [stderr]    Compiling regex-automata v0.4.6
[INFO] [stderr]    Compiling http-body v1.0.0
[INFO] [stderr]    Compiling sha2 v0.10.8
[INFO] [stderr]    Compiling thiserror v1.0.59
[INFO] [stderr]    Compiling unicode-bidi v0.3.15
[INFO] [stderr]    Compiling glob v0.3.1
[INFO] [stderr]    Compiling mime v0.3.17
[INFO] [stderr]    Compiling base64 v0.21.7
[INFO] [stderr]    Compiling crossbeam-utils v0.8.19
[INFO] [stderr]    Compiling rustls v0.21.11
[INFO] [stderr]    Compiling httparse v1.8.0
[INFO] [stderr]    Compiling crc32fast v1.4.0
[INFO] [stderr]    Compiling clang-sys v1.7.0
[INFO] [stderr]    Compiling spki v0.7.3
[INFO] [stderr]    Compiling hkdf v0.12.4
[INFO] [stderr]    Compiling iana-time-zone v0.1.60
[INFO] [stderr]    Compiling httpdate v1.0.3
[INFO] [stderr]    Compiling paste v1.0.14
[INFO] [stderr]    Compiling ppv-lite86 v0.2.17
[INFO] [stderr]    Compiling adler v1.0.2
[INFO] [stderr]    Compiling miniz_oxide v0.7.2
[INFO] [stderr]    Compiling pkcs8 v0.10.2
[INFO] [stderr]    Compiling rand_chacha v0.3.1
[INFO] [stderr]    Compiling idna v0.5.0
[INFO] [stderr]    Compiling ff v0.13.0
[INFO] [stderr]    Compiling base16ct v0.2.0
[INFO] [stderr]    Compiling tower-layer v0.3.2
[INFO] [stderr]    Compiling tower-service v0.3.2
[INFO] [stderr]    Compiling crc-catalog v2.4.0
[INFO] [stderr]    Compiling lazy_static v1.4.0
[INFO] [stderr]    Compiling unicode_categories v0.1.1
[INFO] [stderr]    Compiling pkg-config v0.3.30
[INFO] [stderr]    Compiling url v2.5.0
[INFO] [stderr]    Compiling regex v1.10.4
[INFO] [stderr]    Compiling crc v3.2.1
[INFO] [stderr]    Compiling zstd-sys v2.0.10+zstd.1.5.6
[INFO] [stderr]    Compiling serde_derive v1.0.198
[INFO] [stderr]    Compiling tracing-attributes v0.1.27
[INFO] [stderr]    Compiling futures-macro v0.3.30
[INFO] [stderr]    Compiling tokio-macros v2.2.0
[INFO] [stderr]    Compiling thiserror-impl v1.0.59
[INFO] [stderr]    Compiling pin-project-internal v1.1.5
[INFO] [stderr]    Compiling tokio v1.37.0
[INFO] [stderr]    Compiling futures-util v0.3.30
[INFO] [stderr]    Compiling sec1 v0.7.3
[INFO] [stderr]    Compiling group v0.13.0
[INFO] [stderr]    Compiling crossbeam-queue v0.3.11
[INFO] [stderr]    Compiling tracing v0.1.40
[INFO] [stderr]    Compiling rustls-pemfile v1.0.4
[INFO] [stderr]    Compiling axum-core v0.4.3
[INFO] [stderr]    Compiling http-body-util v0.1.1
[INFO] [stderr]    Compiling atoi v2.0.0
[INFO] [stderr]    Compiling crypto-bigint v0.5.5
[INFO] [stderr]    Compiling hashlink v0.8.4
[INFO] [stderr]    Compiling libloading v0.8.3
[INFO] [stderr]    Compiling proc-macro-error v1.0.4
[INFO] [stderr]    Compiling unicase v2.7.0
[INFO] [stderr]    Compiling multer v3.0.0
[INFO] [stderr]    Compiling event-listener v2.5.3
[INFO] [stderr]    Compiling hex v0.4.3
[INFO] [stderr]    Compiling bindgen v0.68.1
[INFO] [stderr]    Compiling webpki-roots v0.25.4
[INFO] [stderr]    Compiling pin-project v1.1.5
[INFO] [stderr]    Compiling proc-macro-error-attr v1.0.4
[INFO] [stderr]    Compiling async-trait v0.1.80
[INFO] [stderr]    Compiling parking_lot v0.12.1
[INFO] [stderr]    Compiling sct v0.7.1
[INFO] [stderr]    Compiling elliptic-curve v0.13.8
[INFO] [stderr]    Compiling rustls-webpki v0.101.7
[INFO] [stderr]    Compiling axum v0.7.5
[INFO] [stderr]    Compiling cexpr v0.6.0
[INFO] [stderr]    Compiling encoding_rs v0.8.34
[INFO] [stderr]    Compiling lazycell v1.3.0
[INFO] [stderr]    Compiling peeking_take_while v0.1.2
[INFO] [stderr]    Compiling finl_unicode v1.2.0
[INFO] [stderr]    Compiling sync_wrapper v0.1.2
[INFO] [stderr]    Compiling rustix v0.38.34
[INFO] [stderr]    Compiling shlex v1.3.0
[INFO] [stderr]    Compiling rustc-hash v1.1.0
[INFO] [stderr]    Compiling tokio-util v0.7.10
[INFO] [stderr]    Compiling tower v0.4.13
[INFO] [stderr]    Compiling stringprep v0.1.4
[INFO] [stderr]    Compiling indexmap v2.2.6
[INFO] [stderr]    Compiling either v1.11.0
[INFO] [stderr]    Compiling itertools v0.12.1
[INFO] [stderr]    Compiling h2 v0.4.4
[INFO] [stderr]    Compiling tokio-stream v0.1.15
[INFO] [stderr]    Compiling serde_path_to_error v0.1.16
[INFO] [stderr]    Compiling serde_urlencoded v0.7.1
[INFO] [stderr]    Compiling futures-intrusive v0.5.0
[INFO] [stderr]    Compiling sqlformat v0.2.3
[INFO] [stderr]    Compiling chrono v0.4.38
[INFO] [stderr]    Compiling rfc6979 v0.4.0
[INFO] [stderr]    Compiling signature v2.2.0
[INFO] [stderr]    Compiling cmake v0.1.50
[INFO] [stderr]    Compiling fslock v0.2.1
[INFO] [stderr]    Compiling dotenvy v0.15.7
[INFO] [stderr]    Compiling linux-raw-sys v0.4.13
[INFO] [stderr]    Compiling home v0.5.9
[INFO] [stderr]    Compiling whoami v1.5.1
[INFO] [stderr]    Compiling sync_wrapper v1.0.1
[INFO] [stderr]    Compiling zstd-safe v7.1.0
[INFO] [stderr]    Compiling alloc-no-stdlib v2.0.4
[INFO] [stderr]    Compiling matchit v0.7.3
[INFO] [stderr]    Compiling fs_extra v1.3.0
[INFO] [stderr]    Compiling alloc-stdlib v0.2.2
[INFO] [stderr]    Compiling ecdsa v0.16.9
[INFO] [stderr]    Compiling utoipa-gen v4.2.0
[INFO] [stderr]    Compiling mime_guess v2.0.4
[INFO] [stderr]    Compiling boring-sys v4.6.0
[INFO] [stderr]    Compiling rand v0.8.5
[INFO] [stderr]    Compiling md-5 v0.10.6
[INFO] [stderr]    Compiling unicode-segmentation v1.11.0
[INFO] [stderr]    Compiling fastrand v2.0.2
[INFO] [stderr]    Compiling hyper v1.3.1
[INFO] [stderr]    Compiling heck v0.4.1
[INFO] [stderr]    Compiling sqlx-core v0.7.4
[INFO] [stderr]    Compiling tempfile v3.10.1
[INFO] [stderr]    Compiling hyper-util v0.1.3
[INFO] [stderr]    Compiling brotli-decompressor v4.0.0
[INFO] [stderr]    Compiling primeorder v0.13.6
[INFO] [stderr]    Compiling foreign-types-macros v0.2.3
[INFO] [stderr]    Compiling anyhow v1.0.82
[INFO] [stderr]    Compiling foreign-types-shared v0.3.1
[INFO] [stderr]    Compiling same-file v1.0.6
[INFO] [stderr]    Compiling byteorder v1.5.0
[INFO] [stderr]    Compiling walkdir v2.5.0
[INFO] [stderr]    Compiling sqlx-postgres v0.7.4
[INFO] [stderr]    Compiling utoipa v4.2.0
[INFO] [stderr]    Compiling foreign-types v0.5.0
[INFO] [stderr]    Compiling brotli v5.0.0
[INFO] [stderr]    Compiling zstd v0.13.1
[INFO] [stderr]    Compiling flate2 v1.0.29
[INFO] [stderr]    Compiling headers-core v0.3.0
[INFO] [stderr]    Compiling sha1 v0.10.6
[INFO] [stderr]    Compiling regex-syntax v0.6.29
[INFO] [stderr]    Compiling ct-codecs v1.1.1
[INFO] [stderr]    Compiling arrayref v0.3.7
[INFO] [stderr]    Compiling constant_time_eq v0.3.0
[INFO] [stderr]    Compiling arrayvec v0.7.4
[INFO] [stderr]    Compiling ed25519-compact v2.1.1
[INFO] [stderr]    Compiling blake2b_simd v1.0.2
[INFO] [stderr]    Compiling sqlx-macros-core v0.7.4
[INFO] [stderr]    Compiling async-compression v0.4.9
[INFO] [stderr]    Compiling regex-automata v0.1.10
[INFO] [stderr]    Compiling headers v0.4.0
[INFO] [stderr]    Compiling p256 v0.13.2
[INFO] [stderr]    Compiling p384 v0.13.0
[INFO] [stderr]    Compiling k256 v0.13.3
[INFO] [stderr]    Compiling sqlx-macros v0.7.4
[INFO] [stderr]    Compiling hmac-sha512 v1.1.5
[INFO] [stderr]    Compiling hmac-sha256 v1.1.7
[INFO] [stderr]    Compiling coarsetime v0.1.34
[INFO] [stderr]    Compiling binstring v0.1.1
[INFO] [stderr]    Compiling overload v0.1.1
[INFO] [stderr]    Compiling hmac-sha1-compact v1.1.4
[INFO] [stderr]    Compiling http-range-header v0.4.0
[INFO] [stderr]    Compiling atomic v0.5.3
[INFO] [stderr]    Compiling uuid v1.8.0
[INFO] [stderr]    Compiling tower-http v0.5.2
[INFO] [stderr]    Compiling nu-ansi-term v0.46.0
[INFO] [stderr]    Compiling zip v0.6.6
[INFO] [stderr]    Compiling matchers v0.1.0
[INFO] [stderr]    Compiling axum-extra v0.9.3
[INFO] [stderr]    Compiling rust-embed-utils v8.3.0
[INFO] [stderr]    Compiling sharded-slab v0.1.7
[INFO] [stderr]    Compiling tracing-log v0.2.0
[INFO] [stderr]    Compiling thread_local v1.1.8
[INFO] [stderr]    Compiling unsafe-libyaml v0.2.11
[INFO] [stderr]    Compiling utoipa-swagger-ui v6.0.0
[INFO] [stderr]    Compiling rust-embed-impl v8.3.0
[INFO] [stderr]    Compiling tracing-subscriber v0.3.18
[INFO] [stderr]    Compiling futures-executor v0.3.30
[INFO] [stderr]    Compiling rust-embed v8.3.0
[INFO] [stderr]    Compiling futures v0.3.30
[INFO] [stderr]    Compiling password-hash v0.5.0
[INFO] [stderr]    Compiling blake2 v0.10.6
[INFO] [stderr]    Compiling serde_yaml v0.9.34+deprecated
[INFO] [stderr]    Compiling sqlx v0.7.4
[INFO] [stderr]    Compiling argon2 v0.5.3
[INFO] [stderr]    Compiling utoipa-rapidoc v3.0.0
[INFO] [stderr]    Compiling utoipa-redoc v3.0.0
[INFO] [stderr]    Compiling dashmap v5.5.3
[INFO] [stderr]    Compiling chat_test v0.1.0 (/opt/rustwide/workdir/chat_test)
[INFO] [stderr]    Compiling boring v4.6.0
[INFO] [stderr]    Compiling jwt-simple v0.12.9
[INFO] [stderr]    Compiling chat-core v0.1.0 (/opt/rustwide/workdir/chat_core)
[INFO] [stderr]    Compiling chat-server v0.1.0 (/opt/rustwide/workdir/chat_server)
[INFO] [stderr]    Compiling notify-server v0.1.0 (/opt/rustwide/workdir/notify_server)
[INFO] [stderr]     Finished `dev` profile [unoptimized + debuginfo] target(s) in 6m 06s
[INFO] [stderr] warning: the following packages contain code that will be rejected by a future version of Rust: sqlx-postgres v0.7.4
[INFO] [stderr] note: to see what the problems were, use the option `--future-incompat-report`, or run `cargo report future-incompatibilities --id 1`
[INFO] running `Command { std: "docker" "inspect" "7b74c5b66f4b4068e9e32e9a962892ef693244b904407c8fe9224f98d9ac2ebf", kill_on_drop: false }`
[INFO] running `Command { std: "docker" "exec" "-e" "SOURCE_DIR=/opt/rustwide/workdir" "-e" "CARGO_HOME=/opt/rustwide/cargo-home" "-e" "RUSTUP_HOME=/opt/rustwide/rustup-home" "-e" "CARGO_TARGET_DIR=/opt/rustwide/target" "-e" "CARGO_INCREMENTAL=0" "-e" "RUST_BACKTRACE=full" "-e" "RUSTFLAGS=--cap-lints=warn" "-e" "RUSTDOCFLAGS=--cap-lints=warn" "-w" "/opt/rustwide/workdir" "--user" "0:0" "7b74c5b66f4b4068e9e32e9a962892ef693244b904407c8fe9224f98d9ac2ebf" "/opt/rustwide/cargo-home/bin/cargo" "+1.97.0-beta.6" "test" "--frozen" "--no-run" "--message-format=json", kill_on_drop: false }`
[INFO] [stderr]    Compiling try-lock v0.2.5
[INFO] [stderr]    Compiling url v2.5.0
[INFO] [stderr]    Compiling uuid v1.8.0
[INFO] [stderr]    Compiling rustls-pki-types v1.5.0
[INFO] [stderr]    Compiling csv-core v0.1.11
[INFO] [stderr]    Compiling rustls v0.22.4
[INFO] [stderr]    Compiling base64 v0.22.1
[INFO] [stderr]    Compiling want v0.3.1
[INFO] [stderr]    Compiling ipnet v2.9.0
[INFO] [stderr]    Compiling hyper v1.3.1
[INFO] [stderr]    Compiling csv v1.3.0
[INFO] [stderr]    Compiling rustls-webpki v0.102.3
[INFO] [stderr]    Compiling rustls-pemfile v2.1.2
[INFO] [stderr]    Compiling webpki-roots v0.26.1
[INFO] [stderr]    Compiling sqlx-core v0.7.4
[INFO] [stderr]    Compiling eventsource-stream v0.2.3
[INFO] [stderr]    Compiling futures-timer v3.0.3
[INFO] [stderr]    Compiling hyper-util v0.1.3
[INFO] [stderr]    Compiling axum v0.7.5
[INFO] [stderr]    Compiling sqlx-postgres v0.7.4
[INFO] [stderr]    Compiling tokio-rustls v0.25.0
[INFO] [stderr]    Compiling hyper-rustls v0.26.0
[INFO] [stderr]    Compiling reqwest v0.12.4
[INFO] [stderr]    Compiling reqwest-eventsource v0.6.0
[INFO] [stderr]    Compiling sqlx-macros-core v0.7.4
[INFO] [stderr]    Compiling axum-extra v0.9.3
[INFO] [stderr]    Compiling utoipa-redoc v3.0.0
[INFO] [stderr]    Compiling utoipa-rapidoc v3.0.0
[INFO] [stderr]    Compiling utoipa-swagger-ui v6.0.0
[INFO] [stderr]    Compiling sqlx-macros v0.7.4
[INFO] [stderr]    Compiling sqlx v0.7.4
[INFO] [stderr]    Compiling chat-core v0.1.0 (/opt/rustwide/workdir/chat_core)
[INFO] [stderr]    Compiling sqlx-db-tester v0.4.2
[INFO] [stderr]    Compiling chat-server v0.1.0 (/opt/rustwide/workdir/chat_server)
[INFO] [stderr]    Compiling notify-server v0.1.0 (/opt/rustwide/workdir/notify_server)
[INFO] [stderr]    Compiling chat_test v0.1.0 (/opt/rustwide/workdir/chat_test)
[INFO] [stderr]     Finished `test` profile [unoptimized + debuginfo] target(s) in 1m 28s
[INFO] [stderr] warning: the following packages contain code that will be rejected by a future version of Rust: sqlx-postgres v0.7.4
[INFO] [stderr] note: to see what the problems were, use the option `--future-incompat-report`, or run `cargo report future-incompatibilities --id 1`
[INFO] running `Command { std: "docker" "inspect" "7b74c5b66f4b4068e9e32e9a962892ef693244b904407c8fe9224f98d9ac2ebf", kill_on_drop: false }`
[INFO] running `Command { std: "docker" "exec" "-e" "SOURCE_DIR=/opt/rustwide/workdir" "-e" "CARGO_HOME=/opt/rustwide/cargo-home" "-e" "RUSTUP_HOME=/opt/rustwide/rustup-home" "-e" "CARGO_TARGET_DIR=/opt/rustwide/target" "-e" "CARGO_INCREMENTAL=0" "-e" "RUST_BACKTRACE=full" "-e" "RUSTFLAGS=--cap-lints=warn" "-e" "RUSTDOCFLAGS=--cap-lints=warn" "-w" "/opt/rustwide/workdir" "--user" "0:0" "7b74c5b66f4b4068e9e32e9a962892ef693244b904407c8fe9224f98d9ac2ebf" "/opt/rustwide/cargo-home/bin/cargo" "+1.97.0-beta.6" "test" "--frozen", kill_on_drop: false }`
[INFO] [stderr]     Finished `test` profile [unoptimized + debuginfo] target(s) in 0.64s
[INFO] [stdout] 
[INFO] [stderr] warning: the following packages contain code that will be rejected by a future version of Rust: sqlx-postgres v0.7.4
[INFO] [stdout] running 2 tests
[INFO] [stderr] note: to see what the problems were, use the option `--future-incompat-report`, or run `cargo report future-incompatibilities --id 1`
[INFO] [stderr]      Running unittests src/lib.rs (/opt/rustwide/target/debug/deps/chat_core-38d7fd0c21230169)
[INFO] [stdout] test middlewares::auth::tests::verify_token_middleware_should_work ... ok
[INFO] [stdout] test utils::jwt::tests::jwt_sign_verify_should_work ... ok
[INFO] [stderr]      Running unittests src/lib.rs (/opt/rustwide/target/debug/deps/chat_server-619878dd9387d503)
[INFO] [stdout] 
[INFO] [stdout] test result: ok. 2 passed; 0 failed; 0 ignored; 0 measured; 0 filtered out; finished in 0.01s
[INFO] [stdout] 
[INFO] [stdout] 
[INFO] [stdout] running 20 tests
[INFO] [stdout] 
[INFO] [stdout] thread '<unnamed>' (7719) panicked at /opt/rustwide/cargo-home/registry/src/index.crates.io-1949cf8c6b5b557f/sqlx-db-tester-0.4.2/src/postgres.rs:38:41:
[INFO] [stdout] Error while connecting to postgres://postgres:postgres@localhost:5432
[INFO] [stdout] stack backtrace:
[INFO] [stdout]    0:     0x64d56b47ae28 - std[10d71ac2c42b111e]::backtrace_rs::backtrace::libunwind::trace
[INFO] [stdout]                                at /rustc/b2282dd5646a57d570fc86fbe8df0e8826665ef6/library/std/src/../../backtrace/src/backtrace/libunwind.rs:117:9
[INFO] [stdout]    1:     0x64d56b47ae28 - std[10d71ac2c42b111e]::backtrace_rs::backtrace::trace_unsynchronized::<std[10d71ac2c42b111e]::sys::backtrace::_print_fmt::{closure#1}>
[INFO] [stdout]                                at /rustc/b2282dd5646a57d570fc86fbe8df0e8826665ef6/library/std/src/../../backtrace/src/backtrace/mod.rs:66:14
[INFO] [stdout]    2:     0x64d56b47ae28 - std[10d71ac2c42b111e]::sys::backtrace::_print_fmt
[INFO] [stdout]                                at /rustc/b2282dd5646a57d570fc86fbe8df0e8826665ef6/library/std/src/sys/backtrace.rs:74:9
[INFO] [stdout]    3:     0x64d56b47ae28 - <<std[10d71ac2c42b111e]::sys::backtrace::BacktraceLock>::print::DisplayBacktrace as core[8fb95b77d25ab6c8]::fmt::Display>::fmt
[INFO] [stdout]                                at /rustc/b2282dd5646a57d570fc86fbe8df0e8826665ef6/library/std/src/sys/backtrace.rs:44:26
[INFO] [stdout]    4:     0x64d56b49333a - <core[8fb95b77d25ab6c8]::fmt::rt::Argument>::fmt
[INFO] [stdout]                                at /rustc/b2282dd5646a57d570fc86fbe8df0e8826665ef6/library/core/src/fmt/rt.rs:152:76
[INFO] [stdout]    5:     0x64d56b49333a - core[8fb95b77d25ab6c8]::fmt::write
[INFO] [stdout]    6:     0x64d56b480322 - std[10d71ac2c42b111e]::io::default_write_fmt::<alloc[a7ee25936407c584]::vec::Vec<u8>>
[INFO] [stdout]                                at /rustc/b2282dd5646a57d570fc86fbe8df0e8826665ef6/library/std/src/io/mod.rs:622:11
[INFO] [stdout]    7:     0x64d56b480322 - <alloc[a7ee25936407c584]::vec::Vec<u8> as std[10d71ac2c42b111e]::io::Write>::write_fmt
[INFO] [stdout]                                at /rustc/b2282dd5646a57d570fc86fbe8df0e8826665ef6/library/std/src/io/mod.rs:1977:13
[INFO] [stdout]    8:     0x64d56b457716 - <std[10d71ac2c42b111e]::sys::backtrace::BacktraceLock>::print
[INFO] [stdout]                                at /rustc/b2282dd5646a57d570fc86fbe8df0e8826665ef6/library/std/src/sys/backtrace.rs:47:9
[INFO] [stdout]    9:     0x64d56b457716 - std[10d71ac2c42b111e]::panicking::default_hook::{closure#0}
[INFO] [stdout]                                at /rustc/b2282dd5646a57d570fc86fbe8df0e8826665ef6/library/std/src/panicking.rs:292:27
[INFO] [stdout]   10:     0x64d56b472479 - std[10d71ac2c42b111e]::panicking::default_hook
[INFO] [stdout]                                at /rustc/b2282dd5646a57d570fc86fbe8df0e8826665ef6/library/std/src/panicking.rs:316:9
[INFO] [stdout]   11:     0x64d56ae1a3fc - <alloc[a7ee25936407c584]::boxed::Box<dyn for<'a, 'b> core[8fb95b77d25ab6c8]::ops::function::Fn<(&'a std[10d71ac2c42b111e]::panic::PanicHookInfo<'b>,), Output = ()> + core[8fb95b77d25ab6c8]::marker::Sync + core[8fb95b77d25ab6c8]::marker::Send> as core[8fb95b77d25ab6c8]::ops::function::Fn<(&std[10d71ac2c42b111e]::panic::PanicHookInfo,)>>::call
[INFO] [stdout]                                at /rustc/b2282dd5646a57d570fc86fbe8df0e8826665ef6/library/alloc/src/boxed.rs:2289:9
[INFO] [stdout]   12:     0x64d56ae1a3fc - test[213991da798b1c03]::test_main_inner::<test[213991da798b1c03]::test_main_static::{closure#0}>::{closure#0}
[INFO] [stdout]                                at /rustc/b2282dd5646a57d570fc86fbe8df0e8826665ef6/library/test/src/lib.rs:155:21
[INFO] [stdout]   13:     0x64d56b4726f2 - <alloc[a7ee25936407c584]::boxed::Box<dyn for<'a, 'b> core[8fb95b77d25ab6c8]::ops::function::Fn<(&'a std[10d71ac2c42b111e]::panic::PanicHookInfo<'b>,), Output = ()> + core[8fb95b77d25ab6c8]::marker::Sync + core[8fb95b77d25ab6c8]::marker::Send> as core[8fb95b77d25ab6c8]::ops::function::Fn<(&std[10d71ac2c42b111e]::panic::PanicHookInfo,)>>::call
[INFO] [stdout]                                at /rustc/b2282dd5646a57d570fc86fbe8df0e8826665ef6/library/alloc/src/boxed.rs:2289:9
[INFO] [stdout]   14:     0x64d56b4726f2 - std[10d71ac2c42b111e]::panicking::panic_with_hook
[INFO] [stdout]                                at /rustc/b2282dd5646a57d570fc86fbe8df0e8826665ef6/library/std/src/panicking.rs:833:13
[INFO] [stdout]   15:     0x64d56b4577d2 - std[10d71ac2c42b111e]::panicking::panic_handler::{closure#0}
[INFO] [stdout]                                at /rustc/b2282dd5646a57d570fc86fbe8df0e8826665ef6/library/std/src/panicking.rs:698:13
[INFO] [stdout]   16:     0x64d56b44c0c9 - std[10d71ac2c42b111e]::sys::backtrace::__rust_end_short_backtrace::<std[10d71ac2c42b111e]::panicking::panic_handler::{closure#0}, !>
[INFO] [stdout]                                at /rustc/b2282dd5646a57d570fc86fbe8df0e8826665ef6/library/std/src/sys/backtrace.rs:182:18
[INFO] [stdout]   17:     0x64d56b45879d - __rustc[3be9ba60078d4c86]::rust_begin_unwind
[INFO] [stdout]                                at /rustc/b2282dd5646a57d570fc86fbe8df0e8826665ef6/library/std/src/panicking.rs:689:5
[INFO] [stdout]   18:     0x64d56b493b2c - core[8fb95b77d25ab6c8]::panicking::panic_fmt
[INFO] [stdout]                                at /rustc/b2282dd5646a57d570fc86fbe8df0e8826665ef6/library/core/src/panicking.rs:80:14
[INFO] [stdout]   19:     0x64d56ae5a758 - <sqlx_db_tester[43ff0297e63d0866]::postgres::TestPg>::new::<&std[10d71ac2c42b111e]::path::Path>::{closure#0}::{closure#0}::{closure#0}
[INFO] [stdout]                                at /opt/rustwide/cargo-home/registry/src/index.crates.io-1949cf8c6b5b557f/sqlx-db-tester-0.4.2/src/postgres.rs:38:41
[INFO] [stdout]   20:     0x64d56ae575c3 - <core[8fb95b77d25ab6c8]::result::Result<sqlx_postgres[45493b8d8af87c9]::connection::PgConnection, sqlx_core[f4f6eee022711ff8]::error::Error>>::unwrap_or_else::<<sqlx_db_tester[43ff0297e63d0866]::postgres::TestPg>::new<&std[10d71ac2c42b111e]::path::Path>::{closure#0}::{closure#0}::{closure#0}>
[INFO] [stdout]                                at /rustc/b2282dd5646a57d570fc86fbe8df0e8826665ef6/library/core/src/result.rs:1622:23
[INFO] [stdout]   21:     0x64d56ae59a05 - <sqlx_db_tester[43ff0297e63d0866]::postgres::TestPg>::new::<&std[10d71ac2c42b111e]::path::Path>::{closure#0}::{closure#0}
[INFO] [stdout]                                at /opt/rustwide/cargo-home/registry/src/index.crates.io-1949cf8c6b5b557f/sqlx-db-tester-0.4.2/src/postgres.rs:38:22
[INFO] [stdout]   22:     0x64d56ae551bf - <tokio[3a7098c7691a42d0]::runtime::park::CachedParkThread>::block_on::<<sqlx_db_tester[43ff0297e63d0866]::postgres::TestPg>::new<&std[10d71ac2c42b111e]::path::Path>::{closure#0}::{closure#0}>::{closure#0}
[INFO] [stdout]                                at /opt/rustwide/cargo-home/registry/src/index.crates.io-1949cf8c6b5b557f/tokio-1.37.0/src/runtime/park.rs:281:74
[INFO] [stdout]   23:     0x64d56ae50cbe - tokio[3a7098c7691a42d0]::runtime::coop::with_budget::<core[8fb95b77d25ab6c8]::task::poll::Poll<()>, <tokio[3a7098c7691a42d0]::runtime::park::CachedParkThread>::block_on<<sqlx_db_tester[43ff0297e63d0866]::postgres::TestPg>::new<&std[10d71ac2c42b111e]::path::Path>::{closure#0}::{closure#0}>::{closure#0}>
[INFO] [stdout]                                at /opt/rustwide/cargo-home/registry/src/index.crates.io-1949cf8c6b5b557f/tokio-1.37.0/src/runtime/coop.rs:107:5
[INFO] [stdout]   24:     0x64d56ae50cbe - tokio[3a7098c7691a42d0]::runtime::coop::budget::<core[8fb95b77d25ab6c8]::task::poll::Poll<()>, <tokio[3a7098c7691a42d0]::runtime::park::CachedParkThread>::block_on<<sqlx_db_tester[43ff0297e63d0866]::postgres::TestPg>::new<&std[10d71ac2c42b111e]::path::Path>::{closure#0}::{closure#0}>::{closure#0}>
[INFO] [stdout]                                at /opt/rustwide/cargo-home/registry/src/index.crates.io-1949cf8c6b5b557f/tokio-1.37.0/src/runtime/coop.rs:73:5
[INFO] [stdout]   25:     0x64d56ae50cbe - <tokio[3a7098c7691a42d0]::runtime::park::CachedParkThread>::block_on::<<sqlx_db_tester[43ff0297e63d0866]::postgres::TestPg>::new<&std[10d71ac2c42b111e]::path::Path>::{closure#0}::{closure#0}>
[INFO] [stdout]                                at /opt/rustwide/cargo-home/registry/src/index.crates.io-1949cf8c6b5b557f/tokio-1.37.0/src/runtime/park.rs:281:31
[INFO] [stdout]   26:     0x64d56ae5e929 - <tokio[3a7098c7691a42d0]::runtime::context::blocking::BlockingRegionGuard>::block_on::<<sqlx_db_tester[43ff0297e63d0866]::postgres::TestPg>::new<&std[10d71ac2c42b111e]::path::Path>::{closure#0}::{closure#0}>
[INFO] [stdout]                                at /opt/rustwide/cargo-home/registry/src/index.crates.io-1949cf8c6b5b557f/tokio-1.37.0/src/runtime/context/blocking.rs:66:14
[INFO] [stdout]   27:     0x64d56ae610c7 - <tokio[3a7098c7691a42d0]::runtime::scheduler::multi_thread::MultiThread>::block_on::<<sqlx_db_tester[43ff0297e63d0866]::postgres::TestPg>::new<&std[10d71ac2c42b111e]::path::Path>::{closure#0}::{closure#0}>::{closure#0}
[INFO] [stdout]                                at /opt/rustwide/cargo-home/registry/src/index.crates.io-1949cf8c6b5b557f/tokio-1.37.0/src/runtime/scheduler/multi_thread/mod.rs:87:22
[INFO] [stdout]   28:     0x64d56ae604df - tokio[3a7098c7691a42d0]::runtime::context::runtime::enter_runtime::<<tokio[3a7098c7691a42d0]::runtime::scheduler::multi_thread::MultiThread>::block_on<<sqlx_db_tester[43ff0297e63d0866]::postgres::TestPg>::new<&std[10d71ac2c42b111e]::path::Path>::{closure#0}::{closure#0}>::{closure#0}, ()>
[INFO] [stdout]                                at /opt/rustwide/cargo-home/registry/src/index.crates.io-1949cf8c6b5b557f/tokio-1.37.0/src/runtime/context/runtime.rs:65:16
[INFO] [stdout]   29:     0x64d56ae5ea72 - <tokio[3a7098c7691a42d0]::runtime::scheduler::multi_thread::MultiThread>::block_on::<<sqlx_db_tester[43ff0297e63d0866]::postgres::TestPg>::new<&std[10d71ac2c42b111e]::path::Path>::{closure#0}::{closure#0}>
[INFO] [stdout]                                at /opt/rustwide/cargo-home/registry/src/index.crates.io-1949cf8c6b5b557f/tokio-1.37.0/src/runtime/scheduler/multi_thread/mod.rs:86:9
[INFO] [stdout]   30:     0x64d56ae5e22d - <tokio[3a7098c7691a42d0]::runtime::runtime::Runtime>::block_on::<<sqlx_db_tester[43ff0297e63d0866]::postgres::TestPg>::new<&std[10d71ac2c42b111e]::path::Path>::{closure#0}::{closure#0}>
[INFO] [stdout]                                at /opt/rustwide/cargo-home/registry/src/index.crates.io-1949cf8c6b5b557f/tokio-1.37.0/src/runtime/runtime.rs:351:50
[INFO] [stdout]   31:     0x64d56ae59079 - <sqlx_db_tester[43ff0297e63d0866]::postgres::TestPg>::new::<&std[10d71ac2c42b111e]::path::Path>::{closure#0}
[INFO] [stdout]                                at /opt/rustwide/cargo-home/registry/src/index.crates.io-1949cf8c6b5b557f/sqlx-db-tester-0.4.2/src/postgres.rs:34:16
[INFO] [stdout]   32:     0x64d56ae5ec27 - std[10d71ac2c42b111e]::sys::backtrace::__rust_begin_short_backtrace::<<sqlx_db_tester[43ff0297e63d0866]::postgres::TestPg>::new<&std[10d71ac2c42b111e]::path::Path>::{closure#0}, ()>
[INFO] [stdout]                                at /rustc/b2282dd5646a57d570fc86fbe8df0e8826665ef6/library/std/src/sys/backtrace.rs:166:18
[INFO] [stdout]   33:     0x64d56ae625af - std[10d71ac2c42b111e]::thread::lifecycle::spawn_unchecked::<<sqlx_db_tester[43ff0297e63d0866]::postgres::TestPg>::new<&std[10d71ac2c42b111e]::path::Path>::{closure#0}, ()>::{closure#1}::{closure#0}
[INFO] [stdout]                                at /rustc/b2282dd5646a57d570fc86fbe8df0e8826665ef6/library/std/src/thread/lifecycle.rs:70:13
[INFO] [stdout]   34:     0x64d56ae5d9e4 - <core[8fb95b77d25ab6c8]::panic::unwind_safe::AssertUnwindSafe<std[10d71ac2c42b111e]::thread::lifecycle::spawn_unchecked<<sqlx_db_tester[43ff0297e63d0866]::postgres::TestPg>::new<&std[10d71ac2c42b111e]::path::Path>::{closure#0}, ()>::{closure#1}::{closure#0}> as core[8fb95b77d25ab6c8]::ops::function::FnOnce<()>>::call_once
[INFO] [stdout]                                at /rustc/b2282dd5646a57d570fc86fbe8df0e8826665ef6/library/core/src/panic/unwind_safe.rs:275:9
[INFO] [stdout]   35:     0x64d56ae60a14 - std[10d71ac2c42b111e]::panicking::catch_unwind::do_call::<core[8fb95b77d25ab6c8]::panic::unwind_safe::AssertUnwindSafe<std[10d71ac2c42b111e]::thread::lifecycle::spawn_unchecked<<sqlx_db_tester[43ff0297e63d0866]::postgres::TestPg>::new<&std[10d71ac2c42b111e]::path::Path>::{closure#0}, ()>::{closure#1}::{closure#0}>, ()>
[INFO] [stdout]                                at /rustc/b2282dd5646a57d570fc86fbe8df0e8826665ef6/library/std/src/panicking.rs:581:40
[INFO] [stdout]   36:     0x64d56ae6481b - __rust_try
[INFO] [stdout]   37:     0x64d56ae61439 - std[10d71ac2c42b111e]::panicking::catch_unwind::<(), core[8fb95b77d25ab6c8]::panic::unwind_safe::AssertUnwindSafe<std[10d71ac2c42b111e]::thread::lifecycle::spawn_unchecked<<sqlx_db_tester[43ff0297e63d0866]::postgres::TestPg>::new<&std[10d71ac2c42b111e]::path::Path>::{closure#0}, ()>::{closure#1}::{closure#0}>>
[INFO] [stdout]                                at /rustc/b2282dd5646a57d570fc86fbe8df0e8826665ef6/library/std/src/panicking.rs:544:19
[INFO] [stdout]   38:     0x64d56ae61439 - std[10d71ac2c42b111e]::panic::catch_unwind::<core[8fb95b77d25ab6c8]::panic::unwind_safe::AssertUnwindSafe<std[10d71ac2c42b111e]::thread::lifecycle::spawn_unchecked<<sqlx_db_tester[43ff0297e63d0866]::postgres::TestPg>::new<&std[10d71ac2c42b111e]::path::Path>::{closure#0}, ()>::{closure#1}::{closure#0}>, ()>
[INFO] [stdout]                                at /rustc/b2282dd5646a57d570fc86fbe8df0e8826665ef6/library/std/src/panic.rs:359:14
[INFO] [stdout]   39:     0x64d56ae61439 - std[10d71ac2c42b111e]::thread::lifecycle::spawn_unchecked::<<sqlx_db_tester[43ff0297e63d0866]::postgres::TestPg>::new<&std[10d71ac2c42b111e]::path::Path>::{closure#0}, ()>::{closure#1}
[INFO] [stdout]                                at /rustc/b2282dd5646a57d570fc86fbe8df0e8826665ef6/library/std/src/thread/lifecycle.rs:68:26
[INFO] [stdout]   40:     0x64d56ae56d7f - <std[10d71ac2c42b111e]::thread::lifecycle::spawn_unchecked<<sqlx_db_tester[43ff0297e63d0866]::postgres::TestPg>::new<&std[10d71ac2c42b111e]::path::Path>::{closure#0}, ()>::{closure#1} as core[8fb95b77d25ab6c8]::ops::function::FnOnce<()>>::call_once::{shim:vtable#0}
[INFO] [stdout]                                at /rustc/b2282dd5646a57d570fc86fbe8df0e8826665ef6/library/core/src/ops/function.rs:250:5
[INFO] [stdout]   41:     0x64d56b479d9f - <alloc[a7ee25936407c584]::boxed::Box<dyn core[8fb95b77d25ab6c8]::ops::function::FnOnce<(), Output = ()> + core[8fb95b77d25ab6c8]::marker::Send> as core[8fb95b77d25ab6c8]::ops::function::FnOnce<()>>::call_once
[INFO] [stdout]                                at /rustc/b2282dd5646a57d570fc86fbe8df0e8826665ef6/library/alloc/src/boxed.rs:2275:9
[INFO] [stdout]   42:     0x64d56b479d9f - <std[10d71ac2c42b111e]::sys::thread::unix::Thread>::new::thread_start
[INFO] [stdout]                                at /rustc/b2282dd5646a57d570fc86fbe8df0e8826665ef6/library/std/src/sys/thread/unix.rs:118:17
[INFO] [stdout]   43:     0x7d8be8c8eaa4 - <unknown>
[INFO] [stdout]   44:     0x7d8be8d1ba64 - clone
[INFO] [stdout]   45:                0x0 - <unknown>
[INFO] [stdout] 
[INFO] [stdout] thread 'handlers::auth::tests::signin_should_work' (7678) panicked at /opt/rustwide/cargo-home/registry/src/index.crates.io-1949cf8c6b5b557f/sqlx-db-tester-0.4.2/src/postgres.rs:52:10:
[INFO] [stdout] failed to create database: Any { .. }
[INFO] [stdout] stack backtrace:
[INFO] [stdout]    0:     0x64d56b47ae28 - std[10d71ac2c42b111e]::backtrace_rs::backtrace::libunwind::trace
[INFO] [stdout]                                at /rustc/b2282dd5646a57d570fc86fbe8df0e8826665ef6/library/std/src/../../backtrace/src/backtrace/libunwind.rs:117:9
[INFO] [stdout]    1:     0x64d56b47ae28 - std[10d71ac2c42b111e]::backtrace_rs::backtrace::trace_unsynchronized::<std[10d71ac2c42b111e]::sys::backtrace::_print_fmt::{closure#1}>
[INFO] [stdout]                                at /rustc/b2282dd5646a57d570fc86fbe8df0e8826665ef6/library/std/src/../../backtrace/src/backtrace/mod.rs:66:14
[INFO] [stdout]    2:     0x64d56b47ae28 - std[10d71ac2c42b111e]::sys::backtrace::_print_fmt
[INFO] [stdout]                                at /rustc/b2282dd5646a57d570fc86fbe8df0e8826665ef6/library/std/src/sys/backtrace.rs:74:9
[INFO] [stdout]    3:     0x64d56b47ae28 - <<std[10d71ac2c42b111e]::sys::backtrace::BacktraceLock>::print::DisplayBacktrace as core[8fb95b77d25ab6c8]::fmt::Display>::fmt
[INFO] [stdout]                                at /rustc/b2282dd5646a57d570fc86fbe8df0e8826665ef6/library/std/src/sys/backtrace.rs:44:26
[INFO] [stdout]    4:     0x64d56b49333a - <core[8fb95b77d25ab6c8]::fmt::rt::Argument>::fmt
[INFO] [stdout]                                at /rustc/b2282dd5646a57d570fc86fbe8df0e8826665ef6/library/core/src/fmt/rt.rs:152:76
[INFO] [stdout]    5:     0x64d56b49333a - core[8fb95b77d25ab6c8]::fmt::write
[INFO] [stdout]    6:     0x64d56b480322 - std[10d71ac2c42b111e]::io::default_write_fmt::<alloc[a7ee25936407c584]::vec::Vec<u8>>
[INFO] [stdout]                                at /rustc/b2282dd5646a57d570fc86fbe8df0e8826665ef6/library/std/src/io/mod.rs:622:11
[INFO] [stdout]    7:     0x64d56b480322 - <alloc[a7ee25936407c584]::vec::Vec<u8> as std[10d71ac2c42b111e]::io::Write>::write_fmt
[INFO] [stdout]                                at /rustc/b2282dd5646a57d570fc86fbe8df0e8826665ef6/library/std/src/io/mod.rs:1977:13
[INFO] [stdout]    8:     0x64d56b457716 - <std[10d71ac2c42b111e]::sys::backtrace::BacktraceLock>::print
[INFO] [stdout]                                at /rustc/b2282dd5646a57d570fc86fbe8df0e8826665ef6/library/std/src/sys/backtrace.rs:47:9
[INFO] [stdout]    9:     0x64d56b457716 - std[10d71ac2c42b111e]::panicking::default_hook::{closure#0}
[INFO] [stdout]                                at /rustc/b2282dd5646a57d570fc86fbe8df0e8826665ef6/library/std/src/panicking.rs:292:27
[INFO] [stdout]   10:     0x64d56b472479 - std[10d71ac2c42b111e]::panicking::default_hook
[INFO] [stdout]                                at /rustc/b2282dd5646a57d570fc86fbe8df0e8826665ef6/library/std/src/panicking.rs:316:9
[INFO] [stdout]   11:     0x64d56ae1a3fc - <alloc[a7ee25936407c584]::boxed::Box<dyn for<'a, 'b> core[8fb95b77d25ab6c8]::ops::function::Fn<(&'a std[10d71ac2c42b111e]::panic::PanicHookInfo<'b>,), Output = ()> + core[8fb95b77d25ab6c8]::marker::Sync + core[8fb95b77d25ab6c8]::marker::Send> as core[8fb95b77d25ab6c8]::ops::function::Fn<(&std[10d71ac2c42b111e]::panic::PanicHookInfo,)>>::call
[INFO] [stdout]                                at /rustc/b2282dd5646a57d570fc86fbe8df0e8826665ef6/library/alloc/src/boxed.rs:2289:9
[INFO] [stdout]   12:     0x64d56ae1a3fc - test[213991da798b1c03]::test_main_inner::<test[213991da798b1c03]::test_main_static::{closure#0}>::{closure#0}
[INFO] [stdout]                                at /rustc/b2282dd5646a57d570fc86fbe8df0e8826665ef6/library/test/src/lib.rs:155:21
[INFO] [stdout]   13:     0x64d56b4726f2 - <alloc[a7ee25936407c584]::boxed::Box<dyn for<'a, 'b> core[8fb95b77d25ab6c8]::ops::function::Fn<(&'a std[10d71ac2c42b111e]::panic::PanicHookInfo<'b>,), Output = ()> + core[8fb95b77d25ab6c8]::marker::Sync + core[8fb95b77d25ab6c8]::marker::Send> as core[8fb95b77d25ab6c8]::ops::function::Fn<(&std[10d71ac2c42b111e]::panic::PanicHookInfo,)>>::call
[INFO] [stdout]                                at /rustc/b2282dd5646a57d570fc86fbe8df0e8826665ef6/library/alloc/src/boxed.rs:2289:9
[INFO] [stdout]   14:     0x64d56b4726f2 - std[10d71ac2c42b111e]::panicking::panic_with_hook
[INFO] [stdout]                                at /rustc/b2282dd5646a57d570fc86fbe8df0e8826665ef6/library/std/src/panicking.rs:833:13
[INFO] [stdout]   15:     0x64d56b4577d2 - std[10d71ac2c42b111e]::panicking::panic_handler::{closure#0}
[INFO] [stdout]                                at /rustc/b2282dd5646a57d570fc86fbe8df0e8826665ef6/library/std/src/panicking.rs:698:13
[INFO] [stdout]   16:     0x64d56b44c0c9 - std[10d71ac2c42b111e]::sys::backtrace::__rust_end_short_backtrace::<std[10d71ac2c42b111e]::panicking::panic_handler::{closure#0}, !>
[INFO] [stdout]                                at /rustc/b2282dd5646a57d570fc86fbe8df0e8826665ef6/library/std/src/sys/backtrace.rs:182:18
[INFO] [stdout]   17:     0x64d56b45879d - __rustc[3be9ba60078d4c86]::rust_begin_unwind
[INFO] [stdout]                                at /rustc/b2282dd5646a57d570fc86fbe8df0e8826665ef6/library/std/src/panicking.rs:689:5
[INFO] [stdout]   18:     0x64d56b493b2c - core[8fb95b77d25ab6c8]::panicking::panic_fmt
[INFO] [stdout]                                at /rustc/b2282dd5646a57d570fc86fbe8df0e8826665ef6/library/core/src/panicking.rs:80:14
[INFO] [stdout]   19:     0x64d56b493872 - core[8fb95b77d25ab6c8]::result::unwrap_failed
[INFO] [stdout]                                at /rustc/b2282dd5646a57d570fc86fbe8df0e8826665ef6/library/core/src/result.rs:1867:5
[INFO] [stdout]   20:     0x64d56ae5b91b - <core[8fb95b77d25ab6c8]::result::Result<(), alloc[a7ee25936407c584]::boxed::Box<dyn core[8fb95b77d25ab6c8]::any::Any + core[8fb95b77d25ab6c8]::marker::Send>>>::expect
[INFO] [stdout]                                at /rustc/b2282dd5646a57d570fc86fbe8df0e8826665ef6/library/core/src/result.rs:1185:23
[INFO] [stdout]   21:     0x64d56ae573c6 - <sqlx_db_tester[43ff0297e63d0866]::postgres::TestPg>::new::<&std[10d71ac2c42b111e]::path::Path>
[INFO] [stdout]                                at /opt/rustwide/cargo-home/registry/src/index.crates.io-1949cf8c6b5b557f/sqlx-db-tester-0.4.2/src/postgres.rs:52:10
[INFO] [stdout]   22:     0x64d56ad675e8 - chat_server[1eda18a33cf4064]::test_util::get_test_pool::{closure#0}
[INFO] [stdout]                                at /opt/rustwide/workdir/chat_server/src/lib.rs:153:19
[INFO] [stdout]   23:     0x64d56ad66f16 - <chat_server[1eda18a33cf4064]::AppState>::new_for_test::{closure#0}
[INFO] [stdout]                                at /opt/rustwide/workdir/chat_server/src/lib.rs:135:63
[INFO] [stdout]   24:     0x64d56ada044d - chat_server[1eda18a33cf4064]::handlers::auth::tests::signin_should_work::{closure#0}
[INFO] [stdout]                                at /opt/rustwide/workdir/chat_server/src/handlers/auth.rs:101:54
[INFO] [stdout]   25:     0x64d56adb72d5 - <core[8fb95b77d25ab6c8]::pin::Pin<&mut dyn core[8fb95b77d25ab6c8]::future::future::Future<Output = core[8fb95b77d25ab6c8]::result::Result<(), anyhow[3acebc4aed8aeef4]::Error>>> as core[8fb95b77d25ab6c8]::future::future::Future>::poll
[INFO] [stdout]                                at /rustc/b2282dd5646a57d570fc86fbe8df0e8826665ef6/library/core/src/future/future.rs:133:9
[INFO] [stdout]   26:     0x64d56adb730d - <core[8fb95b77d25ab6c8]::pin::Pin<&mut core[8fb95b77d25ab6c8]::pin::Pin<&mut dyn core[8fb95b77d25ab6c8]::future::future::Future<Output = core[8fb95b77d25ab6c8]::result::Result<(), anyhow[3acebc4aed8aeef4]::Error>>>> as core[8fb95b77d25ab6c8]::future::future::Future>::poll
[INFO] [stdout]                                at /rustc/b2282dd5646a57d570fc86fbe8df0e8826665ef6/library/core/src/future/future.rs:133:9
[INFO] [stdout]   27:     0x64d56adb489d - <tokio[3a7098c7691a42d0]::runtime::scheduler::current_thread::CoreGuard>::block_on::<core[8fb95b77d25ab6c8]::pin::Pin<&mut core[8fb95b77d25ab6c8]::pin::Pin<&mut dyn core[8fb95b77d25ab6c8]::future::future::Future<Output = core[8fb95b77d25ab6c8]::result::Result<(), anyhow[3acebc4aed8aeef4]::Error>>>>>::{closure#0}::{closure#0}::{closure#0}
[INFO] [stdout]                                at /opt/rustwide/cargo-home/registry/src/index.crates.io-1949cf8c6b5b557f/tokio-1.37.0/src/runtime/scheduler/current_thread/mod.rs:659:73
[INFO] [stdout]   28:     0x64d56adb47cc - tokio[3a7098c7691a42d0]::runtime::coop::with_budget::<core[8fb95b77d25ab6c8]::task::poll::Poll<core[8fb95b77d25ab6c8]::result::Result<(), anyhow[3acebc4aed8aeef4]::Error>>, <tokio[3a7098c7691a42d0]::runtime::scheduler::current_thread::CoreGuard>::block_on<core[8fb95b77d25ab6c8]::pin::Pin<&mut core[8fb95b77d25ab6c8]::pin::Pin<&mut dyn core[8fb95b77d25ab6c8]::future::future::Future<Output = core[8fb95b77d25ab6c8]::result::Result<(), anyhow[3acebc4aed8aeef4]::Error>>>>>::{closure#0}::{closure#0}::{closure#0}>
[INFO] [stdout]                                at /opt/rustwide/cargo-home/registry/src/index.crates.io-1949cf8c6b5b557f/tokio-1.37.0/src/runtime/coop.rs:107:5
[INFO] [stdout]   29:     0x64d56adb47cc - tokio[3a7098c7691a42d0]::runtime::coop::budget::<core[8fb95b77d25ab6c8]::task::poll::Poll<core[8fb95b77d25ab6c8]::result::Result<(), anyhow[3acebc4aed8aeef4]::Error>>, <tokio[3a7098c7691a42d0]::runtime::scheduler::current_thread::CoreGuard>::block_on<core[8fb95b77d25ab6c8]::pin::Pin<&mut core[8fb95b77d25ab6c8]::pin::Pin<&mut dyn core[8fb95b77d25ab6c8]::future::future::Future<Output = core[8fb95b77d25ab6c8]::result::Result<(), anyhow[3acebc4aed8aeef4]::Error>>>>>::{closure#0}::{closure#0}::{closure#0}>
[INFO] [stdout]                                at /opt/rustwide/cargo-home/registry/src/index.crates.io-1949cf8c6b5b557f/tokio-1.37.0/src/runtime/coop.rs:73:5
[INFO] [stdout]   30:     0x64d56adb47cc - <tokio[3a7098c7691a42d0]::runtime::scheduler::current_thread::CoreGuard>::block_on::<core[8fb95b77d25ab6c8]::pin::Pin<&mut core[8fb95b77d25ab6c8]::pin::Pin<&mut dyn core[8fb95b77d25ab6c8]::future::future::Future<Output = core[8fb95b77d25ab6c8]::result::Result<(), anyhow[3acebc4aed8aeef4]::Error>>>>>::{closure#0}::{closure#0}
[INFO] [stdout]                                at /opt/rustwide/cargo-home/registry/src/index.crates.io-1949cf8c6b5b557f/tokio-1.37.0/src/runtime/scheduler/current_thread/mod.rs:659:25
[INFO] [stdout]   31:     0x64d56adaf2ea - <tokio[3a7098c7691a42d0]::runtime::scheduler::current_thread::Context>::enter::<core[8fb95b77d25ab6c8]::task::poll::Poll<core[8fb95b77d25ab6c8]::result::Result<(), anyhow[3acebc4aed8aeef4]::Error>>, <tokio[3a7098c7691a42d0]::runtime::scheduler::current_thread::CoreGuard>::block_on<core[8fb95b77d25ab6c8]::pin::Pin<&mut core[8fb95b77d25ab6c8]::pin::Pin<&mut dyn core[8fb95b77d25ab6c8]::future::future::Future<Output = core[8fb95b77d25ab6c8]::result::Result<(), anyhow[3acebc4aed8aeef4]::Error>>>>>::{closure#0}::{closure#0}>
[INFO] [stdout]                                at /opt/rustwide/cargo-home/registry/src/index.crates.io-1949cf8c6b5b557f/tokio-1.37.0/src/runtime/scheduler/current_thread/mod.rs:404:19
[INFO] [stdout]   32:     0x64d56adb3d9d - <tokio[3a7098c7691a42d0]::runtime::scheduler::current_thread::CoreGuard>::block_on::<core[8fb95b77d25ab6c8]::pin::Pin<&mut core[8fb95b77d25ab6c8]::pin::Pin<&mut dyn core[8fb95b77d25ab6c8]::future::future::Future<Output = core[8fb95b77d25ab6c8]::result::Result<(), anyhow[3acebc4aed8aeef4]::Error>>>>>::{closure#0}
[INFO] [stdout]                                at /opt/rustwide/cargo-home/registry/src/index.crates.io-1949cf8c6b5b557f/tokio-1.37.0/src/runtime/scheduler/current_thread/mod.rs:658:44
[INFO] [stdout]   33:     0x64d56adb3b0b - <tokio[3a7098c7691a42d0]::runtime::scheduler::current_thread::CoreGuard>::enter::<<tokio[3a7098c7691a42d0]::runtime::scheduler::current_thread::CoreGuard>::block_on<core[8fb95b77d25ab6c8]::pin::Pin<&mut core[8fb95b77d25ab6c8]::pin::Pin<&mut dyn core[8fb95b77d25ab6c8]::future::future::Future<Output = core[8fb95b77d25ab6c8]::result::Result<(), anyhow[3acebc4aed8aeef4]::Error>>>>>::{closure#0}, core[8fb95b77d25ab6c8]::option::Option<core[8fb95b77d25ab6c8]::result::Result<(), anyhow[3acebc4aed8aeef4]::Error>>>::{closure#0}
[INFO] [stdout]                                at /opt/rustwide/cargo-home/registry/src/index.crates.io-1949cf8c6b5b557f/tokio-1.37.0/src/runtime/scheduler/current_thread/mod.rs:737:68
[INFO] [stdout]   34:     0x64d56ad6985a - <tokio[3a7098c7691a42d0]::runtime::context::scoped::Scoped<tokio[3a7098c7691a42d0]::runtime::scheduler::Context>>::set::<<tokio[3a7098c7691a42d0]::runtime::scheduler::current_thread::CoreGuard>::enter<<tokio[3a7098c7691a42d0]::runtime::scheduler::current_thread::CoreGuard>::block_on<core[8fb95b77d25ab6c8]::pin::Pin<&mut core[8fb95b77d25ab6c8]::pin::Pin<&mut dyn core[8fb95b77d25ab6c8]::future::future::Future<Output = core[8fb95b77d25ab6c8]::result::Result<(), anyhow[3acebc4aed8aeef4]::Error>>>>>::{closure#0}, core[8fb95b77d25ab6c8]::option::Option<core[8fb95b77d25ab6c8]::result::Result<(), anyhow[3acebc4aed8aeef4]::Error>>>::{closure#0}, (alloc[a7ee25936407c584]::boxed::Box<tokio[3a7098c7691a42d0]::runtime::scheduler::current_thread::Core>, core[8fb95b77d25ab6c8]::option::Option<core[8fb95b77d25ab6c8]::result::Result<(), anyhow[3acebc4aed8aeef4]::Error>>)>
[INFO] [stdout]                                at /opt/rustwide/cargo-home/registry/src/index.crates.io-1949cf8c6b5b557f/tokio-1.37.0/src/runtime/context/scoped.rs:40:9
[INFO] [stdout]   35:     0x64d56ad4334a - tokio[3a7098c7691a42d0]::runtime::context::set_scheduler::<(alloc[a7ee25936407c584]::boxed::Box<tokio[3a7098c7691a42d0]::runtime::scheduler::current_thread::Core>, core[8fb95b77d25ab6c8]::option::Option<core[8fb95b77d25ab6c8]::result::Result<(), anyhow[3acebc4aed8aeef4]::Error>>), <tokio[3a7098c7691a42d0]::runtime::scheduler::current_thread::CoreGuard>::enter<<tokio[3a7098c7691a42d0]::runtime::scheduler::current_thread::CoreGuard>::block_on<core[8fb95b77d25ab6c8]::pin::Pin<&mut core[8fb95b77d25ab6c8]::pin::Pin<&mut dyn core[8fb95b77d25ab6c8]::future::future::Future<Output = core[8fb95b77d25ab6c8]::result::Result<(), anyhow[3acebc4aed8aeef4]::Error>>>>>::{closure#0}, core[8fb95b77d25ab6c8]::option::Option<core[8fb95b77d25ab6c8]::result::Result<(), anyhow[3acebc4aed8aeef4]::Error>>>::{closure#0}>::{closure#0}
[INFO] [stdout]                                at /opt/rustwide/cargo-home/registry/src/index.crates.io-1949cf8c6b5b557f/tokio-1.37.0/src/runtime/context.rs:176:38
[INFO] [stdout]   36:     0x64d56ad61466 - <std[10d71ac2c42b111e]::thread::local::LocalKey<tokio[3a7098c7691a42d0]::runtime::context::Context>>::try_with::<tokio[3a7098c7691a42d0]::runtime::context::set_scheduler<(alloc[a7ee25936407c584]::boxed::Box<tokio[3a7098c7691a42d0]::runtime::scheduler::current_thread::Core>, core[8fb95b77d25ab6c8]::option::Option<core[8fb95b77d25ab6c8]::result::Result<(), anyhow[3acebc4aed8aeef4]::Error>>), <tokio[3a7098c7691a42d0]::runtime::scheduler::current_thread::CoreGuard>::enter<<tokio[3a7098c7691a42d0]::runtime::scheduler::current_thread::CoreGuard>::block_on<core[8fb95b77d25ab6c8]::pin::Pin<&mut core[8fb95b77d25ab6c8]::pin::Pin<&mut dyn core[8fb95b77d25ab6c8]::future::future::Future<Output = core[8fb95b77d25ab6c8]::result::Result<(), anyhow[3acebc4aed8aeef4]::Error>>>>>::{closure#0}, core[8fb95b77d25ab6c8]::option::Option<core[8fb95b77d25ab6c8]::result::Result<(), anyhow[3acebc4aed8aeef4]::Error>>>::{closure#0}>::{closure#0}, (alloc[a7ee25936407c584]::boxed::Box<tokio[3a7098c7691a42d0]::runtime::scheduler::current_thread::Core>, core[8fb95b77d25ab6c8]::option::Option<core[8fb95b77d25ab6c8]::result::Result<(), anyhow[3acebc4aed8aeef4]::Error>>)>
[INFO] [stdout]                                at /rustc/b2282dd5646a57d570fc86fbe8df0e8826665ef6/library/std/src/thread/local.rs:462:12
[INFO] [stdout]   37:     0x64d56ad6121c - <std[10d71ac2c42b111e]::thread::local::LocalKey<tokio[3a7098c7691a42d0]::runtime::context::Context>>::with::<tokio[3a7098c7691a42d0]::runtime::context::set_scheduler<(alloc[a7ee25936407c584]::boxed::Box<tokio[3a7098c7691a42d0]::runtime::scheduler::current_thread::Core>, core[8fb95b77d25ab6c8]::option::Option<core[8fb95b77d25ab6c8]::result::Result<(), anyhow[3acebc4aed8aeef4]::Error>>), <tokio[3a7098c7691a42d0]::runtime::scheduler::current_thread::CoreGuard>::enter<<tokio[3a7098c7691a42d0]::runtime::scheduler::current_thread::CoreGuard>::block_on<core[8fb95b77d25ab6c8]::pin::Pin<&mut core[8fb95b77d25ab6c8]::pin::Pin<&mut dyn core[8fb95b77d25ab6c8]::future::future::Future<Output = core[8fb95b77d25ab6c8]::result::Result<(), anyhow[3acebc4aed8aeef4]::Error>>>>>::{closure#0}, core[8fb95b77d25ab6c8]::option::Option<core[8fb95b77d25ab6c8]::result::Result<(), anyhow[3acebc4aed8aeef4]::Error>>>::{closure#0}>::{closure#0}, (alloc[a7ee25936407c584]::boxed::Box<tokio[3a7098c7691a42d0]::runtime::scheduler::current_thread::Core>, core[8fb95b77d25ab6c8]::option::Option<core[8fb95b77d25ab6c8]::result::Result<(), anyhow[3acebc4aed8aeef4]::Error>>)>
[INFO] [stdout]                                at /rustc/b2282dd5646a57d570fc86fbe8df0e8826665ef6/library/std/src/thread/local.rs:426:20
[INFO] [stdout]   38:     0x64d56ad3f0c1 - tokio[3a7098c7691a42d0]::runtime::context::set_scheduler::<(alloc[a7ee25936407c584]::boxed::Box<tokio[3a7098c7691a42d0]::runtime::scheduler::current_thread::Core>, core[8fb95b77d25ab6c8]::option::Option<core[8fb95b77d25ab6c8]::result::Result<(), anyhow[3acebc4aed8aeef4]::Error>>), <tokio[3a7098c7691a42d0]::runtime::scheduler::current_thread::CoreGuard>::enter<<tokio[3a7098c7691a42d0]::runtime::scheduler::current_thread::CoreGuard>::block_on<core[8fb95b77d25ab6c8]::pin::Pin<&mut core[8fb95b77d25ab6c8]::pin::Pin<&mut dyn core[8fb95b77d25ab6c8]::future::future::Future<Output = core[8fb95b77d25ab6c8]::result::Result<(), anyhow[3acebc4aed8aeef4]::Error>>>>>::{closure#0}, core[8fb95b77d25ab6c8]::option::Option<core[8fb95b77d25ab6c8]::result::Result<(), anyhow[3acebc4aed8aeef4]::Error>>>::{closure#0}>
[INFO] [stdout]                                at /opt/rustwide/cargo-home/registry/src/index.crates.io-1949cf8c6b5b557f/tokio-1.37.0/src/runtime/context.rs:176:17
[INFO] [stdout]   39:     0x64d56adb0519 - <tokio[3a7098c7691a42d0]::runtime::scheduler::current_thread::CoreGuard>::enter::<<tokio[3a7098c7691a42d0]::runtime::scheduler::current_thread::CoreGuard>::block_on<core[8fb95b77d25ab6c8]::pin::Pin<&mut core[8fb95b77d25ab6c8]::pin::Pin<&mut dyn core[8fb95b77d25ab6c8]::future::future::Future<Output = core[8fb95b77d25ab6c8]::result::Result<(), anyhow[3acebc4aed8aeef4]::Error>>>>>::{closure#0}, core[8fb95b77d25ab6c8]::option::Option<core[8fb95b77d25ab6c8]::result::Result<(), anyhow[3acebc4aed8aeef4]::Error>>>
[INFO] [stdout]                                at /opt/rustwide/cargo-home/registry/src/index.crates.io-1949cf8c6b5b557f/tokio-1.37.0/src/runtime/scheduler/current_thread/mod.rs:737:27
[INFO] [stdout]   40:     0x64d56adb07c6 - <tokio[3a7098c7691a42d0]::runtime::scheduler::current_thread::CoreGuard>::block_on::<core[8fb95b77d25ab6c8]::pin::Pin<&mut core[8fb95b77d25ab6c8]::pin::Pin<&mut dyn core[8fb95b77d25ab6c8]::future::future::Future<Output = core[8fb95b77d25ab6c8]::result::Result<(), anyhow[3acebc4aed8aeef4]::Error>>>>>
[INFO] [stdout]                                at /opt/rustwide/cargo-home/registry/src/index.crates.io-1949cf8c6b5b557f/tokio-1.37.0/src/runtime/scheduler/current_thread/mod.rs:646:24
[INFO] [stdout]   41:     0x64d56adb37a9 - <tokio[3a7098c7691a42d0]::runtime::scheduler::current_thread::CurrentThread>::block_on::<core[8fb95b77d25ab6c8]::pin::Pin<&mut dyn core[8fb95b77d25ab6c8]::future::future::Future<Output = core[8fb95b77d25ab6c8]::result::Result<(), anyhow[3acebc4aed8aeef4]::Error>>>>::{closure#0}
[INFO] [stdout]                                at /opt/rustwide/cargo-home/registry/src/index.crates.io-1949cf8c6b5b557f/tokio-1.37.0/src/runtime/scheduler/current_thread/mod.rs:175:33
[INFO] [stdout]   42:     0x64d56adc6173 - tokio[3a7098c7691a42d0]::runtime::context::runtime::enter_runtime::<<tokio[3a7098c7691a42d0]::runtime::scheduler::current_thread::CurrentThread>::block_on<core[8fb95b77d25ab6c8]::pin::Pin<&mut dyn core[8fb95b77d25ab6c8]::future::future::Future<Output = core[8fb95b77d25ab6c8]::result::Result<(), anyhow[3acebc4aed8aeef4]::Error>>>>::{closure#0}, core[8fb95b77d25ab6c8]::result::Result<(), anyhow[3acebc4aed8aeef4]::Error>>
[INFO] [stdout]                                at /opt/rustwide/cargo-home/registry/src/index.crates.io-1949cf8c6b5b557f/tokio-1.37.0/src/runtime/context/runtime.rs:65:16
[INFO] [stdout]   43:     0x64d56adaf101 - <tokio[3a7098c7691a42d0]::runtime::scheduler::current_thread::CurrentThread>::block_on::<core[8fb95b77d25ab6c8]::pin::Pin<&mut dyn core[8fb95b77d25ab6c8]::future::future::Future<Output = core[8fb95b77d25ab6c8]::result::Result<(), anyhow[3acebc4aed8aeef4]::Error>>>>
[INFO] [stdout]                                at /opt/rustwide/cargo-home/registry/src/index.crates.io-1949cf8c6b5b557f/tokio-1.37.0/src/runtime/scheduler/current_thread/mod.rs:167:9
[INFO] [stdout]   44:     0x64d56ad6513f - <tokio[3a7098c7691a42d0]::runtime::runtime::Runtime>::block_on::<core[8fb95b77d25ab6c8]::pin::Pin<&mut dyn core[8fb95b77d25ab6c8]::future::future::Future<Output = core[8fb95b77d25ab6c8]::result::Result<(), anyhow[3acebc4aed8aeef4]::Error>>>>
[INFO] [stdout]                                at /opt/rustwide/cargo-home/registry/src/index.crates.io-1949cf8c6b5b557f/tokio-1.37.0/src/runtime/runtime.rs:349:52
[INFO] [stdout]   45:     0x64d56ada6e2d - chat_server[1eda18a33cf4064]::handlers::auth::tests::signin_should_work
[INFO] [stdout]                                at /opt/rustwide/workdir/chat_server/src/handlers/auth.rs:113:11
[INFO] [stdout]   46:     0x64d56ada01a7 - chat_server[1eda18a33cf4064]::handlers::auth::tests::signin_should_work::{closure#0}
[INFO] [stdout]                                at /opt/rustwide/workdir/chat_server/src/handlers/auth.rs:100:38
[INFO] [stdout]   47:     0x64d56ad22116 - <chat_server[1eda18a33cf4064]::handlers::auth::tests::signin_should_work::{closure#0} as core[8fb95b77d25ab6c8]::ops::function::FnOnce<()>>::call_once
[INFO] [stdout]                                at /rustc/b2282dd5646a57d570fc86fbe8df0e8826665ef6/library/core/src/ops/function.rs:250:5
[INFO] [stdout]   48:     0x64d56ae0d4db - <fn() -> core[8fb95b77d25ab6c8]::result::Result<(), alloc[a7ee25936407c584]::string::String> as core[8fb95b77d25ab6c8]::ops::function::FnOnce<()>>::call_once
[INFO] [stdout]                                at /rustc/b2282dd5646a57d570fc86fbe8df0e8826665ef6/library/core/src/ops/function.rs:250:5
[INFO] [stdout]   49:     0x64d56ae0d4db - test[213991da798b1c03]::__rust_begin_short_backtrace::<core[8fb95b77d25ab6c8]::result::Result<(), alloc[a7ee25936407c584]::string::String>, fn() -> core[8fb95b77d25ab6c8]::result::Result<(), alloc[a7ee25936407c584]::string::String>>
[INFO] [stdout]                                at /rustc/b2282dd5646a57d570fc86fbe8df0e8826665ef6/library/test/src/lib.rs:724:18
[INFO] [stdout]   50:     0x64d56ae1ad55 - test[213991da798b1c03]::run_test_in_process::{closure#0}
[INFO] [stdout]                                at /rustc/b2282dd5646a57d570fc86fbe8df0e8826665ef6/library/test/src/lib.rs:747:74
[INFO] [stdout]   51:     0x64d56ae1ad55 - <core[8fb95b77d25ab6c8]::panic::unwind_safe::AssertUnwindSafe<test[213991da798b1c03]::run_test_in_process::{closure#0}> as core[8fb95b77d25ab6c8]::ops::function::FnOnce<()>>::call_once
[INFO] [stdout]                                at /rustc/b2282dd5646a57d570fc86fbe8df0e8826665ef6/library/core/src/panic/unwind_safe.rs:275:9
[INFO] [stdout]   52:     0x64d56ae1ad55 - std[10d71ac2c42b111e]::panicking::catch_unwind::do_call::<core[8fb95b77d25ab6c8]::panic::unwind_safe::AssertUnwindSafe<test[213991da798b1c03]::run_test_in_process::{closure#0}>, core[8fb95b77d25ab6c8]::result::Result<(), alloc[a7ee25936407c584]::string::String>>
[INFO] [stdout]                                at /rustc/b2282dd5646a57d570fc86fbe8df0e8826665ef6/library/std/src/panicking.rs:581:40
[INFO] [stdout]   53:     0x64d56ae1ad55 - std[10d71ac2c42b111e]::panicking::catch_unwind::<core[8fb95b77d25ab6c8]::result::Result<(), alloc[a7ee25936407c584]::string::String>, core[8fb95b77d25ab6c8]::panic::unwind_safe::AssertUnwindSafe<test[213991da798b1c03]::run_test_in_process::{closure#0}>>
[INFO] [stdout]                                at /rustc/b2282dd5646a57d570fc86fbe8df0e8826665ef6/library/std/src/panicking.rs:544:19
[INFO] [stderr] 
[INFO] [stdout]   54:     0x64d56ae1ad55 - std[10d71ac2c42b111e]::panic::catch_unwind::<core[8fb95b77d25ab6c8]::panic::unwind_safe::AssertUnwindSafe<test[213991da798b1c03]::run_test_in_process::{closure#0}>, core[8fb95b77d25ab6c8]::result::Result<(), alloc[a7ee25936407c584]::string::String>>
[INFO] [stderr] thread 'handlers::auth::tests::signin_should_work' (7678) panicked at /rustc/b2282dd5646a57d570fc86fbe8df0e8826665ef6/library/core/src/panicking.rs:233:5:
[INFO] [stdout]                                at /rustc/b2282dd5646a57d570fc86fbe8df0e8826665ef6/library/std/src/panic.rs:359:14
[INFO] [stderr] panic in a destructor during cleanup
[INFO] [stdout]   55:     0x64d56ae1ad55 - test[213991da798b1c03]::run_test_in_process
[INFO] [stderr] thread caused non-unwinding panic. aborting.
[INFO] [stdout]                                at /rustc/b2282dd5646a57d570fc86fbe8df0e8826665ef6/library/test/src/lib.rs:747:27
[INFO] [stdout]   56:     0x64d56ae1ad55 - test[213991da798b1c03]::run_test::{closure#0}
[INFO] [stdout]                                at /rustc/b2282dd5646a57d570fc86fbe8df0e8826665ef6/library/test/src/lib.rs:668:43
[INFO] [stdout]   57:     0x64d56ae14664 - test[213991da798b1c03]::run_test::{closure#1}
[INFO] [stdout]                                at /rustc/b2282dd5646a57d570fc86fbe8df0e8826665ef6/library/test/src/lib.rs:698:41
[INFO] [stdout]   58:     0x64d56ae14664 - std[10d71ac2c42b111e]::sys::backtrace::__rust_begin_short_backtrace::<test[213991da798b1c03]::run_test::{closure#1}, ()>
[INFO] [stdout]                                at /rustc/b2282dd5646a57d570fc86fbe8df0e8826665ef6/library/std/src/sys/backtrace.rs:166:18
[INFO] [stdout]   59:     0x64d56ae1ddd2 - std[10d71ac2c42b111e]::thread::lifecycle::spawn_unchecked::<test[213991da798b1c03]::run_test::{closure#1}, ()>::{closure#1}::{closure#0}
[INFO] [stdout]                                at /rustc/b2282dd5646a57d570fc86fbe8df0e8826665ef6/library/std/src/thread/lifecycle.rs:70:13
[INFO] [stdout]   60:     0x64d56ae1ddd2 - <core[8fb95b77d25ab6c8]::panic::unwind_safe::AssertUnwindSafe<std[10d71ac2c42b111e]::thread::lifecycle::spawn_unchecked<test[213991da798b1c03]::run_test::{closure#1}, ()>::{closure#1}::{closure#0}> as core[8fb95b77d25ab6c8]::ops::function::FnOnce<()>>::call_once
[INFO] [stdout]                                at /rustc/b2282dd5646a57d570fc86fbe8df0e8826665ef6/library/core/src/panic/unwind_safe.rs:275:9
[INFO] [stdout]   61:     0x64d56ae1ddd2 - std[10d71ac2c42b111e]::panicking::catch_unwind::do_call::<core[8fb95b77d25ab6c8]::panic::unwind_safe::AssertUnwindSafe<std[10d71ac2c42b111e]::thread::lifecycle::spawn_unchecked<test[213991da798b1c03]::run_test::{closure#1}, ()>::{closure#1}::{closure#0}>, ()>
[INFO] [stdout]                                at /rustc/b2282dd5646a57d570fc86fbe8df0e8826665ef6/library/std/src/panicking.rs:581:40
[INFO] [stdout]   62:     0x64d56ae1ddd2 - std[10d71ac2c42b111e]::panicking::catch_unwind::<(), core[8fb95b77d25ab6c8]::panic::unwind_safe::AssertUnwindSafe<std[10d71ac2c42b111e]::thread::lifecycle::spawn_unchecked<test[213991da798b1c03]::run_test::{closure#1}, ()>::{closure#1}::{closure#0}>>
[INFO] [stdout]                                at /rustc/b2282dd5646a57d570fc86fbe8df0e8826665ef6/library/std/src/panicking.rs:544:19
[INFO] [stdout]   63:     0x64d56ae1ddd2 - std[10d71ac2c42b111e]::panic::catch_unwind::<core[8fb95b77d25ab6c8]::panic::unwind_safe::AssertUnwindSafe<std[10d71ac2c42b111e]::thread::lifecycle::spawn_unchecked<test[213991da798b1c03]::run_test::{closure#1}, ()>::{closure#1}::{closure#0}>, ()>
[INFO] [stdout]                                at /rustc/b2282dd5646a57d570fc86fbe8df0e8826665ef6/library/std/src/panic.rs:359:14
[INFO] [stdout]   64:     0x64d56ae1ddd2 - std[10d71ac2c42b111e]::thread::lifecycle::spawn_unchecked::<test[213991da798b1c03]::run_test::{closure#1}, ()>::{closure#1}
[INFO] [stdout]                                at /rustc/b2282dd5646a57d570fc86fbe8df0e8826665ef6/library/std/src/thread/lifecycle.rs:68:26
[INFO] [stdout]   65:     0x64d56ae1ddd2 - <std[10d71ac2c42b111e]::thread::lifecycle::spawn_unchecked<test[213991da798b1c03]::run_test::{closure#1}, ()>::{closure#1} as core[8fb95b77d25ab6c8]::ops::function::FnOnce<()>>::call_once::{shim:vtable#0}
[INFO] [stdout]                                at /rustc/b2282dd5646a57d570fc86fbe8df0e8826665ef6/library/core/src/ops/function.rs:250:5
[INFO] [stdout]   66:     0x64d56b479d9f - <alloc[a7ee25936407c584]::boxed::Box<dyn core[8fb95b77d25ab6c8]::ops::function::FnOnce<(), Output = ()> + core[8fb95b77d25ab6c8]::marker::Send> as core[8fb95b77d25ab6c8]::ops::function::FnOnce<()>>::call_once
[INFO] [stdout]                                at /rustc/b2282dd5646a57d570fc86fbe8df0e8826665ef6/library/alloc/src/boxed.rs:2275:9
[INFO] [stdout]   67:     0x64d56b479d9f - <std[10d71ac2c42b111e]::sys::thread::unix::Thread>::new::thread_start
[INFO] [stdout]                                at /rustc/b2282dd5646a57d570fc86fbe8df0e8826665ef6/library/std/src/sys/thread/unix.rs:118:17
[INFO] [stdout]   68:     0x7d8be8c8eaa4 - <unknown>
[INFO] [stdout]   69:     0x7d8be8d1ba64 - clone
[INFO] [stdout]   70:                0x0 - <unknown>
[INFO] [stdout] 
[INFO] [stdout] thread '<unnamed>' (7766) panicked at /opt/rustwide/cargo-home/registry/src/index.crates.io-1949cf8c6b5b557f/sqlx-db-tester-0.4.2/src/postgres.rs:115:41:
[INFO] [stdout] Error while connecting to postgres://postgres:postgres@localhost:5432
[INFO] [stdout] stack backtrace:
[INFO] [stdout]    0:     0x64d56b47ae28 - std[10d71ac2c42b111e]::backtrace_rs::backtrace::libunwind::trace
[INFO] [stdout]                                at /rustc/b2282dd5646a57d570fc86fbe8df0e8826665ef6/library/std/src/../../backtrace/src/backtrace/libunwind.rs:117:9
[INFO] [stdout]    1:     0x64d56b47ae28 - std[10d71ac2c42b111e]::backtrace_rs::backtrace::trace_unsynchronized::<std[10d71ac2c42b111e]::sys::backtrace::_print_fmt::{closure#1}>
[INFO] [stdout]                                at /rustc/b2282dd5646a57d570fc86fbe8df0e8826665ef6/library/std/src/../../backtrace/src/backtrace/mod.rs:66:14
[INFO] [stdout]    2:     0x64d56b47ae28 - std[10d71ac2c42b111e]::sys::backtrace::_print_fmt
[INFO] [stdout]                                at /rustc/b2282dd5646a57d570fc86fbe8df0e8826665ef6/library/std/src/sys/backtrace.rs:74:9
[INFO] [stdout]    3:     0x64d56b47ae28 - <<std[10d71ac2c42b111e]::sys::backtrace::BacktraceLock>::print::DisplayBacktrace as core[8fb95b77d25ab6c8]::fmt::Display>::fmt
[INFO] [stdout]                                at /rustc/b2282dd5646a57d570fc86fbe8df0e8826665ef6/library/std/src/sys/backtrace.rs:44:26
[INFO] [stdout]    4:     0x64d56b49333a - <core[8fb95b77d25ab6c8]::fmt::rt::Argument>::fmt
[INFO] [stdout]                                at /rustc/b2282dd5646a57d570fc86fbe8df0e8826665ef6/library/core/src/fmt/rt.rs:152:76
[INFO] [stdout]    5:     0x64d56b49333a - core[8fb95b77d25ab6c8]::fmt::write
[INFO] [stdout]    6:     0x64d56b480322 - std[10d71ac2c42b111e]::io::default_write_fmt::<alloc[a7ee25936407c584]::vec::Vec<u8>>
[INFO] [stdout]                                at /rustc/b2282dd5646a57d570fc86fbe8df0e8826665ef6/library/std/src/io/mod.rs:622:11
[INFO] [stdout]    7:     0x64d56b480322 - <alloc[a7ee25936407c584]::vec::Vec<u8> as std[10d71ac2c42b111e]::io::Write>::write_fmt
[INFO] [stdout]                                at /rustc/b2282dd5646a57d570fc86fbe8df0e8826665ef6/library/std/src/io/mod.rs:1977:13
[INFO] [stdout]    8:     0x64d56b457716 - <std[10d71ac2c42b111e]::sys::backtrace::BacktraceLock>::print
[INFO] [stdout]                                at /rustc/b2282dd5646a57d570fc86fbe8df0e8826665ef6/library/std/src/sys/backtrace.rs:47:9
[INFO] [stdout]    9:     0x64d56b457716 - std[10d71ac2c42b111e]::panicking::default_hook::{closure#0}
[INFO] [stdout]                                at /rustc/b2282dd5646a57d570fc86fbe8df0e8826665ef6/library/std/src/panicking.rs:292:27
[INFO] [stdout]   10:     0x64d56b472479 - std[10d71ac2c42b111e]::panicking::default_hook
[INFO] [stdout]                                at /rustc/b2282dd5646a57d570fc86fbe8df0e8826665ef6/library/std/src/panicking.rs:316:9
[INFO] [stdout]   11:     0x64d56ae1a3fc - <alloc[a7ee25936407c584]::boxed::Box<dyn for<'a, 'b> core[8fb95b77d25ab6c8]::ops::function::Fn<(&'a std[10d71ac2c42b111e]::panic::PanicHookInfo<'b>,), Output = ()> + core[8fb95b77d25ab6c8]::marker::Sync + core[8fb95b77d25ab6c8]::marker::Send> as core[8fb95b77d25ab6c8]::ops::function::Fn<(&std[10d71ac2c42b111e]::panic::PanicHookInfo,)>>::call
[INFO] [stdout]                                at /rustc/b2282dd5646a57d570fc86fbe8df0e8826665ef6/library/alloc/src/boxed.rs:2289:9
[INFO] [stdout]   12:     0x64d56ae1a3fc - test[213991da798b1c03]::test_main_inner::<test[213991da798b1c03]::test_main_static::{closure#0}>::{closure#0}
[INFO] [stdout]                                at /rustc/b2282dd5646a57d570fc86fbe8df0e8826665ef6/library/test/src/lib.rs:155:21
[INFO] [stdout]   13:     0x64d56b4726f2 - <alloc[a7ee25936407c584]::boxed::Box<dyn for<'a, 'b> core[8fb95b77d25ab6c8]::ops::function::Fn<(&'a std[10d71ac2c42b111e]::panic::PanicHookInfo<'b>,), Output = ()> + core[8fb95b77d25ab6c8]::marker::Sync + core[8fb95b77d25ab6c8]::marker::Send> as core[8fb95b77d25ab6c8]::ops::function::Fn<(&std[10d71ac2c42b111e]::panic::PanicHookInfo,)>>::call
[INFO] [stdout]                                at /rustc/b2282dd5646a57d570fc86fbe8df0e8826665ef6/library/alloc/src/boxed.rs:2289:9
[INFO] [stdout]   14:     0x64d56b4726f2 - std[10d71ac2c42b111e]::panicking::panic_with_hook
[INFO] [stdout]                                at /rustc/b2282dd5646a57d570fc86fbe8df0e8826665ef6/library/std/src/panicking.rs:833:13
[INFO] [stdout]   15:     0x64d56b4577d2 - std[10d71ac2c42b111e]::panicking::panic_handler::{closure#0}
[INFO] [stdout]                                at /rustc/b2282dd5646a57d570fc86fbe8df0e8826665ef6/library/std/src/panicking.rs:698:13
[INFO] [stdout]   16:     0x64d56b44c0c9 - std[10d71ac2c42b111e]::sys::backtrace::__rust_end_short_backtrace::<std[10d71ac2c42b111e]::panicking::panic_handler::{closure#0}, !>
[INFO] [stdout]                                at /rustc/b2282dd5646a57d570fc86fbe8df0e8826665ef6/library/std/src/sys/backtrace.rs:182:18
[INFO] [stdout]   17:     0x64d56b45879d - __rustc[3be9ba60078d4c86]::rust_begin_unwind
[INFO] [stdout]                                at /rustc/b2282dd5646a57d570fc86fbe8df0e8826665ef6/library/std/src/panicking.rs:689:5
[INFO] [stdout]   18:     0x64d56b493b2c - core[8fb95b77d25ab6c8]::panicking::panic_fmt
[INFO] [stdout]                                at /rustc/b2282dd5646a57d570fc86fbe8df0e8826665ef6/library/core/src/panicking.rs:80:14
[INFO] [stdout]   19:     0x64d56ae5a898 - <sqlx_db_tester[43ff0297e63d0866]::postgres::TestPg as core[8fb95b77d25ab6c8]::ops::drop::Drop>::drop::{closure#0}::{closure#0}::{closure#0}
[INFO] [stdout]                                at /opt/rustwide/cargo-home/registry/src/index.crates.io-1949cf8c6b5b557f/sqlx-db-tester-0.4.2/src/postgres.rs:115:41
[INFO] [stdout]   20:     0x64d56ae57702 - <core[8fb95b77d25ab6c8]::result::Result<sqlx_postgres[45493b8d8af87c9]::connection::PgConnection, sqlx_core[f4f6eee022711ff8]::error::Error>>::unwrap_or_else::<<sqlx_db_tester[43ff0297e63d0866]::postgres::TestPg as core[8fb95b77d25ab6c8]::ops::drop::Drop>::drop::{closure#0}::{closure#0}::{closure#0}>
[INFO] [stdout]                                at /rustc/b2282dd5646a57d570fc86fbe8df0e8826665ef6/library/core/src/result.rs:1622:23
[INFO] [stdout]   21:     0x64d56ae5ab8d - <sqlx_db_tester[43ff0297e63d0866]::postgres::TestPg as core[8fb95b77d25ab6c8]::ops::drop::Drop>::drop::{closure#0}::{closure#0}
[INFO] [stdout]                                at /opt/rustwide/cargo-home/registry/src/index.crates.io-1949cf8c6b5b557f/sqlx-db-tester-0.4.2/src/postgres.rs:115:22
[INFO] [stdout]   22:     0x64d56ae551fe - <tokio[3a7098c7691a42d0]::runtime::park::CachedParkThread>::block_on::<<sqlx_db_tester[43ff0297e63d0866]::postgres::TestPg as core[8fb95b77d25ab6c8]::ops::drop::Drop>::drop::{closure#0}::{closure#0}>::{closure#0}
[INFO] [stdout]                                at /opt/rustwide/cargo-home/registry/src/index.crates.io-1949cf8c6b5b557f/tokio-1.37.0/src/runtime/park.rs:281:74
[INFO] [stdout]   23:     0x64d56ae510f8 - tokio[3a7098c7691a42d0]::runtime::coop::with_budget::<core[8fb95b77d25ab6c8]::task::poll::Poll<()>, <tokio[3a7098c7691a42d0]::runtime::park::CachedParkThread>::block_on<<sqlx_db_tester[43ff0297e63d0866]::postgres::TestPg as core[8fb95b77d25ab6c8]::ops::drop::Drop>::drop::{closure#0}::{closure#0}>::{closure#0}>
[INFO] [stdout]                                at /opt/rustwide/cargo-home/registry/src/index.crates.io-1949cf8c6b5b557f/tokio-1.37.0/src/runtime/coop.rs:107:5
[INFO] [stdout]   24:     0x64d56ae510f8 - tokio[3a7098c7691a42d0]::runtime::coop::budget::<core[8fb95b77d25ab6c8]::task::poll::Poll<()>, <tokio[3a7098c7691a42d0]::runtime::park::CachedParkThread>::block_on<<sqlx_db_tester[43ff0297e63d0866]::postgres::TestPg as core[8fb95b77d25ab6c8]::ops::drop::Drop>::drop::{closure#0}::{closure#0}>::{closure#0}>
[INFO] [stdout]                                at /opt/rustwide/cargo-home/registry/src/index.crates.io-1949cf8c6b5b557f/tokio-1.37.0/src/runtime/coop.rs:73:5
[INFO] [stdout]   25:     0x64d56ae510f8 - <tokio[3a7098c7691a42d0]::runtime::park::CachedParkThread>::block_on::<<sqlx_db_tester[43ff0297e63d0866]::postgres::TestPg as core[8fb95b77d25ab6c8]::ops::drop::Drop>::drop::{closure#0}::{closure#0}>
[INFO] [stdout]                                at /opt/rustwide/cargo-home/registry/src/index.crates.io-1949cf8c6b5b557f/tokio-1.37.0/src/runtime/park.rs:281:31
[INFO] [stdout]   26:     0x64d56ae5e9e7 - <tokio[3a7098c7691a42d0]::runtime::context::blocking::BlockingRegionGuard>::block_on::<<sqlx_db_tester[43ff0297e63d0866]::postgres::TestPg as core[8fb95b77d25ab6c8]::ops::drop::Drop>::drop::{closure#0}::{closure#0}>
[INFO] [stdout]                                at /opt/rustwide/cargo-home/registry/src/index.crates.io-1949cf8c6b5b557f/tokio-1.37.0/src/runtime/context/blocking.rs:66:14
[INFO] [stdout]   27:     0x64d56ae61139 - <tokio[3a7098c7691a42d0]::runtime::scheduler::multi_thread::MultiThread>::block_on::<<sqlx_db_tester[43ff0297e63d0866]::postgres::TestPg as core[8fb95b77d25ab6c8]::ops::drop::Drop>::drop::{closure#0}::{closure#0}>::{closure#0}
[INFO] [stdout]                                at /opt/rustwide/cargo-home/registry/src/index.crates.io-1949cf8c6b5b557f/tokio-1.37.0/src/runtime/scheduler/multi_thread/mod.rs:87:22
[INFO] [stdout]   28:     0x64d56ae6065f - tokio[3a7098c7691a42d0]::runtime::context::runtime::enter_runtime::<<tokio[3a7098c7691a42d0]::runtime::scheduler::multi_thread::MultiThread>::block_on<<sqlx_db_tester[43ff0297e63d0866]::postgres::TestPg as core[8fb95b77d25ab6c8]::ops::drop::Drop>::drop::{closure#0}::{closure#0}>::{closure#0}, ()>
[INFO] [stdout]                                at /opt/rustwide/cargo-home/registry/src/index.crates.io-1949cf8c6b5b557f/tokio-1.37.0/src/runtime/context/runtime.rs:65:16
[INFO] [stdout]   29:     0x64d56ae5ead4 - <tokio[3a7098c7691a42d0]::runtime::scheduler::multi_thread::MultiThread>::block_on::<<sqlx_db_tester[43ff0297e63d0866]::postgres::TestPg as core[8fb95b77d25ab6c8]::ops::drop::Drop>::drop::{closure#0}::{closure#0}>
[INFO] [stdout]                                at /opt/rustwide/cargo-home/registry/src/index.crates.io-1949cf8c6b5b557f/tokio-1.37.0/src/runtime/scheduler/multi_thread/mod.rs:86:9
[INFO] [stdout]   30:     0x64d56ae5e3dd - <tokio[3a7098c7691a42d0]::runtime::runtime::Runtime>::block_on::<<sqlx_db_tester[43ff0297e63d0866]::postgres::TestPg as core[8fb95b77d25ab6c8]::ops::drop::Drop>::drop::{closure#0}::{closure#0}>
[INFO] [stdout]                                at /opt/rustwide/cargo-home/registry/src/index.crates.io-1949cf8c6b5b557f/tokio-1.37.0/src/runtime/runtime.rs:351:50
[INFO] [stdout]   31:     0x64d56ae5b409 - <sqlx_db_tester[43ff0297e63d0866]::postgres::TestPg as core[8fb95b77d25ab6c8]::ops::drop::Drop>::drop::{closure#0}
[INFO] [stdout]                                at /opt/rustwide/cargo-home/registry/src/index.crates.io-1949cf8c6b5b557f/sqlx-db-tester-0.4.2/src/postgres.rs:113:16
[INFO] [stdout]   32:     0x64d56ae5ec56 - std[10d71ac2c42b111e]::sys::backtrace::__rust_begin_short_backtrace::<<sqlx_db_tester[43ff0297e63d0866]::postgres::TestPg as core[8fb95b77d25ab6c8]::ops::drop::Drop>::drop::{closure#0}, ()>
[INFO] [stdout]                                at /rustc/b2282dd5646a57d570fc86fbe8df0e8826665ef6/library/std/src/sys/backtrace.rs:166:18
[INFO] [stdout]   33:     0x64d56ae627bb - std[10d71ac2c42b111e]::thread::lifecycle::spawn_unchecked::<<sqlx_db_tester[43ff0297e63d0866]::postgres::TestPg as core[8fb95b77d25ab6c8]::ops::drop::Drop>::drop::{closure#0}, ()>::{closure#1}::{closure#0}
[INFO] [stdout]                                at /rustc/b2282dd5646a57d570fc86fbe8df0e8826665ef6/library/std/src/thread/lifecycle.rs:70:13
[INFO] [stdout]   34:     0x64d56ae5da11 - <core[8fb95b77d25ab6c8]::panic::unwind_safe::AssertUnwindSafe<std[10d71ac2c42b111e]::thread::lifecycle::spawn_unchecked<<sqlx_db_tester[43ff0297e63d0866]::postgres::TestPg as core[8fb95b77d25ab6c8]::ops::drop::Drop>::drop::{closure#0}, ()>::{closure#1}::{closure#0}> as core[8fb95b77d25ab6c8]::ops::function::FnOnce<()>>::call_once
[INFO] [stdout]                                at /rustc/b2282dd5646a57d570fc86fbe8df0e8826665ef6/library/core/src/panic/unwind_safe.rs:275:9
[INFO] [stdout]   35:     0x64d56ae60a47 - std[10d71ac2c42b111e]::panicking::catch_unwind::do_call::<core[8fb95b77d25ab6c8]::panic::unwind_safe::AssertUnwindSafe<std[10d71ac2c42b111e]::thread::lifecycle::spawn_unchecked<<sqlx_db_tester[43ff0297e63d0866]::postgres::TestPg as core[8fb95b77d25ab6c8]::ops::drop::Drop>::drop::{closure#0}, ()>::{closure#1}::{closure#0}>, ()>
[INFO] [stdout]                                at /rustc/b2282dd5646a57d570fc86fbe8df0e8826665ef6/library/std/src/panicking.rs:581:40
[INFO] [stdout]   36:     0x64d56ae6481b - __rust_try
[INFO] [stdout]   37:     0x64d56ae61820 - std[10d71ac2c42b111e]::panicking::catch_unwind::<(), core[8fb95b77d25ab6c8]::panic::unwind_safe::AssertUnwindSafe<std[10d71ac2c42b111e]::thread::lifecycle::spawn_unchecked<<sqlx_db_tester[43ff0297e63d0866]::postgres::TestPg as core[8fb95b77d25ab6c8]::ops::drop::Drop>::drop::{closure#0}, ()>::{closure#1}::{closure#0}>>
[INFO] [stdout]                                at /rustc/b2282dd5646a57d570fc86fbe8df0e8826665ef6/library/std/src/panicking.rs:544:19
[INFO] [stdout]   38:     0x64d56ae61820 - std[10d71ac2c42b111e]::panic::catch_unwind::<core[8fb95b77d25ab6c8]::panic::unwind_safe::AssertUnwindSafe<std[10d71ac2c42b111e]::thread::lifecycle::spawn_unchecked<<sqlx_db_tester[43ff0297e63d0866]::postgres::TestPg as core[8fb95b77d25ab6c8]::ops::drop::Drop>::drop::{closure#0}, ()>::{closure#1}::{closure#0}>, ()>
[INFO] [stdout]                                at /rustc/b2282dd5646a57d570fc86fbe8df0e8826665ef6/library/std/src/panic.rs:359:14
[INFO] [stdout]   39:     0x64d56ae61820 - std[10d71ac2c42b111e]::thread::lifecycle::spawn_unchecked::<<sqlx_db_tester[43ff0297e63d0866]::postgres::TestPg as core[8fb95b77d25ab6c8]::ops::drop::Drop>::drop::{closure#0}, ()>::{closure#1}
[INFO] [stdout]                                at /rustc/b2282dd5646a57d570fc86fbe8df0e8826665ef6/library/std/src/thread/lifecycle.rs:68:26
[INFO] [stdout]   40:     0x64d56ae56d9f - <std[10d71ac2c42b111e]::thread::lifecycle::spawn_unchecked<<sqlx_db_tester[43ff0297e63d0866]::postgres::TestPg as core[8fb95b77d25ab6c8]::ops::drop::Drop>::drop::{closure#0}, ()>::{closure#1} as core[8fb95b77d25ab6c8]::ops::function::FnOnce<()>>::call_once::{shim:vtable#0}
[INFO] [stdout]                                at /rustc/b2282dd5646a57d570fc86fbe8df0e8826665ef6/library/core/src/ops/function.rs:250:5
[INFO] [stdout]   41:     0x64d56b479d9f - <alloc[a7ee25936407c584]::boxed::Box<dyn core[8fb95b77d25ab6c8]::ops::function::FnOnce<(), Output = ()> + core[8fb95b77d25ab6c8]::marker::Send> as core[8fb95b77d25ab6c8]::ops::function::FnOnce<()>>::call_once
[INFO] [stdout]                                at /rustc/b2282dd5646a57d570fc86fbe8df0e8826665ef6/library/alloc/src/boxed.rs:2275:9
[INFO] [stdout]   42:     0x64d56b479d9f - <std[10d71ac2c42b111e]::sys::thread::unix::Thread>::new::thread_start
[INFO] [stdout]                                at /rustc/b2282dd5646a57d570fc86fbe8df0e8826665ef6/library/std/src/sys/thread/unix.rs:118:17
[INFO] [stdout]   43:     0x7d8be8c8eaa4 - <unknown>
[INFO] [stdout]   44:     0x7d8be8d1ba64 - clone
[INFO] [stdout]   45:                0x0 - <unknown>
[INFO] [stdout] 
[INFO] [stdout] thread 'handlers::auth::tests::signin_should_work' (7678) panicked at /opt/rustwide/cargo-home/registry/src/index.crates.io-1949cf8c6b5b557f/sqlx-db-tester-0.4.2/src/postgres.rs:128:14:
[INFO] [stdout] failed to drop database: Any { .. }
[INFO] [stdout] stack backtrace:
[INFO] [stdout]    0:     0x64d56b47ae28 - std[10d71ac2c42b111e]::backtrace_rs::backtrace::libunwind::trace
[INFO] [stdout]                                at /rustc/b2282dd5646a57d570fc86fbe8df0e8826665ef6/library/std/src/../../backtrace/src/backtrace/libunwind.rs:117:9
[INFO] [stdout]    1:     0x64d56b47ae28 - std[10d71ac2c42b111e]::backtrace_rs::backtrace::trace_unsynchronized::<std[10d71ac2c42b111e]::sys::backtrace::_print_fmt::{closure#1}>
[INFO] [stdout]                                at /rustc/b2282dd5646a57d570fc86fbe8df0e8826665ef6/library/std/src/../../backtrace/src/backtrace/mod.rs:66:14
[INFO] [stdout]    2:     0x64d56b47ae28 - std[10d71ac2c42b111e]::sys::backtrace::_print_fmt
[INFO] [stdout]                                at /rustc/b2282dd5646a57d570fc86fbe8df0e8826665ef6/library/std/src/sys/backtrace.rs:74:9
[INFO] [stdout]    3:     0x64d56b47ae28 - <<std[10d71ac2c42b111e]::sys::backtrace::BacktraceLock>::print::DisplayBacktrace as core[8fb95b77d25ab6c8]::fmt::Display>::fmt
[INFO] [stdout]                                at /rustc/b2282dd5646a57d570fc86fbe8df0e8826665ef6/library/std/src/sys/backtrace.rs:44:26
[INFO] [stdout]    4:     0x64d56b49333a - <core[8fb95b77d25ab6c8]::fmt::rt::Argument>::fmt
[INFO] [stdout]                                at /rustc/b2282dd5646a57d570fc86fbe8df0e8826665ef6/library/core/src/fmt/rt.rs:152:76
[INFO] [stdout]    5:     0x64d56b49333a - core[8fb95b77d25ab6c8]::fmt::write
[INFO] [stdout]    6:     0x64d56b480322 - std[10d71ac2c42b111e]::io::default_write_fmt::<alloc[a7ee25936407c584]::vec::Vec<u8>>
[INFO] [stdout]                                at /rustc/b2282dd5646a57d570fc86fbe8df0e8826665ef6/library/std/src/io/mod.rs:622:11
[INFO] [stdout]    7:     0x64d56b480322 - <alloc[a7ee25936407c584]::vec::Vec<u8> as std[10d71ac2c42b111e]::io::Write>::write_fmt
[INFO] [stdout]                                at /rustc/b2282dd5646a57d570fc86fbe8df0e8826665ef6/library/std/src/io/mod.rs:1977:13
[INFO] [stdout]    8:     0x64d56b457716 - <std[10d71ac2c42b111e]::sys::backtrace::BacktraceLock>::print
[INFO] [stdout]                                at /rustc/b2282dd5646a57d570fc86fbe8df0e8826665ef6/library/std/src/sys/backtrace.rs:47:9
[INFO] [stdout]    9:     0x64d56b457716 - std[10d71ac2c42b111e]::panicking::default_hook::{closure#0}
[INFO] [stdout]                                at /rustc/b2282dd5646a57d570fc86fbe8df0e8826665ef6/library/std/src/panicking.rs:292:27
[INFO] [stdout]   10:     0x64d56b472479 - std[10d71ac2c42b111e]::panicking::default_hook
[INFO] [stdout]                                at /rustc/b2282dd5646a57d570fc86fbe8df0e8826665ef6/library/std/src/panicking.rs:316:9
[INFO] [stdout]   11:     0x64d56ae1a3fc - <alloc[a7ee25936407c584]::boxed::Box<dyn for<'a, 'b> core[8fb95b77d25ab6c8]::ops::function::Fn<(&'a std[10d71ac2c42b111e]::panic::PanicHookInfo<'b>,), Output = ()> + core[8fb95b77d25ab6c8]::marker::Sync + core[8fb95b77d25ab6c8]::marker::Send> as core[8fb95b77d25ab6c8]::ops::function::Fn<(&std[10d71ac2c42b111e]::panic::PanicHookInfo,)>>::call
[INFO] [stdout]                                at /rustc/b2282dd5646a57d570fc86fbe8df0e8826665ef6/library/alloc/src/boxed.rs:2289:9
[INFO] [stdout]   12:     0x64d56ae1a3fc - test[213991da798b1c03]::test_main_inner::<test[213991da798b1c03]::test_main_static::{closure#0}>::{closure#0}
[INFO] [stdout]                                at /rustc/b2282dd5646a57d570fc86fbe8df0e8826665ef6/library/test/src/lib.rs:155:21
[INFO] [stdout]   13:     0x64d56b4726f2 - <alloc[a7ee25936407c584]::boxed::Box<dyn for<'a, 'b> core[8fb95b77d25ab6c8]::ops::function::Fn<(&'a std[10d71ac2c42b111e]::panic::PanicHookInfo<'b>,), Output = ()> + core[8fb95b77d25ab6c8]::marker::Sync + core[8fb95b77d25ab6c8]::marker::Send> as core[8fb95b77d25ab6c8]::ops::function::Fn<(&std[10d71ac2c42b111e]::panic::PanicHookInfo,)>>::call
[INFO] [stdout]                                at /rustc/b2282dd5646a57d570fc86fbe8df0e8826665ef6/library/alloc/src/boxed.rs:2289:9
[INFO] [stdout]   14:     0x64d56b4726f2 - std[10d71ac2c42b111e]::panicking::panic_with_hook
[INFO] [stdout]                                at /rustc/b2282dd5646a57d570fc86fbe8df0e8826665ef6/library/std/src/panicking.rs:833:13
[INFO] [stdout]   15:     0x64d56b4577d2 - std[10d71ac2c42b111e]::panicking::panic_handler::{closure#0}
[INFO] [stdout]                                at /rustc/b2282dd5646a57d570fc86fbe8df0e8826665ef6/library/std/src/panicking.rs:698:13
[INFO] [stdout]   16:     0x64d56b44c0c9 - std[10d71ac2c42b111e]::sys::backtrace::__rust_end_short_backtrace::<std[10d71ac2c42b111e]::panicking::panic_handler::{closure#0}, !>
[INFO] [stdout]                                at /rustc/b2282dd5646a57d570fc86fbe8df0e8826665ef6/library/std/src/sys/backtrace.rs:182:18
[INFO] [stdout]   17:     0x64d56b45879d - __rustc[3be9ba60078d4c86]::rust_begin_unwind
[INFO] [stdout]                                at /rustc/b2282dd5646a57d570fc86fbe8df0e8826665ef6/library/std/src/panicking.rs:689:5
[INFO] [stdout]   18:     0x64d56b493b2c - core[8fb95b77d25ab6c8]::panicking::panic_fmt
[INFO] [stdout]                                at /rustc/b2282dd5646a57d570fc86fbe8df0e8826665ef6/library/core/src/panicking.rs:80:14
[INFO] [stdout]   19:     0x64d56b493872 - core[8fb95b77d25ab6c8]::result::unwrap_failed
[INFO] [stdout]                                at /rustc/b2282dd5646a57d570fc86fbe8df0e8826665ef6/library/core/src/result.rs:1867:5
[INFO] [stdout]   20:     0x64d56ae5b91b - <core[8fb95b77d25ab6c8]::result::Result<(), alloc[a7ee25936407c584]::boxed::Box<dyn core[8fb95b77d25ab6c8]::any::Any + core[8fb95b77d25ab6c8]::marker::Send>>>::expect
[INFO] [stdout]                                at /rustc/b2282dd5646a57d570fc86fbe8df0e8826665ef6/library/core/src/result.rs:1185:23
[INFO] [stdout]   21:     0x64d56ae5d80d - <sqlx_db_tester[43ff0297e63d0866]::postgres::TestPg as core[8fb95b77d25ab6c8]::ops::drop::Drop>::drop
[INFO] [stdout]                                at /opt/rustwide/cargo-home/registry/src/index.crates.io-1949cf8c6b5b557f/sqlx-db-tester-0.4.2/src/postgres.rs:128:14
[INFO] [stdout]   22:     0x64d56ae52ac7 - core[8fb95b77d25ab6c8]::ptr::drop_glue::<sqlx_db_tester[43ff0297e63d0866]::postgres::TestPg>
[INFO] [stdout]                                at /rustc/b2282dd5646a57d570fc86fbe8df0e8826665ef6/library/core/src/ptr/mod.rs:825:1
[INFO] [stdout]   23:     0x64d56ae57272 - <sqlx_db_tester[43ff0297e63d0866]::postgres::TestPg>::new::<&std[10d71ac2c42b111e]::path::Path>
[INFO] [stdout]                                at /opt/rustwide/cargo-home/registry/src/index.crates.io-1949cf8c6b5b557f/sqlx-db-tester-0.4.2/src/postgres.rs:55:5
[INFO] [stdout]   24:     0x64d56ad675e8 - chat_server[1eda18a33cf4064]::test_util::get_test_pool::{closure#0}
[INFO] [stdout]                                at /opt/rustwide/workdir/chat_server/src/lib.rs:153:19
[INFO] [stdout]   25:     0x64d56ad66f16 - <chat_server[1eda18a33cf4064]::AppState>::new_for_test::{closure#0}
[INFO] [stdout]                                at /opt/rustwide/workdir/chat_server/src/lib.rs:135:63
[INFO] [stdout]   26:     0x64d56ada044d - chat_server[1eda18a33cf4064]::handlers::auth::tests::signin_should_work::{closure#0}
[INFO] [stdout]                                at /opt/rustwide/workdir/chat_server/src/handlers/auth.rs:101:54
[INFO] [stdout]   27:     0x64d56adb72d5 - <core[8fb95b77d25ab6c8]::pin::Pin<&mut dyn core[8fb95b77d25ab6c8]::future::future::Future<Output = core[8fb95b77d25ab6c8]::result::Result<(), anyhow[3acebc4aed8aeef4]::Error>>> as core[8fb95b77d25ab6c8]::future::future::Future>::poll
[INFO] [stdout]                                at /rustc/b2282dd5646a57d570fc86fbe8df0e8826665ef6/library/core/src/future/future.rs:133:9
[INFO] [stdout]   28:     0x64d56adb730d - <core[8fb95b77d25ab6c8]::pin::Pin<&mut core[8fb95b77d25ab6c8]::pin::Pin<&mut dyn core[8fb95b77d25ab6c8]::future::future::Future<Output = core[8fb95b77d25ab6c8]::result::Result<(), anyhow[3acebc4aed8aeef4]::Error>>>> as core[8fb95b77d25ab6c8]::future::future::Future>::poll
[INFO] [stdout]                                at /rustc/b2282dd5646a57d570fc86fbe8df0e8826665ef6/library/core/src/future/future.rs:133:9
[INFO] [stdout]   29:     0x64d56adb489d - <tokio[3a7098c7691a42d0]::runtime::scheduler::current_thread::CoreGuard>::block_on::<core[8fb95b77d25ab6c8]::pin::Pin<&mut core[8fb95b77d25ab6c8]::pin::Pin<&mut dyn core[8fb95b77d25ab6c8]::future::future::Future<Output = core[8fb95b77d25ab6c8]::result::Result<(), anyhow[3acebc4aed8aeef4]::Error>>>>>::{closure#0}::{closure#0}::{closure#0}
[INFO] [stdout]                                at /opt/rustwide/cargo-home/registry/src/index.crates.io-1949cf8c6b5b557f/tokio-1.37.0/src/runtime/scheduler/current_thread/mod.rs:659:73
[INFO] [stdout]   30:     0x64d56adb47cc - tokio[3a7098c7691a42d0]::runtime::coop::with_budget::<core[8fb95b77d25ab6c8]::task::poll::Poll<core[8fb95b77d25ab6c8]::result::Result<(), anyhow[3acebc4aed8aeef4]::Error>>, <tokio[3a7098c7691a42d0]::runtime::scheduler::current_thread::CoreGuard>::block_on<core[8fb95b77d25ab6c8]::pin::Pin<&mut core[8fb95b77d25ab6c8]::pin::Pin<&mut dyn core[8fb95b77d25ab6c8]::future::future::Future<Output = core[8fb95b77d25ab6c8]::result::Result<(), anyhow[3acebc4aed8aeef4]::Error>>>>>::{closure#0}::{closure#0}::{closure#0}>
[INFO] [stdout]                                at /opt/rustwide/cargo-home/registry/src/index.crates.io-1949cf8c6b5b557f/tokio-1.37.0/src/runtime/coop.rs:107:5
[INFO] [stdout]   31:     0x64d56adb47cc - tokio[3a7098c7691a42d0]::runtime::coop::budget::<core[8fb95b77d25ab6c8]::task::poll::Poll<core[8fb95b77d25ab6c8]::result::Result<(), anyhow[3acebc4aed8aeef4]::Error>>, <tokio[3a7098c7691a42d0]::runtime::scheduler::current_thread::CoreGuard>::block_on<core[8fb95b77d25ab6c8]::pin::Pin<&mut core[8fb95b77d25ab6c8]::pin::Pin<&mut dyn core[8fb95b77d25ab6c8]::future::future::Future<Output = core[8fb95b77d25ab6c8]::result::Result<(), anyhow[3acebc4aed8aeef4]::Error>>>>>::{closure#0}::{closure#0}::{closure#0}>
[INFO] [stdout]                                at /opt/rustwide/cargo-home/registry/src/index.crates.io-1949cf8c6b5b557f/tokio-1.37.0/src/runtime/coop.rs:73:5
[INFO] [stdout]   32:     0x64d56adb47cc - <tokio[3a7098c7691a42d0]::runtime::scheduler::current_thread::CoreGuard>::block_on::<core[8fb95b77d25ab6c8]::pin::Pin<&mut core[8fb95b77d25ab6c8]::pin::Pin<&mut dyn core[8fb95b77d25ab6c8]::future::future::Future<Output = core[8fb95b77d25ab6c8]::result::Result<(), anyhow[3acebc4aed8aeef4]::Error>>>>>::{closure#0}::{closure#0}
[INFO] [stdout]                                at /opt/rustwide/cargo-home/registry/src/index.crates.io-1949cf8c6b5b557f/tokio-1.37.0/src/runtime/scheduler/current_thread/mod.rs:659:25
[INFO] [stdout]   33:     0x64d56adaf2ea - <tokio[3a7098c7691a42d0]::runtime::scheduler::current_thread::Context>::enter::<core[8fb95b77d25ab6c8]::task::poll::Poll<core[8fb95b77d25ab6c8]::result::Result<(), anyhow[3acebc4aed8aeef4]::Error>>, <tokio[3a7098c7691a42d0]::runtime::scheduler::current_thread::CoreGuard>::block_on<core[8fb95b77d25ab6c8]::pin::Pin<&mut core[8fb95b77d25ab6c8]::pin::Pin<&mut dyn core[8fb95b77d25ab6c8]::future::future::Future<Output = core[8fb95b77d25ab6c8]::result::Result<(), anyhow[3acebc4aed8aeef4]::Error>>>>>::{closure#0}::{closure#0}>
[INFO] [stdout]                                at /opt/rustwide/cargo-home/registry/src/index.crates.io-1949cf8c6b5b557f/tokio-1.37.0/src/runtime/scheduler/current_thread/mod.rs:404:19
[INFO] [stdout]   34:     0x64d56adb3d9d - <tokio[3a7098c7691a42d0]::runtime::scheduler::current_thread::CoreGuard>::block_on::<core[8fb95b77d25ab6c8]::pin::Pin<&mut core[8fb95b77d25ab6c8]::pin::Pin<&mut dyn core[8fb95b77d25ab6c8]::future::future::Future<Output = core[8fb95b77d25ab6c8]::result::Result<(), anyhow[3acebc4aed8aeef4]::Error>>>>>::{closure#0}
[INFO] [stdout]                                at /opt/rustwide/cargo-home/registry/src/index.crates.io-1949cf8c6b5b557f/tokio-1.37.0/src/runtime/scheduler/current_thread/mod.rs:658:44
[INFO] [stdout]   35:     0x64d56adb3b0b - <tokio[3a7098c7691a42d0]::runtime::scheduler::current_thread::CoreGuard>::enter::<<tokio[3a7098c7691a42d0]::runtime::scheduler::current_thread::CoreGuard>::block_on<core[8fb95b77d25ab6c8]::pin::Pin<&mut core[8fb95b77d25ab6c8]::pin::Pin<&mut dyn core[8fb95b77d25ab6c8]::future::future::Future<Output = core[8fb95b77d25ab6c8]::result::Result<(), anyhow[3acebc4aed8aeef4]::Error>>>>>::{closure#0}, core[8fb95b77d25ab6c8]::option::Option<core[8fb95b77d25ab6c8]::result::Result<(), anyhow[3acebc4aed8aeef4]::Error>>>::{closure#0}
[INFO] [stdout]                                at /opt/rustwide/cargo-home/registry/src/index.crates.io-1949cf8c6b5b557f/tokio-1.37.0/src/runtime/scheduler/current_thread/mod.rs:737:68
[INFO] [stdout]   36:     0x64d56ad6985a - <tokio[3a7098c7691a42d0]::runtime::context::scoped::Scoped<tokio[3a7098c7691a42d0]::runtime::scheduler::Context>>::set::<<tokio[3a7098c7691a42d0]::runtime::scheduler::current_thread::CoreGuard>::enter<<tokio[3a7098c7691a42d0]::runtime::scheduler::current_thread::CoreGuard>::block_on<core[8fb95b77d25ab6c8]::pin::Pin<&mut core[8fb95b77d25ab6c8]::pin::Pin<&mut dyn core[8fb95b77d25ab6c8]::future::future::Future<Output = core[8fb95b77d25ab6c8]::result::Result<(), anyhow[3acebc4aed8aeef4]::Error>>>>>::{closure#0}, core[8fb95b77d25ab6c8]::option::Option<core[8fb95b77d25ab6c8]::result::Result<(), anyhow[3acebc4aed8aeef4]::Error>>>::{closure#0}, (alloc[a7ee25936407c584]::boxed::Box<tokio[3a7098c7691a42d0]::runtime::scheduler::current_thread::Core>, core[8fb95b77d25ab6c8]::option::Option<core[8fb95b77d25ab6c8]::result::Result<(), anyhow[3acebc4aed8aeef4]::Error>>)>
[INFO] [stdout]                                at /opt/rustwide/cargo-home/registry/src/index.crates.io-1949cf8c6b5b557f/tokio-1.37.0/src/runtime/context/scoped.rs:40:9
[INFO] [stdout]   37:     0x64d56ad4334a - tokio[3a7098c7691a42d0]::runtime::context::set_scheduler::<(alloc[a7ee25936407c584]::boxed::Box<tokio[3a7098c7691a42d0]::runtime::scheduler::current_thread::Core>, core[8fb95b77d25ab6c8]::option::Option<core[8fb95b77d25ab6c8]::result::Result<(), anyhow[3acebc4aed8aeef4]::Error>>), <tokio[3a7098c7691a42d0]::runtime::scheduler::current_thread::CoreGuard>::enter<<tokio[3a7098c7691a42d0]::runtime::scheduler::current_thread::CoreGuard>::block_on<core[8fb95b77d25ab6c8]::pin::Pin<&mut core[8fb95b77d25ab6c8]::pin::Pin<&mut dyn core[8fb95b77d25ab6c8]::future::future::Future<Output = core[8fb95b77d25ab6c8]::result::Result<(), anyhow[3acebc4aed8aeef4]::Error>>>>>::{closure#0}, core[8fb95b77d25ab6c8]::option::Option<core[8fb95b77d25ab6c8]::result::Result<(), anyhow[3acebc4aed8aeef4]::Error>>>::{closure#0}>::{closure#0}
[INFO] [stdout]                                at /opt/rustwide/cargo-home/registry/src/index.crates.io-1949cf8c6b5b557f/tokio-1.37.0/src/runtime/context.rs:176:38
[INFO] [stdout]   38:     0x64d56ad61466 - <std[10d71ac2c42b111e]::thread::local::LocalKey<tokio[3a7098c7691a42d0]::runtime::context::Context>>::try_with::<tokio[3a7098c7691a42d0]::runtime::context::set_scheduler<(alloc[a7ee25936407c584]::boxed::Box<tokio[3a7098c7691a42d0]::runtime::scheduler::current_thread::Core>, core[8fb95b77d25ab6c8]::option::Option<core[8fb95b77d25ab6c8]::result::Result<(), anyhow[3acebc4aed8aeef4]::Error>>), <tokio[3a7098c7691a42d0]::runtime::scheduler::current_thread::CoreGuard>::enter<<tokio[3a7098c7691a42d0]::runtime::scheduler::current_thread::CoreGuard>::block_on<core[8fb95b77d25ab6c8]::pin::Pin<&mut core[8fb95b77d25ab6c8]::pin::Pin<&mut dyn core[8fb95b77d25ab6c8]::future::future::Future<Output = core[8fb95b77d25ab6c8]::result::Result<(), anyhow[3acebc4aed8aeef4]::Error>>>>>::{closure#0}, core[8fb95b77d25ab6c8]::option::Option<core[8fb95b77d25ab6c8]::result::Result<(), anyhow[3acebc4aed8aeef4]::Error>>>::{closure#0}>::{closure#0}, (alloc[a7ee25936407c584]::boxed::Box<tokio[3a7098c7691a42d0]::runtime::scheduler::current_thread::Core>, core[8fb95b77d25ab6c8]::option::Option<core[8fb95b77d25ab6c8]::result::Result<(), anyhow[3acebc4aed8aeef4]::Error>>)>
[INFO] [stdout]                                at /rustc/b2282dd5646a57d570fc86fbe8df0e8826665ef6/library/std/src/thread/local.rs:462:12
[INFO] [stdout]   39:     0x64d56ad6121c - <std[10d71ac2c42b111e]::thread::local::LocalKey<tokio[3a7098c7691a42d0]::runtime::context::Context>>::with::<tokio[3a7098c7691a42d0]::runtime::context::set_scheduler<(alloc[a7ee25936407c584]::boxed::Box<tokio[3a7098c7691a42d0]::runtime::scheduler::current_thread::Core>, core[8fb95b77d25ab6c8]::option::Option<core[8fb95b77d25ab6c8]::result::Result<(), anyhow[3acebc4aed8aeef4]::Error>>), <tokio[3a7098c7691a42d0]::runtime::scheduler::current_thread::CoreGuard>::enter<<tokio[3a7098c7691a42d0]::runtime::scheduler::current_thread::CoreGuard>::block_on<core[8fb95b77d25ab6c8]::pin::Pin<&mut core[8fb95b77d25ab6c8]::pin::Pin<&mut dyn core[8fb95b77d25ab6c8]::future::future::Future<Output = core[8fb95b77d25ab6c8]::result::Result<(), anyhow[3acebc4aed8aeef4]::Error>>>>>::{closure#0}, core[8fb95b77d25ab6c8]::option::Option<core[8fb95b77d25ab6c8]::result::Result<(), anyhow[3acebc4aed8aeef4]::Error>>>::{closure#0}>::{closure#0}, (alloc[a7ee25936407c584]::boxed::Box<tokio[3a7098c7691a42d0]::runtime::scheduler::current_thread::Core>, core[8fb95b77d25ab6c8]::option::Option<core[8fb95b77d25ab6c8]::result::Result<(), anyhow[3acebc4aed8aeef4]::Error>>)>
[INFO] [stdout]                                at /rustc/b2282dd5646a57d570fc86fbe8df0e8826665ef6/library/std/src/thread/local.rs:426:20
[INFO] [stdout]   40:     0x64d56ad3f0c1 - tokio[3a7098c7691a42d0]::runtime::context::set_scheduler::<(alloc[a7ee25936407c584]::boxed::Box<tokio[3a7098c7691a42d0]::runtime::scheduler::current_thread::Core>, core[8fb95b77d25ab6c8]::option::Option<core[8fb95b77d25ab6c8]::result::Result<(), anyhow[3acebc4aed8aeef4]::Error>>), <tokio[3a7098c7691a42d0]::runtime::scheduler::current_thread::CoreGuard>::enter<<tokio[3a7098c7691a42d0]::runtime::scheduler::current_thread::CoreGuard>::block_on<core[8fb95b77d25ab6c8]::pin::Pin<&mut core[8fb95b77d25ab6c8]::pin::Pin<&mut dyn core[8fb95b77d25ab6c8]::future::future::Future<Output = core[8fb95b77d25ab6c8]::result::Result<(), anyhow[3acebc4aed8aeef4]::Error>>>>>::{closure#0}, core[8fb95b77d25ab6c8]::option::Option<core[8fb95b77d25ab6c8]::result::Result<(), anyhow[3acebc4aed8aeef4]::Error>>>::{closure#0}>
[INFO] [stdout]                                at /opt/rustwide/cargo-home/registry/src/index.crates.io-1949cf8c6b5b557f/tokio-1.37.0/src/runtime/context.rs:176:17
[INFO] [stdout]   41:     0x64d56adb0519 - <tokio[3a7098c7691a42d0]::runtime::scheduler::current_thread::CoreGuard>::enter::<<tokio[3a7098c7691a42d0]::runtime::scheduler::current_thread::CoreGuard>::block_on<core[8fb95b77d25ab6c8]::pin::Pin<&mut core[8fb95b77d25ab6c8]::pin::Pin<&mut dyn core[8fb95b77d25ab6c8]::future::future::Future<Output = core[8fb95b77d25ab6c8]::result::Result<(), anyhow[3acebc4aed8aeef4]::Error>>>>>::{closure#0}, core[8fb95b77d25ab6c8]::option::Option<core[8fb95b77d25ab6c8]::result::Result<(), anyhow[3acebc4aed8aeef4]::Error>>>
[INFO] [stdout]                                at /opt/rustwide/cargo-home/registry/src/index.crates.io-1949cf8c6b5b557f/tokio-1.37.0/src/runtime/scheduler/current_thread/mod.rs:737:27
[INFO] [stdout]   42:     0x64d56adb07c6 - <tokio[3a7098c7691a42d0]::runtime::scheduler::current_thread::CoreGuard>::block_on::<core[8fb95b77d25ab6c8]::pin::Pin<&mut core[8fb95b77d25ab6c8]::pin::Pin<&mut dyn core[8fb95b77d25ab6c8]::future::future::Future<Output = core[8fb95b77d25ab6c8]::result::Result<(), anyhow[3acebc4aed8aeef4]::Error>>>>>
[INFO] [stdout]                                at /opt/rustwide/cargo-home/registry/src/index.crates.io-1949cf8c6b5b557f/tokio-1.37.0/src/runtime/scheduler/current_thread/mod.rs:646:24
[INFO] [stdout]   43:     0x64d56adb37a9 - <tokio[3a7098c7691a42d0]::runtime::scheduler::current_thread::CurrentThread>::block_on::<core[8fb95b77d25ab6c8]::pin::Pin<&mut dyn core[8fb95b77d25ab6c8]::future::future::Future<Output = core[8fb95b77d25ab6c8]::result::Result<(), anyhow[3acebc4aed8aeef4]::Error>>>>::{closure#0}
[INFO] [stdout]                                at /opt/rustwide/cargo-home/registry/src/index.crates.io-1949cf8c6b5b557f/tokio-1.37.0/src/runtime/scheduler/current_thread/mod.rs:175:33
[INFO] [stdout]   44:     0x64d56adc6173 - tokio[3a7098c7691a42d0]::runtime::context::runtime::enter_runtime::<<tokio[3a7098c7691a42d0]::runtime::scheduler::current_thread::CurrentThread>::block_on<core[8fb95b77d25ab6c8]::pin::Pin<&mut dyn core[8fb95b77d25ab6c8]::future::future::Future<Output = core[8fb95b77d25ab6c8]::result::Result<(), anyhow[3acebc4aed8aeef4]::Error>>>>::{closure#0}, core[8fb95b77d25ab6c8]::result::Result<(), anyhow[3acebc4aed8aeef4]::Error>>
[INFO] [stdout]                                at /opt/rustwide/cargo-home/registry/src/index.crates.io-1949cf8c6b5b557f/tokio-1.37.0/src/runtime/context/runtime.rs:65:16
[INFO] [stdout]   45:     0x64d56adaf101 - <tokio[3a7098c7691a42d0]::runtime::scheduler::current_thread::CurrentThread>::block_on::<core[8fb95b77d25ab6c8]::pin::Pin<&mut dyn core[8fb95b77d25ab6c8]::future::future::Future<Output = core[8fb95b77d25ab6c8]::result::Result<(), anyhow[3acebc4aed8aeef4]::Error>>>>
[INFO] [stdout]                                at /opt/rustwide/cargo-home/registry/src/index.crates.io-1949cf8c6b5b557f/tokio-1.37.0/src/runtime/scheduler/current_thread/mod.rs:167:9
[INFO] [stdout]   46:     0x64d56ad6513f - <tokio[3a7098c7691a42d0]::runtime::runtime::Runtime>::block_on::<core[8fb95b77d25ab6c8]::pin::Pin<&mut dyn core[8fb95b77d25ab6c8]::future::future::Future<Output = core[8fb95b77d25ab6c8]::result::Result<(), anyhow[3acebc4aed8aeef4]::Error>>>>
[INFO] [stdout]                                at /opt/rustwide/cargo-home/registry/src/index.crates.io-1949cf8c6b5b557f/tokio-1.37.0/src/runtime/runtime.rs:349:52
[INFO] [stdout]   47:     0x64d56ada6e2d - chat_server[1eda18a33cf4064]::handlers::auth::tests::signin_should_work
[INFO] [stdout]                                at /opt/rustwide/workdir/chat_server/src/handlers/auth.rs:113:11
[INFO] [stdout]   48:     0x64d56ada01a7 - chat_server[1eda18a33cf4064]::handlers::auth::tests::signin_should_work::{closure#0}
[INFO] [stdout]                                at /opt/rustwide/workdir/chat_server/src/handlers/auth.rs:100:38
[INFO] [stdout]   49:     0x64d56ad22116 - <chat_server[1eda18a33cf4064]::handlers::auth::tests::signin_should_work::{closure#0} as core[8fb95b77d25ab6c8]::ops::function::FnOnce<()>>::call_once
[INFO] [stdout]                                at /rustc/b2282dd5646a57d570fc86fbe8df0e8826665ef6/library/core/src/ops/function.rs:250:5
[INFO] [stdout]   50:     0x64d56ae0d4db - <fn() -> core[8fb95b77d25ab6c8]::result::Result<(), alloc[a7ee25936407c584]::string::String> as core[8fb95b77d25ab6c8]::ops::function::FnOnce<()>>::call_once
[INFO] [stdout]                                at /rustc/b2282dd5646a57d570fc86fbe8df0e8826665ef6/library/core/src/ops/function.rs:250:5
[INFO] [stdout]   51:     0x64d56ae0d4db - test[213991da798b1c03]::__rust_begin_short_backtrace::<core[8fb95b77d25ab6c8]::result::Result<(), alloc[a7ee25936407c584]::string::String>, fn() -> core[8fb95b77d25ab6c8]::result::Result<(), alloc[a7ee25936407c584]::string::String>>
[INFO] [stdout]                                at /rustc/b2282dd5646a57d570fc86fbe8df0e8826665ef6/library/test/src/lib.rs:724:18
[INFO] [stdout]   52:     0x64d56ae1ad55 - test[213991da798b1c03]::run_test_in_process::{closure#0}
[INFO] [stdout]                                at /rustc/b2282dd5646a57d570fc86fbe8df0e8826665ef6/library/test/src/lib.rs:747:74
[INFO] [stdout]   53:     0x64d56ae1ad55 - <core[8fb95b77d25ab6c8]::panic::unwind_safe::AssertUnwindSafe<test[213991da798b1c03]::run_test_in_process::{closure#0}> as core[8fb95b77d25ab6c8]::ops::function::FnOnce<()>>::call_once
[INFO] [stdout]                                at /rustc/b2282dd5646a57d570fc86fbe8df0e8826665ef6/library/core/src/panic/unwind_safe.rs:275:9
[INFO] [stdout]   54:     0x64d56ae1ad55 - std[10d71ac2c42b111e]::panicking::catch_unwind::do_call::<core[8fb95b77d25ab6c8]::panic::unwind_safe::AssertUnwindSafe<test[213991da798b1c03]::run_test_in_process::{closure#0}>, core[8fb95b77d25ab6c8]::result::Result<(), alloc[a7ee25936407c584]::string::String>>
[INFO] [stdout]                                at /rustc/b2282dd5646a57d570fc86fbe8df0e8826665ef6/library/std/src/panicking.rs:581:40
[INFO] [stdout]   55:     0x64d56ae1ad55 - std[10d71ac2c42b111e]::panicking::catch_unwind::<core[8fb95b77d25ab6c8]::result::Result<(), alloc[a7ee25936407c584]::string::String>, core[8fb95b77d25ab6c8]::panic::unwind_safe::AssertUnwindSafe<test[213991da798b1c03]::run_test_in_process::{closure#0}>>
[INFO] [stdout]                                at /rustc/b2282dd5646a57d570fc86fbe8df0e8826665ef6/library/std/src/panicking.rs:544:19
[INFO] [stdout]   56:     0x64d56ae1ad55 - std[10d71ac2c42b111e]::panic::catch_unwind::<core[8fb95b77d25ab6c8]::panic::unwind_safe::AssertUnwindSafe<test[213991da798b1c03]::run_test_in_process::{closure#0}>, core[8fb95b77d25ab6c8]::result::Result<(), alloc[a7ee25936407c584]::string::String>>
[INFO] [stdout]                                at /rustc/b2282dd5646a57d570fc86fbe8df0e8826665ef6/library/std/src/panic.rs:359:14
[INFO] [stdout]   57:     0x64d56ae1ad55 - test[213991da798b1c03]::run_test_in_process
[INFO] [stdout]                                at /rustc/b2282dd5646a57d570fc86fbe8df0e8826665ef6/library/test/src/lib.rs:747:27
[INFO] [stdout]   58:     0x64d56ae1ad55 - test[213991da798b1c03]::run_test::{closure#0}
[INFO] [stdout]                                at /rustc/b2282dd5646a57d570fc86fbe8df0e8826665ef6/library/test/src/lib.rs:668:43
[INFO] [stdout]   59:     0x64d56ae14664 - test[213991da798b1c03]::run_test::{closure#1}
[INFO] [stdout]                                at /rustc/b2282dd5646a57d570fc86fbe8df0e8826665ef6/library/test/src/lib.rs:698:41
[INFO] [stdout]   60:     0x64d56ae14664 - std[10d71ac2c42b111e]::sys::backtrace::__rust_begin_short_backtrace::<test[213991da798b1c03]::run_test::{closure#1}, ()>
[INFO] [stdout]                                at /rustc/b2282dd5646a57d570fc86fbe8df0e8826665ef6/library/std/src/sys/backtrace.rs:166:18
[INFO] [stdout]   61:     0x64d56ae1ddd2 - std[10d71ac2c42b111e]::thread::lifecycle::spawn_unchecked::<test[213991da798b1c03]::run_test::{closure#1}, ()>::{closure#1}::{closure#0}
[INFO] [stdout]                                at /rustc/b2282dd5646a57d570fc86fbe8df0e8826665ef6/library/std/src/thread/lifecycle.rs:70:13
[INFO] [stdout]   62:     0x64d56ae1ddd2 - <core[8fb95b77d25ab6c8]::panic::unwind_safe::AssertUnwindSafe<std[10d71ac2c42b111e]::thread::lifecycle::spawn_unchecked<test[213991da798b1c03]::run_test::{closure#1}, ()>::{closure#1}::{closure#0}> as core[8fb95b77d25ab6c8]::ops::function::FnOnce<()>>::call_once
[INFO] [stdout]                                at /rustc/b2282dd5646a57d570fc86fbe8df0e8826665ef6/library/core/src/panic/unwind_safe.rs:275:9
[INFO] [stdout]   63:     0x64d56ae1ddd2 - std[10d71ac2c42b111e]::panicking::catch_unwind::do_call::<core[8fb95b77d25ab6c8]::panic::unwind_safe::AssertUnwindSafe<std[10d71ac2c42b111e]::thread::lifecycle::spawn_unchecked<test[213991da798b1c03]::run_test::{closure#1}, ()>::{closure#1}::{closure#0}>, ()>
[INFO] [stdout]                                at /rustc/b2282dd5646a57d570fc86fbe8df0e8826665ef6/library/std/src/panicking.rs:581:40
[INFO] [stdout]   64:     0x64d56ae1ddd2 - std[10d71ac2c42b111e]::panicking::catch_unwind::<(), core[8fb95b77d25ab6c8]::panic::unwind_safe::AssertUnwindSafe<std[10d71ac2c42b111e]::thread::lifecycle::spawn_unchecked<test[213991da798b1c03]::run_test::{closure#1}, ()>::{closure#1}::{closure#0}>>
[INFO] [stdout]                                at /rustc/b2282dd5646a57d570fc86fbe8df0e8826665ef6/library/std/src/panicking.rs:544:19
[INFO] [stdout]   65:     0x64d56ae1ddd2 - std[10d71ac2c42b111e]::panic::catch_unwind::<core[8fb95b77d25ab6c8]::panic::unwind_safe::AssertUnwindSafe<std[10d71ac2c42b111e]::thread::lifecycle::spawn_unchecked<test[213991da798b1c03]::run_test::{closure#1}, ()>::{closure#1}::{closure#0}>, ()>
[INFO] [stdout]                                at /rustc/b2282dd5646a57d570fc86fbe8df0e8826665ef6/library/std/src/panic.rs:359:14
[INFO] [stdout]   66:     0x64d56ae1ddd2 - std[10d71ac2c42b111e]::thread::lifecycle::spawn_unchecked::<test[213991da798b1c03]::run_test::{closure#1}, ()>::{closure#1}
[INFO] [stdout]                                at /rustc/b2282dd5646a57d570fc86fbe8df0e8826665ef6/library/std/src/thread/lifecycle.rs:68:26
[INFO] [stdout]   67:     0x64d56ae1ddd2 - <std[10d71ac2c42b111e]::thread::lifecycle::spawn_unchecked<test[213991da798b1c03]::run_test::{closure#1}, ()>::{closure#1} as core[8fb95b77d25ab6c8]::ops::function::FnOnce<()>>::call_once::{shim:vtable#0}
[INFO] [stdout]                                at /rustc/b2282dd5646a57d570fc86fbe8df0e8826665ef6/library/core/src/ops/function.rs:250:5
[INFO] [stdout]   68:     0x64d56b479d9f - <alloc[a7ee25936407c584]::boxed::Box<dyn core[8fb95b77d25ab6c8]::ops::function::FnOnce<(), Output = ()> + core[8fb95b77d25ab6c8]::marker::Send> as core[8fb95b77d25ab6c8]::ops::function::FnOnce<()>>::call_once
[INFO] [stdout]                                at /rustc/b2282dd5646a57d570fc86fbe8df0e8826665ef6/library/alloc/src/boxed.rs:2275:9
[INFO] [stdout]   69:     0x64d56b479d9f - <std[10d71ac2c42b111e]::sys::thread::unix::Thread>::new::thread_start
[INFO] [stdout]                                at /rustc/b2282dd5646a57d570fc86fbe8df0e8826665ef6/library/std/src/sys/thread/unix.rs:118:17
[INFO] [stdout]   70:     0x7d8be8c8eaa4 - <unknown>
[INFO] [stdout]   71:     0x7d8be8d1ba64 - clone
[INFO] [stdout]   72:                0x0 - <unknown>
[INFO] [stderr] error: test failed, to rerun pass `-p chat-server --lib`
[INFO] [stderr] 
[INFO] [stderr] Caused by:
[INFO] [stderr]   process didn't exit successfully: `/opt/rustwide/target/debug/deps/chat_server-619878dd9387d503` (signal: 6, SIGABRT: process abort signal)
[INFO] running `Command { std: "docker" "inspect" "7b74c5b66f4b4068e9e32e9a962892ef693244b904407c8fe9224f98d9ac2ebf", kill_on_drop: false }`
[INFO] running `Command { std: "docker" "rm" "-f" "7b74c5b66f4b4068e9e32e9a962892ef693244b904407c8fe9224f98d9ac2ebf", kill_on_drop: false }`
[INFO] [stdout] 7b74c5b66f4b4068e9e32e9a962892ef693244b904407c8fe9224f98d9ac2ebf
