[INFO] cloning repository https://github.com/hendemic/rusty-qual-app
[INFO] running `Command { std: "git" "-c" "credential.helper=" "-c" "credential.helper=/workspace/cargo-home/bin/git-credential-null" "clone" "--bare" "https://github.com/hendemic/rusty-qual-app" "/workspace/cache/git-repos/https%3A%2F%2Fgithub.com%2Fhendemic%2Frusty-qual-app", kill_on_drop: false }`
[INFO] [stderr] Cloning into bare repository '/workspace/cache/git-repos/https%3A%2F%2Fgithub.com%2Fhendemic%2Frusty-qual-app'...
[INFO] running `Command { std: "git" "rev-parse" "HEAD", kill_on_drop: false }`
[INFO] [stdout] 733b6ebd4045413316dfaef0512ddedd0d7a0182
[INFO] testing hendemic/rusty-qual-app against 1.97.0-beta.6 for beta-1.98-2
[INFO] running `Command { std: "git" "clone" "/workspace/cache/git-repos/https%3A%2F%2Fgithub.com%2Fhendemic%2Frusty-qual-app" "/workspace/builds/worker-0-tc1/source", kill_on_drop: false }`
[INFO] [stderr] Cloning into '/workspace/builds/worker-0-tc1/source'...
[INFO] [stderr] done.
[INFO] started tweaking git repo https://github.com/hendemic/rusty-qual-app
[INFO] finished tweaking git repo https://github.com/hendemic/rusty-qual-app
[INFO] tweaked toml for git repo https://github.com/hendemic/rusty-qual-app written to /workspace/builds/worker-0-tc1/source/Cargo.toml
[INFO] validating manifest of git repo https://github.com/hendemic/rusty-qual-app on toolchain 1.97.0-beta.6
[INFO] running `Command { std: CARGO_HOME="/workspace/cargo-home" RUSTUP_HOME="/workspace/rustup-home" "/workspace/cargo-home/bin/cargo" "+1.97.0-beta.6" "metadata" "--manifest-path" "Cargo.toml" "--no-deps", kill_on_drop: false }`
[INFO] crate git repo https://github.com/hendemic/rusty-qual-app already has a lockfile, it will not be regenerated
[INFO] running `Command { std: CARGO_HOME="/workspace/cargo-home" RUSTUP_HOME="/workspace/rustup-home" "/workspace/cargo-home/bin/cargo" "+1.97.0-beta.6" "fetch" "--manifest-path" "Cargo.toml", kill_on_drop: false }`
[INFO] [stderr]  Downloading crates ...
[INFO] [stderr]   Downloaded wit-bindgen v0.46.0
[INFO] [stderr]   Downloaded wasm-bindgen v0.2.105
[INFO] [stderr]   Downloaded wasm-bindgen-macro v0.2.105
[INFO] [stderr]   Downloaded proc-macro2 v1.0.103
[INFO] [stderr]   Downloaded cc v1.2.47
[INFO] [stderr]   Downloaded wasip2 v1.0.1+wasi-0.2.4
[INFO] [stderr]   Downloaded log v0.4.28
[INFO] [stderr]   Downloaded unicode-ident v1.0.22
[INFO] [stderr]   Downloaded uuid v1.18.1
[INFO] [stderr]   Downloaded syn v2.0.111
[INFO] [stderr]   Downloaded js-sys v0.3.82
[INFO] [stderr]   Downloaded serde_json v1.0.145
[INFO] [stderr]   Downloaded quote v1.0.42
[INFO] [stderr]   Downloaded find-msvc-tools v0.1.5
[INFO] [stderr]   Downloaded wasm-bindgen-shared v0.2.105
[INFO] [stderr]   Downloaded libc v0.2.177
[INFO] [stderr]   Downloaded anyhow v1.0.100
[INFO] [stderr]   Downloaded itoa v1.0.15
[INFO] [stderr]   Downloaded wasm-bindgen-macro-support v0.2.105
[INFO] [stderr]   Downloaded bytes v1.11.0
[INFO] [stderr]   Downloaded indexmap v2.12.1
[INFO] [stderr]   Downloaded iana-time-zone v0.1.64
[INFO] [stderr]   Downloaded ryu v1.0.20
[INFO] [stderr]   Downloaded tokio v1.48.0
[INFO] [stderr]   Downloaded memchr v2.7.6
[INFO] [stderr]   Downloaded chrono v0.4.42
[INFO] running `Command { std: "docker" "create" "-v" "/var/lib/crater-agent-workspace/builds/worker-0-tc1/source:/opt/rustwide/workdir:ro,Z" "-v" "/var/lib/crater-agent-workspace/builds/worker-0-tc1/target:/opt/rustwide/target:rw,Z" "-v" "/var/lib/crater-agent-workspace/cargo-home:/opt/rustwide/cargo-home:ro,Z" "-v" "/var/lib/crater-agent-workspace/rustup-home:/opt/rustwide/rustup-home:ro,Z" "-m" "1610612736" "--network" "none" "ghcr.io/rust-lang/crates-build-env/linux@sha256:3d5ced03c013a94a2f102a4510f48a6e9184255caf5fd8244f58017bde7f5210" "sleep" "infinity", kill_on_drop: false }`
[INFO] [stdout] 9fa5b28ce22d8a9d64b6abfe0505c7266e230fb9d821b39037093acb78a2f527
[INFO] running `Command { std: "docker" "start" "9fa5b28ce22d8a9d64b6abfe0505c7266e230fb9d821b39037093acb78a2f527", kill_on_drop: false }`
[INFO] running `Command { std: "docker" "inspect" "9fa5b28ce22d8a9d64b6abfe0505c7266e230fb9d821b39037093acb78a2f527", kill_on_drop: false }`
[INFO] running `Command { std: "docker" "exec" "-e" "SOURCE_DIR=/opt/rustwide/workdir" "-e" "CARGO_HOME=/opt/rustwide/cargo-home" "-e" "RUSTUP_HOME=/opt/rustwide/rustup-home" "-e" "CARGO_TARGET_DIR=/opt/rustwide/target" "-w" "/opt/rustwide/workdir" "--user" "0:0" "9fa5b28ce22d8a9d64b6abfe0505c7266e230fb9d821b39037093acb78a2f527" "/opt/rustwide/cargo-home/bin/cargo" "+1.97.0-beta.6" "metadata" "--no-deps" "--format-version=1", kill_on_drop: false }`
[INFO] running `Command { std: "docker" "inspect" "9fa5b28ce22d8a9d64b6abfe0505c7266e230fb9d821b39037093acb78a2f527", kill_on_drop: false }`
[INFO] running `Command { std: "docker" "exec" "-e" "SOURCE_DIR=/opt/rustwide/workdir" "-e" "CARGO_HOME=/opt/rustwide/cargo-home" "-e" "RUSTUP_HOME=/opt/rustwide/rustup-home" "-e" "CARGO_TARGET_DIR=/opt/rustwide/target" "-e" "CARGO_INCREMENTAL=0" "-e" "RUST_BACKTRACE=full" "-e" "RUSTFLAGS=--cap-lints=warn" "-e" "RUSTDOCFLAGS=--cap-lints=warn" "-w" "/opt/rustwide/workdir" "--user" "0:0" "9fa5b28ce22d8a9d64b6abfe0505c7266e230fb9d821b39037093acb78a2f527" "/opt/rustwide/cargo-home/bin/cargo" "+1.97.0-beta.6" "build" "--frozen" "--message-format=json", kill_on_drop: false }`
[INFO] [stderr]    Compiling proc-macro2 v1.0.103
[INFO] [stderr]    Compiling quote v1.0.42
[INFO] [stderr]    Compiling unicode-ident v1.0.22
[INFO] [stderr]    Compiling libc v0.2.177
[INFO] [stderr]    Compiling autocfg v1.5.0
[INFO] [stderr]    Compiling getrandom v0.3.4
[INFO] [stderr]    Compiling anyhow v1.0.100
[INFO] [stderr]    Compiling bytes v1.11.0
[INFO] [stderr]    Compiling equivalent v1.0.2
[INFO] [stderr]    Compiling pin-project-lite v0.2.16
[INFO] [stderr]    Compiling hashbrown v0.16.1
[INFO] [stderr]    Compiling iana-time-zone v0.1.64
[INFO] [stderr]    Compiling serde_json v1.0.145
[INFO] [stderr]    Compiling serde_core v1.0.228
[INFO] [stderr]    Compiling serde v1.0.228
[INFO] [stderr]    Compiling itoa v1.0.15
[INFO] [stderr]    Compiling memchr v2.7.6
[INFO] [stderr]    Compiling ryu v1.0.20
[INFO] [stderr]    Compiling num-traits v0.2.19
[INFO] [stderr]    Compiling tokio v1.48.0
[INFO] [stderr]    Compiling syn v2.0.111
[INFO] [stderr]    Compiling indexmap v2.12.1
[INFO] [stderr]    Compiling serde_derive v1.0.228
[INFO] [stderr]    Compiling async-trait v0.1.89
[INFO] [stderr]    Compiling chrono v0.4.42
[INFO] [stderr]    Compiling uuid v1.18.1
[INFO] [stderr]    Compiling core v0.1.0 (/opt/rustwide/workdir/crates/core)
[INFO] [stderr]    Compiling persistence v0.1.0 (/opt/rustwide/workdir/crates/persistence)
[INFO] [stderr]     Finished `dev` profile [unoptimized + debuginfo] target(s) in 18.77s
[INFO] running `Command { std: "docker" "inspect" "9fa5b28ce22d8a9d64b6abfe0505c7266e230fb9d821b39037093acb78a2f527", kill_on_drop: false }`
[INFO] running `Command { std: "docker" "exec" "-e" "SOURCE_DIR=/opt/rustwide/workdir" "-e" "CARGO_HOME=/opt/rustwide/cargo-home" "-e" "RUSTUP_HOME=/opt/rustwide/rustup-home" "-e" "CARGO_TARGET_DIR=/opt/rustwide/target" "-e" "CARGO_INCREMENTAL=0" "-e" "RUST_BACKTRACE=full" "-e" "RUSTFLAGS=--cap-lints=warn" "-e" "RUSTDOCFLAGS=--cap-lints=warn" "-w" "/opt/rustwide/workdir" "--user" "0:0" "9fa5b28ce22d8a9d64b6abfe0505c7266e230fb9d821b39037093acb78a2f527" "/opt/rustwide/cargo-home/bin/cargo" "+1.97.0-beta.6" "test" "--frozen" "--no-run" "--message-format=json", kill_on_drop: false }`
[INFO] [stderr]    Compiling core v0.1.0 (/opt/rustwide/workdir/crates/core)
[INFO] [stderr]    Compiling persistence v0.1.0 (/opt/rustwide/workdir/crates/persistence)
[INFO] [stderr]     Finished `test` profile [unoptimized + debuginfo] target(s) in 1.88s
[INFO] running `Command { std: "docker" "inspect" "9fa5b28ce22d8a9d64b6abfe0505c7266e230fb9d821b39037093acb78a2f527", kill_on_drop: false }`
[INFO] running `Command { std: "docker" "exec" "-e" "SOURCE_DIR=/opt/rustwide/workdir" "-e" "CARGO_HOME=/opt/rustwide/cargo-home" "-e" "RUSTUP_HOME=/opt/rustwide/rustup-home" "-e" "CARGO_TARGET_DIR=/opt/rustwide/target" "-e" "CARGO_INCREMENTAL=0" "-e" "RUST_BACKTRACE=full" "-e" "RUSTFLAGS=--cap-lints=warn" "-e" "RUSTDOCFLAGS=--cap-lints=warn" "-w" "/opt/rustwide/workdir" "--user" "0:0" "9fa5b28ce22d8a9d64b6abfe0505c7266e230fb9d821b39037093acb78a2f527" "/opt/rustwide/cargo-home/bin/cargo" "+1.97.0-beta.6" "test" "--frozen", kill_on_drop: false }`
[INFO] [stderr]     Finished `test` profile [unoptimized + debuginfo] target(s) in 0.07s
[INFO] [stderr]      Running unittests src/lib.rs (/opt/rustwide/target/debug/deps/core-3c0bbf7aec4c9fb5)
[INFO] [stdout] 
[INFO] [stdout] running 49 tests
[INFO] [stdout] test domain::tests::code_index_changes::test_move_code_def_invalid_index ... ok
[INFO] [stdout] test domain::tests::code_index_changes::test_move_code_def_to_beginning ... ok
[INFO] [stdout] test domain::tests::code_index_changes::test_move_code_def_to_same_index ... ok
[INFO] [stdout] test domain::tests::code_index_changes::test_move_file_maintains_order ... ok
[INFO] [stdout] test domain::tests::code_index_changes::test_move_code_def_to_end ... ok
[INFO] [stdout] test domain::tests::code_index_changes::test_move_file_invalid_index ... ok
[INFO] [stdout] test domain::tests::code_index_changes::test_move_theme_nonexistent_theme ... ok
[INFO] [stdout] test domain::tests::code_index_changes::test_sort_code_defs_by_name ... ok
[INFO] [stdout] test domain::tests::code_index_changes::test_sort_code_defs_with_same_names ... ok
[INFO] [stdout] test domain::tests::code_index_changes::test_sort_empty_codebook ... ok
[INFO] [stdout] test domain::tests::code_index_changes::test_sort_files_with_different_extensions ... ok
[INFO] [stdout] test domain::tests::code_index_changes::test_sort_preserves_theme_associations ... ok
[INFO] [stdout] test domain::tests::code_index_changes::test_sort_themes_by_name ... ok
[INFO] [stdout] test domain::tests::code_index_changes::test_swap_code_defs_invalid_index ... ok
[INFO] [stdout] test domain::tests::code_index_changes::test_swap_themes ... ok
[INFO] [stdout] test domain::tests::code_index_changes::test_move_theme_to_middle ... ok
[INFO] [stdout] test domain::tests::code_index_changes::test_sort_files_by_name ... ok
[INFO] [stdout] test domain::tests::code_index_changes::test_swap_files_same_index ... ok
[INFO] [stdout] test domain::tests::code_index_changes::test_swap_files ... ok
[INFO] [stdout] test domain::tests::code_retrieval::test_get_codes_for_file_returns_empty_when_no_codes_applied ... ok
[INFO] [stdout] test domain::tests::code_retrieval::test_get_codes_for_file_isolates_between_files ... ok
[INFO] [stdout] test domain::tests::code_retrieval::test_get_codes_for_file_with_empty_codebook ... ok
[INFO] [stdout] test domain::tests::code_retrieval::test_remove_code_def_with_no_applied_codes ... ok
[INFO] [stdout] test domain::tests::code_retrieval::test_remove_code_def_across_multiple_files ... ok
[INFO] [stdout] test domain::tests::file_data_states::test_data_state_empty_returns_none ... ok
[INFO] [stdout] test domain::tests::code_retrieval::test_remove_code_def_cascades_to_qual_codes ... ok
[INFO] [stdout] test domain::tests::file_data_states::test_data_state_error_returns_none ... ok
[INFO] [stdout] test domain::tests::file_data_states::test_file_starts_empty ... ok
[INFO] [stdout] test domain::tests::file_data_states::test_set_data_state_to_loaded ... ok
[INFO] [stdout] test domain::tests::highlight_edge_cases::test_highlight_single_character ... ok
[INFO] [stdout] test domain::tests::file_removal::test_proper_file_removal_workflow ... ok
[INFO] [stdout] test domain::tests::highlight_edge_cases::test_highlight_with_large_values ... ok
[INFO] [stdout] test domain::tests::file_data_states::test_set_data_state_to_modified ... ok
[INFO] [stdout] test domain::tests::highlight_edge_cases::test_highlight_swaps_when_start_greater_than_end ... ok
[INFO] [stdout] test domain::tests::theme_operations::test_move_code_between_themes ... ok
[INFO] [stdout] test domain::tests::file_data_states::test_transition_from_loaded_to_empty ... ok
[INFO] [stdout] test domain::tests::highlight_edge_cases::test_highlight_with_zero_start ... ok
[INFO] [stdout] test domain::tests::code_index_changes::test_swap_code_defs ... ok
[INFO] [stdout] test domain::tests::theme_operations::test_remove_nonexistent_theme_returns_error ... ok
[INFO] [stdout] test domain::tests::theme_operations::test_remove_code_from_theme_returns_to_top_level ... ok
[INFO] [stdout] test domain::tests::theme_operations::test_remove_code_from_theme_with_nonexistent_code ... ok
[INFO] [stdout] test domain::tests::theme_operations::test_remove_theme_moves_codes_to_top_level ... ok
[INFO] [stdout] test domain::tests::theme_operations::test_theme_isolation_with_multiple_themes ... ok
[INFO] [stdout] test domain::tests::file_removal::test_remove_file_leaves_codes_orphaned ... ok
[INFO] [stdout] test domain::tests::code_retrieval::test_get_codes_for_file_returns_all_codes_for_single_file ... ok
[INFO] [stdout] test domain::tests::highlight_edge_cases::test_highlight_with_equal_start_and_end ... ok
[INFO] [stdout] test domain::tests::code_retrieval::test_remove_nonexistent_code_def_returns_error ... ok
[INFO] [stdout] test domain::tests::theme_operations::test_move_code_to_theme_and_filtering ... ok
[INFO] [stdout] test domain::tests::code_retrieval::test_get_codes_for_file_with_orphaned_block ... ok
[INFO] [stdout] 
[INFO] [stderr]      Running unittests src/lib.rs (/opt/rustwide/target/debug/deps/persistence-3f5a0379ca1d8b11)
[INFO] [stdout] test result: ok. 49 passed; 0 failed; 0 ignored; 0 measured; 0 filtered out; finished in 0.01s
[INFO] [stdout] 
[INFO] [stdout] 
[INFO] [stdout] running 0 tests
[INFO] [stdout] 
[INFO] [stdout] test result: ok. 0 passed; 0 failed; 0 ignored; 0 measured; 0 filtered out; finished in 0.01s
[INFO] [stderr]    Doc-tests core
[INFO] [stdout] 
[INFO] [stderr] error[E0433]: cannot find `pin` in `core`
[INFO] [stderr]  --> crates/core/src/ports.rs:7:1
[INFO] [stderr]   |
[INFO] [stderr] 7 | #[async_trait]
[INFO] [stderr]   | ^^^^^^^^^^^^^^ could not find `pin` in `core`
[INFO] [stderr]   |
[INFO] [stderr]   = note: this error originates in the attribute macro `async_trait` (in Nightly builds, run with -Z macro-backtrace for more info)
[INFO] [stderr] help: consider importing this module
[INFO] [stderr]   |
[INFO] [stderr] 1 + use std::pin;
[INFO] [stderr]   |
[INFO] [stderr] 
[INFO] [stderr] error[E0433]: cannot find `future` in `core`
[INFO] [stderr]  --> crates/core/src/ports.rs:7:1
[INFO] [stderr]   |
[INFO] [stderr] 7 | #[async_trait]
[INFO] [stderr]   | ^^^^^^^^^^^^^^ could not find `future` in `core`
[INFO] [stderr]   |
[INFO] [stderr]   = note: this error originates in the attribute macro `async_trait` (in Nightly builds, run with -Z macro-backtrace for more info)
[INFO] [stderr] help: consider importing this module
[INFO] [stderr]   |
[INFO] [stderr] 1 + use std::future;
[INFO] [stderr]   |
[INFO] [stderr] 
[INFO] [stderr] error[E0433]: cannot find `marker` in `core`
[INFO] [stderr]  --> crates/core/src/ports.rs:7:1
[INFO] [stderr]   |
[INFO] [stderr] 7 | #[async_trait]
[INFO] [stderr]   | ^^^^^^^^^^^^^^ could not find `marker` in `core`
[INFO] [stderr]   |
[INFO] [stderr]   = note: this error originates in the attribute macro `async_trait` (in Nightly builds, run with -Z macro-backtrace for more info)
[INFO] [stderr] help: consider importing this module
[INFO] [stderr]   |
[INFO] [stderr] 1 + use std::marker;
[INFO] [stderr]   |
[INFO] [stderr] 
[INFO] [stderr] error[E0433]: cannot find `pin` in `core`
[INFO] [stderr]   --> crates/core/src/ports.rs:34:1
[INFO] [stderr]    |
[INFO] [stderr] 34 | #[async_trait]
[INFO] [stderr]    | ^^^^^^^^^^^^^^ could not find `pin` in `core`
[INFO] [stderr]    |
[INFO] [stderr]    = note: this error originates in the attribute macro `async_trait` (in Nightly builds, run with -Z macro-backtrace for more info)
[INFO] [stderr] help: consider importing this module
[INFO] [stderr]    |
[INFO] [stderr]  1 + use std::pin;
[INFO] [stderr]    |
[INFO] [stderr] 
[INFO] [stderr] error[E0433]: cannot find `future` in `core`
[INFO] [stderr]   --> crates/core/src/ports.rs:34:1
[INFO] [stderr]    |
[INFO] [stderr] 34 | #[async_trait]
[INFO] [stderr]    | ^^^^^^^^^^^^^^ could not find `future` in `core`
[INFO] [stderr]    |
[INFO] [stderr]    = note: this error originates in the attribute macro `async_trait` (in Nightly builds, run with -Z macro-backtrace for more info)
[INFO] [stderr] help: consider importing this module
[INFO] [stderr]    |
[INFO] [stderr]  1 + use std::future;
[INFO] [stderr]    |
[INFO] [stderr] 
[INFO] [stderr] error[E0433]: cannot find `marker` in `core`
[INFO] [stderr]   --> crates/core/src/ports.rs:34:1
[INFO] [stderr]    |
[INFO] [stderr] 34 | #[async_trait]
[INFO] [stderr]    | ^^^^^^^^^^^^^^ could not find `marker` in `core`
[INFO] [stderr]    |
[INFO] [stderr]    = note: this error originates in the attribute macro `async_trait` (in Nightly builds, run with -Z macro-backtrace for more info)
[INFO] [stderr] help: consider importing this module
[INFO] [stderr]    |
[INFO] [stderr]  1 + use std::marker;
[INFO] [stderr]    |
[INFO] [stderr] 
[INFO] [stderr] error[E0433]: cannot find `pin` in `core`
[INFO] [stderr]   --> crates/core/src/ports.rs:42:1
[INFO] [stderr]    |
[INFO] [stderr] 42 | #[async_trait]
[INFO] [stderr]    | ^^^^^^^^^^^^^^ could not find `pin` in `core`
[INFO] [stderr]    |
[INFO] [stderr]    = note: this error originates in the attribute macro `async_trait` (in Nightly builds, run with -Z macro-backtrace for more info)
[INFO] [stderr] help: consider importing this module
[INFO] [stderr]    |
[INFO] [stderr]  1 + use std::pin;
[INFO] [stderr]    |
[INFO] [stderr] 
[INFO] [stderr] error[E0433]: cannot find `future` in `core`
[INFO] [stderr]   --> crates/core/src/ports.rs:42:1
[INFO] [stderr]    |
[INFO] [stderr] 42 | #[async_trait]
[INFO] [stderr]    | ^^^^^^^^^^^^^^ could not find `future` in `core`
[INFO] [stderr]    |
[INFO] [stderr]    = note: this error originates in the attribute macro `async_trait` (in Nightly builds, run with -Z macro-backtrace for more info)
[INFO] [stderr] help: consider importing this module
[INFO] [stderr]    |
[INFO] [stderr]  1 + use std::future;
[INFO] [stderr]    |
[INFO] [stderr] 
[INFO] [stderr] error[E0433]: cannot find `marker` in `core`
[INFO] [stderr]   --> crates/core/src/ports.rs:42:1
[INFO] [stderr]    |
[INFO] [stderr] 42 | #[async_trait]
[INFO] [stderr]    | ^^^^^^^^^^^^^^ could not find `marker` in `core`
[INFO] [stderr]    |
[INFO] [stderr]    = note: this error originates in the attribute macro `async_trait` (in Nightly builds, run with -Z macro-backtrace for more info)
[INFO] [stderr] help: consider importing this module
[INFO] [stderr]    |
[INFO] [stderr]  1 + use std::marker;
[INFO] [stderr]    |
[INFO] [stderr] 
[INFO] [stderr] error: aborting due to 9 previous errors
[INFO] [stderr] 
[INFO] [stderr] For more information about this error, try `rustc --explain E0433`.
[INFO] [stderr] error: doctest failed, to rerun pass `-p core --doc`
[INFO] [stderr] 
[INFO] [stderr] Caused by:
[INFO] [stderr]   process didn't exit successfully: `/opt/rustwide/rustup-home/toolchains/1.97.0-beta.6-x86_64-unknown-linux-gnu/bin/rustdoc --edition=2024 --crate-type lib --color auto --crate-name core --test crates/core/src/lib.rs --test-run-directory /opt/rustwide/workdir/crates/core --extern anyhow=/opt/rustwide/target/debug/deps/libanyhow-4342eda19ce54c8e.rlib --extern async_trait=/opt/rustwide/target/debug/deps/libasync_trait-9603af20c0b41487.so --extern chrono=/opt/rustwide/target/debug/deps/libchrono-33220f94f78fb848.rlib --extern core=/opt/rustwide/target/debug/deps/libcore-91b73537b8bbbf38.rlib --extern indexmap=/opt/rustwide/target/debug/deps/libindexmap-28b44e0f128415b5.rlib --extern serde=/opt/rustwide/target/debug/deps/libserde-0d4c9d04979c9bfa.rlib --extern tokio=/opt/rustwide/target/debug/deps/libtokio-b097b05ba8528277.rlib --extern uuid=/opt/rustwide/target/debug/deps/libuuid-249e5fe3939935ed.rlib -L dependency=/opt/rustwide/target/debug/deps -C embed-bitcode=no --check-cfg 'cfg(docsrs,test)' --check-cfg 'cfg(feature, values())' --cap-lints=warn --error-format human` (exit status: 1)
[INFO] [stderr] note: test exited abnormally; to see the full output pass --no-capture to the harness.
[INFO] running `Command { std: "docker" "inspect" "9fa5b28ce22d8a9d64b6abfe0505c7266e230fb9d821b39037093acb78a2f527", kill_on_drop: false }`
[INFO] running `Command { std: "docker" "rm" "-f" "9fa5b28ce22d8a9d64b6abfe0505c7266e230fb9d821b39037093acb78a2f527", kill_on_drop: false }`
[INFO] [stdout] 9fa5b28ce22d8a9d64b6abfe0505c7266e230fb9d821b39037093acb78a2f527
