[INFO] cloning repository https://github.com/gustavhammarin/nuget-scanner
[INFO] running `Command { std: "git" "-c" "credential.helper=" "-c" "credential.helper=/workspace/cargo-home/bin/git-credential-null" "clone" "--bare" "https://github.com/gustavhammarin/nuget-scanner" "/workspace/cache/git-repos/https%3A%2F%2Fgithub.com%2Fgustavhammarin%2Fnuget-scanner", kill_on_drop: false }`
[INFO] [stderr] Cloning into bare repository '/workspace/cache/git-repos/https%3A%2F%2Fgithub.com%2Fgustavhammarin%2Fnuget-scanner'...
[INFO] running `Command { std: "git" "rev-parse" "HEAD", kill_on_drop: false }`
[INFO] [stdout] dc47beabf8dff6ad4f71a7a04a6024a91717ded3
[INFO] testing gustavhammarin/nuget-scanner against 1.98.0-beta.1 for beta-1.98-2
[INFO] running `Command { std: "git" "clone" "/workspace/cache/git-repos/https%3A%2F%2Fgithub.com%2Fgustavhammarin%2Fnuget-scanner" "/workspace/builds/worker-3-tc2/source", kill_on_drop: false }`
[INFO] [stderr] Cloning into '/workspace/builds/worker-3-tc2/source'...
[INFO] [stderr] done.
[INFO] started tweaking git repo https://github.com/gustavhammarin/nuget-scanner
[INFO] finished tweaking git repo https://github.com/gustavhammarin/nuget-scanner
[INFO] tweaked toml for git repo https://github.com/gustavhammarin/nuget-scanner written to /workspace/builds/worker-3-tc2/source/Cargo.toml
[INFO] validating manifest of git repo https://github.com/gustavhammarin/nuget-scanner on toolchain 1.98.0-beta.1
[INFO] running `Command { std: CARGO_HOME="/workspace/cargo-home" RUSTUP_HOME="/workspace/rustup-home" "/workspace/cargo-home/bin/cargo" "+1.98.0-beta.1" "metadata" "--manifest-path" "Cargo.toml" "--no-deps", kill_on_drop: false }`
[INFO] crate git repo https://github.com/gustavhammarin/nuget-scanner already has a lockfile, it will not be regenerated
[INFO] running `Command { std: CARGO_HOME="/workspace/cargo-home" RUSTUP_HOME="/workspace/rustup-home" "/workspace/cargo-home/bin/cargo" "+1.98.0-beta.1" "fetch" "--manifest-path" "Cargo.toml", kill_on_drop: false }`
[INFO] [stderr]     Blocking waiting for file lock on package cache
[INFO] running `Command { std: "docker" "create" "-v" "/var/lib/crater-agent-workspace/builds/worker-3-tc2/source:/opt/rustwide/workdir:ro,Z" "-v" "/var/lib/crater-agent-workspace/builds/worker-3-tc2/target:/opt/rustwide/target:rw,Z" "-v" "/var/lib/crater-agent-workspace/cargo-home:/opt/rustwide/cargo-home:ro,Z" "-v" "/var/lib/crater-agent-workspace/rustup-home:/opt/rustwide/rustup-home:ro,Z" "-m" "1610612736" "--network" "none" "ghcr.io/rust-lang/crates-build-env/linux@sha256:3d5ced03c013a94a2f102a4510f48a6e9184255caf5fd8244f58017bde7f5210" "sleep" "infinity", kill_on_drop: false }`
[INFO] [stdout] bf22f0135e13895df865641cfb13a15613f08f6cf231623f5e6be6a402379aee
[INFO] running `Command { std: "docker" "start" "bf22f0135e13895df865641cfb13a15613f08f6cf231623f5e6be6a402379aee", kill_on_drop: false }`
[INFO] running `Command { std: "docker" "inspect" "bf22f0135e13895df865641cfb13a15613f08f6cf231623f5e6be6a402379aee", kill_on_drop: false }`
[INFO] running `Command { std: "docker" "exec" "-e" "SOURCE_DIR=/opt/rustwide/workdir" "-e" "CARGO_HOME=/opt/rustwide/cargo-home" "-e" "RUSTUP_HOME=/opt/rustwide/rustup-home" "-e" "CARGO_TARGET_DIR=/opt/rustwide/target" "-w" "/opt/rustwide/workdir" "--user" "0:0" "bf22f0135e13895df865641cfb13a15613f08f6cf231623f5e6be6a402379aee" "/opt/rustwide/cargo-home/bin/cargo" "+1.98.0-beta.1" "metadata" "--no-deps" "--format-version=1", kill_on_drop: false }`
[INFO] running `Command { std: "docker" "inspect" "bf22f0135e13895df865641cfb13a15613f08f6cf231623f5e6be6a402379aee", kill_on_drop: false }`
[INFO] running `Command { std: "docker" "exec" "-e" "SOURCE_DIR=/opt/rustwide/workdir" "-e" "CARGO_HOME=/opt/rustwide/cargo-home" "-e" "RUSTUP_HOME=/opt/rustwide/rustup-home" "-e" "CARGO_TARGET_DIR=/opt/rustwide/target" "-e" "CARGO_INCREMENTAL=0" "-e" "RUST_BACKTRACE=full" "-e" "RUSTFLAGS=--cap-lints=warn" "-e" "RUSTDOCFLAGS=--cap-lints=warn" "-w" "/opt/rustwide/workdir" "--user" "0:0" "bf22f0135e13895df865641cfb13a15613f08f6cf231623f5e6be6a402379aee" "/opt/rustwide/cargo-home/bin/cargo" "+1.98.0-beta.1" "build" "--frozen" "--message-format=json", kill_on_drop: false }`
[INFO] [stderr]    Compiling syn v2.0.117
[INFO] [stderr]    Compiling libc v0.2.184
[INFO] [stderr]    Compiling futures-sink v0.3.32
[INFO] [stderr]    Compiling slab v0.4.12
[INFO] [stderr]    Compiling aws-lc-rs v1.16.2
[INFO] [stderr]    Compiling http v1.4.0
[INFO] [stderr]    Compiling thiserror v2.0.18
[INFO] [stderr]    Compiling litemap v0.8.2
[INFO] [stderr]    Compiling writeable v0.6.3
[INFO] [stderr]    Compiling icu_properties_data v2.2.0
[INFO] [stderr]    Compiling icu_normalizer_data v2.2.0
[INFO] [stderr]    Compiling tracing-core v0.1.36
[INFO] [stderr]    Compiling itertools v0.14.0
[INFO] [stderr]    Compiling rustls v0.23.37
[INFO] [stderr]    Compiling compact_str v0.9.0
[INFO] [stderr]    Compiling indexmap v2.13.1
[INFO] [stderr]    Compiling lru v0.16.3
[INFO] [stderr]    Compiling convert_case v0.10.0
[INFO] [stderr]    Compiling futures-channel v0.3.32
[INFO] [stderr]    Compiling compression-core v0.4.31
[INFO] [stderr]    Compiling num-conv v0.2.1
[INFO] [stderr]    Compiling rustix v1.1.4
[INFO] [stderr]    Compiling line-clipping v0.3.7
[INFO] [stderr]    Compiling sync_wrapper v1.0.2
[INFO] [stderr]    Compiling openssl-probe v0.2.1
[INFO] [stderr]    Compiling ipnet v2.12.0
[INFO] [stderr]    Compiling compression-codecs v0.4.37
[INFO] [stderr]    Compiling iri-string v0.7.12
[INFO] [stderr]    Compiling encoding_rs v0.8.35
[INFO] [stderr]    Compiling cvss v2.2.0
[INFO] [stderr]    Compiling rustls-native-certs v0.8.3
[INFO] [stderr]    Compiling tracing v0.1.44
[INFO] [stderr]    Compiling http-body v1.0.1
[INFO] [stderr]    Compiling http-body-util v0.1.3
[INFO] [stderr]    Compiling errno v0.3.14
[INFO] [stderr]    Compiling mio v1.2.0
[INFO] [stderr]    Compiling parking_lot_core v0.9.12
[INFO] [stderr]    Compiling jobserver v0.1.34
[INFO] [stderr]    Compiling socket2 v0.6.3
[INFO] [stderr]    Compiling time v0.3.47
[INFO] [stderr]    Compiling signal-hook-registry v1.4.8
[INFO] [stderr]    Compiling parking_lot v0.12.5
[INFO] [stderr]    Compiling unicode-truncate v2.0.1
[INFO] [stderr]    Compiling cc v1.2.58
[INFO] [stderr]    Compiling signal-hook v0.3.18
[INFO] [stderr]    Compiling signal-hook-mio v0.2.5
[INFO] [stderr]    Compiling cmake v0.1.58
[INFO] [stderr]    Compiling aws-lc-sys v0.39.1
[INFO] [stderr]    Compiling synstructure v0.13.2
[INFO] [stderr]    Compiling darling_core v0.23.0
[INFO] [stderr]    Compiling zerofrom-derive v0.1.7
[INFO] [stderr]    Compiling yoke-derive v0.8.2
[INFO] [stderr]    Compiling zerovec-derive v0.11.3
[INFO] [stderr]    Compiling displaydoc v0.2.5
[INFO] [stderr]    Compiling tokio-macros v2.7.0
[INFO] [stderr]    Compiling futures-macro v0.3.32
[INFO] [stderr]    Compiling thiserror-impl v2.0.18
[INFO] [stderr]    Compiling strum_macros v0.27.2
[INFO] [stderr]    Compiling derive_more-impl v2.1.1
[INFO] [stderr]    Compiling serde_derive v1.0.228
[INFO] [stderr]    Compiling clap_derive v4.6.0
[INFO] [stderr]    Compiling async-recursion v1.1.1
[INFO] [stderr]    Compiling tokio v1.51.0
[INFO] [stderr]    Compiling futures-util v0.3.32
[INFO] [stderr]    Compiling derive_more v2.1.1
[INFO] [stderr]    Compiling crossterm v0.29.0
[INFO] [stderr]    Compiling zerofrom v0.1.7
[INFO] [stderr]    Compiling yoke v0.8.2
[INFO] [stderr]    Compiling zerovec v0.11.6
[INFO] [stderr]    Compiling zerotrie v0.2.4
[INFO] [stderr]    Compiling kasuari v0.4.12
[INFO] [stderr]    Compiling tinystr v0.8.3
[INFO] [stderr]    Compiling potential_utf v0.1.5
[INFO] [stderr]    Compiling darling_macro v0.23.0
[INFO] [stderr]    Compiling clap v4.6.0
[INFO] [stderr]    Compiling icu_locale_core v2.2.0
[INFO] [stderr]    Compiling icu_collections v2.2.0
[INFO] [stderr]    Compiling strum v0.27.2
[INFO] [stderr]    Compiling darling v0.23.0
[INFO] [stderr]    Compiling ratatui-core v0.1.0
[INFO] [stderr]    Compiling instability v0.3.12
[INFO] [stderr]    Compiling icu_provider v2.2.0
[INFO] [stderr]    Compiling icu_normalizer v2.2.0
[INFO] [stderr]    Compiling icu_properties v2.2.0
[INFO] [stderr]    Compiling serde v1.0.228
[INFO] [stderr]    Compiling ratatui-widgets v0.3.0
[INFO] [stderr]    Compiling ratatui-crossterm v0.1.0
[INFO] [stderr]    Compiling futures-executor v0.3.32
[INFO] [stderr]    Compiling futures v0.3.32
[INFO] [stderr]    Compiling tokio-util v0.7.18
[INFO] [stderr]    Compiling tower v0.5.3
[INFO] [stderr]    Compiling async-compression v0.4.41
[INFO] [stderr]    Compiling idna_adapter v1.2.1
[INFO] [stderr]    Compiling idna v1.1.0
[INFO] [stderr]    Compiling h2 v0.4.13
[INFO] [stderr]    Compiling ratatui-macros v0.7.0
[INFO] [stderr]    Compiling tower-http v0.6.8
[INFO] [stderr]    Compiling ratatui v0.30.0
[INFO] [stderr]    Compiling url v2.5.8
[INFO] [stderr]    Compiling hyper v1.9.0
[INFO] [stderr]    Compiling hyper-util v0.1.20
[INFO] [stderr]    Compiling rustls-webpki v0.103.10
[INFO] [stderr]    Compiling tokio-rustls v0.26.4
[INFO] [stderr]    Compiling rustls-platform-verifier v0.6.2
[INFO] [stderr]    Compiling hyper-rustls v0.27.7
[INFO] [stderr]    Compiling reqwest v0.13.2
[INFO] [stderr]    Compiling nuget-scanner v0.1.0 (/opt/rustwide/workdir)
[INFO] [stdout] warning: multiple fields are never read
[INFO] [stdout]   --> src/schemas.rs:51:9
[INFO] [stdout]    |
[INFO] [stdout] 50 | pub struct OsvVuln {
[INFO] [stdout]    |            ------- fields in this struct
[INFO] [stdout] 51 |     pub schema_version: Option<String>,
[INFO] [stdout]    |         ^^^^^^^^^^^^^^
[INFO] [stdout] 52 |     pub id: String,
[INFO] [stdout] 53 |     pub modified: Option<String>,
[INFO] [stdout]    |         ^^^^^^^^
[INFO] [stdout] 54 |     pub published: Option<String>,
[INFO] [stdout] 55 |     pub withdrawn: Option<String>,
[INFO] [stdout]    |         ^^^^^^^^^
[INFO] [stdout] 56 |     pub aliases: Option<Vec<String>>,
[INFO] [stdout] 57 |     pub upstream: Option<Vec<String>>,
[INFO] [stdout]    |         ^^^^^^^^
[INFO] [stdout] 58 |     pub related: Option<Vec<String>>,
[INFO] [stdout]    |         ^^^^^^^
[INFO] [stdout] 59 |     pub summary: Option<String>,
[INFO] [stdout] 60 |     pub details: Option<String>,
[INFO] [stdout]    |         ^^^^^^^
[INFO] [stdout] ...
[INFO] [stdout] 63 |     pub references: Option<Vec<OsvReference>>,
[INFO] [stdout]    |         ^^^^^^^^^^
[INFO] [stdout] 64 |     pub credits: Option<Vec<OsvCredit>>,
[INFO] [stdout]    |         ^^^^^^^
[INFO] [stdout] 65 |     pub database_specific: Option<serde_json::Value>,
[INFO] [stdout]    |         ^^^^^^^^^^^^^^^^^
[INFO] [stdout]    |
[INFO] [stdout]    = note: `OsvVuln` has derived impls for the traits `Clone` and `Debug`, but these are intentionally ignored during dead code analysis
[INFO] [stdout]    = note: `#[warn(dead_code)]` (part of `#[warn(unused)]`) on by default
[INFO] [stdout] 
[INFO] [stdout] 
[INFO] [stdout] warning: field `type` is never read
[INFO] [stdout]   --> src/schemas.rs:70:9
[INFO] [stdout]    |
[INFO] [stdout] 69 | pub struct OsvSeverity {
[INFO] [stdout]    |            ----------- field in this struct
[INFO] [stdout] 70 |     pub r#type: String,
[INFO] [stdout]    |         ^^^^^^
[INFO] [stdout]    |
[INFO] [stdout]    = note: `OsvSeverity` has derived impls for the traits `Clone` and `Debug`, but these are intentionally ignored during dead code analysis
[INFO] [stdout] 
[INFO] [stdout] 
[INFO] [stdout] warning: fields `severity`, `ranges`, `versions`, `ecosystem_specific`, and `database_specific` are never read
[INFO] [stdout]   --> src/schemas.rs:77:9
[INFO] [stdout]    |
[INFO] [stdout] 75 | pub struct OsvAffected {
[INFO] [stdout]    |            ----------- fields in this struct
[INFO] [stdout] 76 |     pub package: Option<OsvAffectedPackage>,
[INFO] [stdout] 77 |     pub severity: Option<Vec<OsvSeverity>>,
[INFO] [stdout]    |         ^^^^^^^^
[INFO] [stdout] 78 |     pub ranges: Option<Vec<OsvRange>>,
[INFO] [stdout]    |         ^^^^^^
[INFO] [stdout] 79 |     pub versions: Option<Vec<String>>,
[INFO] [stdout]    |         ^^^^^^^^
[INFO] [stdout] 80 |     pub ecosystem_specific: Option<serde_json::Value>,
[INFO] [stdout]    |         ^^^^^^^^^^^^^^^^^^
[INFO] [stdout] 81 |     pub database_specific: Option<serde_json::Value>,
[INFO] [stdout]    |         ^^^^^^^^^^^^^^^^^
[INFO] [stdout]    |
[INFO] [stdout]    = note: `OsvAffected` has derived impls for the traits `Clone` and `Debug`, but these are intentionally ignored during dead code analysis
[INFO] [stdout] 
[INFO] [stdout] 
[INFO] [stdout] warning: field `purl` is never read
[INFO] [stdout]   --> src/schemas.rs:88:9
[INFO] [stdout]    |
[INFO] [stdout] 85 | pub struct OsvAffectedPackage {
[INFO] [stdout]    |            ------------------ field in this struct
[INFO] [stdout] ...
[INFO] [stdout] 88 |     pub purl: Option<String>,
[INFO] [stdout]    |         ^^^^
[INFO] [stdout]    |
[INFO] [stdout]    = note: `OsvAffectedPackage` has derived impls for the traits `Clone` and `Debug`, but these are intentionally ignored during dead code analysis
[INFO] [stdout] 
[INFO] [stdout] 
[INFO] [stdout] warning: fields `type`, `repo`, `events`, and `database_specific` are never read
[INFO] [stdout]   --> src/schemas.rs:93:9
[INFO] [stdout]    |
[INFO] [stdout] 92 | pub struct OsvRange {
[INFO] [stdout]    |            -------- fields in this struct
[INFO] [stdout] 93 |     pub r#type: String,
[INFO] [stdout]    |         ^^^^^^
[INFO] [stdout] 94 |     pub repo: Option<String>,
[INFO] [stdout]    |         ^^^^
[INFO] [stdout] 95 |     pub events: Option<Vec<OsvEvent>>,
[INFO] [stdout]    |         ^^^^^^
[INFO] [stdout] 96 |     pub database_specific: Option<serde_json::Value>,
[INFO] [stdout]    |         ^^^^^^^^^^^^^^^^^
[INFO] [stdout]    |
[INFO] [stdout]    = note: `OsvRange` has derived impls for the traits `Clone` and `Debug`, but these are intentionally ignored during dead code analysis
[INFO] [stdout] 
[INFO] [stdout] 
[INFO] [stdout] warning: fields `introduced`, `fixed`, `last_affected`, and `limit` are never read
[INFO] [stdout]    --> src/schemas.rs:101:9
[INFO] [stdout]     |
[INFO] [stdout] 100 | pub struct OsvEvent {
[INFO] [stdout]     |            -------- fields in this struct
[INFO] [stdout] 101 |     pub introduced: Option<String>,
[INFO] [stdout]     |         ^^^^^^^^^^
[INFO] [stdout] 102 |     pub fixed: Option<String>,
[INFO] [stdout]     |         ^^^^^
[INFO] [stdout] 103 |     pub last_affected: Option<String>,
[INFO] [stdout]     |         ^^^^^^^^^^^^^
[INFO] [stdout] 104 |     pub limit: Option<String>,
[INFO] [stdout]     |         ^^^^^
[INFO] [stdout]     |
[INFO] [stdout]     = note: `OsvEvent` has derived impls for the traits `Clone` and `Debug`, but these are intentionally ignored during dead code analysis
[INFO] [stdout] 
[INFO] [stdout] 
[INFO] [stdout] warning: fields `type` and `url` are never read
[INFO] [stdout]    --> src/schemas.rs:109:9
[INFO] [stdout]     |
[INFO] [stdout] 108 | pub struct OsvReference {
[INFO] [stdout]     |            ------------ fields in this struct
[INFO] [stdout] 109 |     pub r#type: String,
[INFO] [stdout]     |         ^^^^^^
[INFO] [stdout] 110 |     pub url: String,
[INFO] [stdout]     |         ^^^
[INFO] [stdout]     |
[INFO] [stdout]     = note: `OsvReference` has derived impls for the traits `Clone` and `Debug`, but these are intentionally ignored during dead code analysis
[INFO] [stdout] 
[INFO] [stdout] 
[INFO] [stdout] warning: fields `name`, `contact`, and `type` are never read
[INFO] [stdout]    --> src/schemas.rs:115:9
[INFO] [stdout]     |
[INFO] [stdout] 114 | pub struct OsvCredit {
[INFO] [stdout]     |            --------- fields in this struct
[INFO] [stdout] 115 |     pub name: String,
[INFO] [stdout]     |         ^^^^
[INFO] [stdout] 116 |     pub contact: Option<Vec<String>>,
[INFO] [stdout]     |         ^^^^^^^
[INFO] [stdout] 117 |     pub r#type: Option<String>,
[INFO] [stdout]     |         ^^^^^^
[INFO] [stdout]     |
[INFO] [stdout]     = note: `OsvCredit` has derived impls for the traits `Clone` and `Debug`, but these are intentionally ignored during dead code analysis
[INFO] [stdout] 
[INFO] [stdout] 
[INFO] [stderr]     Finished `dev` profile [unoptimized + debuginfo] target(s) in 1m 26s
[INFO] running `Command { std: "docker" "inspect" "bf22f0135e13895df865641cfb13a15613f08f6cf231623f5e6be6a402379aee", kill_on_drop: false }`
[INFO] running `Command { std: "docker" "exec" "-e" "SOURCE_DIR=/opt/rustwide/workdir" "-e" "CARGO_HOME=/opt/rustwide/cargo-home" "-e" "RUSTUP_HOME=/opt/rustwide/rustup-home" "-e" "CARGO_TARGET_DIR=/opt/rustwide/target" "-e" "CARGO_INCREMENTAL=0" "-e" "RUST_BACKTRACE=full" "-e" "RUSTFLAGS=--cap-lints=warn" "-e" "RUSTDOCFLAGS=--cap-lints=warn" "-w" "/opt/rustwide/workdir" "--user" "0:0" "bf22f0135e13895df865641cfb13a15613f08f6cf231623f5e6be6a402379aee" "/opt/rustwide/cargo-home/bin/cargo" "+1.98.0-beta.1" "test" "--frozen" "--no-run" "--message-format=json", kill_on_drop: false }`
[INFO] [stderr]    Compiling nuget-scanner v0.1.0 (/opt/rustwide/workdir)
[INFO] [stdout] warning: multiple fields are never read
[INFO] [stdout]   --> src/schemas.rs:51:9
[INFO] [stdout]    |
[INFO] [stdout] 50 | pub struct OsvVuln {
[INFO] [stdout]    |            ------- fields in this struct
[INFO] [stdout] 51 |     pub schema_version: Option<String>,
[INFO] [stdout]    |         ^^^^^^^^^^^^^^
[INFO] [stdout] 52 |     pub id: String,
[INFO] [stdout] 53 |     pub modified: Option<String>,
[INFO] [stdout]    |         ^^^^^^^^
[INFO] [stdout] 54 |     pub published: Option<String>,
[INFO] [stdout] 55 |     pub withdrawn: Option<String>,
[INFO] [stdout]    |         ^^^^^^^^^
[INFO] [stdout] 56 |     pub aliases: Option<Vec<String>>,
[INFO] [stdout] 57 |     pub upstream: Option<Vec<String>>,
[INFO] [stdout]    |         ^^^^^^^^
[INFO] [stdout] 58 |     pub related: Option<Vec<String>>,
[INFO] [stdout]    |         ^^^^^^^
[INFO] [stdout] 59 |     pub summary: Option<String>,
[INFO] [stdout] 60 |     pub details: Option<String>,
[INFO] [stdout]    |         ^^^^^^^
[INFO] [stdout] ...
[INFO] [stdout] 63 |     pub references: Option<Vec<OsvReference>>,
[INFO] [stdout]    |         ^^^^^^^^^^
[INFO] [stdout] 64 |     pub credits: Option<Vec<OsvCredit>>,
[INFO] [stdout]    |         ^^^^^^^
[INFO] [stdout] 65 |     pub database_specific: Option<serde_json::Value>,
[INFO] [stdout]    |         ^^^^^^^^^^^^^^^^^
[INFO] [stdout]    |
[INFO] [stdout]    = note: `OsvVuln` has derived impls for the traits `Clone` and `Debug`, but these are intentionally ignored during dead code analysis
[INFO] [stdout]    = note: `#[warn(dead_code)]` (part of `#[warn(unused)]`) on by default
[INFO] [stdout] 
[INFO] [stdout] 
[INFO] [stdout] warning: field `type` is never read
[INFO] [stdout]   --> src/schemas.rs:70:9
[INFO] [stdout]    |
[INFO] [stdout] 69 | pub struct OsvSeverity {
[INFO] [stdout]    |            ----------- field in this struct
[INFO] [stdout] 70 |     pub r#type: String,
[INFO] [stdout]    |         ^^^^^^
[INFO] [stdout]    |
[INFO] [stdout]    = note: `OsvSeverity` has derived impls for the traits `Clone` and `Debug`, but these are intentionally ignored during dead code analysis
[INFO] [stdout] 
[INFO] [stdout] 
[INFO] [stdout] warning: fields `severity`, `ranges`, `versions`, `ecosystem_specific`, and `database_specific` are never read
[INFO] [stdout]   --> src/schemas.rs:77:9
[INFO] [stdout]    |
[INFO] [stdout] 75 | pub struct OsvAffected {
[INFO] [stdout]    |            ----------- fields in this struct
[INFO] [stdout] 76 |     pub package: Option<OsvAffectedPackage>,
[INFO] [stdout] 77 |     pub severity: Option<Vec<OsvSeverity>>,
[INFO] [stdout]    |         ^^^^^^^^
[INFO] [stdout] 78 |     pub ranges: Option<Vec<OsvRange>>,
[INFO] [stdout]    |         ^^^^^^
[INFO] [stdout] 79 |     pub versions: Option<Vec<String>>,
[INFO] [stdout]    |         ^^^^^^^^
[INFO] [stdout] 80 |     pub ecosystem_specific: Option<serde_json::Value>,
[INFO] [stdout]    |         ^^^^^^^^^^^^^^^^^^
[INFO] [stdout] 81 |     pub database_specific: Option<serde_json::Value>,
[INFO] [stdout]    |         ^^^^^^^^^^^^^^^^^
[INFO] [stdout]    |
[INFO] [stdout]    = note: `OsvAffected` has derived impls for the traits `Clone` and `Debug`, but these are intentionally ignored during dead code analysis
[INFO] [stdout] 
[INFO] [stdout] 
[INFO] [stdout] warning: field `purl` is never read
[INFO] [stdout]   --> src/schemas.rs:88:9
[INFO] [stdout]    |
[INFO] [stdout] 85 | pub struct OsvAffectedPackage {
[INFO] [stdout]    |            ------------------ field in this struct
[INFO] [stdout] ...
[INFO] [stdout] 88 |     pub purl: Option<String>,
[INFO] [stdout]    |         ^^^^
[INFO] [stdout]    |
[INFO] [stdout]    = note: `OsvAffectedPackage` has derived impls for the traits `Clone` and `Debug`, but these are intentionally ignored during dead code analysis
[INFO] [stdout] 
[INFO] [stdout] 
[INFO] [stdout] warning: fields `type`, `repo`, `events`, and `database_specific` are never read
[INFO] [stdout]   --> src/schemas.rs:93:9
[INFO] [stdout]    |
[INFO] [stdout] 92 | pub struct OsvRange {
[INFO] [stdout]    |            -------- fields in this struct
[INFO] [stdout] 93 |     pub r#type: String,
[INFO] [stdout]    |         ^^^^^^
[INFO] [stdout] 94 |     pub repo: Option<String>,
[INFO] [stdout]    |         ^^^^
[INFO] [stdout] 95 |     pub events: Option<Vec<OsvEvent>>,
[INFO] [stdout]    |         ^^^^^^
[INFO] [stdout] 96 |     pub database_specific: Option<serde_json::Value>,
[INFO] [stdout]    |         ^^^^^^^^^^^^^^^^^
[INFO] [stdout]    |
[INFO] [stdout]    = note: `OsvRange` has derived impls for the traits `Clone` and `Debug`, but these are intentionally ignored during dead code analysis
[INFO] [stdout] 
[INFO] [stdout] 
[INFO] [stdout] warning: fields `introduced`, `fixed`, `last_affected`, and `limit` are never read
[INFO] [stdout]    --> src/schemas.rs:101:9
[INFO] [stdout]     |
[INFO] [stdout] 100 | pub struct OsvEvent {
[INFO] [stdout]     |            -------- fields in this struct
[INFO] [stdout] 101 |     pub introduced: Option<String>,
[INFO] [stdout]     |         ^^^^^^^^^^
[INFO] [stdout] 102 |     pub fixed: Option<String>,
[INFO] [stdout]     |         ^^^^^
[INFO] [stdout] 103 |     pub last_affected: Option<String>,
[INFO] [stdout]     |         ^^^^^^^^^^^^^
[INFO] [stdout] 104 |     pub limit: Option<String>,
[INFO] [stdout]     |         ^^^^^
[INFO] [stdout]     |
[INFO] [stdout]     = note: `OsvEvent` has derived impls for the traits `Clone` and `Debug`, but these are intentionally ignored during dead code analysis
[INFO] [stdout] 
[INFO] [stdout] 
[INFO] [stdout] warning: fields `type` and `url` are never read
[INFO] [stdout]    --> src/schemas.rs:109:9
[INFO] [stdout]     |
[INFO] [stdout] 108 | pub struct OsvReference {
[INFO] [stdout]     |            ------------ fields in this struct
[INFO] [stdout] 109 |     pub r#type: String,
[INFO] [stdout]     |         ^^^^^^
[INFO] [stdout] 110 |     pub url: String,
[INFO] [stdout]     |         ^^^
[INFO] [stdout]     |
[INFO] [stdout]     = note: `OsvReference` has derived impls for the traits `Clone` and `Debug`, but these are intentionally ignored during dead code analysis
[INFO] [stdout] 
[INFO] [stdout] 
[INFO] [stdout] warning: fields `name`, `contact`, and `type` are never read
[INFO] [stdout]    --> src/schemas.rs:115:9
[INFO] [stdout]     |
[INFO] [stdout] 114 | pub struct OsvCredit {
[INFO] [stdout]     |            --------- fields in this struct
[INFO] [stdout] 115 |     pub name: String,
[INFO] [stdout]     |         ^^^^
[INFO] [stdout] 116 |     pub contact: Option<Vec<String>>,
[INFO] [stdout]     |         ^^^^^^^
[INFO] [stdout] 117 |     pub r#type: Option<String>,
[INFO] [stdout]     |         ^^^^^^
[INFO] [stdout]     |
[INFO] [stdout]     = note: `OsvCredit` has derived impls for the traits `Clone` and `Debug`, but these are intentionally ignored during dead code analysis
[INFO] [stdout] 
[INFO] [stdout] 
[INFO] [stderr]     Finished `test` profile [unoptimized + debuginfo] target(s) in 3.02s
[INFO] running `Command { std: "docker" "inspect" "bf22f0135e13895df865641cfb13a15613f08f6cf231623f5e6be6a402379aee", kill_on_drop: false }`
[INFO] running `Command { std: "docker" "exec" "-e" "SOURCE_DIR=/opt/rustwide/workdir" "-e" "CARGO_HOME=/opt/rustwide/cargo-home" "-e" "RUSTUP_HOME=/opt/rustwide/rustup-home" "-e" "CARGO_TARGET_DIR=/opt/rustwide/target" "-e" "CARGO_INCREMENTAL=0" "-e" "RUST_BACKTRACE=full" "-e" "RUSTFLAGS=--cap-lints=warn" "-e" "RUSTDOCFLAGS=--cap-lints=warn" "-w" "/opt/rustwide/workdir" "--user" "0:0" "bf22f0135e13895df865641cfb13a15613f08f6cf231623f5e6be6a402379aee" "/opt/rustwide/cargo-home/bin/cargo" "+1.98.0-beta.1" "test" "--frozen", kill_on_drop: false }`
[INFO] [stderr] warning: multiple fields are never read
[INFO] [stderr]   --> src/schemas.rs:51:9
[INFO] [stderr]    |
[INFO] [stderr] 50 | pub struct OsvVuln {
[INFO] [stderr]    |            ------- fields in this struct
[INFO] [stderr] 51 |     pub schema_version: Option<String>,
[INFO] [stderr]    |         ^^^^^^^^^^^^^^
[INFO] [stderr] 52 |     pub id: String,
[INFO] [stderr] 53 |     pub modified: Option<String>,
[INFO] [stderr]    |         ^^^^^^^^
[INFO] [stderr] 54 |     pub published: Option<String>,
[INFO] [stderr] 55 |     pub withdrawn: Option<String>,
[INFO] [stderr]    |         ^^^^^^^^^
[INFO] [stderr] 56 |     pub aliases: Option<Vec<String>>,
[INFO] [stderr] 57 |     pub upstream: Option<Vec<String>>,
[INFO] [stderr]    |         ^^^^^^^^
[INFO] [stderr] 58 |     pub related: Option<Vec<String>>,
[INFO] [stderr]    |         ^^^^^^^
[INFO] [stderr] 59 |     pub summary: Option<String>,
[INFO] [stderr] 60 |     pub details: Option<String>,
[INFO] [stderr]    |         ^^^^^^^
[INFO] [stderr] ...
[INFO] [stderr] 63 |     pub references: Option<Vec<OsvReference>>,
[INFO] [stderr]    |         ^^^^^^^^^^
[INFO] [stderr] 64 |     pub credits: Option<Vec<OsvCredit>>,
[INFO] [stderr]    |         ^^^^^^^
[INFO] [stderr] 65 |     pub database_specific: Option<serde_json::Value>,
[INFO] [stderr]    |         ^^^^^^^^^^^^^^^^^
[INFO] [stderr]    |
[INFO] [stderr]    = note: `OsvVuln` has derived impls for the traits `Clone` and `Debug`, but these are intentionally ignored during dead code analysis
[INFO] [stderr]    = note: `#[warn(dead_code)]` (part of `#[warn(unused)]`) on by default
[INFO] [stderr] 
[INFO] [stderr] warning: field `type` is never read
[INFO] [stderr]   --> src/schemas.rs:70:9
[INFO] [stderr]    |
[INFO] [stderr] 69 | pub struct OsvSeverity {
[INFO] [stderr]    |            ----------- field in this struct
[INFO] [stderr] 70 |     pub r#type: String,
[INFO] [stderr]    |         ^^^^^^
[INFO] [stderr]    |
[INFO] [stderr]    = note: `OsvSeverity` has derived impls for the traits `Clone` and `Debug`, but these are intentionally ignored during dead code analysis
[INFO] [stderr] 
[INFO] [stderr] warning: fields `severity`, `ranges`, `versions`, `ecosystem_specific`, and `database_specific` are never read
[INFO] [stderr]   --> src/schemas.rs:77:9
[INFO] [stderr]    |
[INFO] [stderr] 75 | pub struct OsvAffected {
[INFO] [stderr]    |            ----------- fields in this struct
[INFO] [stderr] 76 |     pub package: Option<OsvAffectedPackage>,
[INFO] [stderr] 77 |     pub severity: Option<Vec<OsvSeverity>>,
[INFO] [stderr]    |         ^^^^^^^^
[INFO] [stderr] 78 |     pub ranges: Option<Vec<OsvRange>>,
[INFO] [stderr]    |         ^^^^^^
[INFO] [stderr] 79 |     pub versions: Option<Vec<String>>,
[INFO] [stderr]    |         ^^^^^^^^
[INFO] [stderr] 80 |     pub ecosystem_specific: Option<serde_json::Value>,
[INFO] [stderr]    |         ^^^^^^^^^^^^^^^^^^
[INFO] [stderr] 81 |     pub database_specific: Option<serde_json::Value>,
[INFO] [stderr]    |         ^^^^^^^^^^^^^^^^^
[INFO] [stderr]    |
[INFO] [stderr]    = note: `OsvAffected` has derived impls for the traits `Clone` and `Debug`, but these are intentionally ignored during dead code analysis
[INFO] [stderr] 
[INFO] [stderr] warning: field `purl` is never read
[INFO] [stderr]   --> src/schemas.rs:88:9
[INFO] [stderr]    |
[INFO] [stderr] 85 | pub struct OsvAffectedPackage {
[INFO] [stderr]    |            ------------------ field in this struct
[INFO] [stderr] ...
[INFO] [stderr] 88 |     pub purl: Option<String>,
[INFO] [stderr]    |         ^^^^
[INFO] [stderr]    |
[INFO] [stderr]    = note: `OsvAffectedPackage` has derived impls for the traits `Clone` and `Debug`, but these are intentionally ignored during dead code analysis
[INFO] [stderr] 
[INFO] [stderr] warning: fields `type`, `repo`, `events`, and `database_specific` are never read
[INFO] [stderr]   --> src/schemas.rs:93:9
[INFO] [stderr]    |
[INFO] [stderr] 92 | pub struct OsvRange {
[INFO] [stderr]    |            -------- fields in this struct
[INFO] [stderr] 93 |     pub r#type: String,
[INFO] [stderr]    |         ^^^^^^
[INFO] [stderr] 94 |     pub repo: Option<String>,
[INFO] [stderr]    |         ^^^^
[INFO] [stderr] 95 |     pub events: Option<Vec<OsvEvent>>,
[INFO] [stderr]    |         ^^^^^^
[INFO] [stderr] 96 |     pub database_specific: Option<serde_json::Value>,
[INFO] [stderr]    |         ^^^^^^^^^^^^^^^^^
[INFO] [stderr]    |
[INFO] [stderr]    = note: `OsvRange` has derived impls for the traits `Clone` and `Debug`, but these are intentionally ignored during dead code analysis
[INFO] [stderr] 
[INFO] [stderr] warning: fields `introduced`, `fixed`, `last_affected`, and `limit` are never read
[INFO] [stderr]    --> src/schemas.rs:101:9
[INFO] [stderr]     |
[INFO] [stderr] 100 | pub struct OsvEvent {
[INFO] [stderr]     |            -------- fields in this struct
[INFO] [stderr] 101 |     pub introduced: Option<String>,
[INFO] [stderr]     |         ^^^^^^^^^^
[INFO] [stderr] 102 |     pub fixed: Option<String>,
[INFO] [stderr]     |         ^^^^^
[INFO] [stderr] 103 |     pub last_affected: Option<String>,
[INFO] [stderr]     |         ^^^^^^^^^^^^^
[INFO] [stderr] 104 |     pub limit: Option<String>,
[INFO] [stderr]     |         ^^^^^
[INFO] [stderr]     |
[INFO] [stderr]     = note: `OsvEvent` has derived impls for the traits `Clone` and `Debug`, but these are intentionally ignored during dead code analysis
[INFO] [stderr] 
[INFO] [stderr] warning: fields `type` and `url` are never read
[INFO] [stderr]    --> src/schemas.rs:109:9
[INFO] [stderr]     |
[INFO] [stderr] 108 | pub struct OsvReference {
[INFO] [stderr]     |            ------------ fields in this struct
[INFO] [stderr] 109 |     pub r#type: String,
[INFO] [stderr]     |         ^^^^^^
[INFO] [stderr] 110 |     pub url: String,
[INFO] [stderr]     |         ^^^
[INFO] [stderr]     |
[INFO] [stderr]     = note: `OsvReference` has derived impls for the traits `Clone` and `Debug`, but these are intentionally ignored during dead code analysis
[INFO] [stderr] 
[INFO] [stderr] warning: fields `name`, `contact`, and `type` are never read
[INFO] [stderr]    --> src/schemas.rs:115:9
[INFO] [stderr]     |
[INFO] [stderr] 114 | pub struct OsvCredit {
[INFO] [stderr]     |            --------- fields in this struct
[INFO] [stderr] 115 |     pub name: String,
[INFO] [stderr]     |         ^^^^
[INFO] [stderr] 116 |     pub contact: Option<Vec<String>>,
[INFO] [stderr]     |         ^^^^^^^
[INFO] [stderr] 117 |     pub r#type: Option<String>,
[INFO] [stderr]     |         ^^^^^^
[INFO] [stderr]     |
[INFO] [stderr]     = note: `OsvCredit` has derived impls for the traits `Clone` and `Debug`, but these are intentionally ignored during dead code analysis
[INFO] [stderr] 
[INFO] [stderr] warning: `nuget-scanner` (bin "nuget-scanner" test) generated 8 warnings
[INFO] [stderr]     Finished `test` profile [unoptimized + debuginfo] target(s) in 0.34s
[INFO] [stderr]      Running unittests src/main.rs (/opt/rustwide/target/debug/deps/nuget_scanner-3f43f0c5370b7ad4)
[INFO] [stdout] 
[INFO] [stdout] running 2 tests
[INFO] [stdout] test helpers::test_extract_version_from_range ... ok
[INFO] [stdout] test fetchers::test_fetch_catalog_entry ... FAILED
[INFO] [stdout] 
[INFO] [stdout] failures:
[INFO] [stdout] 
[INFO] [stdout] ---- fetchers::test_fetch_catalog_entry stdout ----
[INFO] [stdout] 
[INFO] [stdout] thread 'fetchers::test_fetch_catalog_entry' (2909) panicked at src/fetchers.rs:73:10:
[INFO] [stdout] called `Result::unwrap()` on an `Err` value: reqwest::Error { kind: Request, url: "https://api.nuget.org/v3/registration5-gz-semver2/npgsql/10.0.0.json", source: hyper_util::client::legacy::Error(Connect, ConnectError("dns error", Custom { kind: Uncategorized, error: "failed to lookup address information: Temporary failure in name resolution" })) }
[INFO] [stdout] stack backtrace:
[INFO] [stdout]    0:     0x5c62a78cbeb1 - std[73adb7dc35730857]::backtrace_rs::backtrace::libunwind::trace
[INFO] [stdout]                                at /rustc/6b3fa26749ab40e159b2dd5cf577acaaf5902772/library/std/src/../../backtrace/src/backtrace/libunwind.rs:117:9
[INFO] [stdout]    1:     0x5c62a78cbeb1 - std[73adb7dc35730857]::backtrace_rs::backtrace::trace_unsynchronized::<std[73adb7dc35730857]::sys::backtrace::_print_fmt::{closure#1}>
[INFO] [stdout]                                at /rustc/6b3fa26749ab40e159b2dd5cf577acaaf5902772/library/std/src/../../backtrace/src/backtrace/mod.rs:66:14
[INFO] [stdout]    2:     0x5c62a78cbeb1 - std[73adb7dc35730857]::sys::backtrace::_print_fmt
[INFO] [stdout]                                at /rustc/6b3fa26749ab40e159b2dd5cf577acaaf5902772/library/std/src/sys/backtrace.rs:74:9
[INFO] [stdout]    3:     0x5c62a78cbeb1 - <<std[73adb7dc35730857]::sys::backtrace::BacktraceLock>::print::DisplayBacktrace as core[6883ba1bc0fe4ed1]::fmt::Display>::fmt
[INFO] [stdout]                                at /rustc/6b3fa26749ab40e159b2dd5cf577acaaf5902772/library/std/src/sys/backtrace.rs:44:26
[INFO] [stdout]    4:     0x5c62a78e20ca - <core[6883ba1bc0fe4ed1]::fmt::rt::Argument>::fmt
[INFO] [stdout]                                at /rustc/6b3fa26749ab40e159b2dd5cf577acaaf5902772/library/core/src/fmt/rt.rs:152:76
[INFO] [stdout]    5:     0x5c62a78e20ca - core[6883ba1bc0fe4ed1]::fmt::write
[INFO] [stdout]    6:     0x5c62a78d0e2c - std[73adb7dc35730857]::io::default_write_fmt::<alloc[55a36b64bcbf2c0d]::vec::Vec<u8>>
[INFO] [stdout]                                at /rustc/6b3fa26749ab40e159b2dd5cf577acaaf5902772/library/std/src/io/mod.rs:626:11
[INFO] [stdout]    7:     0x5c62a78d0e2c - <alloc[55a36b64bcbf2c0d]::vec::Vec<u8> as std[73adb7dc35730857]::io::Write>::write_fmt
[INFO] [stdout]                                at /rustc/6b3fa26749ab40e159b2dd5cf577acaaf5902772/library/std/src/io/mod.rs:1730:13
[INFO] [stdout]    8:     0x5c62a78a8e46 - <std[73adb7dc35730857]::sys::backtrace::BacktraceLock>::print
[INFO] [stdout]                                at /rustc/6b3fa26749ab40e159b2dd5cf577acaaf5902772/library/std/src/sys/backtrace.rs:47:9
[INFO] [stdout]    9:     0x5c62a78a8e46 - std[73adb7dc35730857]::panicking::default_hook::{closure#0}
[INFO] [stdout]                                at /rustc/6b3fa26749ab40e159b2dd5cf577acaaf5902772/library/std/src/panicking.rs:292:27
[INFO] [stdout]   10:     0x5c62a78c3669 - std[73adb7dc35730857]::panicking::default_hook
[INFO] [stdout]                                at /rustc/6b3fa26749ab40e159b2dd5cf577acaaf5902772/library/std/src/panicking.rs:316:9
[INFO] [stdout]   11:     0x5c62a781c640 - <alloc[55a36b64bcbf2c0d]::boxed::Box<dyn for<'a, 'b> core[6883ba1bc0fe4ed1]::ops::function::Fn<(&'a std[73adb7dc35730857]::panic::PanicHookInfo<'b>,), Output = ()> + core[6883ba1bc0fe4ed1]::marker::Send + core[6883ba1bc0fe4ed1]::marker::Sync> as core[6883ba1bc0fe4ed1]::ops::function::Fn<(&std[73adb7dc35730857]::panic::PanicHookInfo,)>>::call
[INFO] [stdout]                                at /rustc/6b3fa26749ab40e159b2dd5cf577acaaf5902772/library/alloc/src/boxed.rs:2333:9
[INFO] [stdout]   12:     0x5c62a781c640 - test[980ffaebd391d06d]::test_main_inner::<test[980ffaebd391d06d]::test_main_static::{closure#0}>::{closure#0}
[INFO] [stdout]                                at /rustc/6b3fa26749ab40e159b2dd5cf577acaaf5902772/library/test/src/lib.rs:155:21
[INFO] [stdout]   13:     0x5c62a78c3992 - <alloc[55a36b64bcbf2c0d]::boxed::Box<dyn for<'a, 'b> core[6883ba1bc0fe4ed1]::ops::function::Fn<(&'a std[73adb7dc35730857]::panic::PanicHookInfo<'b>,), Output = ()> + core[6883ba1bc0fe4ed1]::marker::Send + core[6883ba1bc0fe4ed1]::marker::Sync> as core[6883ba1bc0fe4ed1]::ops::function::Fn<(&std[73adb7dc35730857]::panic::PanicHookInfo,)>>::call
[INFO] [stdout]                                at /rustc/6b3fa26749ab40e159b2dd5cf577acaaf5902772/library/alloc/src/boxed.rs:2333:9
[INFO] [stdout]   14:     0x5c62a78c3992 - std[73adb7dc35730857]::panicking::panic_with_hook
[INFO] [stdout]                                at /rustc/6b3fa26749ab40e159b2dd5cf577acaaf5902772/library/std/src/panicking.rs:823:13
[INFO] [stdout]   15:     0x5c62a78a8ef2 - std[73adb7dc35730857]::panicking::panic_handler::{closure#0}
[INFO] [stdout]                                at /rustc/6b3fa26749ab40e159b2dd5cf577acaaf5902772/library/std/src/panicking.rs:688:13
[INFO] [stdout]   16:     0x5c62a78a06d9 - std[73adb7dc35730857]::sys::backtrace::__rust_end_short_backtrace::<std[73adb7dc35730857]::panicking::panic_handler::{closure#0}, !>
[INFO] [stdout]                                at /rustc/6b3fa26749ab40e159b2dd5cf577acaaf5902772/library/std/src/sys/backtrace.rs:182:18
[INFO] [stdout]   17:     0x5c62a78a9cdd - __rustc[a7b7b02e776dd976]::rust_begin_unwind
[INFO] [stdout]                                at /rustc/6b3fa26749ab40e159b2dd5cf577acaaf5902772/library/std/src/panicking.rs:679:5
[INFO] [stdout]   18:     0x5c62a78e28cc - core[6883ba1bc0fe4ed1]::panicking::panic_fmt
[INFO] [stdout]                                at /rustc/6b3fa26749ab40e159b2dd5cf577acaaf5902772/library/core/src/panicking.rs:80:14
[INFO] [stdout]   19:     0x5c62a78e2642 - core[6883ba1bc0fe4ed1]::result::unwrap_failed
[INFO] [stdout]                                at /rustc/6b3fa26749ab40e159b2dd5cf577acaaf5902772/library/core/src/result.rs:1870:5
[INFO] [stdout]   20:     0x5c62a70b2f6b - <core[6883ba1bc0fe4ed1]::result::Result<alloc[55a36b64bcbf2c0d]::string::String, alloc[55a36b64bcbf2c0d]::boxed::Box<dyn core[6883ba1bc0fe4ed1]::error::Error>>>::unwrap
[INFO] [stdout]                                at /rustc/6b3fa26749ab40e159b2dd5cf577acaaf5902772/library/core/src/result.rs:1231:23
[INFO] [stdout]   21:     0x5c62a70b2f6b - nuget_scanner[4f429bb2d12dd5c8]::fetchers::test_fetch_catalog_entry::{closure#0}
[INFO] [stdout]                                at /opt/rustwide/workdir/src/fetchers.rs:73:10
[INFO] [stdout]   22:     0x5c62a70b8032 - <core[6883ba1bc0fe4ed1]::pin::Pin<&mut dyn core[6883ba1bc0fe4ed1]::future::future::Future<Output = ()>> as core[6883ba1bc0fe4ed1]::future::future::Future>::poll
[INFO] [stdout]                                at /rustc/6b3fa26749ab40e159b2dd5cf577acaaf5902772/library/core/src/future/future.rs:133:9
[INFO] [stdout]   23:     0x5c62a70b80ad - <core[6883ba1bc0fe4ed1]::pin::Pin<&mut core[6883ba1bc0fe4ed1]::pin::Pin<&mut dyn core[6883ba1bc0fe4ed1]::future::future::Future<Output = ()>>> as core[6883ba1bc0fe4ed1]::future::future::Future>::poll
[INFO] [stdout]                                at /rustc/6b3fa26749ab40e159b2dd5cf577acaaf5902772/library/core/src/future/future.rs:133:9
[INFO] [stdout]   24:     0x5c62a70c579d - <tokio[f5accb0a61cb5a6e]::runtime::scheduler::current_thread::CoreGuard>::block_on::<core[6883ba1bc0fe4ed1]::pin::Pin<&mut core[6883ba1bc0fe4ed1]::pin::Pin<&mut dyn core[6883ba1bc0fe4ed1]::future::future::Future<Output = ()>>>>::{closure#0}::{closure#0}::{closure#0}
[INFO] [stdout]                                at /opt/rustwide/cargo-home/registry/src/index.crates.io-1949cf8c6b5b557f/tokio-1.51.0/src/runtime/scheduler/current_thread/mod.rs:778:70
[INFO] [stdout]   25:     0x5c62a70c569b - tokio[f5accb0a61cb5a6e]::task::coop::with_budget::<core[6883ba1bc0fe4ed1]::task::poll::Poll<()>, <tokio[f5accb0a61cb5a6e]::runtime::scheduler::current_thread::CoreGuard>::block_on<core[6883ba1bc0fe4ed1]::pin::Pin<&mut core[6883ba1bc0fe4ed1]::pin::Pin<&mut dyn core[6883ba1bc0fe4ed1]::future::future::Future<Output = ()>>>>::{closure#0}::{closure#0}::{closure#0}>
[INFO] [stdout]                                at /opt/rustwide/cargo-home/registry/src/index.crates.io-1949cf8c6b5b557f/tokio-1.51.0/src/task/coop/mod.rs:167:5
[INFO] [stdout]   26:     0x5c62a70c569b - tokio[f5accb0a61cb5a6e]::task::coop::budget::<core[6883ba1bc0fe4ed1]::task::poll::Poll<()>, <tokio[f5accb0a61cb5a6e]::runtime::scheduler::current_thread::CoreGuard>::block_on<core[6883ba1bc0fe4ed1]::pin::Pin<&mut core[6883ba1bc0fe4ed1]::pin::Pin<&mut dyn core[6883ba1bc0fe4ed1]::future::future::Future<Output = ()>>>>::{closure#0}::{closure#0}::{closure#0}>
[INFO] [stdout]                                at /opt/rustwide/cargo-home/registry/src/index.crates.io-1949cf8c6b5b557f/tokio-1.51.0/src/task/coop/mod.rs:133:5
[INFO] [stdout]   27:     0x5c62a70c569b - <tokio[f5accb0a61cb5a6e]::runtime::scheduler::current_thread::CoreGuard>::block_on::<core[6883ba1bc0fe4ed1]::pin::Pin<&mut core[6883ba1bc0fe4ed1]::pin::Pin<&mut dyn core[6883ba1bc0fe4ed1]::future::future::Future<Output = ()>>>>::{closure#0}::{closure#0}
[INFO] [stdout]                                at /opt/rustwide/cargo-home/registry/src/index.crates.io-1949cf8c6b5b557f/tokio-1.51.0/src/runtime/scheduler/current_thread/mod.rs:778:25
[INFO] [stdout]   28:     0x5c62a70c0b30 - <tokio[f5accb0a61cb5a6e]::runtime::scheduler::current_thread::Context>::enter::<core[6883ba1bc0fe4ed1]::task::poll::Poll<()>, <tokio[f5accb0a61cb5a6e]::runtime::scheduler::current_thread::CoreGuard>::block_on<core[6883ba1bc0fe4ed1]::pin::Pin<&mut core[6883ba1bc0fe4ed1]::pin::Pin<&mut dyn core[6883ba1bc0fe4ed1]::future::future::Future<Output = ()>>>>::{closure#0}::{closure#0}>
[INFO] [stdout]                                at /opt/rustwide/cargo-home/registry/src/index.crates.io-1949cf8c6b5b557f/tokio-1.51.0/src/runtime/scheduler/current_thread/mod.rs:451:19
[INFO] [stdout]   29:     0x5c62a70c4a1d - <tokio[f5accb0a61cb5a6e]::runtime::scheduler::current_thread::CoreGuard>::block_on::<core[6883ba1bc0fe4ed1]::pin::Pin<&mut core[6883ba1bc0fe4ed1]::pin::Pin<&mut dyn core[6883ba1bc0fe4ed1]::future::future::Future<Output = ()>>>>::{closure#0}
[INFO] [stdout]                                at /opt/rustwide/cargo-home/registry/src/index.crates.io-1949cf8c6b5b557f/tokio-1.51.0/src/runtime/scheduler/current_thread/mod.rs:777:44
[INFO] [stdout]   30:     0x5c62a70c3cc4 - <tokio[f5accb0a61cb5a6e]::runtime::scheduler::current_thread::CoreGuard>::enter::<<tokio[f5accb0a61cb5a6e]::runtime::scheduler::current_thread::CoreGuard>::block_on<core[6883ba1bc0fe4ed1]::pin::Pin<&mut core[6883ba1bc0fe4ed1]::pin::Pin<&mut dyn core[6883ba1bc0fe4ed1]::future::future::Future<Output = ()>>>>::{closure#0}, core[6883ba1bc0fe4ed1]::option::Option<()>>::{closure#0}
[INFO] [stdout]                                at /opt/rustwide/cargo-home/registry/src/index.crates.io-1949cf8c6b5b557f/tokio-1.51.0/src/runtime/scheduler/current_thread/mod.rs:865:68
[INFO] [stdout]   31:     0x5c62a70b8dfb - <tokio[f5accb0a61cb5a6e]::runtime::context::scoped::Scoped<tokio[f5accb0a61cb5a6e]::runtime::scheduler::Context>>::set::<<tokio[f5accb0a61cb5a6e]::runtime::scheduler::current_thread::CoreGuard>::enter<<tokio[f5accb0a61cb5a6e]::runtime::scheduler::current_thread::CoreGuard>::block_on<core[6883ba1bc0fe4ed1]::pin::Pin<&mut core[6883ba1bc0fe4ed1]::pin::Pin<&mut dyn core[6883ba1bc0fe4ed1]::future::future::Future<Output = ()>>>>::{closure#0}, core[6883ba1bc0fe4ed1]::option::Option<()>>::{closure#0}, (alloc[55a36b64bcbf2c0d]::boxed::Box<tokio[f5accb0a61cb5a6e]::runtime::scheduler::current_thread::Core>, core[6883ba1bc0fe4ed1]::option::Option<()>)>
[INFO] [stdout]                                at /opt/rustwide/cargo-home/registry/src/index.crates.io-1949cf8c6b5b557f/tokio-1.51.0/src/runtime/context/scoped.rs:40:9
[INFO] [stdout]   32:     0x5c62a70bc529 - tokio[f5accb0a61cb5a6e]::runtime::context::set_scheduler::<(alloc[55a36b64bcbf2c0d]::boxed::Box<tokio[f5accb0a61cb5a6e]::runtime::scheduler::current_thread::Core>, core[6883ba1bc0fe4ed1]::option::Option<()>), <tokio[f5accb0a61cb5a6e]::runtime::scheduler::current_thread::CoreGuard>::enter<<tokio[f5accb0a61cb5a6e]::runtime::scheduler::current_thread::CoreGuard>::block_on<core[6883ba1bc0fe4ed1]::pin::Pin<&mut core[6883ba1bc0fe4ed1]::pin::Pin<&mut dyn core[6883ba1bc0fe4ed1]::future::future::Future<Output = ()>>>>::{closure#0}, core[6883ba1bc0fe4ed1]::option::Option<()>>::{closure#0}>::{closure#0}
[INFO] [stdout]                                at /opt/rustwide/cargo-home/registry/src/index.crates.io-1949cf8c6b5b557f/tokio-1.51.0/src/runtime/context.rs:181:38
[INFO] [stdout]   33:     0x5c62a70c1ab2 - <std[73adb7dc35730857]::thread::local::LocalKey<tokio[f5accb0a61cb5a6e]::runtime::context::Context>>::try_with::<tokio[f5accb0a61cb5a6e]::runtime::context::set_scheduler<(alloc[55a36b64bcbf2c0d]::boxed::Box<tokio[f5accb0a61cb5a6e]::runtime::scheduler::current_thread::Core>, core[6883ba1bc0fe4ed1]::option::Option<()>), <tokio[f5accb0a61cb5a6e]::runtime::scheduler::current_thread::CoreGuard>::enter<<tokio[f5accb0a61cb5a6e]::runtime::scheduler::current_thread::CoreGuard>::block_on<core[6883ba1bc0fe4ed1]::pin::Pin<&mut core[6883ba1bc0fe4ed1]::pin::Pin<&mut dyn core[6883ba1bc0fe4ed1]::future::future::Future<Output = ()>>>>::{closure#0}, core[6883ba1bc0fe4ed1]::option::Option<()>>::{closure#0}>::{closure#0}, (alloc[55a36b64bcbf2c0d]::boxed::Box<tokio[f5accb0a61cb5a6e]::runtime::scheduler::current_thread::Core>, core[6883ba1bc0fe4ed1]::option::Option<()>)>
[INFO] [stdout]                                at /rustc/6b3fa26749ab40e159b2dd5cf577acaaf5902772/library/std/src/thread/local.rs:463:12
[INFO] [stdout]   34:     0x5c62a70c163e - <std[73adb7dc35730857]::thread::local::LocalKey<tokio[f5accb0a61cb5a6e]::runtime::context::Context>>::with::<tokio[f5accb0a61cb5a6e]::runtime::context::set_scheduler<(alloc[55a36b64bcbf2c0d]::boxed::Box<tokio[f5accb0a61cb5a6e]::runtime::scheduler::current_thread::Core>, core[6883ba1bc0fe4ed1]::option::Option<()>), <tokio[f5accb0a61cb5a6e]::runtime::scheduler::current_thread::CoreGuard>::enter<<tokio[f5accb0a61cb5a6e]::runtime::scheduler::current_thread::CoreGuard>::block_on<core[6883ba1bc0fe4ed1]::pin::Pin<&mut core[6883ba1bc0fe4ed1]::pin::Pin<&mut dyn core[6883ba1bc0fe4ed1]::future::future::Future<Output = ()>>>>::{closure#0}, core[6883ba1bc0fe4ed1]::option::Option<()>>::{closure#0}>::{closure#0}, (alloc[55a36b64bcbf2c0d]::boxed::Box<tokio[f5accb0a61cb5a6e]::runtime::scheduler::current_thread::Core>, core[6883ba1bc0fe4ed1]::option::Option<()>)>
[INFO] [stdout]                                at /rustc/6b3fa26749ab40e159b2dd5cf577acaaf5902772/library/std/src/thread/local.rs:427:20
[INFO] [stdout]   35:     0x5c62a70badfd - tokio[f5accb0a61cb5a6e]::runtime::context::set_scheduler::<(alloc[55a36b64bcbf2c0d]::boxed::Box<tokio[f5accb0a61cb5a6e]::runtime::scheduler::current_thread::Core>, core[6883ba1bc0fe4ed1]::option::Option<()>), <tokio[f5accb0a61cb5a6e]::runtime::scheduler::current_thread::CoreGuard>::enter<<tokio[f5accb0a61cb5a6e]::runtime::scheduler::current_thread::CoreGuard>::block_on<core[6883ba1bc0fe4ed1]::pin::Pin<&mut core[6883ba1bc0fe4ed1]::pin::Pin<&mut dyn core[6883ba1bc0fe4ed1]::future::future::Future<Output = ()>>>>::{closure#0}, core[6883ba1bc0fe4ed1]::option::Option<()>>::{closure#0}>
[INFO] [stdout]                                at /opt/rustwide/cargo-home/registry/src/index.crates.io-1949cf8c6b5b557f/tokio-1.51.0/src/runtime/context.rs:181:17
[INFO] [stdout]   36:     0x5c62a70c3010 - <tokio[f5accb0a61cb5a6e]::runtime::scheduler::current_thread::CoreGuard>::enter::<<tokio[f5accb0a61cb5a6e]::runtime::scheduler::current_thread::CoreGuard>::block_on<core[6883ba1bc0fe4ed1]::pin::Pin<&mut core[6883ba1bc0fe4ed1]::pin::Pin<&mut dyn core[6883ba1bc0fe4ed1]::future::future::Future<Output = ()>>>>::{closure#0}, core[6883ba1bc0fe4ed1]::option::Option<()>>
[INFO] [stdout]                                at /opt/rustwide/cargo-home/registry/src/index.crates.io-1949cf8c6b5b557f/tokio-1.51.0/src/runtime/scheduler/current_thread/mod.rs:865:27
[INFO] [stdout]   37:     0x5c62a70c3306 - <tokio[f5accb0a61cb5a6e]::runtime::scheduler::current_thread::CoreGuard>::block_on::<core[6883ba1bc0fe4ed1]::pin::Pin<&mut core[6883ba1bc0fe4ed1]::pin::Pin<&mut dyn core[6883ba1bc0fe4ed1]::future::future::Future<Output = ()>>>>
[INFO] [stdout]                                at /opt/rustwide/cargo-home/registry/src/index.crates.io-1949cf8c6b5b557f/tokio-1.51.0/src/runtime/scheduler/current_thread/mod.rs:765:24
[INFO] [stdout]   38:     0x5c62a70c38d0 - <tokio[f5accb0a61cb5a6e]::runtime::scheduler::current_thread::CurrentThread>::block_on::<core[6883ba1bc0fe4ed1]::pin::Pin<&mut dyn core[6883ba1bc0fe4ed1]::future::future::Future<Output = ()>>>::{closure#0}
[INFO] [stdout]                                at /opt/rustwide/cargo-home/registry/src/index.crates.io-1949cf8c6b5b557f/tokio-1.51.0/src/runtime/scheduler/current_thread/mod.rs:205:33
[INFO] [stdout]   39:     0x5c62a70bb403 - tokio[f5accb0a61cb5a6e]::runtime::context::runtime::enter_runtime::<<tokio[f5accb0a61cb5a6e]::runtime::scheduler::current_thread::CurrentThread>::block_on<core[6883ba1bc0fe4ed1]::pin::Pin<&mut dyn core[6883ba1bc0fe4ed1]::future::future::Future<Output = ()>>>::{closure#0}, ()>
[INFO] [stdout]                                at /opt/rustwide/cargo-home/registry/src/index.crates.io-1949cf8c6b5b557f/tokio-1.51.0/src/runtime/context/runtime.rs:65:16
[INFO] [stdout]   40:     0x5c62a70c0661 - <tokio[f5accb0a61cb5a6e]::runtime::scheduler::current_thread::CurrentThread>::block_on::<core[6883ba1bc0fe4ed1]::pin::Pin<&mut dyn core[6883ba1bc0fe4ed1]::future::future::Future<Output = ()>>>
[INFO] [stdout]                                at /opt/rustwide/cargo-home/registry/src/index.crates.io-1949cf8c6b5b557f/tokio-1.51.0/src/runtime/scheduler/current_thread/mod.rs:193:9
[INFO] [stdout]   41:     0x5c62a70b8984 - <tokio[f5accb0a61cb5a6e]::runtime::runtime::Runtime>::block_on_inner::<core[6883ba1bc0fe4ed1]::pin::Pin<&mut dyn core[6883ba1bc0fe4ed1]::future::future::Future<Output = ()>>>
[INFO] [stdout]                                at /opt/rustwide/cargo-home/registry/src/index.crates.io-1949cf8c6b5b557f/tokio-1.51.0/src/runtime/runtime.rs:371:52
[INFO] [stdout]   42:     0x5c62a70b8b4f - <tokio[f5accb0a61cb5a6e]::runtime::runtime::Runtime>::block_on::<core[6883ba1bc0fe4ed1]::pin::Pin<&mut dyn core[6883ba1bc0fe4ed1]::future::future::Future<Output = ()>>>
[INFO] [stdout]                                at /opt/rustwide/cargo-home/registry/src/index.crates.io-1949cf8c6b5b557f/tokio-1.51.0/src/runtime/runtime.rs:345:18
[INFO] [stdout]   43:     0x5c62a70b7491 - nuget_scanner[4f429bb2d12dd5c8]::fetchers::test_fetch_catalog_entry
[INFO] [stdout]                                at /opt/rustwide/workdir/src/fetchers.rs:75:13
[INFO] [stdout]   44:     0x5c62a70b2b77 - nuget_scanner[4f429bb2d12dd5c8]::fetchers::test_fetch_catalog_entry::{closure#0}
[INFO] [stdout]                                at /opt/rustwide/workdir/src/fetchers.rs:66:36
[INFO] [stdout]   45:     0x5c62a70c0316 - <nuget_scanner[4f429bb2d12dd5c8]::fetchers::test_fetch_catalog_entry::{closure#0} as core[6883ba1bc0fe4ed1]::ops::function::FnOnce<()>>::call_once
[INFO] [stdout]                                at /rustc/6b3fa26749ab40e159b2dd5cf577acaaf5902772/library/core/src/ops/function.rs:250:5
[INFO] [stdout]   46:     0x5c62a780f97b - <fn() -> core[6883ba1bc0fe4ed1]::result::Result<(), alloc[55a36b64bcbf2c0d]::string::String> as core[6883ba1bc0fe4ed1]::ops::function::FnOnce<()>>::call_once
[INFO] [stdout]                                at /rustc/6b3fa26749ab40e159b2dd5cf577acaaf5902772/library/core/src/ops/function.rs:250:5
[INFO] [stdout]   47:     0x5c62a780f97b - test[980ffaebd391d06d]::__rust_begin_short_backtrace::<core[6883ba1bc0fe4ed1]::result::Result<(), alloc[55a36b64bcbf2c0d]::string::String>, fn() -> core[6883ba1bc0fe4ed1]::result::Result<(), alloc[55a36b64bcbf2c0d]::string::String>>
[INFO] [stdout]                                at /rustc/6b3fa26749ab40e159b2dd5cf577acaaf5902772/library/test/src/lib.rs:724:18
[INFO] [stdout]   48:     0x5c62a781cfc5 - test[980ffaebd391d06d]::run_test_in_process::{closure#0}
[INFO] [stdout]                                at /rustc/6b3fa26749ab40e159b2dd5cf577acaaf5902772/library/test/src/lib.rs:747:74
[INFO] [stdout]   49:     0x5c62a781cfc5 - <core[6883ba1bc0fe4ed1]::panic::unwind_safe::AssertUnwindSafe<test[980ffaebd391d06d]::run_test_in_process::{closure#0}> as core[6883ba1bc0fe4ed1]::ops::function::FnOnce<()>>::call_once
[INFO] [stdout]                                at /rustc/6b3fa26749ab40e159b2dd5cf577acaaf5902772/library/core/src/panic/unwind_safe.rs:275:9
[INFO] [stdout]   50:     0x5c62a781cfc5 - std[73adb7dc35730857]::panicking::catch_unwind::do_call::<core[6883ba1bc0fe4ed1]::panic::unwind_safe::AssertUnwindSafe<test[980ffaebd391d06d]::run_test_in_process::{closure#0}>, core[6883ba1bc0fe4ed1]::result::Result<(), alloc[55a36b64bcbf2c0d]::string::String>>
[INFO] [stdout]                                at /rustc/6b3fa26749ab40e159b2dd5cf577acaaf5902772/library/std/src/panicking.rs:576:43
[INFO] [stdout]   51:     0x5c62a781cfc5 - std[73adb7dc35730857]::panicking::catch_unwind::<core[6883ba1bc0fe4ed1]::result::Result<(), alloc[55a36b64bcbf2c0d]::string::String>, core[6883ba1bc0fe4ed1]::panic::unwind_safe::AssertUnwindSafe<test[980ffaebd391d06d]::run_test_in_process::{closure#0}>>
[INFO] [stdout]                                at /rustc/6b3fa26749ab40e159b2dd5cf577acaaf5902772/library/std/src/panicking.rs:544:19
[INFO] [stdout]   52:     0x5c62a781cfc5 - std[73adb7dc35730857]::panic::catch_unwind::<core[6883ba1bc0fe4ed1]::panic::unwind_safe::AssertUnwindSafe<test[980ffaebd391d06d]::run_test_in_process::{closure#0}>, core[6883ba1bc0fe4ed1]::result::Result<(), alloc[55a36b64bcbf2c0d]::string::String>>
[INFO] [stdout]                                at /rustc/6b3fa26749ab40e159b2dd5cf577acaaf5902772/library/std/src/panic.rs:359:14
[INFO] [stdout]   53:     0x5c62a781cfc5 - test[980ffaebd391d06d]::run_test_in_process
[INFO] [stdout]                                at /rustc/6b3fa26749ab40e159b2dd5cf577acaaf5902772/library/test/src/lib.rs:747:27
[INFO] [stdout]   54:     0x5c62a781cfc5 - test[980ffaebd391d06d]::run_test::{closure#0}
[INFO] [stdout]                                at /rustc/6b3fa26749ab40e159b2dd5cf577acaaf5902772/library/test/src/lib.rs:668:43
[INFO] [stdout]   55:     0x5c62a7817a74 - test[980ffaebd391d06d]::run_test::{closure#1}
[INFO] [stdout]                                at /rustc/6b3fa26749ab40e159b2dd5cf577acaaf5902772/library/test/src/lib.rs:698:41
[INFO] [stdout]   56:     0x5c62a7817a74 - std[73adb7dc35730857]::sys::backtrace::__rust_begin_short_backtrace::<test[980ffaebd391d06d]::run_test::{closure#1}, ()>
[INFO] [stdout]                                at /rustc/6b3fa26749ab40e159b2dd5cf577acaaf5902772/library/std/src/sys/backtrace.rs:166:18
[INFO] [stdout]   57:     0x5c62a7820112 - std[73adb7dc35730857]::thread::lifecycle::spawn_unchecked::<test[980ffaebd391d06d]::run_test::{closure#1}, ()>::{closure#1}::{closure#0}
[INFO] [stdout]                                at /rustc/6b3fa26749ab40e159b2dd5cf577acaaf5902772/library/std/src/thread/lifecycle.rs:70:13
[INFO] [stdout]   58:     0x5c62a7820112 - <core[6883ba1bc0fe4ed1]::panic::unwind_safe::AssertUnwindSafe<std[73adb7dc35730857]::thread::lifecycle::spawn_unchecked<test[980ffaebd391d06d]::run_test::{closure#1}, ()>::{closure#1}::{closure#0}> as core[6883ba1bc0fe4ed1]::ops::function::FnOnce<()>>::call_once
[INFO] [stdout]                                at /rustc/6b3fa26749ab40e159b2dd5cf577acaaf5902772/library/core/src/panic/unwind_safe.rs:275:9
[INFO] [stdout]   59:     0x5c62a7820112 - std[73adb7dc35730857]::panicking::catch_unwind::do_call::<core[6883ba1bc0fe4ed1]::panic::unwind_safe::AssertUnwindSafe<std[73adb7dc35730857]::thread::lifecycle::spawn_unchecked<test[980ffaebd391d06d]::run_test::{closure#1}, ()>::{closure#1}::{closure#0}>, ()>
[INFO] [stdout]                                at /rustc/6b3fa26749ab40e159b2dd5cf577acaaf5902772/library/std/src/panicking.rs:576:43
[INFO] [stdout]   60:     0x5c62a7820112 - std[73adb7dc35730857]::panicking::catch_unwind::<(), core[6883ba1bc0fe4ed1]::panic::unwind_safe::AssertUnwindSafe<std[73adb7dc35730857]::thread::lifecycle::spawn_unchecked<test[980ffaebd391d06d]::run_test::{closure#1}, ()>::{closure#1}::{closure#0}>>
[INFO] [stdout]                                at /rustc/6b3fa26749ab40e159b2dd5cf577acaaf5902772/library/std/src/panicking.rs:544:19
[INFO] [stdout]   61:     0x5c62a7820112 - std[73adb7dc35730857]::panic::catch_unwind::<core[6883ba1bc0fe4ed1]::panic::unwind_safe::AssertUnwindSafe<std[73adb7dc35730857]::thread::lifecycle::spawn_unchecked<test[980ffaebd391d06d]::run_test::{closure#1}, ()>::{closure#1}::{closure#0}>, ()>
[INFO] [stdout]                                at /rustc/6b3fa26749ab40e159b2dd5cf577acaaf5902772/library/std/src/panic.rs:359:14
[INFO] [stdout]   62:     0x5c62a7820112 - std[73adb7dc35730857]::thread::lifecycle::spawn_unchecked::<test[980ffaebd391d06d]::run_test::{closure#1}, ()>::{closure#1}
[INFO] [stdout]                                at /rustc/6b3fa26749ab40e159b2dd5cf577acaaf5902772/library/std/src/thread/lifecycle.rs:68:26
[INFO] [stdout]   63:     0x5c62a7820112 - <std[73adb7dc35730857]::thread::lifecycle::spawn_unchecked<test[980ffaebd391d06d]::run_test::{closure#1}, ()>::{closure#1} as core[6883ba1bc0fe4ed1]::ops::function::FnOnce<()>>::call_once::{shim:vtable#0}
[INFO] [stdout]                                at /rustc/6b3fa26749ab40e159b2dd5cf577acaaf5902772/library/core/src/ops/function.rs:250:5
[INFO] [stdout]   64:     0x5c62a78cb38f - <alloc[55a36b64bcbf2c0d]::boxed::Box<dyn core[6883ba1bc0fe4ed1]::ops::function::FnOnce<(), Output = ()> + core[6883ba1bc0fe4ed1]::marker::Send> as core[6883ba1bc0fe4ed1]::ops::function::FnOnce<()>>::call_once
[INFO] [stdout]                                at /rustc/6b3fa26749ab40e159b2dd5cf577acaaf5902772/library/alloc/src/boxed.rs:2319:9
[INFO] [stdout]   65:     0x5c62a78cb38f - <std[73adb7dc35730857]::sys::thread::unix::Thread>::new::thread_start
[INFO] [stdout]                                at /rustc/6b3fa26749ab40e159b2dd5cf577acaaf5902772/library/std/src/sys/thread/unix.rs:123:17
[INFO] [stdout]   66:     0x7a7267e5aaa4 - <unknown>
[INFO] [stdout]   67:     0x7a7267ee7a64 - clone
[INFO] [stdout]   68:                0x0 - <unknown>
[INFO] [stdout] 
[INFO] [stdout] 
[INFO] [stdout] failures:
[INFO] [stdout]     fetchers::test_fetch_catalog_entry
[INFO] [stdout] 
[INFO] [stdout] test result: FAILED. 1 passed; 1 failed; 0 ignored; 0 measured; 0 filtered out; finished in 0.33s
[INFO] [stdout] 
[INFO] [stderr] error: test failed, to rerun pass `--bin nuget-scanner`
[INFO] running `Command { std: "docker" "inspect" "bf22f0135e13895df865641cfb13a15613f08f6cf231623f5e6be6a402379aee", kill_on_drop: false }`
[INFO] running `Command { std: "docker" "rm" "-f" "bf22f0135e13895df865641cfb13a15613f08f6cf231623f5e6be6a402379aee", kill_on_drop: false }`
[INFO] [stdout] bf22f0135e13895df865641cfb13a15613f08f6cf231623f5e6be6a402379aee
