[INFO] cloning repository https://github.com/gulfofmaine/standard_knowledge
[INFO] running `Command { std: "git" "-c" "credential.helper=" "-c" "credential.helper=/workspace/cargo-home/bin/git-credential-null" "clone" "--bare" "https://github.com/gulfofmaine/standard_knowledge" "/workspace/cache/git-repos/https%3A%2F%2Fgithub.com%2Fgulfofmaine%2Fstandard_knowledge", kill_on_drop: false }`
[INFO] [stderr] Cloning into bare repository '/workspace/cache/git-repos/https%3A%2F%2Fgithub.com%2Fgulfofmaine%2Fstandard_knowledge'...
[INFO] running `Command { std: "git" "rev-parse" "HEAD", kill_on_drop: false }`
[INFO] [stdout] dbcd091e15a8dc29b3b0b159e5e23dba1f197699
[INFO] testing gulfofmaine/standard_knowledge against 1.98.0-beta.1 for beta-1.98-2
[INFO] running `Command { std: "git" "clone" "/workspace/cache/git-repos/https%3A%2F%2Fgithub.com%2Fgulfofmaine%2Fstandard_knowledge" "/workspace/builds/worker-1-tc2/source", kill_on_drop: false }`
[INFO] [stderr] Cloning into '/workspace/builds/worker-1-tc2/source'...
[INFO] [stderr] done.
[INFO] started tweaking git repo https://github.com/gulfofmaine/standard_knowledge
[INFO] finished tweaking git repo https://github.com/gulfofmaine/standard_knowledge
[INFO] tweaked toml for git repo https://github.com/gulfofmaine/standard_knowledge written to /workspace/builds/worker-1-tc2/source/Cargo.toml
[INFO] validating manifest of git repo https://github.com/gulfofmaine/standard_knowledge on toolchain 1.98.0-beta.1
[INFO] running `Command { std: CARGO_HOME="/workspace/cargo-home" RUSTUP_HOME="/workspace/rustup-home" "/workspace/cargo-home/bin/cargo" "+1.98.0-beta.1" "metadata" "--manifest-path" "Cargo.toml" "--no-deps", kill_on_drop: false }`
[INFO] crate git repo https://github.com/gulfofmaine/standard_knowledge already has a lockfile, it will not be regenerated
[INFO] running `Command { std: CARGO_HOME="/workspace/cargo-home" RUSTUP_HOME="/workspace/rustup-home" "/workspace/cargo-home/bin/cargo" "+1.98.0-beta.1" "fetch" "--manifest-path" "Cargo.toml", kill_on_drop: false }`
[INFO] running `Command { std: "docker" "create" "-v" "/var/lib/crater-agent-workspace/builds/worker-1-tc2/source:/opt/rustwide/workdir:ro,Z" "-v" "/var/lib/crater-agent-workspace/builds/worker-1-tc2/target:/opt/rustwide/target:rw,Z" "-v" "/var/lib/crater-agent-workspace/cargo-home:/opt/rustwide/cargo-home:ro,Z" "-v" "/var/lib/crater-agent-workspace/rustup-home:/opt/rustwide/rustup-home:ro,Z" "-m" "1610612736" "--network" "none" "ghcr.io/rust-lang/crates-build-env/linux@sha256:3d5ced03c013a94a2f102a4510f48a6e9184255caf5fd8244f58017bde7f5210" "sleep" "infinity", kill_on_drop: false }`
[INFO] [stdout] e0ce5d1469cc3607d371232b2589bca5ef2588b3df57b0226af079af72e646b2
[INFO] running `Command { std: "docker" "start" "e0ce5d1469cc3607d371232b2589bca5ef2588b3df57b0226af079af72e646b2", kill_on_drop: false }`
[INFO] running `Command { std: "docker" "inspect" "e0ce5d1469cc3607d371232b2589bca5ef2588b3df57b0226af079af72e646b2", kill_on_drop: false }`
[INFO] running `Command { std: "docker" "exec" "-e" "SOURCE_DIR=/opt/rustwide/workdir" "-e" "CARGO_HOME=/opt/rustwide/cargo-home" "-e" "RUSTUP_HOME=/opt/rustwide/rustup-home" "-e" "CARGO_TARGET_DIR=/opt/rustwide/target" "-w" "/opt/rustwide/workdir" "--user" "0:0" "e0ce5d1469cc3607d371232b2589bca5ef2588b3df57b0226af079af72e646b2" "/opt/rustwide/cargo-home/bin/cargo" "+1.98.0-beta.1" "metadata" "--no-deps" "--format-version=1", kill_on_drop: false }`
[INFO] running `Command { std: "docker" "inspect" "e0ce5d1469cc3607d371232b2589bca5ef2588b3df57b0226af079af72e646b2", kill_on_drop: false }`
[INFO] running `Command { std: "docker" "exec" "-e" "SOURCE_DIR=/opt/rustwide/workdir" "-e" "CARGO_HOME=/opt/rustwide/cargo-home" "-e" "RUSTUP_HOME=/opt/rustwide/rustup-home" "-e" "CARGO_TARGET_DIR=/opt/rustwide/target" "-e" "CARGO_INCREMENTAL=0" "-e" "RUST_BACKTRACE=full" "-e" "RUSTFLAGS=--cap-lints=warn" "-e" "RUSTDOCFLAGS=--cap-lints=warn" "-w" "/opt/rustwide/workdir" "--user" "0:0" "e0ce5d1469cc3607d371232b2589bca5ef2588b3df57b0226af079af72e646b2" "/opt/rustwide/cargo-home/bin/cargo" "+1.98.0-beta.1" "build" "--frozen" "--message-format=json", kill_on_drop: false }`
[INFO] [stderr]    Compiling unicode-ident v1.0.24
[INFO] [stderr]    Compiling libc v0.2.186
[INFO] [stderr]    Compiling smallvec v1.15.2
[INFO] [stderr]    Compiling bytes v1.12.0
[INFO] [stderr]    Compiling aws-lc-rs v1.17.1
[INFO] [stderr]    Compiling memchr v2.8.2
[INFO] [stderr]    Compiling futures-io v0.3.32
[INFO] [stderr]    Compiling target-lexicon v0.13.5
[INFO] [stderr]    Compiling proc-macro2 v1.0.106
[INFO] [stderr]    Compiling wasm-bindgen-shared v0.2.126
[INFO] [stderr]    Compiling simd-adler32 v0.3.9
[INFO] [stderr]    Compiling unsafe-libyaml v0.2.11
[INFO] [stderr]    Compiling miniz_oxide v0.8.9
[INFO] [stderr]    Compiling quote v1.0.46
[INFO] [stderr]    Compiling futures-util v0.3.32
[INFO] [stderr]    Compiling http v1.4.2
[INFO] [stderr]    Compiling flate2 v1.1.9
[INFO] [stderr]    Compiling syn v2.0.118
[INFO] [stderr]    Compiling pyo3-build-config v0.29.0
[INFO] [stderr]    Compiling rustls v0.23.41
[INFO] [stderr]    Compiling kstring v2.0.2
[INFO] [stderr]    Compiling http-body v1.0.1
[INFO] [stderr]    Compiling jobserver v0.1.34
[INFO] [stderr]    Compiling mio v1.2.1
[INFO] [stderr]    Compiling socket2 v0.6.4
[INFO] [stderr]    Compiling cc v1.2.65
[INFO] [stderr]    Compiling tokio v1.52.3
[INFO] [stderr]    Compiling rustc-hash v2.1.2
[INFO] [stderr]    Compiling beef v0.5.2
[INFO] [stderr]    Compiling bumpalo v3.20.3
[INFO] [stderr]    Compiling rapidfuzz v0.5.0
[INFO] [stderr]    Compiling pyo3-ffi v0.29.0
[INFO] [stderr]    Compiling wasm-bindgen v0.2.126
[INFO] [stderr]    Compiling cmake v0.1.58
[INFO] [stderr]    Compiling dyn-clone v1.0.20
[INFO] [stderr]    Compiling sync_wrapper v1.0.2
[INFO] [stderr]    Compiling ipnet v2.12.0
[INFO] [stderr]    Compiling openssl-probe v0.2.1
[INFO] [stderr]    Compiling pyo3 v0.29.0
[INFO] [stderr]    Compiling rustls-native-certs v0.8.4
[INFO] [stderr]    Compiling bitflags v2.13.0
[INFO] [stderr]    Compiling log v0.4.33
[INFO] [stderr]    Compiling http-body-util v0.1.3
[INFO] [stderr]    Compiling aws-lc-sys v0.42.0
[INFO] [stderr]    Compiling encoding_rs v0.8.35
[INFO] [stderr]    Compiling synstructure v0.13.2
[INFO] [stderr]    Compiling wasm-bindgen-macro-support v0.2.126
[INFO] [stderr]    Compiling pyo3-macros-backend v0.29.0
[INFO] [stderr]    Compiling tokio-util v0.7.18
[INFO] [stderr]    Compiling tower v0.5.3
[INFO] [stderr]    Compiling zerofrom-derive v0.1.7
[INFO] [stderr]    Compiling yoke-derive v0.8.2
[INFO] [stderr]    Compiling zerovec-derive v0.11.3
[INFO] [stderr]    Compiling displaydoc v0.2.6
[INFO] [stderr]    Compiling tracing-attributes v0.1.31
[INFO] [stderr]    Compiling serde_derive v1.0.228
[INFO] [stderr]    Compiling zerofrom v0.1.8
[INFO] [stderr]    Compiling clap_derive v4.6.1
[INFO] [stderr]    Compiling yoke v0.8.3
[INFO] [stderr]    Compiling zerovec v0.11.6
[INFO] [stderr]    Compiling zerotrie v0.2.4
[INFO] [stderr]    Compiling tracing v0.1.44
[INFO] [stderr]    Compiling tinystr v0.8.3
[INFO] [stderr]    Compiling potential_utf v0.1.5
[INFO] [stderr]    Compiling icu_collections v2.2.0
[INFO] [stderr]    Compiling icu_locale_core v2.2.0
[INFO] [stderr]    Compiling h2 v0.4.15
[INFO] [stderr]    Compiling wasm-bindgen-macro v0.2.126
[INFO] [stderr]    Compiling clap v4.6.1
[INFO] [stderr]    Compiling pyo3-macros v0.29.0
[INFO] [stderr]    Compiling icu_provider v2.2.0
[INFO] [stderr]    Compiling serde v1.0.228
[INFO] [stderr]    Compiling icu_normalizer v2.2.0
[INFO] [stderr]    Compiling icu_properties v2.2.0
[INFO] [stderr]    Compiling js-sys v0.3.103
[INFO] [stderr]    Compiling serde_yaml_ng v0.10.0
[INFO] [stderr]    Compiling indicium v0.6.9
[INFO] [stderr]    Compiling hyper v1.10.1
[INFO] [stderr]    Compiling idna_adapter v1.2.2
[INFO] [stderr]    Compiling idna v1.1.0
[INFO] [stderr]    Compiling url v2.5.8
[INFO] [stderr]    Compiling hyper-util v0.1.20
[INFO] [stderr]    Compiling tower-http v0.6.11
[INFO] [stderr]    Compiling standard_knowledge v0.1.1 (/opt/rustwide/workdir/core)
[INFO] [stderr]    Compiling serde-wasm-bindgen v0.6.5
[INFO] [stderr]    Compiling standard_knowledge_py v0.1.1 (/opt/rustwide/workdir/py)
[INFO] [stderr]    Compiling standard_knowledge_js v0.1.1 (/opt/rustwide/workdir/js)
[INFO] [stdout] warning: use of deprecated associated constant `pyo3::impl_::deprecated::HasAutomaticFromPyObject::<true>::MSG`: The `FromPyObject` implementation for `#[pyclass]` types which implement `Clone` is changing to an opt-in option. Use `#[pyclass(from_py_object)]` to opt-in to the `FromPyObject` derive now, or `#[pyclass(skip_from_py_object)]` to skip the `FromPyObject` implementation.
[INFO] [stdout]   --> py/src/standard.rs:10:1
[INFO] [stdout]    |
[INFO] [stdout] 10 | #[pyclass(name = "Standard")]
[INFO] [stdout]    | ^^^^^^^^^^^^^^^^^^^^^^^^^^^^^
[INFO] [stdout]    |
[INFO] [stdout]    = note: `#[warn(deprecated)]` on by default
[INFO] [stdout]    = note: this warning originates in the attribute macro `pyclass` (in Nightly builds, run with -Z macro-backtrace for more info)
[INFO] [stdout] 
[INFO] [stdout] 
[INFO] [stdout] warning: use of deprecated associated constant `pyo3::impl_::deprecated::HasAutomaticFromPyObject::<true>::MSG`: The `FromPyObject` implementation for `#[pyclass]` types which implement `Clone` is changing to an opt-in option. Use `#[pyclass(from_py_object)]` to opt-in to the `FromPyObject` derive now, or `#[pyclass(skip_from_py_object)]` to skip the `FromPyObject` implementation.
[INFO] [stdout]   --> py/src/standards_filter.rs:35:1
[INFO] [stdout]    |
[INFO] [stdout] 35 | #[pyclass(name = "StandardsFilter")]
[INFO] [stdout]    | ^^^^^^^^^^^^^^^^^^^^^^^^^^^^^^^^^^^^
[INFO] [stdout]    |
[INFO] [stdout]    = note: this warning originates in the attribute macro `pyclass` (in Nightly builds, run with -Z macro-backtrace for more info)
[INFO] [stdout] 
[INFO] [stdout] 
[INFO] [stdout] warning: use of deprecated associated constant `pyo3::impl_::deprecated::HasAutomaticFromPyObject::<true>::MSG`: The `FromPyObject` implementation for `#[pyclass]` types which implement `Clone` is changing to an opt-in option. Use `#[pyclass(from_py_object)]` to opt-in to the `FromPyObject` derive now, or `#[pyclass(skip_from_py_object)]` to skip the `FromPyObject` implementation.
[INFO] [stdout]  --> py/src/standards_library.rs:9:1
[INFO] [stdout]   |
[INFO] [stdout] 9 | #[pyclass(name = "StandardsLibrary")]
[INFO] [stdout]   | ^^^^^^^^^^^^^^^^^^^^^^^^^^^^^^^^^^^^^
[INFO] [stdout]   |
[INFO] [stdout]   = note: this warning originates in the attribute macro `pyclass` (in Nightly builds, run with -Z macro-backtrace for more info)
[INFO] [stdout] 
[INFO] [stdout] 
[INFO] [stdout] warning: use of deprecated associated constant `pyo3::impl_::deprecated::HasAutomaticFromPyObject::<true>::MSG`: The `FromPyObject` implementation for `#[pyclass]` types which implement `Clone` is changing to an opt-in option. Use `#[pyclass(from_py_object)]` to opt-in to the `FromPyObject` derive now, or `#[pyclass(skip_from_py_object)]` to skip the `FromPyObject` implementation.
[INFO] [stdout]  --> py/src/test_suite.rs:6:1
[INFO] [stdout]   |
[INFO] [stdout] 6 | #[pyclass(name = "TestSuite")]
[INFO] [stdout]   | ^^^^^^^^^^^^^^^^^^^^^^^^^^^^^^
[INFO] [stdout]   |
[INFO] [stdout]   = note: this warning originates in the attribute macro `pyclass` (in Nightly builds, run with -Z macro-backtrace for more info)
[INFO] [stdout] 
[INFO] [stdout] 
[INFO] [stderr]    Compiling rustls-webpki v0.103.13
[INFO] [stderr]    Compiling tokio-rustls v0.26.4
[INFO] [stderr]    Compiling rustls-platform-verifier v0.7.0
[INFO] [stderr]    Compiling hyper-rustls v0.27.9
[INFO] [stderr]    Compiling reqwest v0.13.4
[INFO] [stderr]    Compiling standard_knowledge_cli v0.1.1 (/opt/rustwide/workdir/cli)
[INFO] [stderr]     Finished `dev` profile [unoptimized + debuginfo] target(s) in 37.97s
[INFO] running `Command { std: "docker" "inspect" "e0ce5d1469cc3607d371232b2589bca5ef2588b3df57b0226af079af72e646b2", kill_on_drop: false }`
[INFO] running `Command { std: "docker" "exec" "-e" "SOURCE_DIR=/opt/rustwide/workdir" "-e" "CARGO_HOME=/opt/rustwide/cargo-home" "-e" "RUSTUP_HOME=/opt/rustwide/rustup-home" "-e" "CARGO_TARGET_DIR=/opt/rustwide/target" "-e" "CARGO_INCREMENTAL=0" "-e" "RUST_BACKTRACE=full" "-e" "RUSTFLAGS=--cap-lints=warn" "-e" "RUSTDOCFLAGS=--cap-lints=warn" "-w" "/opt/rustwide/workdir" "--user" "0:0" "e0ce5d1469cc3607d371232b2589bca5ef2588b3df57b0226af079af72e646b2" "/opt/rustwide/cargo-home/bin/cargo" "+1.98.0-beta.1" "test" "--frozen" "--no-run" "--message-format=json", kill_on_drop: false }`
[INFO] [stderr]    Compiling dunce v1.0.5
[INFO] [stderr]    Compiling serde v1.0.228
[INFO] [stderr]    Compiling num-traits v0.2.19
[INFO] [stderr]    Compiling serde_json v1.0.150
[INFO] [stderr]    Compiling rustix v1.1.4
[INFO] [stderr]    Compiling same-file v1.0.6
[INFO] [stderr]    Compiling winnow v1.0.3
[INFO] [stderr]    Compiling aws-lc-sys v0.42.0
[INFO] [stderr]    Compiling walkdir v2.5.0
[INFO] [stderr]    Compiling tower-http v0.6.11
[INFO] [stderr]    Compiling serde_yaml_ng v0.10.0
[INFO] [stderr]    Compiling serde-wasm-bindgen v0.6.5
[INFO] [stderr]    Compiling wasm-bindgen-futures v0.4.76
[INFO] [stderr]    Compiling snapbox-macros v1.1.0
[INFO] [stderr]    Compiling wasm-bindgen-test-macro v0.3.76
[INFO] [stderr]    Compiling toml_parser v1.1.2+spec-1.1.0
[INFO] [stderr]    Compiling async-trait v0.1.89
[INFO] [stderr]    Compiling serde_spanned v1.1.1
[INFO] [stderr]    Compiling content_inspector v0.2.4
[INFO] [stderr]    Compiling toml_datetime v1.1.1+spec-1.1.0
[INFO] [stderr]    Compiling filetime v0.2.29
[INFO] [stderr]    Compiling tempfile v3.27.0
[INFO] [stderr]    Compiling os_pipe v1.2.3
[INFO] [stderr]    Compiling wait-timeout v0.2.1
[INFO] [stderr]    Compiling cast v0.3.0
[INFO] [stderr]    Compiling similar v3.1.1
[INFO] [stderr]    Compiling wasm-bindgen-test-shared v0.2.126
[INFO] [stderr]    Compiling toml_writer v1.1.1+spec-1.1.0
[INFO] [stderr]    Compiling humantime v2.3.0
[INFO] [stderr]    Compiling oorandom v11.1.5
[INFO] [stderr]    Compiling either v1.16.0
[INFO] [stderr]    Compiling nu-ansi-term v0.50.3
[INFO] [stderr]    Compiling normalize-line-endings v0.3.0
[INFO] [stderr]    Compiling rayon v1.12.0
[INFO] [stderr]    Compiling toml_edit v0.25.12+spec-1.1.0
[INFO] [stderr]    Compiling humantime-serde v1.1.1
[INFO] [stderr]    Compiling wasm-bindgen-test v0.3.76
[INFO] [stderr]    Compiling standard_knowledge v0.1.1 (/opt/rustwide/workdir/core)
[INFO] [stderr]    Compiling automod v1.0.17
[INFO] [stderr]    Compiling shlex v1.3.0
[INFO] [stderr]    Compiling glob v0.3.3
[INFO] [stderr]    Compiling snapbox v1.2.2
[INFO] [stderr]    Compiling trycmd v1.2.0
[INFO] [stderr]    Compiling standard_knowledge_js v0.1.1 (/opt/rustwide/workdir/js)
[INFO] [stderr]    Compiling standard_knowledge_py v0.1.1 (/opt/rustwide/workdir/py)
[INFO] [stdout] warning: use of deprecated associated constant `pyo3::impl_::deprecated::HasAutomaticFromPyObject::<true>::MSG`: The `FromPyObject` implementation for `#[pyclass]` types which implement `Clone` is changing to an opt-in option. Use `#[pyclass(from_py_object)]` to opt-in to the `FromPyObject` derive now, or `#[pyclass(skip_from_py_object)]` to skip the `FromPyObject` implementation.
[INFO] [stdout]   --> py/src/standard.rs:10:1
[INFO] [stdout]    |
[INFO] [stdout] 10 | #[pyclass(name = "Standard")]
[INFO] [stdout]    | ^^^^^^^^^^^^^^^^^^^^^^^^^^^^^
[INFO] [stdout]    |
[INFO] [stdout]    = note: `#[warn(deprecated)]` on by default
[INFO] [stdout]    = note: this warning originates in the attribute macro `pyclass` (in Nightly builds, run with -Z macro-backtrace for more info)
[INFO] [stdout] 
[INFO] [stdout] 
[INFO] [stdout] warning: use of deprecated associated constant `pyo3::impl_::deprecated::HasAutomaticFromPyObject::<true>::MSG`: The `FromPyObject` implementation for `#[pyclass]` types which implement `Clone` is changing to an opt-in option. Use `#[pyclass(from_py_object)]` to opt-in to the `FromPyObject` derive now, or `#[pyclass(skip_from_py_object)]` to skip the `FromPyObject` implementation.
[INFO] [stdout]   --> py/src/standards_filter.rs:35:1
[INFO] [stdout]    |
[INFO] [stdout] 35 | #[pyclass(name = "StandardsFilter")]
[INFO] [stdout]    | ^^^^^^^^^^^^^^^^^^^^^^^^^^^^^^^^^^^^
[INFO] [stdout]    |
[INFO] [stdout]    = note: this warning originates in the attribute macro `pyclass` (in Nightly builds, run with -Z macro-backtrace for more info)
[INFO] [stdout] 
[INFO] [stdout] 
[INFO] [stdout] warning: use of deprecated associated constant `pyo3::impl_::deprecated::HasAutomaticFromPyObject::<true>::MSG`: The `FromPyObject` implementation for `#[pyclass]` types which implement `Clone` is changing to an opt-in option. Use `#[pyclass(from_py_object)]` to opt-in to the `FromPyObject` derive now, or `#[pyclass(skip_from_py_object)]` to skip the `FromPyObject` implementation.
[INFO] [stdout]  --> py/src/standards_library.rs:9:1
[INFO] [stdout]   |
[INFO] [stdout] 9 | #[pyclass(name = "StandardsLibrary")]
[INFO] [stdout]   | ^^^^^^^^^^^^^^^^^^^^^^^^^^^^^^^^^^^^^
[INFO] [stdout]   |
[INFO] [stdout]   = note: this warning originates in the attribute macro `pyclass` (in Nightly builds, run with -Z macro-backtrace for more info)
[INFO] [stdout] 
[INFO] [stdout] 
[INFO] [stdout] warning: use of deprecated associated constant `pyo3::impl_::deprecated::HasAutomaticFromPyObject::<true>::MSG`: The `FromPyObject` implementation for `#[pyclass]` types which implement `Clone` is changing to an opt-in option. Use `#[pyclass(from_py_object)]` to opt-in to the `FromPyObject` derive now, or `#[pyclass(skip_from_py_object)]` to skip the `FromPyObject` implementation.
[INFO] [stdout]  --> py/src/test_suite.rs:6:1
[INFO] [stdout]   |
[INFO] [stdout] 6 | #[pyclass(name = "TestSuite")]
[INFO] [stdout]   | ^^^^^^^^^^^^^^^^^^^^^^^^^^^^^^
[INFO] [stdout]   |
[INFO] [stdout]   = note: this warning originates in the attribute macro `pyclass` (in Nightly builds, run with -Z macro-backtrace for more info)
[INFO] [stdout] 
[INFO] [stdout] 
[INFO] [stderr]    Compiling aws-lc-rs v1.17.1
[INFO] [stderr]    Compiling rustls v0.23.41
[INFO] [stderr]    Compiling rustls-webpki v0.103.13
[INFO] [stderr]    Compiling tokio-rustls v0.26.4
[INFO] [stderr]    Compiling rustls-platform-verifier v0.7.0
[INFO] [stderr]    Compiling hyper-rustls v0.27.9
[INFO] [stderr]    Compiling reqwest v0.13.4
[INFO] [stderr]    Compiling standard_knowledge_cli v0.1.1 (/opt/rustwide/workdir/cli)
[INFO] [stderr]     Finished `test` profile [unoptimized + debuginfo] target(s) in 19.37s
[INFO] running `Command { std: "docker" "inspect" "e0ce5d1469cc3607d371232b2589bca5ef2588b3df57b0226af079af72e646b2", kill_on_drop: false }`
[INFO] running `Command { std: "docker" "exec" "-e" "SOURCE_DIR=/opt/rustwide/workdir" "-e" "CARGO_HOME=/opt/rustwide/cargo-home" "-e" "RUSTUP_HOME=/opt/rustwide/rustup-home" "-e" "CARGO_TARGET_DIR=/opt/rustwide/target" "-e" "CARGO_INCREMENTAL=0" "-e" "RUST_BACKTRACE=full" "-e" "RUSTFLAGS=--cap-lints=warn" "-e" "RUSTDOCFLAGS=--cap-lints=warn" "-w" "/opt/rustwide/workdir" "--user" "0:0" "e0ce5d1469cc3607d371232b2589bca5ef2588b3df57b0226af079af72e646b2" "/opt/rustwide/cargo-home/bin/cargo" "+1.98.0-beta.1" "test" "--frozen", kill_on_drop: false }`
[INFO] [stderr] warning: use of deprecated associated constant `pyo3::impl_::deprecated::HasAutomaticFromPyObject::<true>::MSG`: The `FromPyObject` implementation for `#[pyclass]` types which implement `Clone` is changing to an opt-in option. Use `#[pyclass(from_py_object)]` to opt-in to the `FromPyObject` derive now, or `#[pyclass(skip_from_py_object)]` to skip the `FromPyObject` implementation.
[INFO] [stderr]   --> py/src/standard.rs:10:1
[INFO] [stderr]    |
[INFO] [stderr] 10 | #[pyclass(name = "Standard")]
[INFO] [stderr]    | ^^^^^^^^^^^^^^^^^^^^^^^^^^^^^
[INFO] [stderr]    |
[INFO] [stderr]    = note: `#[warn(deprecated)]` on by default
[INFO] [stderr]    = note: this warning originates in the attribute macro `pyclass` (in Nightly builds, run with -Z macro-backtrace for more info)
[INFO] [stderr] 
[INFO] [stderr] warning: use of deprecated associated constant `pyo3::impl_::deprecated::HasAutomaticFromPyObject::<true>::MSG`: The `FromPyObject` implementation for `#[pyclass]` types which implement `Clone` is changing to an opt-in option. Use `#[pyclass(from_py_object)]` to opt-in to the `FromPyObject` derive now, or `#[pyclass(skip_from_py_object)]` to skip the `FromPyObject` implementation.
[INFO] [stderr]   --> py/src/standards_filter.rs:35:1
[INFO] [stderr]    |
[INFO] [stderr] 35 | #[pyclass(name = "StandardsFilter")]
[INFO] [stderr]    | ^^^^^^^^^^^^^^^^^^^^^^^^^^^^^^^^^^^^
[INFO] [stderr]    |
[INFO] [stderr]    = note: this warning originates in the attribute macro `pyclass` (in Nightly builds, run with -Z macro-backtrace for more info)
[INFO] [stderr] 
[INFO] [stderr] warning: use of deprecated associated constant `pyo3::impl_::deprecated::HasAutomaticFromPyObject::<true>::MSG`: The `FromPyObject` implementation for `#[pyclass]` types which implement `Clone` is changing to an opt-in option. Use `#[pyclass(from_py_object)]` to opt-in to the `FromPyObject` derive now, or `#[pyclass(skip_from_py_object)]` to skip the `FromPyObject` implementation.
[INFO] [stderr]  --> py/src/standards_library.rs:9:1
[INFO] [stderr]   |
[INFO] [stderr] 9 | #[pyclass(name = "StandardsLibrary")]
[INFO] [stderr]   | ^^^^^^^^^^^^^^^^^^^^^^^^^^^^^^^^^^^^^
[INFO] [stderr]   |
[INFO] [stderr]   = note: this warning originates in the attribute macro `pyclass` (in Nightly builds, run with -Z macro-backtrace for more info)
[INFO] [stderr] 
[INFO] [stderr] warning: use of deprecated associated constant `pyo3::impl_::deprecated::HasAutomaticFromPyObject::<true>::MSG`: The `FromPyObject` implementation for `#[pyclass]` types which implement `Clone` is changing to an opt-in option. Use `#[pyclass(from_py_object)]` to opt-in to the `FromPyObject` derive now, or `#[pyclass(skip_from_py_object)]` to skip the `FromPyObject` implementation.
[INFO] [stderr]  --> py/src/test_suite.rs:6:1
[INFO] [stderr]   |
[INFO] [stderr] 6 | #[pyclass(name = "TestSuite")]
[INFO] [stderr]   | ^^^^^^^^^^^^^^^^^^^^^^^^^^^^^^
[INFO] [stderr]   |
[INFO] [stderr]   = note: this warning originates in the attribute macro `pyclass` (in Nightly builds, run with -Z macro-backtrace for more info)
[INFO] [stderr] 
[INFO] [stderr] warning: `standard_knowledge_py` (lib test) generated 4 warnings
[INFO] [stderr]     Finished `test` profile [unoptimized + debuginfo] target(s) in 0.19s
[INFO] [stderr]      Running unittests src/lib.rs (/opt/rustwide/target/debug/deps/standard_knowledge-f113b9bfb9e2dda6)
[INFO] [stdout] 
[INFO] [stdout] running 13 tests
[INFO] [stdout] test qartod::water_level::tests::test_gulf_of_maine_missing_arg ... ok
[INFO] [stdout] test qartod::water_level::tests::test_gulf_of_maine_scaffold_no_args ... ok
[INFO] [stdout] test qartod::water_level::tests::test_gulf_of_maine_scaffold_success ... ok
[INFO] [stdout] test qartod::water_level::tests::test_trait_object_compatibility ... ok
[INFO] [stdout] test standard::tests::can_match_standard_by_long_name ... ok
[INFO] [stdout] test cf::tests::test_compressed_loading ... ok
[INFO] [stdout] test standards_library::tests::can_get_standard ... ok
[INFO] [stdout] test cf::tests::load_cf_standards ... ok
[INFO] [stdout] test standards_library::tests::can_load_standards ... ok
[INFO] [stdout] test standards_library::tests::can_find_by_variable_name ... ok
[INFO] [stdout] test standards_library::tests::can_get_standard_by_alias ... ok
[INFO] [stdout] test standards_library::tests::can_apply_knowledge ... ok
[INFO] [stdout] test standards_library::tests::can_find_by_variable_name_case_insensitive ... ok
[INFO] [stdout] 
[INFO] [stdout] test result: ok. 13 passed; 0 failed; 0 ignored; 0 measured; 0 filtered out; finished in 0.91s
[INFO] [stdout] 
[INFO] [stderr]      Running unittests src/main.rs (/opt/rustwide/target/debug/deps/standard_knowledge_main-7ac4c422801f402d)
[INFO] [stdout] 
[INFO] [stdout] running 0 tests
[INFO] [stdout] 
[INFO] [stdout] test result: ok. 0 passed; 0 failed; 0 ignored; 0 measured; 0 filtered out; finished in 0.00s
[INFO] [stdout] 
[INFO] [stderr]      Running unittests src/main.rs (/opt/rustwide/target/debug/deps/standard_knowledge-ffe0de343f0fd4d2)
[INFO] [stdout] 
[INFO] [stdout] running 1 test
[INFO] [stdout] test verify_cli ... ok
[INFO] [stdout] 
[INFO] [stdout] test result: ok. 1 passed; 0 failed; 0 ignored; 0 measured; 0 filtered out; finished in 0.00s
[INFO] [stdout] 
[INFO] [stderr]      Running tests/cmd.rs (/opt/rustwide/target/debug/deps/cmd-43754d6d30e9865c)
[INFO] [stdout] 
[INFO] [stdout] running 1 test
[INFO] [stderr] Testing tests/cmd/filter-variable-no.toml ... ok 3ms 433us 730ns
[INFO] [stderr] Testing tests/cmd/filter-search-no.toml ... ok 3ms 877us 670ns
[INFO] [stderr] Testing tests/cmd/get-no.toml ... ok 2ms 475us 280ns
[INFO] [stderr] Testing tests/cmd/filter-unit.toml ... ok 925ms 449us 746ns
[INFO] [stderr] Testing tests/cmd/knowledge-url-error.toml ... failed 931ms 966us 376ns
[INFO] [stderr] Exit: 1
[INFO] [stderr] stdout:
[INFO] [stderr] 
[INFO] [stderr] 
[INFO] [stderr] ---- expected: stderr
[INFO] [stderr] ++++ actual:   stderr
[INFO] [stderr]    1      - Error loading knowledge from URL 'https://example.com/test.yaml': HTTP error 404 Not Found when fetching https://example.com/test.yaml
[INFO] [stderr]         1 + Error loading knowledge from URL 'https://example.com/test.yaml': Failed to fetch URL https://example.com/test.yaml: error sending request for url (https://example.com/test.yaml)
[INFO] [stderr] Testing tests/cmd/qc-config-static.toml ... ok 928ms 875us 936ns
[INFO] [stderr] Testing tests/cmd/get-short.toml ... ok 929ms 360us 896ns
[INFO] [stderr] Testing tests/cmd/knowledge-lib-explicit.toml ... ok 941ms 72us 985ns
[INFO] [stderr] Testing tests/cmd/knowledge-path-dir.toml ... ok 874ms 766us 909ns
[INFO] [stderr] Testing tests/cmd/knowledge-url-multiple.toml ... failed 920ms 888us 906ns
[INFO] [stderr] Expected success, was 1
[INFO] [stderr] 
[INFO] [stderr] ---- expected: stdout
[INFO] [stderr] ++++ actual:   stdout
[INFO] [stderr]    1      - sea_water_temperature - Weird Sea Temperature - K
[INFO] [stderr]    2      - 
[INFO] [stderr]    3      - Sea water temperature is the in situ temperature of the sea water. To specify the depth at which the temperature applies use a vertical coordinate variable or scalar coordinate variable. There are standard names for sea_surface_temperature, sea_surface_skin_temperature, sea_surface_subskin_temperature and sea_surface_foundation_temperature which can be used to describe data located at the specified surfaces. For observed data, depending on the period during which the observation was made, the measured in situ temperature was recorded against standard "scales". These historical scales include the International Practical Temperature Scale of 1948 (IPTS-48; 1948-1967), the International Practical Temperature Scale of 1968 (IPTS-68, Barber, 1969; 1968-1989) and the International Temperature Scale of 1990 (ITS-90, Saunders 1990; 1990 onwards). Conversion of data between these scales follows t68 = t48 - (4.4 x 10e-6) * t48(100 - t - 48); t90 = 0.99976 * t68. Observations made prior to 1948 (IPTS-48) have not been documented and therefore a conversion cannot be certain. Differences between t90 and t68 can be up to 0.01 at temperatures of 40 C and above; differences of 0.002-0.007 occur across the standard range of ocean temperatures (-10 - 30 C). The International Equation of State of Seawater 1980 (EOS-80, UNESCO, 1981) and the Practical Salinity Scale (PSS-78) were both based on IPTS-68, while the Thermodynamic Equation of Seawater 2010 (TEOS-10) is based on ITS-90. References: Barber, 1969, doi: 10.1088/0026-1394/5/2/001; UNESCO, 1981; Saunders, 1990, WOCE Newsletter, 10, September 1990. It is strongly recommended that a variable with this standard name should have a units_metadata attribute, with one of the values "on-scale" or "difference", whichever is appropriate for the data, because it is essential to know whether the temperature is on-scale (meaning relative to the origin of the scale indicated by the units) or refers to temperature differences (implying that the origin of the temperature scale is irrevelant), in order to convert the units correctly (cf. https://cfconventions.org/cf-conventions/cf-conventions.html#temperature-units).
[INFO] [stderr] 
[INFO] [stderr] ---- expected: stderr
[INFO] [stderr] ++++ actual:   stderr
[INFO] [stderr]         1 + Error loading knowledge from URL 'https://gist.githubusercontent.com/abkfenris/ea3cd2eadff0d0ad35fee20d13fb51ab/raw/fce404c8ed3263512281f58d8d1fb629a828323e/multiple.yaml': Failed to fetch URL https://gist.githubusercontent.com/abkfenris/ea3cd2eadff0d0ad35fee20d13fb51ab/raw/fce404c8ed3263512281f58d8d1fb629a828323e/multiple.yaml: error sending request for url (https://gist.githubusercontent.com/abkfenris/ea3cd2eadff0d0ad35fee20d13fb51ab/raw/fce404c8ed3263512281f58d8d1fb629a828323e/multiple.yaml)
[INFO] [stderr] Testing tests/cmd/qc-config.toml ... ok 923ms 541us 896ns
[INFO] [stderr] Testing tests/cmd/get-with-tests.toml ... ok 924ms 555us 496ns
[INFO] [stderr] Testing tests/cmd/filter-var-ioos.toml ... ok 959ms 551us 944ns
[INFO] [stderr] Testing tests/cmd/knowledge-path-multiple-files.toml ... ok 891ms 330us 698ns
[INFO] [stderr] Testing tests/cmd/qc-get.toml ... ok 920ms 901us 576ns
[INFO] [stderr] Testing tests/cmd/qc-help.toml ... ok 3ms 159us 349ns
[INFO] [stderr] Testing tests/cmd/knowledge-url-single.toml ... failed 940ms 372us 305ns
[INFO] [stderr] Expected success, was 1
[INFO] [stderr] 
[INFO] [stderr] ---- expected: stdout
[INFO] [stderr] ++++ actual:   stdout
[INFO] [stderr]    1      - air_temperature - K
[INFO] [stderr]    2      - 
[INFO] [stderr]    3      - Air temperature is the bulk temperature of the air, not the surface (skin) temperature. It is strongly recommended that a variable with this standard name should have a units_metadata attribute, with one of the values "on-scale" or "difference", whichever is appropriate for the data, because it is essential to know whether the temperature is on-scale (meaning relative to the origin of the scale indicated by the units) or refers to temperature differences (implying that the origin of the temperature scale is irrevelant), in order to convert the units correctly (cf. https://cfconventions.org/cf-conventions/cf-conventions.html#temperature-units).
[INFO] [stderr] 
[INFO] [stderr] ---- expected: stderr
[INFO] [stderr] ++++ actual:   stderr
[INFO] [stderr]         1 + Error loading knowledge from URL 'https://gist.githubusercontent.com/abkfenris/ea3cd2eadff0d0ad35fee20d13fb51ab/raw/b894760f1cfe3ee8b6c89750ef7da91b0333c403/ait_temperature.yaml': Failed to fetch URL https://gist.githubusercontent.com/abkfenris/ea3cd2eadff0d0ad35fee20d13fb51ab/raw/b894760f1cfe3ee8b6c89750ef7da91b0333c403/ait_temperature.yaml: error sending request for url (https://gist.githubusercontent.com/abkfenris/ea3cd2eadff0d0ad35fee20d13fb51ab/raw/b894760f1cfe3ee8b6c89750ef7da91b0333c403/ait_temperature.yaml)
[INFO] [stderr] Testing tests/cmd/get-xarray.toml ... ok 953ms 95us 504ns
[INFO] [stderr] Testing tests/cmd/no-command.toml ... ok 3ms 320us 469ns
[INFO] [stderr] Testing tests/cmd/filter-var.toml ... ok 969ms 738us 223ns
[INFO] [stderr] Testing tests/cmd/knowledge-path-multiple.toml ... ok 890ms 779us 829ns
[INFO] [stderr] Testing tests/cmd/help.toml ... ok 3ms 520us 839ns
[INFO] [stderr] Testing tests/cmd/qc-list.toml ... ok 938ms 846us 445ns
[INFO] [stderr] Testing tests/cmd/get.toml ... ok 923ms 98us 757ns
[INFO] [stderr] Testing tests/cmd/knowledge-path-not-found.toml ... ok 897ms 906us 338ns
[INFO] [stderr] Testing tests/cmd/filter-variable-no-match.toml ... ok 933ms 9us 626ns
[INFO] [stderr] Testing tests/cmd/knowledge-lib-and-url.toml ... failed 667ms 9us 84ns
[INFO] [stderr] Expected success, was 1
[INFO] [stderr] 
[INFO] [stderr] ---- expected: stdout
[INFO] [stderr] ++++ actual:   stdout
[INFO] [stderr]    1      - air_temperature - Weird Air Temperature - K
[INFO] [stderr]    2      -   IOOS Category: Meteorology
[INFO] [stderr]    3      -   Common variables:
[INFO] [stderr]    4      -   - air_temperature
[INFO] [stderr]    5      -   - dryt
[INFO] [stderr]    6      -   - air
[INFO] [stderr]    7      -   - airtemperature
[INFO] [stderr]    8      -   - temp_air_mean
[INFO] [stderr]    9      -   - atmp
[INFO] [stderr]   10      -   - air_temp
[INFO] [stderr]   11      -   - tair
[INFO] [stderr]   12      -   - airtemp
[INFO] [stderr]   13      -   - airt
[INFO] [stderr]   14      -   - tmin
[INFO] [stderr]   15      -   - tmax
[INFO] [stderr]   16      -   - tmp_2maboveground
[INFO] [stderr]   17      -   - temp_air
[INFO] [stderr]   18      -   - ta
[INFO] [stderr]   19      -   - temp
[INFO] [stderr]   20      -   - buoy_air_temperature
[INFO] [stderr]   21      -   - at
[INFO] [stderr]   22      -   - float_temp
[INFO] [stderr]   23      -   Sibling standards: air_pressure
[INFO] [stderr]   24      -   Extra attributes:
[INFO] [stderr]   25      -     {
[INFO] [stderr]   26      -       "comment": "Air temperature is the temperature of air in situ. (IOOS)",
[INFO] [stderr]   27      -       "coverage_content_type": "physicalMeasurement",
[INFO] [stderr]   28      -       "ioos_category": "Meteorology",
[INFO] [stderr]   29      -       "long_name": "Weird Air Temperature",
[INFO] [stderr]   30      -       "ncei_name": "AIR TEMPERATURE",
[INFO] [stderr]   31      -       "standard_name": "air_temperature",
[INFO] [stderr]   32      -       "standard_name_url": "https://vocab.nerc.ac.uk/collection/P07/current/CFSN0023",
[INFO] [stderr]   33      -       "units": "K",
[INFO] [stderr]   34      -     }
[INFO] [stderr]   35      - 
[INFO] [stderr]   36      -   QARTOD Test Suites:
[INFO] [stderr]   37      -   - GLOS Seagull (glos): QARTOD tests that GLOS uses for Seagull data
[INFO] [stderr]   38      - 
[INFO] [stderr]   39      - Air temperature is the bulk temperature of the air, not the surface (skin) temperature. It is strongly recommended that a variable with this standard name should have a units_metadata attribute, with one of the values "on-scale" or "difference", whichever is appropriate for the data, because it is essential to know whether the temperature is on-scale (meaning relative to the origin of the scale indicated by the units) or refers to temperature differences (implying that the origin of the temperature scale is irrevelant), in order to convert the units correctly (cf. https://cfconventions.org/cf-conventions/cf-conventions.html#temperature-units).
[INFO] [stderr] 
[INFO] [stderr] ---- expected: stderr
[INFO] [stderr] ++++ actual:   stderr
[INFO] [stderr]         1 + Error loading knowledge from URL 'https://gist.githubusercontent.com/abkfenris/ea3cd2eadff0d0ad35fee20d13fb51ab/raw/fce404c8ed3263512281f58d8d1fb629a828323e/multiple.yaml': Failed to fetch URL https://gist.githubusercontent.com/abkfenris/ea3cd2eadff0d0ad35fee20d13fb51ab/raw/fce404c8ed3263512281f58d8d1fb629a828323e/multiple.yaml: error sending request for url (https://gist.githubusercontent.com/abkfenris/ea3cd2eadff0d0ad35fee20d13fb51ab/raw/fce404c8ed3263512281f58d8d1fb629a828323e/multiple.yaml)
[INFO] [stderr] Testing tests/cmd/knowledge-path-single.toml ... ok 767ms 740us 537ns
[INFO] [stderr] Testing tests/cmd/knowledge-path-single-by-filename.toml ... ok 760ms 64us 297ns
[INFO] [stderr] Testing tests/cmd/knowledge-url-and-path.toml ... failed 891ms 888us 38ns
[INFO] [stderr] Expected success, was 1
[INFO] [stderr] 
[INFO] [stderr] ---- expected: stdout
[INFO] [stderr] ++++ actual:   stdout
[INFO] [stderr]    1      - sea_water_temperature - Weird Sea Temperature - K
[INFO] [stderr]    2      - 
[INFO] [stderr]    3      - Sea water temperature is the in situ temperature of the sea water. To specify the depth at which the temperature applies use a vertical coordinate variable or scalar coordinate variable. There are standard names for sea_surface_temperature, sea_surface_skin_temperature, sea_surface_subskin_temperature and sea_surface_foundation_temperature which can be used to describe data located at the specified surfaces. For observed data, depending on the period during which the observation was made, the measured in situ temperature was recorded against standard "scales". These historical scales include the International Practical Temperature Scale of 1948 (IPTS-48; 1948-1967), the International Practical Temperature Scale of 1968 (IPTS-68, Barber, 1969; 1968-1989) and the International Temperature Scale of 1990 (ITS-90, Saunders 1990; 1990 onwards). Conversion of data between these scales follows t68 = t48 - (4.4 x 10e-6) * t48(100 - t - 48); t90 = 0.99976 * t68. Observations made prior to 1948 (IPTS-48) have not been documented and therefore a conversion cannot be certain. Differences between t90 and t68 can be up to 0.01 at temperatures of 40 C and above; differences of 0.002-0.007 occur across the standard range of ocean temperatures (-10 - 30 C). The International Equation of State of Seawater 1980 (EOS-80, UNESCO, 1981) and the Practical Salinity Scale (PSS-78) were both based on IPTS-68, while the Thermodynamic Equation of Seawater 2010 (TEOS-10) is based on ITS-90. References: Barber, 1969, doi: 10.1088/0026-1394/5/2/001; UNESCO, 1981; Saunders, 1990, WOCE Newsletter, 10, September 1990. It is strongly recommended that a variable with this standard name should have a units_metadata attribute, with one of the values "on-scale" or "difference", whichever is appropriate for the data, because it is essential to know whether the temperature is on-scale (meaning relative to the origin of the scale indicated by the units) or refers to temperature differences (implying that the origin of the temperature scale is irrevelant), in order to convert the units correctly (cf. https://cfconventions.org/cf-conventions/cf-conventions.html#temperature-units).
[INFO] [stderr] 
[INFO] [stderr] ---- expected: stderr
[INFO] [stderr] ++++ actual:   stderr
[INFO] [stderr]         1 + Error loading knowledge from URL 'https://gist.githubusercontent.com/abkfenris/ea3cd2eadff0d0ad35fee20d13fb51ab/raw/fce404c8ed3263512281f58d8d1fb629a828323e/multiple.yaml': Failed to fetch URL https://gist.githubusercontent.com/abkfenris/ea3cd2eadff0d0ad35fee20d13fb51ab/raw/fce404c8ed3263512281f58d8d1fb629a828323e/multiple.yaml: error sending request for url (https://gist.githubusercontent.com/abkfenris/ea3cd2eadff0d0ad35fee20d13fb51ab/raw/fce404c8ed3263512281f58d8d1fb629a828323e/multiple.yaml)
[INFO] [stderr] Testing tests/cmd/filter-search-xarray.toml ... ok 5s 769ms 945us 841ns
[INFO] [stderr] Testing tests/cmd/filter-search-no-match.toml ... ok 5s 779ms 886us 460ns
[INFO] [stderr] Testing tests/cmd/filter-search.toml ... ok 5s 797ms 583us 149ns
[INFO] [stderr] Update snapshots with `TRYCMD=overwrite`
[INFO] [stderr] Debug output with `TRYCMD=dump`
[INFO] [stdout] test cli_tests ... FAILED
[INFO] [stdout] 
[INFO] [stdout] failures:
[INFO] [stdout] 
[INFO] [stdout] ---- cli_tests stdout ----
[INFO] [stdout] 
[INFO] [stdout] thread 'cli_tests' (4855) panicked at /opt/rustwide/cargo-home/registry/src/index.crates.io-1949cf8c6b5b557f/trycmd-1.2.0/src/runner.rs:123:17:
[INFO] [stdout] 5 of 33 tests failed
[INFO] [stdout] stack backtrace:
[INFO] [stdout]    0:     0x5f171c35e5e1 - std[73adb7dc35730857]::backtrace_rs::backtrace::libunwind::trace
[INFO] [stdout]                                at /rustc/6b3fa26749ab40e159b2dd5cf577acaaf5902772/library/std/src/../../backtrace/src/backtrace/libunwind.rs:117:9
[INFO] [stdout]    1:     0x5f171c35e5e1 - std[73adb7dc35730857]::backtrace_rs::backtrace::trace_unsynchronized::<std[73adb7dc35730857]::sys::backtrace::_print_fmt::{closure#1}>
[INFO] [stdout]                                at /rustc/6b3fa26749ab40e159b2dd5cf577acaaf5902772/library/std/src/../../backtrace/src/backtrace/mod.rs:66:14
[INFO] [stdout]    2:     0x5f171c35e5e1 - std[73adb7dc35730857]::sys::backtrace::_print_fmt
[INFO] [stdout]                                at /rustc/6b3fa26749ab40e159b2dd5cf577acaaf5902772/library/std/src/sys/backtrace.rs:74:9
[INFO] [stdout]    3:     0x5f171c35e5e1 - <<std[73adb7dc35730857]::sys::backtrace::BacktraceLock>::print::DisplayBacktrace as core[6883ba1bc0fe4ed1]::fmt::Display>::fmt
[INFO] [stdout]                                at /rustc/6b3fa26749ab40e159b2dd5cf577acaaf5902772/library/std/src/sys/backtrace.rs:44:26
[INFO] [stdout]    4:     0x5f171c374a9a - <core[6883ba1bc0fe4ed1]::fmt::rt::Argument>::fmt
[INFO] [stdout]                                at /rustc/6b3fa26749ab40e159b2dd5cf577acaaf5902772/library/core/src/fmt/rt.rs:152:76
[INFO] [stdout]    5:     0x5f171c374a9a - core[6883ba1bc0fe4ed1]::fmt::write
[INFO] [stdout]    6:     0x5f171c363bec - std[73adb7dc35730857]::io::default_write_fmt::<alloc[55a36b64bcbf2c0d]::vec::Vec<u8>>
[INFO] [stdout]                                at /rustc/6b3fa26749ab40e159b2dd5cf577acaaf5902772/library/std/src/io/mod.rs:626:11
[INFO] [stdout]    7:     0x5f171c363bec - <alloc[55a36b64bcbf2c0d]::vec::Vec<u8> as std[73adb7dc35730857]::io::Write>::write_fmt
[INFO] [stdout]                                at /rustc/6b3fa26749ab40e159b2dd5cf577acaaf5902772/library/std/src/io/mod.rs:1730:13
[INFO] [stdout]    8:     0x5f171c337bd6 - <std[73adb7dc35730857]::sys::backtrace::BacktraceLock>::print
[INFO] [stdout]                                at /rustc/6b3fa26749ab40e159b2dd5cf577acaaf5902772/library/std/src/sys/backtrace.rs:47:9
[INFO] [stdout]    9:     0x5f171c337bd6 - std[73adb7dc35730857]::panicking::default_hook::{closure#0}
[INFO] [stdout]                                at /rustc/6b3fa26749ab40e159b2dd5cf577acaaf5902772/library/std/src/panicking.rs:292:27
[INFO] [stdout]   10:     0x5f171c3541b9 - std[73adb7dc35730857]::panicking::default_hook
[INFO] [stdout]                                at /rustc/6b3fa26749ab40e159b2dd5cf577acaaf5902772/library/std/src/panicking.rs:316:9
[INFO] [stdout]   11:     0x5f171c2eb690 - <alloc[55a36b64bcbf2c0d]::boxed::Box<dyn for<'a, 'b> core[6883ba1bc0fe4ed1]::ops::function::Fn<(&'a std[73adb7dc35730857]::panic::PanicHookInfo<'b>,), Output = ()> + core[6883ba1bc0fe4ed1]::marker::Send + core[6883ba1bc0fe4ed1]::marker::Sync> as core[6883ba1bc0fe4ed1]::ops::function::Fn<(&std[73adb7dc35730857]::panic::PanicHookInfo,)>>::call
[INFO] [stdout]                                at /rustc/6b3fa26749ab40e159b2dd5cf577acaaf5902772/library/alloc/src/boxed.rs:2333:9
[INFO] [stdout]   12:     0x5f171c2eb690 - test[980ffaebd391d06d]::test_main_inner::<test[980ffaebd391d06d]::test_main_static::{closure#0}>::{closure#0}
[INFO] [stdout]                                at /rustc/6b3fa26749ab40e159b2dd5cf577acaaf5902772/library/test/src/lib.rs:155:21
[INFO] [stdout]   13:     0x5f171c3544e2 - <alloc[55a36b64bcbf2c0d]::boxed::Box<dyn for<'a, 'b> core[6883ba1bc0fe4ed1]::ops::function::Fn<(&'a std[73adb7dc35730857]::panic::PanicHookInfo<'b>,), Output = ()> + core[6883ba1bc0fe4ed1]::marker::Send + core[6883ba1bc0fe4ed1]::marker::Sync> as core[6883ba1bc0fe4ed1]::ops::function::Fn<(&std[73adb7dc35730857]::panic::PanicHookInfo,)>>::call
[INFO] [stdout]                                at /rustc/6b3fa26749ab40e159b2dd5cf577acaaf5902772/library/alloc/src/boxed.rs:2333:9
[INFO] [stdout]   14:     0x5f171c3544e2 - std[73adb7dc35730857]::panicking::panic_with_hook
[INFO] [stdout]                                at /rustc/6b3fa26749ab40e159b2dd5cf577acaaf5902772/library/std/src/panicking.rs:823:13
[INFO] [stdout]   15:     0x5f171c337c82 - std[73adb7dc35730857]::panicking::panic_handler::{closure#0}
[INFO] [stdout]                                at /rustc/6b3fa26749ab40e159b2dd5cf577acaaf5902772/library/std/src/panicking.rs:688:13
[INFO] [stdout]   16:     0x5f171c32f209 - std[73adb7dc35730857]::sys::backtrace::__rust_end_short_backtrace::<std[73adb7dc35730857]::panicking::panic_handler::{closure#0}, !>
[INFO] [stdout]                                at /rustc/6b3fa26749ab40e159b2dd5cf577acaaf5902772/library/std/src/sys/backtrace.rs:182:18
[INFO] [stdout]   17:     0x5f171c33896d - __rustc[a7b7b02e776dd976]::rust_begin_unwind
[INFO] [stdout]                                at /rustc/6b3fa26749ab40e159b2dd5cf577acaaf5902772/library/std/src/panicking.rs:679:5
[INFO] [stdout]   18:     0x5f171c37529c - core[6883ba1bc0fe4ed1]::panicking::panic_fmt
[INFO] [stdout]                                at /rustc/6b3fa26749ab40e159b2dd5cf577acaaf5902772/library/core/src/panicking.rs:80:14
[INFO] [stdout]   19:     0x5f171c1d30b8 - core[6883ba1bc0fe4ed1]::panicking::panic_display::<alloc[55a36b64bcbf2c0d]::string::String>
[INFO] [stdout]                                at /rustc/6b3fa26749ab40e159b2dd5cf577acaaf5902772/library/core/src/panicking.rs:259:5
[INFO] [stdout]   20:     0x5f171bfdff37 - <trycmd[69ba85f6ffc56d20]::runner::Runner>::run
[INFO] [stdout]                                at /opt/rustwide/cargo-home/registry/src/index.crates.io-1949cf8c6b5b557f/trycmd-1.2.0/src/runner.rs:123:17
[INFO] [stdout]   21:     0x5f171c07b37f - <trycmd[69ba85f6ffc56d20]::cases::TestCases>::run
[INFO] [stdout]                                at /opt/rustwide/cargo-home/registry/src/index.crates.io-1949cf8c6b5b557f/trycmd-1.2.0/src/cases.rs:182:16
[INFO] [stdout]   22:     0x5f171c07b9fa - <trycmd[69ba85f6ffc56d20]::cases::TestCases as core[6883ba1bc0fe4ed1]::ops::drop::Drop>::drop
[INFO] [stdout]                                at /opt/rustwide/cargo-home/registry/src/index.crates.io-1949cf8c6b5b557f/trycmd-1.2.0/src/cases.rs:192:18
[INFO] [stdout]   23:     0x5f171c043e57 - core[6883ba1bc0fe4ed1]::ptr::drop_glue::<trycmd[69ba85f6ffc56d20]::cases::TestCases>
[INFO] [stdout]                                at /rustc/6b3fa26749ab40e159b2dd5cf577acaaf5902772/library/core/src/ptr/mod.rs:823:1
[INFO] [stdout]   24:     0x5f171bfd6403 - cmd[39180ddc1dd43528]::cli_tests
[INFO] [stdout]                                at /opt/rustwide/workdir/cli/tests/cmd.rs:6:1
[INFO] [stdout]   25:     0x5f171bfd6347 - cmd[39180ddc1dd43528]::cli_tests::{closure#0}
[INFO] [stdout]                                at /opt/rustwide/workdir/cli/tests/cmd.rs:2:15
[INFO] [stdout]   26:     0x5f171bfd6656 - <cmd[39180ddc1dd43528]::cli_tests::{closure#0} as core[6883ba1bc0fe4ed1]::ops::function::FnOnce<()>>::call_once
[INFO] [stdout]                                at /rustc/6b3fa26749ab40e159b2dd5cf577acaaf5902772/library/core/src/ops/function.rs:250:5
[INFO] [stdout]   27:     0x5f171c2de9cb - <fn() -> core[6883ba1bc0fe4ed1]::result::Result<(), alloc[55a36b64bcbf2c0d]::string::String> as core[6883ba1bc0fe4ed1]::ops::function::FnOnce<()>>::call_once
[INFO] [stdout]                                at /rustc/6b3fa26749ab40e159b2dd5cf577acaaf5902772/library/core/src/ops/function.rs:250:5
[INFO] [stdout]   28:     0x5f171c2de9cb - test[980ffaebd391d06d]::__rust_begin_short_backtrace::<core[6883ba1bc0fe4ed1]::result::Result<(), alloc[55a36b64bcbf2c0d]::string::String>, fn() -> core[6883ba1bc0fe4ed1]::result::Result<(), alloc[55a36b64bcbf2c0d]::string::String>>
[INFO] [stdout]                                at /rustc/6b3fa26749ab40e159b2dd5cf577acaaf5902772/library/test/src/lib.rs:724:18
[INFO] [stdout]   29:     0x5f171c2ec015 - test[980ffaebd391d06d]::run_test_in_process::{closure#0}
[INFO] [stdout]                                at /rustc/6b3fa26749ab40e159b2dd5cf577acaaf5902772/library/test/src/lib.rs:747:74
[INFO] [stdout]   30:     0x5f171c2ec015 - <core[6883ba1bc0fe4ed1]::panic::unwind_safe::AssertUnwindSafe<test[980ffaebd391d06d]::run_test_in_process::{closure#0}> as core[6883ba1bc0fe4ed1]::ops::function::FnOnce<()>>::call_once
[INFO] [stdout]                                at /rustc/6b3fa26749ab40e159b2dd5cf577acaaf5902772/library/core/src/panic/unwind_safe.rs:275:9
[INFO] [stdout]   31:     0x5f171c2ec015 - std[73adb7dc35730857]::panicking::catch_unwind::do_call::<core[6883ba1bc0fe4ed1]::panic::unwind_safe::AssertUnwindSafe<test[980ffaebd391d06d]::run_test_in_process::{closure#0}>, core[6883ba1bc0fe4ed1]::result::Result<(), alloc[55a36b64bcbf2c0d]::string::String>>
[INFO] [stdout]                                at /rustc/6b3fa26749ab40e159b2dd5cf577acaaf5902772/library/std/src/panicking.rs:576:43
[INFO] [stdout]   32:     0x5f171c2ec015 - std[73adb7dc35730857]::panicking::catch_unwind::<core[6883ba1bc0fe4ed1]::result::Result<(), alloc[55a36b64bcbf2c0d]::string::String>, core[6883ba1bc0fe4ed1]::panic::unwind_safe::AssertUnwindSafe<test[980ffaebd391d06d]::run_test_in_process::{closure#0}>>
[INFO] [stdout]                                at /rustc/6b3fa26749ab40e159b2dd5cf577acaaf5902772/library/std/src/panicking.rs:544:19
[INFO] [stdout]   33:     0x5f171c2ec015 - std[73adb7dc35730857]::panic::catch_unwind::<core[6883ba1bc0fe4ed1]::panic::unwind_safe::AssertUnwindSafe<test[980ffaebd391d06d]::run_test_in_process::{closure#0}>, core[6883ba1bc0fe4ed1]::result::Result<(), alloc[55a36b64bcbf2c0d]::string::String>>
[INFO] [stdout]                                at /rustc/6b3fa26749ab40e159b2dd5cf577acaaf5902772/library/std/src/panic.rs:359:14
[INFO] [stdout]   34:     0x5f171c2ec015 - test[980ffaebd391d06d]::run_test_in_process
[INFO] [stdout]                                at /rustc/6b3fa26749ab40e159b2dd5cf577acaaf5902772/library/test/src/lib.rs:747:27
[INFO] [stdout]   35:     0x5f171c2ec015 - test[980ffaebd391d06d]::run_test::{closure#0}
[INFO] [stdout]                                at /rustc/6b3fa26749ab40e159b2dd5cf577acaaf5902772/library/test/src/lib.rs:668:43
[INFO] [stdout]   36:     0x5f171c2e6ac4 - test[980ffaebd391d06d]::run_test::{closure#1}
[INFO] [stdout]                                at /rustc/6b3fa26749ab40e159b2dd5cf577acaaf5902772/library/test/src/lib.rs:698:41
[INFO] [stdout]   37:     0x5f171c2e6ac4 - std[73adb7dc35730857]::sys::backtrace::__rust_begin_short_backtrace::<test[980ffaebd391d06d]::run_test::{closure#1}, ()>
[INFO] [stdout]                                at /rustc/6b3fa26749ab40e159b2dd5cf577acaaf5902772/library/std/src/sys/backtrace.rs:166:18
[INFO] [stdout]   38:     0x5f171c2ef162 - std[73adb7dc35730857]::thread::lifecycle::spawn_unchecked::<test[980ffaebd391d06d]::run_test::{closure#1}, ()>::{closure#1}::{closure#0}
[INFO] [stdout]                                at /rustc/6b3fa26749ab40e159b2dd5cf577acaaf5902772/library/std/src/thread/lifecycle.rs:70:13
[INFO] [stdout]   39:     0x5f171c2ef162 - <core[6883ba1bc0fe4ed1]::panic::unwind_safe::AssertUnwindSafe<std[73adb7dc35730857]::thread::lifecycle::spawn_unchecked<test[980ffaebd391d06d]::run_test::{closure#1}, ()>::{closure#1}::{closure#0}> as core[6883ba1bc0fe4ed1]::ops::function::FnOnce<()>>::call_once
[INFO] [stdout]                                at /rustc/6b3fa26749ab40e159b2dd5cf577acaaf5902772/library/core/src/panic/unwind_safe.rs:275:9
[INFO] [stdout]   40:     0x5f171c2ef162 - std[73adb7dc35730857]::panicking::catch_unwind::do_call::<core[6883ba1bc0fe4ed1]::panic::unwind_safe::AssertUnwindSafe<std[73adb7dc35730857]::thread::lifecycle::spawn_unchecked<test[980ffaebd391d06d]::run_test::{closure#1}, ()>::{closure#1}::{closure#0}>, ()>
[INFO] [stdout]                                at /rustc/6b3fa26749ab40e159b2dd5cf577acaaf5902772/library/std/src/panicking.rs:576:43
[INFO] [stdout]   41:     0x5f171c2ef162 - std[73adb7dc35730857]::panicking::catch_unwind::<(), core[6883ba1bc0fe4ed1]::panic::unwind_safe::AssertUnwindSafe<std[73adb7dc35730857]::thread::lifecycle::spawn_unchecked<test[980ffaebd391d06d]::run_test::{closure#1}, ()>::{closure#1}::{closure#0}>>
[INFO] [stdout]                                at /rustc/6b3fa26749ab40e159b2dd5cf577acaaf5902772/library/std/src/panicking.rs:544:19
[INFO] [stdout]   42:     0x5f171c2ef162 - std[73adb7dc35730857]::panic::catch_unwind::<core[6883ba1bc0fe4ed1]::panic::unwind_safe::AssertUnwindSafe<std[73adb7dc35730857]::thread::lifecycle::spawn_unchecked<test[980ffaebd391d06d]::run_test::{closure#1}, ()>::{closure#1}::{closure#0}>, ()>
[INFO] [stdout]                                at /rustc/6b3fa26749ab40e159b2dd5cf577acaaf5902772/library/std/src/panic.rs:359:14
[INFO] [stdout]   43:     0x5f171c2ef162 - std[73adb7dc35730857]::thread::lifecycle::spawn_unchecked::<test[980ffaebd391d06d]::run_test::{closure#1}, ()>::{closure#1}
[INFO] [stdout]                                at /rustc/6b3fa26749ab40e159b2dd5cf577acaaf5902772/library/std/src/thread/lifecycle.rs:68:26
[INFO] [stdout]   44:     0x5f171c2ef162 - <std[73adb7dc35730857]::thread::lifecycle::spawn_unchecked<test[980ffaebd391d06d]::run_test::{closure#1}, ()>::{closure#1} as core[6883ba1bc0fe4ed1]::ops::function::FnOnce<()>>::call_once::{shim:vtable#0}
[INFO] [stdout]                                at /rustc/6b3fa26749ab40e159b2dd5cf577acaaf5902772/library/core/src/ops/function.rs:250:5
[INFO] [stdout]   45:     0x5f171c35d4ff - <alloc[55a36b64bcbf2c0d]::boxed::Box<dyn core[6883ba1bc0fe4ed1]::ops::function::FnOnce<(), Output = ()> + core[6883ba1bc0fe4ed1]::marker::Send> as core[6883ba1bc0fe4ed1]::ops::function::FnOnce<()>>::call_once
[INFO] [stdout]                                at /rustc/6b3fa26749ab40e159b2dd5cf577acaaf5902772/library/alloc/src/boxed.rs:2319:9
[INFO] [stdout]   46:     0x5f171c35d4ff - <std[73adb7dc35730857]::sys::thread::unix::Thread>::new::thread_start
[INFO] [stdout]                                at /rustc/6b3fa26749ab40e159b2dd5cf577acaaf5902772/library/std/src/sys/thread/unix.rs:123:17
[INFO] [stdout]   47:     0x74a9e1e2baa4 - <unknown>
[INFO] [stdout]   48:     0x74a9e1eb8a64 - clone
[INFO] [stdout]   49:                0x0 - <unknown>
[INFO] [stdout] 
[INFO] [stdout] 
[INFO] [stdout] failures:
[INFO] [stdout]     cli_tests
[INFO] [stdout] 
[INFO] [stdout] test result: FAILED. 0 passed; 1 failed; 0 ignored; 0 measured; 0 filtered out; finished in 5.82s
[INFO] [stdout] 
[INFO] [stderr] error: test failed, to rerun pass `-p standard_knowledge_cli --test cmd`
[INFO] running `Command { std: "docker" "inspect" "e0ce5d1469cc3607d371232b2589bca5ef2588b3df57b0226af079af72e646b2", kill_on_drop: false }`
[INFO] running `Command { std: "docker" "rm" "-f" "e0ce5d1469cc3607d371232b2589bca5ef2588b3df57b0226af079af72e646b2", kill_on_drop: false }`
[INFO] [stdout] e0ce5d1469cc3607d371232b2589bca5ef2588b3df57b0226af079af72e646b2
