[INFO] cloning repository https://github.com/gpluscb/bae
[INFO] running `Command { std: "git" "-c" "credential.helper=" "-c" "credential.helper=/workspace/cargo-home/bin/git-credential-null" "clone" "--bare" "https://github.com/gpluscb/bae" "/workspace/cache/git-repos/https%3A%2F%2Fgithub.com%2Fgpluscb%2Fbae", kill_on_drop: false }`
[INFO] [stderr] Cloning into bare repository '/workspace/cache/git-repos/https%3A%2F%2Fgithub.com%2Fgpluscb%2Fbae'...
[INFO] running `Command { std: "git" "rev-parse" "HEAD", kill_on_drop: false }`
[INFO] [stdout] 427b18987a960571eb923479e724cdf772a41419
[INFO] testing gpluscb/bae against 1.98.0-beta.1 for beta-1.98-2
[INFO] running `Command { std: "git" "clone" "/workspace/cache/git-repos/https%3A%2F%2Fgithub.com%2Fgpluscb%2Fbae" "/workspace/builds/worker-5-tc2/source", kill_on_drop: false }`
[INFO] [stderr] Cloning into '/workspace/builds/worker-5-tc2/source'...
[INFO] [stderr] done.
[INFO] started tweaking git repo https://github.com/gpluscb/bae
[INFO] finished tweaking git repo https://github.com/gpluscb/bae
[INFO] tweaked toml for git repo https://github.com/gpluscb/bae written to /workspace/builds/worker-5-tc2/source/Cargo.toml
[INFO] validating manifest of git repo https://github.com/gpluscb/bae on toolchain 1.98.0-beta.1
[INFO] running `Command { std: CARGO_HOME="/workspace/cargo-home" RUSTUP_HOME="/workspace/rustup-home" "/workspace/cargo-home/bin/cargo" "+1.98.0-beta.1" "metadata" "--manifest-path" "Cargo.toml" "--no-deps", kill_on_drop: false }`
[INFO] crate git repo https://github.com/gpluscb/bae already has a lockfile, it will not be regenerated
[INFO] running `Command { std: CARGO_HOME="/workspace/cargo-home" RUSTUP_HOME="/workspace/rustup-home" "/workspace/cargo-home/bin/cargo" "+1.98.0-beta.1" "fetch" "--manifest-path" "Cargo.toml", kill_on_drop: false }`
[INFO] running `Command { std: "docker" "create" "-v" "/var/lib/crater-agent-workspace/builds/worker-5-tc2/source:/opt/rustwide/workdir:ro,Z" "-v" "/var/lib/crater-agent-workspace/builds/worker-5-tc2/target:/opt/rustwide/target:rw,Z" "-v" "/var/lib/crater-agent-workspace/cargo-home:/opt/rustwide/cargo-home:ro,Z" "-v" "/var/lib/crater-agent-workspace/rustup-home:/opt/rustwide/rustup-home:ro,Z" "-m" "1610612736" "--network" "none" "ghcr.io/rust-lang/crates-build-env/linux@sha256:3d5ced03c013a94a2f102a4510f48a6e9184255caf5fd8244f58017bde7f5210" "sleep" "infinity", kill_on_drop: false }`
[INFO] [stdout] d56a46e8c3bd2f0dc0484f90f6772c82ab102b021c0ab4afffc3d14d4ff8e202
[INFO] running `Command { std: "docker" "start" "d56a46e8c3bd2f0dc0484f90f6772c82ab102b021c0ab4afffc3d14d4ff8e202", kill_on_drop: false }`
[INFO] running `Command { std: "docker" "inspect" "d56a46e8c3bd2f0dc0484f90f6772c82ab102b021c0ab4afffc3d14d4ff8e202", kill_on_drop: false }`
[INFO] running `Command { std: "docker" "exec" "-e" "SOURCE_DIR=/opt/rustwide/workdir" "-e" "CARGO_HOME=/opt/rustwide/cargo-home" "-e" "RUSTUP_HOME=/opt/rustwide/rustup-home" "-e" "CARGO_TARGET_DIR=/opt/rustwide/target" "-w" "/opt/rustwide/workdir" "--user" "0:0" "d56a46e8c3bd2f0dc0484f90f6772c82ab102b021c0ab4afffc3d14d4ff8e202" "/opt/rustwide/cargo-home/bin/cargo" "+1.98.0-beta.1" "metadata" "--no-deps" "--format-version=1", kill_on_drop: false }`
[INFO] running `Command { std: "docker" "inspect" "d56a46e8c3bd2f0dc0484f90f6772c82ab102b021c0ab4afffc3d14d4ff8e202", kill_on_drop: false }`
[INFO] running `Command { std: "docker" "exec" "-e" "SOURCE_DIR=/opt/rustwide/workdir" "-e" "CARGO_HOME=/opt/rustwide/cargo-home" "-e" "RUSTUP_HOME=/opt/rustwide/rustup-home" "-e" "CARGO_TARGET_DIR=/opt/rustwide/target" "-e" "CARGO_INCREMENTAL=0" "-e" "RUST_BACKTRACE=full" "-e" "RUSTFLAGS=--cap-lints=warn" "-e" "RUSTDOCFLAGS=--cap-lints=warn" "-w" "/opt/rustwide/workdir" "--user" "0:0" "d56a46e8c3bd2f0dc0484f90f6772c82ab102b021c0ab4afffc3d14d4ff8e202" "/opt/rustwide/cargo-home/bin/cargo" "+1.98.0-beta.1" "build" "--frozen" "--message-format=json", kill_on_drop: false }`
[INFO] [stderr]    Compiling proc-macro2 v1.0.89
[INFO] [stderr]    Compiling unicode-ident v1.0.13
[INFO] [stderr]    Compiling libc v0.2.161
[INFO] [stderr]    Compiling autocfg v1.4.0
[INFO] [stderr]    Compiling memchr v2.7.4
[INFO] [stderr]    Compiling serde v1.0.214
[INFO] [stderr]    Compiling cfg-if v1.0.0
[INFO] [stderr]    Compiling pin-project-lite v0.2.15
[INFO] [stderr]    Compiling once_cell v1.20.2
[INFO] [stderr]    Compiling shlex v1.3.0
[INFO] [stderr]    Compiling futures-core v0.3.31
[INFO] [stderr]    Compiling version_check v0.9.5
[INFO] [stderr]    Compiling bytes v1.8.0
[INFO] [stderr]    Compiling itoa v1.0.11
[INFO] [stderr]    Compiling slab v0.4.9
[INFO] [stderr]    Compiling futures-task v0.3.31
[INFO] [stderr]    Compiling pin-utils v0.1.0
[INFO] [stderr]    Compiling futures-io v0.3.31
[INFO] [stderr]    Compiling typenum v1.17.0
[INFO] [stderr]    Compiling generic-array v0.14.7
[INFO] [stderr]    Compiling futures-sink v0.3.31
[INFO] [stderr]    Compiling fnv v1.0.7
[INFO] [stderr]    Compiling tracing-core v0.1.32
[INFO] [stderr]    Compiling subtle v2.6.1
[INFO] [stderr]    Compiling log v0.4.22
[INFO] [stderr]    Compiling quote v1.0.37
[INFO] [stderr]    Compiling futures-channel v0.3.31
[INFO] [stderr]    Compiling percent-encoding v2.3.1
[INFO] [stderr]    Compiling paste v1.0.15
[INFO] [stderr]    Compiling hashbrown v0.15.0
[INFO] [stderr]    Compiling syn v2.0.87
[INFO] [stderr]    Compiling jobserver v0.1.32
[INFO] [stderr]    Compiling socket2 v0.5.7
[INFO] [stderr]    Compiling mio v1.0.2
[INFO] [stderr]    Compiling signal-hook-registry v1.4.2
[INFO] [stderr]    Compiling cc v1.1.34
[INFO] [stderr]    Compiling equivalent v1.0.1
[INFO] [stderr]    Compiling byteorder v1.5.0
[INFO] [stderr]    Compiling parking_lot_core v0.9.10
[INFO] [stderr]    Compiling indexmap v2.6.0
[INFO] [stderr]    Compiling lock_api v0.4.12
[INFO] [stderr]    Compiling form_urlencoded v1.2.1
[INFO] [stderr]    Compiling cpufeatures v0.2.14
[INFO] [stderr]    Compiling iana-time-zone v0.1.61
[INFO] [stderr]    Compiling ryu v1.0.18
[INFO] [stderr]    Compiling minimal-lexical v0.2.1
[INFO] [stderr]    Compiling crossbeam-utils v0.8.20
[INFO] [stderr]    Compiling scopeguard v1.2.0
[INFO] [stderr]    Compiling tinyvec_macros v0.1.1
[INFO] [stderr]    Compiling tinyvec v1.8.0
[INFO] [stderr]    Compiling nom v7.1.3
[INFO] [stderr]    Compiling http v1.1.0
[INFO] [stderr]    Compiling ahash v0.8.11
[INFO] [stderr]    Compiling num-traits v0.2.19
[INFO] [stderr]    Compiling serde_json v1.0.132
[INFO] [stderr]    Compiling block-buffer v0.10.4
[INFO] [stderr]    Compiling crypto-common v0.1.6
[INFO] [stderr]    Compiling digest v0.10.7
[INFO] [stderr]    Compiling unicase v2.8.0
[INFO] [stderr]    Compiling thiserror v1.0.66
[INFO] [stderr]    Compiling unicode-bidi v0.3.17
[INFO] [stderr]    Compiling unicode-normalization v0.1.24
[INFO] [stderr]    Compiling allocator-api2 v0.2.18
[INFO] [stderr]    Compiling strsim v0.11.1
[INFO] [stderr]    Compiling concurrent-queue v2.5.0
[INFO] [stderr]    Compiling cmake v0.1.51
[INFO] [stderr]    Compiling idna v0.5.0
[INFO] [stderr]    Compiling getrandom v0.2.15
[INFO] [stderr]    Compiling aho-corasick v1.1.3
[INFO] [stderr]    Compiling fs_extra v1.3.0
[INFO] [stderr]    Compiling unicode_categories v0.1.1
[INFO] [stderr]    Compiling mime v0.3.17
[INFO] [stderr]    Compiling regex-syntax v0.8.5
[INFO] [stderr]    Compiling dunce v1.0.5
[INFO] [stderr]    Compiling parking v2.2.1
[INFO] [stderr]    Compiling crc-catalog v2.4.0
[INFO] [stderr]    Compiling crc v3.2.1
[INFO] [stderr]    Compiling event-listener v5.3.1
[INFO] [stderr]    Compiling url v2.5.2
[INFO] [stderr]    Compiling aws-lc-sys v0.22.0
[INFO] [stderr]    Compiling rand_core v0.6.4
[INFO] [stderr]    Compiling sqlformat v0.2.6
[INFO] [stderr]    Compiling crossbeam-queue v0.3.11
[INFO] [stderr]    Compiling lazy_static v1.5.0
[INFO] [stderr]    Compiling hex v0.4.3
[INFO] [stderr]    Compiling http-body v1.0.1
[INFO] [stderr]    Compiling hmac v0.12.1
[INFO] [stderr]    Compiling tokio v1.41.0
[INFO] [stderr]    Compiling unicode-properties v0.1.3
[INFO] [stderr]    Compiling ident_case v1.0.1
[INFO] [stderr]    Compiling bitflags v2.6.0
[INFO] [stderr]    Compiling rustix v0.38.38
[INFO] [stderr]    Compiling tower-service v0.3.3
[INFO] [stderr]    Compiling httparse v1.9.5
[INFO] [stderr]    Compiling regex-automata v0.4.8
[INFO] [stderr]    Compiling tree-sitter-language v0.1.2
[INFO] [stderr]    Compiling darling_core v0.20.10
[INFO] [stderr]    Compiling stringprep v0.1.5
[INFO] [stderr]    Compiling chrono v0.4.38
[INFO] [stderr]    Compiling serde_derive v1.0.214
[INFO] [stderr]    Compiling tracing-attributes v0.1.27
[INFO] [stderr]    Compiling futures-macro v0.3.31
[INFO] [stderr]    Compiling tokio-macros v2.4.0
[INFO] [stderr]    Compiling tracing v0.1.40
[INFO] [stderr]    Compiling futures-util v0.3.31
[INFO] [stderr]    Compiling zerocopy-derive v0.7.35
[INFO] [stderr]    Compiling thiserror-impl v1.0.66
[INFO] [stderr]    Compiling zerocopy v0.7.35
[INFO] [stderr]    Compiling regex v1.11.1
[INFO] [stderr]    Compiling ppv-lite86 v0.2.20
[INFO] [stderr]    Compiling hashbrown v0.14.5
[INFO] [stderr]    Compiling tokio-stream v0.1.16
[INFO] [stderr]    Compiling rand_chacha v0.3.1
[INFO] [stderr]    Compiling atoi v2.0.0
[INFO] [stderr]    Compiling hkdf v0.12.4
[INFO] [stderr]    Compiling hashlink v0.9.1
[INFO] [stderr]    Compiling md-5 v0.10.6
[INFO] [stderr]    Compiling rand v0.8.5
[INFO] [stderr]    Compiling sha2 v0.10.8
[INFO] [stderr]    Compiling base64 v0.22.1
[INFO] [stderr]    Compiling httpdate v1.0.3
[INFO] [stderr]    Compiling fastrand v2.1.1
[INFO] [stderr]    Compiling regex-syntax v0.6.29
[INFO] [stderr]    Compiling aws-lc-rs v1.10.0
[INFO] [stderr]    Compiling linux-raw-sys v0.4.14
[INFO] [stderr]    Compiling whoami v1.5.2
[INFO] [stderr]    Compiling dotenvy v0.15.7
[INFO] [stderr]    Compiling home v0.5.9
[INFO] [stderr]    Compiling tower-layer v0.3.3
[INFO] [stderr]    Compiling heck v0.5.0
[INFO] [stderr]    Compiling darling_macro v0.20.10
[INFO] [stderr]    Compiling overload v0.1.1
[INFO] [stderr]    Compiling atomic-waker v1.1.2
[INFO] [stderr]    Compiling nu-ansi-term v0.46.0
[INFO] [stderr]    Compiling darling v0.20.10
[INFO] [stderr]    Compiling http-body-util v0.1.2
[INFO] [stderr]    Compiling sharded-slab v0.1.7
[INFO] [stderr]    Compiling tree-sitter v0.24.3
[INFO] [stderr]    Compiling smallvec v1.13.2
[INFO] [stderr]    Compiling either v1.13.0
[INFO] [stderr]    Compiling parking_lot v0.12.3
[INFO] [stderr]    Compiling regex-automata v0.1.10
[INFO] [stderr]    Compiling futures-intrusive v0.5.0
[INFO] [stderr]    Compiling tokio-util v0.7.12
[INFO] [stderr]    Compiling sqlx-core v0.8.2
[INFO] [stderr]    Compiling matchers v0.1.0
[INFO] [stderr]    Compiling h2 v0.4.6
[INFO] [stderr]    Compiling tempfile v3.13.0
[INFO] [stderr]    Compiling tracing-log v0.2.0
[INFO] [stderr]    Compiling thread_local v1.1.8
[INFO] [stderr]    Compiling encoding_rs v0.8.35
[INFO] [stderr]    Compiling mirai-annotations v1.12.0
[INFO] [stderr]    Compiling rustversion v1.0.18
[INFO] [stderr]    Compiling rustls-pki-types v1.10.0
[INFO] [stderr]    Compiling zeroize v1.8.1
[INFO] [stderr]    Compiling tracing-subscriber v0.3.18
[INFO] [stderr]    Compiling derive_builder_core v0.20.2
[INFO] [stderr]    Compiling tree-sitter-cpp v0.23.1
[INFO] [stderr]    Compiling tree-sitter-rust v0.23.0
[INFO] [stderr]    Compiling tree-sitter-javascript v0.23.0
[INFO] [stderr]    Compiling tree-sitter-python v0.23.2
[INFO] [stderr]    Compiling sqlx-postgres v0.8.2
[INFO] [stderr]    Compiling mime_guess v2.0.5
[INFO] [stderr]    Compiling untrusted v0.9.0
[INFO] [stderr]    Compiling libm v0.2.11
[INFO] [stderr]    Compiling pulldown-cmark v0.12.2
[INFO] [stderr]    Compiling streaming-iterator v0.1.9
[INFO] [stderr]    Compiling utf8parse v0.2.2
[INFO] [stderr]    Compiling rustls v0.23.16
[INFO] [stderr]    Compiling anstyle-parse v0.2.6
[INFO] [stderr]    Compiling derive_builder_macro v0.20.2
[INFO] [stderr]    Compiling hyper v1.5.0
[INFO] [stderr]    Compiling hyper-util v0.1.10
[INFO] [stderr]    Compiling futures-executor v0.3.31
[INFO] [stderr]    Compiling pin-project-internal v1.1.7
[INFO] [stderr]    Compiling backtrace v0.3.71
[INFO] [stderr]    Compiling multer v3.1.0
[INFO] [stderr]    Compiling gimli v0.28.1
[INFO] [stderr]    Compiling pulldown-cmark-escape v0.11.0
[INFO] [stderr]    Compiling eyre v0.6.12
[INFO] [stderr]    Compiling sync_wrapper v0.1.2
[INFO] [stderr]    Compiling colorchoice v1.0.3
[INFO] [stderr]    Compiling adler v1.0.2
[INFO] [stderr]    Compiling is_terminal_polyfill v1.70.1
[INFO] [stderr]    Compiling anstyle v1.0.10
[INFO] [stderr]    Compiling sync_wrapper v1.0.1
[INFO] [stderr]    Compiling anstyle-query v1.1.2
[INFO] [stderr]    Compiling axum-core v0.5.0-alpha.1
[INFO] [stderr]    Compiling anstream v0.6.17
[INFO] [stderr]    Compiling pin-project v1.1.7
[INFO] [stderr]    Compiling miniz_oxide v0.7.4
[INFO] [stderr]    Compiling tower v0.5.1
[INFO] [stderr]    Compiling sqlx-macros-core v0.8.2
[INFO] [stderr]    Compiling futures v0.3.31
[INFO] [stderr]    Compiling tree-sitter-highlight v0.24.3
[INFO] [stderr]    Compiling addr2line v0.21.0
[INFO] [stderr]    Compiling derive_builder v0.20.2
[INFO] [stderr]    Compiling tracing-error v0.2.0
[INFO] [stderr]    Compiling quick-xml v0.36.2
[INFO] [stderr]    Compiling diligent-date-parser v0.1.4
[INFO] [stderr]    Compiling itertools v0.13.0
[INFO] [stderr]    Compiling serde_path_to_error v0.1.16
[INFO] [stderr]    Compiling serde_urlencoded v0.7.1
[INFO] [stderr]    Compiling basic-toml v0.1.9
[INFO] [stderr]    Compiling axum-macros v0.5.0-alpha.1
[INFO] [stderr]    Compiling askama_parser v0.2.1
[INFO] [stderr]    Compiling sqlx-macros v0.8.2
[INFO] [stderr]    Compiling headers-core v0.3.0
[INFO] [stderr]    Compiling sha1 v0.10.6
[INFO] [stderr]    Compiling object v0.32.2
[INFO] [stderr]    Compiling rustc-demangle v0.1.24
[INFO] [stderr]    Compiling base64 v0.21.7
[INFO] [stderr]    Compiling spin v0.9.8
[INFO] [stderr]    Compiling indenter v0.3.3
[INFO] [stderr]    Compiling never v0.1.0
[INFO] [stderr]    Compiling sqlx v0.8.2
[INFO] [stderr]    Compiling matchit v0.8.0
[INFO] [stderr]    Compiling clap_lex v0.7.2
[INFO] [stderr]    Compiling owo-colors v3.5.0
[INFO] [stderr]    Compiling clap_builder v4.5.20
[INFO] [stderr]    Compiling bae-common v0.1.0 (/opt/rustwide/workdir/bae-common)
[INFO] [stderr]    Compiling axum v0.8.0-alpha.1
[INFO] [stdout] warning: unused import: `tracing::error`
[INFO] [stdout]  --> bae-common/src/markdown_render.rs:9:5
[INFO] [stdout]   |
[INFO] [stdout] 9 | use tracing::error;
[INFO] [stdout]   |     ^^^^^^^^^^^^^^
[INFO] [stdout]   |
[INFO] [stdout]   = note: `#[warn(unused_imports)]` (part of `#[warn(unused)]`) on by default
[INFO] [stdout] 
[INFO] [stdout] 
[INFO] [stdout] warning: a method with this name may be added to the standard library in the future
[INFO] [stdout]    --> bae-common/src/highlighting.rs:219:10
[INFO] [stdout]     |
[INFO] [stdout] 219 |         .intersperse(Cow::Borrowed(" "))
[INFO] [stdout]     |          ^^^^^^^^^^^
[INFO] [stdout]     |
[INFO] [stdout]     = help: call with fully qualified syntax `itertools::Itertools::intersperse(...)` to keep using the current method
[INFO] [stdout]     = warning: once this associated item is added to the standard library, the ambiguity may cause an error or change in behavior!
[INFO] [stdout]     = note: for more information, see issue #48919 <https://github.com/rust-lang/rust/issues/48919>
[INFO] [stdout]     = note: `#[warn(unstable_name_collisions)]` (part of `#[warn(future_incompatible)]`) on by default
[INFO] [stdout] 
[INFO] [stdout] 
[INFO] [stderr]    Compiling color-spantrace v0.2.1
[INFO] [stdout] warning: hiding a lifetime that's elided elsewhere is confusing
[INFO] [stdout]   --> bae-common/src/markdown_render.rs:37:28
[INFO] [stdout]    |
[INFO] [stdout] 37 |     fn class_for_highlight(&self, highlight_name: &str, highlight_idx: usize) -> Option<Cow<str>>;
[INFO] [stdout]    |                            ^^^^^ the lifetime is elided here                            ^^^^^^^^ the same lifetime is hidden here
[INFO] [stdout]    |
[INFO] [stdout]    = help: the same lifetime is referred to in inconsistent ways, making the signature confusing
[INFO] [stdout]    = note: `#[warn(mismatched_lifetime_syntaxes)]` on by default
[INFO] [stdout] help: use `'_` for type paths
[INFO] [stdout]    |
[INFO] [stdout] 37 |     fn class_for_highlight(&self, highlight_name: &str, highlight_idx: usize) -> Option<Cow<'_, str>>;
[INFO] [stdout]    |                                                                                             +++
[INFO] [stdout] 
[INFO] [stdout] 
[INFO] [stdout] warning: hiding a lifetime that's elided elsewhere is confusing
[INFO] [stdout]   --> bae-common/src/markdown_render.rs:38:24
[INFO] [stdout]    |
[INFO] [stdout] 38 |     fn class_for_image(&self) -> Option<Cow<str>>;
[INFO] [stdout]    |                        ^^^^^            ^^^^^^^^ the same lifetime is hidden here
[INFO] [stdout]    |                        |
[INFO] [stdout]    |                        the lifetime is elided here
[INFO] [stdout]    |
[INFO] [stdout]    = help: the same lifetime is referred to in inconsistent ways, making the signature confusing
[INFO] [stdout] help: use `'_` for type paths
[INFO] [stdout]    |
[INFO] [stdout] 38 |     fn class_for_image(&self) -> Option<Cow<'_, str>>;
[INFO] [stdout]    |                                             +++
[INFO] [stdout] 
[INFO] [stdout] 
[INFO] [stdout] warning: hiding a lifetime that's elided elsewhere is confusing
[INFO] [stdout]   --> bae-common/src/markdown_render.rs:50:28
[INFO] [stdout]    |
[INFO] [stdout] 50 |     fn class_for_highlight(&self, highlight_name: &str, highlight_idx: usize) -> Option<Cow<str>> {
[INFO] [stdout]    |                            ^^^^^ the lifetime is elided here                            ^^^^^^^^ the same lifetime is hidden here
[INFO] [stdout]    |
[INFO] [stdout]    = help: the same lifetime is referred to in inconsistent ways, making the signature confusing
[INFO] [stdout] help: use `'_` for type paths
[INFO] [stdout]    |
[INFO] [stdout] 50 |     fn class_for_highlight(&self, highlight_name: &str, highlight_idx: usize) -> Option<Cow<'_, str>> {
[INFO] [stdout]    |                                                                                             +++
[INFO] [stdout] 
[INFO] [stdout] 
[INFO] [stdout] warning: hiding a lifetime that's elided elsewhere is confusing
[INFO] [stdout]   --> bae-common/src/markdown_render.rs:57:24
[INFO] [stdout]    |
[INFO] [stdout] 57 |     fn class_for_image(&self) -> Option<Cow<str>> {
[INFO] [stdout]    |                        ^^^^^            ^^^^^^^^ the same lifetime is hidden here
[INFO] [stdout]    |                        |
[INFO] [stdout]    |                        the lifetime is elided here
[INFO] [stdout]    |
[INFO] [stdout]    = help: the same lifetime is referred to in inconsistent ways, making the signature confusing
[INFO] [stdout] help: use `'_` for type paths
[INFO] [stdout]    |
[INFO] [stdout] 57 |     fn class_for_image(&self) -> Option<Cow<'_, str>> {
[INFO] [stdout]    |                                             +++
[INFO] [stdout] 
[INFO] [stdout] 
[INFO] [stdout] warning: hiding a lifetime that's elided elsewhere is confusing
[INFO] [stdout]   --> bae-common/src/markdown_render.rs:69:28
[INFO] [stdout]    |
[INFO] [stdout] 69 |     fn class_for_highlight(&self, highlight_name: &str, _highlight_idx: usize) -> Option<Cow<str>> {
[INFO] [stdout]    |                            ^^^^^ the lifetime is elided here                             ^^^^^^^^ the same lifetime is hidden here
[INFO] [stdout]    |
[INFO] [stdout]    = help: the same lifetime is referred to in inconsistent ways, making the signature confusing
[INFO] [stdout] help: use `'_` for type paths
[INFO] [stdout]    |
[INFO] [stdout] 69 |     fn class_for_highlight(&self, highlight_name: &str, _highlight_idx: usize) -> Option<Cow<'_, str>> {
[INFO] [stdout]    |                                                                                              +++
[INFO] [stdout] 
[INFO] [stdout] 
[INFO] [stdout] warning: hiding a lifetime that's elided elsewhere is confusing
[INFO] [stdout]   --> bae-common/src/markdown_render.rs:78:24
[INFO] [stdout]    |
[INFO] [stdout] 78 |     fn class_for_image(&self) -> Option<Cow<str>> {
[INFO] [stdout]    |                        ^^^^^            ^^^^^^^^ the same lifetime is hidden here
[INFO] [stdout]    |                        |
[INFO] [stdout]    |                        the lifetime is elided here
[INFO] [stdout]    |
[INFO] [stdout]    = help: the same lifetime is referred to in inconsistent ways, making the signature confusing
[INFO] [stdout] help: use `'_` for type paths
[INFO] [stdout]    |
[INFO] [stdout] 78 |     fn class_for_image(&self) -> Option<Cow<'_, str>> {
[INFO] [stdout]    |                                             +++
[INFO] [stdout] 
[INFO] [stdout] 
[INFO] [stderr]    Compiling atom_syndication v0.12.4
[INFO] [stderr]    Compiling askama_derive v0.12.5
[INFO] [stderr]    Compiling headers v0.4.0
[INFO] [stderr]    Compiling humansize v2.1.3
[INFO] [stderr]    Compiling tower v0.4.13
[INFO] [stderr]    Compiling rustls-pemfile v2.2.0
[INFO] [stderr]    Compiling serde_html_form v0.2.6
[INFO] [stderr]    Compiling clap_derive v4.5.18
[INFO] [stderr]    Compiling dotenv v0.15.0
[INFO] [stderr]    Compiling askama_escape v0.10.3
[INFO] [stderr]    Compiling unicode-width v0.1.14
[INFO] [stderr]    Compiling arc-swap v1.7.1
[INFO] [stderr]    Compiling http-range-header v0.4.1
[INFO] [stderr]    Compiling tower-http v0.6.1
[INFO] [stderr]    Compiling console v0.15.8
[INFO] [stderr]    Compiling color-eyre v0.6.3
[INFO] [stderr]    Compiling rss v2.0.9
[INFO] [stderr]    Compiling clap v4.5.20
[INFO] [stderr]    Compiling axum-extra v0.10.0-alpha.1
[INFO] [stderr]    Compiling envy v0.4.2
[INFO] [stderr]    Compiling similar v2.6.0
[INFO] [stderr]    Compiling bae-cli v0.1.0 (/opt/rustwide/workdir/bae-cli)
[INFO] [stderr]    Compiling askama v0.12.1
[INFO] [stderr]    Compiling rustls-webpki v0.102.8
[INFO] [stderr]    Compiling tokio-rustls v0.26.0
[INFO] [stderr]    Compiling axum-server v0.7.1
[INFO] [stderr]    Compiling bae-server v0.1.0 (/opt/rustwide/workdir/bae-server)
[INFO] [stderr]     Finished `dev` profile [unoptimized + debuginfo] target(s) in 5m 16s
[INFO] running `Command { std: "docker" "inspect" "d56a46e8c3bd2f0dc0484f90f6772c82ab102b021c0ab4afffc3d14d4ff8e202", kill_on_drop: false }`
[INFO] running `Command { std: "docker" "exec" "-e" "SOURCE_DIR=/opt/rustwide/workdir" "-e" "CARGO_HOME=/opt/rustwide/cargo-home" "-e" "RUSTUP_HOME=/opt/rustwide/rustup-home" "-e" "CARGO_TARGET_DIR=/opt/rustwide/target" "-e" "CARGO_INCREMENTAL=0" "-e" "RUST_BACKTRACE=full" "-e" "RUSTFLAGS=--cap-lints=warn" "-e" "RUSTDOCFLAGS=--cap-lints=warn" "-w" "/opt/rustwide/workdir" "--user" "0:0" "d56a46e8c3bd2f0dc0484f90f6772c82ab102b021c0ab4afffc3d14d4ff8e202" "/opt/rustwide/cargo-home/bin/cargo" "+1.98.0-beta.1" "test" "--frozen" "--no-run" "--message-format=json", kill_on_drop: false }`
[INFO] [stdout] warning: unused import: `tracing::error`
[INFO] [stdout]  --> bae-common/src/markdown_render.rs:9:5
[INFO] [stdout]   |
[INFO] [stdout] 9 | use tracing::error;
[INFO] [stdout]   |     ^^^^^^^^^^^^^^
[INFO] [stdout]   |
[INFO] [stdout]   = note: `#[warn(unused_imports)]` (part of `#[warn(unused)]`) on by default
[INFO] [stdout] 
[INFO] [stdout] 
[INFO] [stdout] warning: a method with this name may be added to the standard library in the future
[INFO] [stdout]    --> bae-common/src/highlighting.rs:219:10
[INFO] [stdout]     |
[INFO] [stdout] 219 |         .intersperse(Cow::Borrowed(" "))
[INFO] [stdout]     |          ^^^^^^^^^^^
[INFO] [stdout]     |
[INFO] [stdout]     = help: call with fully qualified syntax `itertools::Itertools::intersperse(...)` to keep using the current method
[INFO] [stdout]     = warning: once this associated item is added to the standard library, the ambiguity may cause an error or change in behavior!
[INFO] [stdout]     = note: for more information, see issue #48919 <https://github.com/rust-lang/rust/issues/48919>
[INFO] [stdout]     = note: `#[warn(unstable_name_collisions)]` (part of `#[warn(future_incompatible)]`) on by default
[INFO] [stdout] 
[INFO] [stdout] 
[INFO] [stdout] warning: hiding a lifetime that's elided elsewhere is confusing
[INFO] [stdout]   --> bae-common/src/markdown_render.rs:37:28
[INFO] [stdout]    |
[INFO] [stdout] 37 |     fn class_for_highlight(&self, highlight_name: &str, highlight_idx: usize) -> Option<Cow<str>>;
[INFO] [stdout]    |                            ^^^^^ the lifetime is elided here                            ^^^^^^^^ the same lifetime is hidden here
[INFO] [stdout]    |
[INFO] [stdout]    = help: the same lifetime is referred to in inconsistent ways, making the signature confusing
[INFO] [stdout]    = note: `#[warn(mismatched_lifetime_syntaxes)]` on by default
[INFO] [stdout] help: use `'_` for type paths
[INFO] [stdout]    |
[INFO] [stdout] 37 |     fn class_for_highlight(&self, highlight_name: &str, highlight_idx: usize) -> Option<Cow<'_, str>>;
[INFO] [stdout]    |                                                                                             +++
[INFO] [stdout] 
[INFO] [stdout] 
[INFO] [stdout] warning: hiding a lifetime that's elided elsewhere is confusing
[INFO] [stdout]   --> bae-common/src/markdown_render.rs:38:24
[INFO] [stdout]    |
[INFO] [stdout] 38 |     fn class_for_image(&self) -> Option<Cow<str>>;
[INFO] [stdout]    |                        ^^^^^            ^^^^^^^^ the same lifetime is hidden here
[INFO] [stdout]    |                        |
[INFO] [stdout]    |                        the lifetime is elided here
[INFO] [stdout]    |
[INFO] [stdout]    = help: the same lifetime is referred to in inconsistent ways, making the signature confusing
[INFO] [stdout] help: use `'_` for type paths
[INFO] [stdout]    |
[INFO] [stdout] 38 |     fn class_for_image(&self) -> Option<Cow<'_, str>>;
[INFO] [stdout]    |                                             +++
[INFO] [stdout] 
[INFO] [stdout] 
[INFO] [stdout] warning: hiding a lifetime that's elided elsewhere is confusing
[INFO] [stdout]   --> bae-common/src/markdown_render.rs:50:28
[INFO] [stdout]    |
[INFO] [stdout] 50 |     fn class_for_highlight(&self, highlight_name: &str, highlight_idx: usize) -> Option<Cow<str>> {
[INFO] [stdout]    |                            ^^^^^ the lifetime is elided here                            ^^^^^^^^ the same lifetime is hidden here
[INFO] [stdout]    |
[INFO] [stdout]    = help: the same lifetime is referred to in inconsistent ways, making the signature confusing
[INFO] [stdout] help: use `'_` for type paths
[INFO] [stdout]    |
[INFO] [stdout] 50 |     fn class_for_highlight(&self, highlight_name: &str, highlight_idx: usize) -> Option<Cow<'_, str>> {
[INFO] [stdout]    |                                                                                             +++
[INFO] [stdout] 
[INFO] [stdout] 
[INFO] [stdout] warning: hiding a lifetime that's elided elsewhere is confusing
[INFO] [stdout]   --> bae-common/src/markdown_render.rs:57:24
[INFO] [stdout]    |
[INFO] [stdout] 57 |     fn class_for_image(&self) -> Option<Cow<str>> {
[INFO] [stdout]    |                        ^^^^^            ^^^^^^^^ the same lifetime is hidden here
[INFO] [stdout]    |                        |
[INFO] [stdout]    |                        the lifetime is elided here
[INFO] [stdout]    |
[INFO] [stdout]    = help: the same lifetime is referred to in inconsistent ways, making the signature confusing
[INFO] [stdout] help: use `'_` for type paths
[INFO] [stdout]    |
[INFO] [stdout] 57 |     fn class_for_image(&self) -> Option<Cow<'_, str>> {
[INFO] [stdout]    |                                             +++
[INFO] [stdout] 
[INFO] [stdout] 
[INFO] [stdout] warning: hiding a lifetime that's elided elsewhere is confusing
[INFO] [stdout]   --> bae-common/src/markdown_render.rs:69:28
[INFO] [stdout]    |
[INFO] [stdout] 69 |     fn class_for_highlight(&self, highlight_name: &str, _highlight_idx: usize) -> Option<Cow<str>> {
[INFO] [stdout]    |                            ^^^^^ the lifetime is elided here                             ^^^^^^^^ the same lifetime is hidden here
[INFO] [stdout]    |
[INFO] [stdout]    = help: the same lifetime is referred to in inconsistent ways, making the signature confusing
[INFO] [stdout] help: use `'_` for type paths
[INFO] [stdout]    |
[INFO] [stdout] 69 |     fn class_for_highlight(&self, highlight_name: &str, _highlight_idx: usize) -> Option<Cow<'_, str>> {
[INFO] [stdout]    |                                                                                              +++
[INFO] [stdout] 
[INFO] [stdout] 
[INFO] [stdout] warning: hiding a lifetime that's elided elsewhere is confusing
[INFO] [stdout]   --> bae-common/src/markdown_render.rs:78:24
[INFO] [stdout]    |
[INFO] [stdout] 78 |     fn class_for_image(&self) -> Option<Cow<str>> {
[INFO] [stdout]    |                        ^^^^^            ^^^^^^^^ the same lifetime is hidden here
[INFO] [stdout]    |                        |
[INFO] [stdout]    |                        the lifetime is elided here
[INFO] [stdout]    |
[INFO] [stdout]    = help: the same lifetime is referred to in inconsistent ways, making the signature confusing
[INFO] [stdout] help: use `'_` for type paths
[INFO] [stdout]    |
[INFO] [stdout] 78 |     fn class_for_image(&self) -> Option<Cow<'_, str>> {
[INFO] [stdout]    |                                             +++
[INFO] [stdout] 
[INFO] [stdout] 
[INFO] [stderr]    Compiling bae-common v0.1.0 (/opt/rustwide/workdir/bae-common)
[INFO] [stderr]    Compiling bae-server v0.1.0 (/opt/rustwide/workdir/bae-server)
[INFO] [stderr]    Compiling bae-cli v0.1.0 (/opt/rustwide/workdir/bae-cli)
[INFO] [stdout] warning: unused import: `tracing::error`
[INFO] [stdout]  --> bae-common/src/markdown_render.rs:9:5
[INFO] [stdout]   |
[INFO] [stdout] 9 | use tracing::error;
[INFO] [stdout]   |     ^^^^^^^^^^^^^^
[INFO] [stdout]   |
[INFO] [stdout]   = note: `#[warn(unused_imports)]` (part of `#[warn(unused)]`) on by default
[INFO] [stdout] 
[INFO] [stdout] 
[INFO] [stdout] warning: a method with this name may be added to the standard library in the future
[INFO] [stdout]    --> bae-common/src/highlighting.rs:219:10
[INFO] [stdout]     |
[INFO] [stdout] 219 |         .intersperse(Cow::Borrowed(" "))
[INFO] [stdout]     |          ^^^^^^^^^^^
[INFO] [stdout]     |
[INFO] [stdout]     = help: call with fully qualified syntax `itertools::Itertools::intersperse(...)` to keep using the current method
[INFO] [stdout]     = warning: once this associated item is added to the standard library, the ambiguity may cause an error or change in behavior!
[INFO] [stdout]     = note: for more information, see issue #48919 <https://github.com/rust-lang/rust/issues/48919>
[INFO] [stdout]     = note: `#[warn(unstable_name_collisions)]` (part of `#[warn(future_incompatible)]`) on by default
[INFO] [stdout] 
[INFO] [stdout] 
[INFO] [stdout] warning: hiding a lifetime that's elided elsewhere is confusing
[INFO] [stdout]   --> bae-common/src/markdown_render.rs:37:28
[INFO] [stdout]    |
[INFO] [stdout] 37 |     fn class_for_highlight(&self, highlight_name: &str, highlight_idx: usize) -> Option<Cow<str>>;
[INFO] [stdout]    |                            ^^^^^ the lifetime is elided here                            ^^^^^^^^ the same lifetime is hidden here
[INFO] [stdout]    |
[INFO] [stdout]    = help: the same lifetime is referred to in inconsistent ways, making the signature confusing
[INFO] [stdout]    = note: `#[warn(mismatched_lifetime_syntaxes)]` on by default
[INFO] [stdout] help: use `'_` for type paths
[INFO] [stdout]    |
[INFO] [stdout] 37 |     fn class_for_highlight(&self, highlight_name: &str, highlight_idx: usize) -> Option<Cow<'_, str>>;
[INFO] [stdout]    |                                                                                             +++
[INFO] [stdout] 
[INFO] [stdout] 
[INFO] [stdout] warning: hiding a lifetime that's elided elsewhere is confusing
[INFO] [stdout]   --> bae-common/src/markdown_render.rs:38:24
[INFO] [stdout]    |
[INFO] [stdout] 38 |     fn class_for_image(&self) -> Option<Cow<str>>;
[INFO] [stdout]    |                        ^^^^^            ^^^^^^^^ the same lifetime is hidden here
[INFO] [stdout]    |                        |
[INFO] [stdout]    |                        the lifetime is elided here
[INFO] [stdout]    |
[INFO] [stdout]    = help: the same lifetime is referred to in inconsistent ways, making the signature confusing
[INFO] [stdout] help: use `'_` for type paths
[INFO] [stdout]    |
[INFO] [stdout] 38 |     fn class_for_image(&self) -> Option<Cow<'_, str>>;
[INFO] [stdout]    |                                             +++
[INFO] [stdout] 
[INFO] [stdout] 
[INFO] [stdout] warning: hiding a lifetime that's elided elsewhere is confusing
[INFO] [stdout]   --> bae-common/src/markdown_render.rs:50:28
[INFO] [stdout]    |
[INFO] [stdout] 50 |     fn class_for_highlight(&self, highlight_name: &str, highlight_idx: usize) -> Option<Cow<str>> {
[INFO] [stdout]    |                            ^^^^^ the lifetime is elided here                            ^^^^^^^^ the same lifetime is hidden here
[INFO] [stdout]    |
[INFO] [stdout]    = help: the same lifetime is referred to in inconsistent ways, making the signature confusing
[INFO] [stdout] help: use `'_` for type paths
[INFO] [stdout]    |
[INFO] [stdout] 50 |     fn class_for_highlight(&self, highlight_name: &str, highlight_idx: usize) -> Option<Cow<'_, str>> {
[INFO] [stdout]    |                                                                                             +++
[INFO] [stdout] 
[INFO] [stdout] 
[INFO] [stdout] warning: hiding a lifetime that's elided elsewhere is confusing
[INFO] [stdout]   --> bae-common/src/markdown_render.rs:57:24
[INFO] [stdout]    |
[INFO] [stdout] 57 |     fn class_for_image(&self) -> Option<Cow<str>> {
[INFO] [stdout]    |                        ^^^^^            ^^^^^^^^ the same lifetime is hidden here
[INFO] [stdout]    |                        |
[INFO] [stdout]    |                        the lifetime is elided here
[INFO] [stdout]    |
[INFO] [stdout]    = help: the same lifetime is referred to in inconsistent ways, making the signature confusing
[INFO] [stdout] help: use `'_` for type paths
[INFO] [stdout]    |
[INFO] [stdout] 57 |     fn class_for_image(&self) -> Option<Cow<'_, str>> {
[INFO] [stdout]    |                                             +++
[INFO] [stdout] 
[INFO] [stdout] 
[INFO] [stdout] warning: hiding a lifetime that's elided elsewhere is confusing
[INFO] [stdout]   --> bae-common/src/markdown_render.rs:69:28
[INFO] [stdout]    |
[INFO] [stdout] 69 |     fn class_for_highlight(&self, highlight_name: &str, _highlight_idx: usize) -> Option<Cow<str>> {
[INFO] [stdout]    |                            ^^^^^ the lifetime is elided here                             ^^^^^^^^ the same lifetime is hidden here
[INFO] [stdout]    |
[INFO] [stdout]    = help: the same lifetime is referred to in inconsistent ways, making the signature confusing
[INFO] [stdout] help: use `'_` for type paths
[INFO] [stdout]    |
[INFO] [stdout] 69 |     fn class_for_highlight(&self, highlight_name: &str, _highlight_idx: usize) -> Option<Cow<'_, str>> {
[INFO] [stdout]    |                                                                                              +++
[INFO] [stdout] 
[INFO] [stdout] 
[INFO] [stdout] warning: hiding a lifetime that's elided elsewhere is confusing
[INFO] [stdout]   --> bae-common/src/markdown_render.rs:78:24
[INFO] [stdout]    |
[INFO] [stdout] 78 |     fn class_for_image(&self) -> Option<Cow<str>> {
[INFO] [stdout]    |                        ^^^^^            ^^^^^^^^ the same lifetime is hidden here
[INFO] [stdout]    |                        |
[INFO] [stdout]    |                        the lifetime is elided here
[INFO] [stdout]    |
[INFO] [stdout]    = help: the same lifetime is referred to in inconsistent ways, making the signature confusing
[INFO] [stdout] help: use `'_` for type paths
[INFO] [stdout]    |
[INFO] [stdout] 78 |     fn class_for_image(&self) -> Option<Cow<'_, str>> {
[INFO] [stdout]    |                                             +++
[INFO] [stdout] 
[INFO] [stdout] 
[INFO] [stderr]     Finished `test` profile [unoptimized + debuginfo] target(s) in 6.91s
[INFO] running `Command { std: "docker" "inspect" "d56a46e8c3bd2f0dc0484f90f6772c82ab102b021c0ab4afffc3d14d4ff8e202", kill_on_drop: false }`
[INFO] running `Command { std: "docker" "exec" "-e" "SOURCE_DIR=/opt/rustwide/workdir" "-e" "CARGO_HOME=/opt/rustwide/cargo-home" "-e" "RUSTUP_HOME=/opt/rustwide/rustup-home" "-e" "CARGO_TARGET_DIR=/opt/rustwide/target" "-e" "CARGO_INCREMENTAL=0" "-e" "RUST_BACKTRACE=full" "-e" "RUSTFLAGS=--cap-lints=warn" "-e" "RUSTDOCFLAGS=--cap-lints=warn" "-w" "/opt/rustwide/workdir" "--user" "0:0" "d56a46e8c3bd2f0dc0484f90f6772c82ab102b021c0ab4afffc3d14d4ff8e202" "/opt/rustwide/cargo-home/bin/cargo" "+1.98.0-beta.1" "test" "--frozen", kill_on_drop: false }`
[INFO] [stderr] warning: unused import: `tracing::error`
[INFO] [stderr]  --> bae-common/src/markdown_render.rs:9:5
[INFO] [stderr]   |
[INFO] [stderr] 9 | use tracing::error;
[INFO] [stderr]   |     ^^^^^^^^^^^^^^
[INFO] [stderr]   |
[INFO] [stderr]   = note: `#[warn(unused_imports)]` (part of `#[warn(unused)]`) on by default
[INFO] [stderr] 
[INFO] [stderr] warning: a method with this name may be added to the standard library in the future
[INFO] [stderr]    --> bae-common/src/highlighting.rs:219:10
[INFO] [stderr]     |
[INFO] [stderr] 219 |         .intersperse(Cow::Borrowed(" "))
[INFO] [stderr]     |          ^^^^^^^^^^^
[INFO] [stderr]     |
[INFO] [stderr]     = help: call with fully qualified syntax `itertools::Itertools::intersperse(...)` to keep using the current method
[INFO] [stderr]     = warning: once this associated item is added to the standard library, the ambiguity may cause an error or change in behavior!
[INFO] [stderr]     = note: for more information, see issue #48919 <https://github.com/rust-lang/rust/issues/48919>
[INFO] [stderr]     = note: `#[warn(unstable_name_collisions)]` (part of `#[warn(future_incompatible)]`) on by default
[INFO] [stderr] 
[INFO] [stderr] warning: hiding a lifetime that's elided elsewhere is confusing
[INFO] [stderr]   --> bae-common/src/markdown_render.rs:37:28
[INFO] [stderr]    |
[INFO] [stderr] 37 |     fn class_for_highlight(&self, highlight_name: &str, highlight_idx: usize) -> Option<Cow<str>>;
[INFO] [stderr]    |                            ^^^^^ the lifetime is elided here                            ^^^^^^^^ the same lifetime is hidden here
[INFO] [stderr]    |
[INFO] [stderr]    = help: the same lifetime is referred to in inconsistent ways, making the signature confusing
[INFO] [stderr]    = note: `#[warn(mismatched_lifetime_syntaxes)]` on by default
[INFO] [stderr] help: use `'_` for type paths
[INFO] [stderr]    |
[INFO] [stderr] 37 |     fn class_for_highlight(&self, highlight_name: &str, highlight_idx: usize) -> Option<Cow<'_, str>>;
[INFO] [stderr]    |                                                                                             +++
[INFO] [stderr] 
[INFO] [stderr] warning: hiding a lifetime that's elided elsewhere is confusing
[INFO] [stderr]   --> bae-common/src/markdown_render.rs:38:24
[INFO] [stderr]    |
[INFO] [stderr] 38 |     fn class_for_image(&self) -> Option<Cow<str>>;
[INFO] [stderr]    |                        ^^^^^            ^^^^^^^^ the same lifetime is hidden here
[INFO] [stderr]    |                        |
[INFO] [stderr]    |                        the lifetime is elided here
[INFO] [stderr]    |
[INFO] [stderr]    = help: the same lifetime is referred to in inconsistent ways, making the signature confusing
[INFO] [stderr] help: use `'_` for type paths
[INFO] [stderr]    |
[INFO] [stderr] 38 |     fn class_for_image(&self) -> Option<Cow<'_, str>>;
[INFO] [stderr]    |                                             +++
[INFO] [stderr] 
[INFO] [stderr] warning: hiding a lifetime that's elided elsewhere is confusing
[INFO] [stderr]   --> bae-common/src/markdown_render.rs:50:28
[INFO] [stderr]    |
[INFO] [stderr] 50 |     fn class_for_highlight(&self, highlight_name: &str, highlight_idx: usize) -> Option<Cow<str>> {
[INFO] [stderr]    |                            ^^^^^ the lifetime is elided here                            ^^^^^^^^ the same lifetime is hidden here
[INFO] [stderr]    |
[INFO] [stderr]    = help: the same lifetime is referred to in inconsistent ways, making the signature confusing
[INFO] [stderr] help: use `'_` for type paths
[INFO] [stderr]    |
[INFO] [stderr] 50 |     fn class_for_highlight(&self, highlight_name: &str, highlight_idx: usize) -> Option<Cow<'_, str>> {
[INFO] [stderr]    |                                                                                             +++
[INFO] [stderr] 
[INFO] [stderr] warning: hiding a lifetime that's elided elsewhere is confusing
[INFO] [stderr]   --> bae-common/src/markdown_render.rs:57:24
[INFO] [stderr]    |
[INFO] [stderr] 57 |     fn class_for_image(&self) -> Option<Cow<str>> {
[INFO] [stderr]    |                        ^^^^^            ^^^^^^^^ the same lifetime is hidden here
[INFO] [stderr]    |                        |
[INFO] [stderr]    |                        the lifetime is elided here
[INFO] [stderr]    |
[INFO] [stderr]    = help: the same lifetime is referred to in inconsistent ways, making the signature confusing
[INFO] [stderr] help: use `'_` for type paths
[INFO] [stderr]    |
[INFO] [stderr] 57 |     fn class_for_image(&self) -> Option<Cow<'_, str>> {
[INFO] [stderr]    |                                             +++
[INFO] [stderr] 
[INFO] [stderr] warning: hiding a lifetime that's elided elsewhere is confusing
[INFO] [stderr]   --> bae-common/src/markdown_render.rs:69:28
[INFO] [stderr]    |
[INFO] [stderr] 69 |     fn class_for_highlight(&self, highlight_name: &str, _highlight_idx: usize) -> Option<Cow<str>> {
[INFO] [stderr]    |                            ^^^^^ the lifetime is elided here                             ^^^^^^^^ the same lifetime is hidden here
[INFO] [stderr]    |
[INFO] [stderr]    = help: the same lifetime is referred to in inconsistent ways, making the signature confusing
[INFO] [stderr] help: use `'_` for type paths
[INFO] [stderr]    |
[INFO] [stderr] 69 |     fn class_for_highlight(&self, highlight_name: &str, _highlight_idx: usize) -> Option<Cow<'_, str>> {
[INFO] [stderr]    |                                                                                              +++
[INFO] [stderr] 
[INFO] [stderr] warning: hiding a lifetime that's elided elsewhere is confusing
[INFO] [stderr]   --> bae-common/src/markdown_render.rs:78:24
[INFO] [stderr]    |
[INFO] [stderr] 78 |     fn class_for_image(&self) -> Option<Cow<str>> {
[INFO] [stderr]    |                        ^^^^^            ^^^^^^^^ the same lifetime is hidden here
[INFO] [stderr]    |                        |
[INFO] [stderr]    |                        the lifetime is elided here
[INFO] [stderr]    |
[INFO] [stderr]    = help: the same lifetime is referred to in inconsistent ways, making the signature confusing
[INFO] [stderr] help: use `'_` for type paths
[INFO] [stderr]    |
[INFO] [stderr] 78 |     fn class_for_image(&self) -> Option<Cow<'_, str>> {
[INFO] [stderr]    |                                             +++
[INFO] [stderr] 
[INFO] [stderr] warning: `bae-common` (lib) generated 8 warnings (run `cargo fix --lib -p bae-common` to apply 7 suggestions)
[INFO] [stderr] warning: `bae-common` (lib test) generated 8 warnings (8 duplicates)
[INFO] [stderr]     Finished `test` profile [unoptimized + debuginfo] target(s) in 0.38s
[INFO] [stderr]      Running unittests src/main.rs (/opt/rustwide/target/debug/deps/bae_cli-2de7588043f0c41a)
[INFO] [stdout] 
[INFO] [stdout] running 0 tests
[INFO] [stdout] 
[INFO] [stdout] test result: ok. 0 passed; 0 failed; 0 ignored; 0 measured; 0 filtered out; finished in 0.00s
[INFO] [stdout] 
[INFO] [stderr]      Running unittests src/lib.rs (/opt/rustwide/target/debug/deps/bae_common-c1e5638feef3c4b2)
[INFO] [stdout] 
[INFO] [stdout] running 4 tests
[INFO] [stdout] test markdown_render::test::test_escape ... ok
[INFO] [stdout] test database::tests::get_blog_post_test ... FAILED
[INFO] [stdout] test database::tests::get_blog_posts_test ... FAILED
[INFO] [stdout] test database::tests::tags_test ... FAILED
[INFO] [stdout] 
[INFO] [stdout] failures:
[INFO] [stdout] 
[INFO] [stdout] ---- database::tests::get_blog_post_test stdout ----
[INFO] [stdout] 
[INFO] [stdout] thread 'database::tests::get_blog_post_test' (5062) panicked at /opt/rustwide/cargo-home/registry/src/index.crates.io-1949cf8c6b5b557f/sqlx-postgres-0.8.2/src/testing/mod.rs:78:44:
[INFO] [stdout] DATABASE_URL must be set: EnvVar(NotPresent)
[INFO] [stdout] stack backtrace:
[INFO] [stdout]    0:     0x56b858adba81 - std[73adb7dc35730857]::backtrace_rs::backtrace::libunwind::trace
[INFO] [stdout]                                at /rustc/6b3fa26749ab40e159b2dd5cf577acaaf5902772/library/std/src/../../backtrace/src/backtrace/libunwind.rs:117:9
[INFO] [stdout]    1:     0x56b858adba81 - std[73adb7dc35730857]::backtrace_rs::backtrace::trace_unsynchronized::<std[73adb7dc35730857]::sys::backtrace::_print_fmt::{closure#1}>
[INFO] [stdout]                                at /rustc/6b3fa26749ab40e159b2dd5cf577acaaf5902772/library/std/src/../../backtrace/src/backtrace/mod.rs:66:14
[INFO] [stdout]    2:     0x56b858adba81 - std[73adb7dc35730857]::sys::backtrace::_print_fmt
[INFO] [stdout]                                at /rustc/6b3fa26749ab40e159b2dd5cf577acaaf5902772/library/std/src/sys/backtrace.rs:74:9
[INFO] [stdout]    3:     0x56b858adba81 - <<std[73adb7dc35730857]::sys::backtrace::BacktraceLock>::print::DisplayBacktrace as core[6883ba1bc0fe4ed1]::fmt::Display>::fmt
[INFO] [stdout]                                at /rustc/6b3fa26749ab40e159b2dd5cf577acaaf5902772/library/std/src/sys/backtrace.rs:44:26
[INFO] [stdout]    4:     0x56b858af2f8a - <core[6883ba1bc0fe4ed1]::fmt::rt::Argument>::fmt
[INFO] [stdout]                                at /rustc/6b3fa26749ab40e159b2dd5cf577acaaf5902772/library/core/src/fmt/rt.rs:152:76
[INFO] [stdout]    5:     0x56b858af2f8a - core[6883ba1bc0fe4ed1]::fmt::write
[INFO] [stdout]    6:     0x56b858ae04bc - std[73adb7dc35730857]::io::default_write_fmt::<alloc[55a36b64bcbf2c0d]::vec::Vec<u8>>
[INFO] [stdout]                                at /rustc/6b3fa26749ab40e159b2dd5cf577acaaf5902772/library/std/src/io/mod.rs:626:11
[INFO] [stdout]    7:     0x56b858ae04bc - <alloc[55a36b64bcbf2c0d]::vec::Vec<u8> as std[73adb7dc35730857]::io::Write>::write_fmt
[INFO] [stdout]                                at /rustc/6b3fa26749ab40e159b2dd5cf577acaaf5902772/library/std/src/io/mod.rs:1730:13
[INFO] [stdout]    8:     0x56b858ab8aa6 - <std[73adb7dc35730857]::sys::backtrace::BacktraceLock>::print
[INFO] [stdout]                                at /rustc/6b3fa26749ab40e159b2dd5cf577acaaf5902772/library/std/src/sys/backtrace.rs:47:9
[INFO] [stdout]    9:     0x56b858ab8aa6 - std[73adb7dc35730857]::panicking::default_hook::{closure#0}
[INFO] [stdout]                                at /rustc/6b3fa26749ab40e159b2dd5cf577acaaf5902772/library/std/src/panicking.rs:292:27
[INFO] [stdout]   10:     0x56b858ad32b9 - std[73adb7dc35730857]::panicking::default_hook
[INFO] [stdout]                                at /rustc/6b3fa26749ab40e159b2dd5cf577acaaf5902772/library/std/src/panicking.rs:316:9
[INFO] [stdout]   11:     0x56b8587196d0 - <alloc[55a36b64bcbf2c0d]::boxed::Box<dyn for<'a, 'b> core[6883ba1bc0fe4ed1]::ops::function::Fn<(&'a std[73adb7dc35730857]::panic::PanicHookInfo<'b>,), Output = ()> + core[6883ba1bc0fe4ed1]::marker::Send + core[6883ba1bc0fe4ed1]::marker::Sync> as core[6883ba1bc0fe4ed1]::ops::function::Fn<(&std[73adb7dc35730857]::panic::PanicHookInfo,)>>::call
[INFO] [stdout]                                at /rustc/6b3fa26749ab40e159b2dd5cf577acaaf5902772/library/alloc/src/boxed.rs:2333:9
[INFO] [stdout]   12:     0x56b8587196d0 - test[980ffaebd391d06d]::test_main_inner::<test[980ffaebd391d06d]::test_main_static::{closure#0}>::{closure#0}
[INFO] [stdout]                                at /rustc/6b3fa26749ab40e159b2dd5cf577acaaf5902772/library/test/src/lib.rs:155:21
[INFO] [stdout]   13:     0x56b858ad35e2 - <alloc[55a36b64bcbf2c0d]::boxed::Box<dyn for<'a, 'b> core[6883ba1bc0fe4ed1]::ops::function::Fn<(&'a std[73adb7dc35730857]::panic::PanicHookInfo<'b>,), Output = ()> + core[6883ba1bc0fe4ed1]::marker::Send + core[6883ba1bc0fe4ed1]::marker::Sync> as core[6883ba1bc0fe4ed1]::ops::function::Fn<(&std[73adb7dc35730857]::panic::PanicHookInfo,)>>::call
[INFO] [stdout]                                at /rustc/6b3fa26749ab40e159b2dd5cf577acaaf5902772/library/alloc/src/boxed.rs:2333:9
[INFO] [stdout]   14:     0x56b858ad35e2 - std[73adb7dc35730857]::panicking::panic_with_hook
[INFO] [stdout]                                at /rustc/6b3fa26749ab40e159b2dd5cf577acaaf5902772/library/std/src/panicking.rs:823:13
[INFO] [stdout]   15:     0x56b858ab8b52 - std[73adb7dc35730857]::panicking::panic_handler::{closure#0}
[INFO] [stdout]                                at /rustc/6b3fa26749ab40e159b2dd5cf577acaaf5902772/library/std/src/panicking.rs:688:13
[INFO] [stdout]   16:     0x56b858ab0199 - std[73adb7dc35730857]::sys::backtrace::__rust_end_short_backtrace::<std[73adb7dc35730857]::panicking::panic_handler::{closure#0}, !>
[INFO] [stdout]                                at /rustc/6b3fa26749ab40e159b2dd5cf577acaaf5902772/library/std/src/sys/backtrace.rs:182:18
[INFO] [stdout]   17:     0x56b858ab99dd - __rustc[a7b7b02e776dd976]::rust_begin_unwind
[INFO] [stdout]                                at /rustc/6b3fa26749ab40e159b2dd5cf577acaaf5902772/library/std/src/panicking.rs:679:5
[INFO] [stdout]   18:     0x56b858af37bc - core[6883ba1bc0fe4ed1]::panicking::panic_fmt
[INFO] [stdout]                                at /rustc/6b3fa26749ab40e159b2dd5cf577acaaf5902772/library/core/src/panicking.rs:80:14
[INFO] [stdout]   19:     0x56b858af3502 - core[6883ba1bc0fe4ed1]::result::unwrap_failed
[INFO] [stdout]                                at /rustc/6b3fa26749ab40e159b2dd5cf577acaaf5902772/library/core/src/result.rs:1870:5
[INFO] [stdout]   20:     0x56b8587cef9b - <core[6883ba1bc0fe4ed1]::result::Result<alloc[55a36b64bcbf2c0d]::string::String, dotenvy[3ff1008ebe5a7094]::errors::Error>>::expect
[INFO] [stdout]                                at /rustc/6b3fa26749ab40e159b2dd5cf577acaaf5902772/library/core/src/result.rs:1183:23
[INFO] [stdout]   21:     0x56b85876f167 - sqlx_postgres[f91b3d724d6dd0d8]::testing::test_context::{closure#0}
[INFO] [stdout]                                at /opt/rustwide/cargo-home/registry/src/index.crates.io-1949cf8c6b5b557f/sqlx-postgres-0.8.2/src/testing/mod.rs:78:44
[INFO] [stdout]   22:     0x56b858771bf2 - <sqlx_postgres[f91b3d724d6dd0d8]::database::Postgres as sqlx_core[a4ded4f324f5d8f9]::testing::TestSupport>::test_context::{closure#0}
[INFO] [stdout]                                at /opt/rustwide/cargo-home/registry/src/index.crates.io-1949cf8c6b5b557f/sqlx-postgres-0.8.2/src/testing/mod.rs:29:50
[INFO] [stdout]   23:     0x56b8586df4cf - <core[6883ba1bc0fe4ed1]::pin::Pin<alloc[55a36b64bcbf2c0d]::boxed::Box<dyn core[6883ba1bc0fe4ed1]::future::future::Future<Output = core[6883ba1bc0fe4ed1]::result::Result<sqlx_core[a4ded4f324f5d8f9]::testing::TestContext<sqlx_postgres[f91b3d724d6dd0d8]::database::Postgres>, sqlx_core[a4ded4f324f5d8f9]::error::Error>> + core[6883ba1bc0fe4ed1]::marker::Send>> as core[6883ba1bc0fe4ed1]::future::future::Future>::poll
[INFO] [stdout]                                at /rustc/6b3fa26749ab40e159b2dd5cf577acaaf5902772/library/core/src/future/future.rs:133:9
[INFO] [stdout]   24:     0x56b8586d0d09 - sqlx_core[a4ded4f324f5d8f9]::testing::run_test::<sqlx_postgres[f91b3d724d6dd0d8]::database::Postgres, sqlx_core[a4ded4f324f5d8f9]::testing::run_test_with_pool<sqlx_postgres[f91b3d724d6dd0d8]::database::Postgres, fn(sqlx_core[a4ded4f324f5d8f9]::pool::Pool<sqlx_postgres[f91b3d724d6dd0d8]::database::Postgres>) -> bae_common[6b1c1c741e6975]::database::tests::get_blog_post_test::get_blog_post_test::{closure#0}, bae_common[6b1c1c741e6975]::database::tests::get_blog_post_test::get_blog_post_test::{closure#0}>::{closure#0}, sqlx_core[a4ded4f324f5d8f9]::testing::run_test_with_pool<sqlx_postgres[f91b3d724d6dd0d8]::database::Postgres, fn(sqlx_core[a4ded4f324f5d8f9]::pool::Pool<sqlx_postgres[f91b3d724d6dd0d8]::database::Postgres>) -> bae_common[6b1c1c741e6975]::database::tests::get_blog_post_test::get_blog_post_test::{closure#0}, bae_common[6b1c1c741e6975]::database::tests::get_blog_post_test::get_blog_post_test::{closure#0}>::{closure#0}::{closure#0}>::{closure#0}
[INFO] [stdout]                                at /opt/rustwide/cargo-home/registry/src/index.crates.io-1949cf8c6b5b557f/sqlx-core-0.8.2/src/testing/mod.rs:212:14
[INFO] [stdout]   25:     0x56b8586df52b - <core[6883ba1bc0fe4ed1]::pin::Pin<alloc[55a36b64bcbf2c0d]::boxed::Box<sqlx_core[a4ded4f324f5d8f9]::testing::run_test<sqlx_postgres[f91b3d724d6dd0d8]::database::Postgres, sqlx_core[a4ded4f324f5d8f9]::testing::run_test_with_pool<sqlx_postgres[f91b3d724d6dd0d8]::database::Postgres, fn(sqlx_core[a4ded4f324f5d8f9]::pool::Pool<sqlx_postgres[f91b3d724d6dd0d8]::database::Postgres>) -> bae_common[6b1c1c741e6975]::database::tests::get_blog_post_test::get_blog_post_test::{closure#0}, bae_common[6b1c1c741e6975]::database::tests::get_blog_post_test::get_blog_post_test::{closure#0}>::{closure#0}, sqlx_core[a4ded4f324f5d8f9]::testing::run_test_with_pool<sqlx_postgres[f91b3d724d6dd0d8]::database::Postgres, fn(sqlx_core[a4ded4f324f5d8f9]::pool::Pool<sqlx_postgres[f91b3d724d6dd0d8]::database::Postgres>) -> bae_common[6b1c1c741e6975]::database::tests::get_blog_post_test::get_blog_post_test::{closure#0}, bae_common[6b1c1c741e6975]::database::tests::get_blog_post_test::get_blog_post_test::{closure#0}>::{closure#0}::{closure#0}>::{closure#0}>> as core[6883ba1bc0fe4ed1]::future::future::Future>::poll
[INFO] [stdout]                                at /rustc/6b3fa26749ab40e159b2dd5cf577acaaf5902772/library/core/src/future/future.rs:133:9
[INFO] [stdout]   26:     0x56b8586df64b - <core[6883ba1bc0fe4ed1]::pin::Pin<&mut core[6883ba1bc0fe4ed1]::pin::Pin<alloc[55a36b64bcbf2c0d]::boxed::Box<sqlx_core[a4ded4f324f5d8f9]::testing::run_test<sqlx_postgres[f91b3d724d6dd0d8]::database::Postgres, sqlx_core[a4ded4f324f5d8f9]::testing::run_test_with_pool<sqlx_postgres[f91b3d724d6dd0d8]::database::Postgres, fn(sqlx_core[a4ded4f324f5d8f9]::pool::Pool<sqlx_postgres[f91b3d724d6dd0d8]::database::Postgres>) -> bae_common[6b1c1c741e6975]::database::tests::get_blog_post_test::get_blog_post_test::{closure#0}, bae_common[6b1c1c741e6975]::database::tests::get_blog_post_test::get_blog_post_test::{closure#0}>::{closure#0}, sqlx_core[a4ded4f324f5d8f9]::testing::run_test_with_pool<sqlx_postgres[f91b3d724d6dd0d8]::database::Postgres, fn(sqlx_core[a4ded4f324f5d8f9]::pool::Pool<sqlx_postgres[f91b3d724d6dd0d8]::database::Postgres>) -> bae_common[6b1c1c741e6975]::database::tests::get_blog_post_test::get_blog_post_test::{closure#0}, bae_common[6b1c1c741e6975]::database::tests::get_blog_post_test::get_blog_post_test::{closure#0}>::{closure#0}::{closure#0}>::{closure#0}>>> as core[6883ba1bc0fe4ed1]::future::future::Future>::poll
[INFO] [stdout]                                at /rustc/6b3fa26749ab40e159b2dd5cf577acaaf5902772/library/core/src/future/future.rs:133:9
[INFO] [stdout]   27:     0x56b8586b164b - <tokio[2fe2756910d70000]::runtime::scheduler::current_thread::CoreGuard>::block_on::<core[6883ba1bc0fe4ed1]::pin::Pin<&mut core[6883ba1bc0fe4ed1]::pin::Pin<alloc[55a36b64bcbf2c0d]::boxed::Box<sqlx_core[a4ded4f324f5d8f9]::testing::run_test<sqlx_postgres[f91b3d724d6dd0d8]::database::Postgres, sqlx_core[a4ded4f324f5d8f9]::testing::run_test_with_pool<sqlx_postgres[f91b3d724d6dd0d8]::database::Postgres, fn(sqlx_core[a4ded4f324f5d8f9]::pool::Pool<sqlx_postgres[f91b3d724d6dd0d8]::database::Postgres>) -> bae_common[6b1c1c741e6975]::database::tests::get_blog_post_test::get_blog_post_test::{closure#0}, bae_common[6b1c1c741e6975]::database::tests::get_blog_post_test::get_blog_post_test::{closure#0}>::{closure#0}, sqlx_core[a4ded4f324f5d8f9]::testing::run_test_with_pool<sqlx_postgres[f91b3d724d6dd0d8]::database::Postgres, fn(sqlx_core[a4ded4f324f5d8f9]::pool::Pool<sqlx_postgres[f91b3d724d6dd0d8]::database::Postgres>) -> bae_common[6b1c1c741e6975]::database::tests::get_blog_post_test::get_blog_post_test::{closure#0}, bae_common[6b1c1c741e6975]::database::tests::get_blog_post_test::get_blog_post_test::{closure#0}>::{closure#0}::{closure#0}>::{closure#0}>>>>::{closure#0}::{closure#0}::{closure#0}
[INFO] [stdout]                                at /opt/rustwide/cargo-home/registry/src/index.crates.io-1949cf8c6b5b557f/tokio-1.41.0/src/runtime/scheduler/current_thread/mod.rs:729:73
[INFO] [stdout]   28:     0x56b8586b0c5b - tokio[2fe2756910d70000]::runtime::coop::with_budget::<core[6883ba1bc0fe4ed1]::task::poll::Poll<core[6883ba1bc0fe4ed1]::result::Result<(), bae_common[6b1c1c741e6975]::database::Error>>, <tokio[2fe2756910d70000]::runtime::scheduler::current_thread::CoreGuard>::block_on<core[6883ba1bc0fe4ed1]::pin::Pin<&mut core[6883ba1bc0fe4ed1]::pin::Pin<alloc[55a36b64bcbf2c0d]::boxed::Box<sqlx_core[a4ded4f324f5d8f9]::testing::run_test<sqlx_postgres[f91b3d724d6dd0d8]::database::Postgres, sqlx_core[a4ded4f324f5d8f9]::testing::run_test_with_pool<sqlx_postgres[f91b3d724d6dd0d8]::database::Postgres, fn(sqlx_core[a4ded4f324f5d8f9]::pool::Pool<sqlx_postgres[f91b3d724d6dd0d8]::database::Postgres>) -> bae_common[6b1c1c741e6975]::database::tests::get_blog_post_test::get_blog_post_test::{closure#0}, bae_common[6b1c1c741e6975]::database::tests::get_blog_post_test::get_blog_post_test::{closure#0}>::{closure#0}, sqlx_core[a4ded4f324f5d8f9]::testing::run_test_with_pool<sqlx_postgres[f91b3d724d6dd0d8]::database::Postgres, fn(sqlx_core[a4ded4f324f5d8f9]::pool::Pool<sqlx_postgres[f91b3d724d6dd0d8]::database::Postgres>) -> bae_common[6b1c1c741e6975]::database::tests::get_blog_post_test::get_blog_post_test::{closure#0}, bae_common[6b1c1c741e6975]::database::tests::get_blog_post_test::get_blog_post_test::{closure#0}>::{closure#0}::{closure#0}>::{closure#0}>>>>::{closure#0}::{closure#0}::{closure#0}>
[INFO] [stdout]                                at /opt/rustwide/cargo-home/registry/src/index.crates.io-1949cf8c6b5b557f/tokio-1.41.0/src/runtime/coop.rs:107:5
[INFO] [stdout]   29:     0x56b8586b0c5b - tokio[2fe2756910d70000]::runtime::coop::budget::<core[6883ba1bc0fe4ed1]::task::poll::Poll<core[6883ba1bc0fe4ed1]::result::Result<(), bae_common[6b1c1c741e6975]::database::Error>>, <tokio[2fe2756910d70000]::runtime::scheduler::current_thread::CoreGuard>::block_on<core[6883ba1bc0fe4ed1]::pin::Pin<&mut core[6883ba1bc0fe4ed1]::pin::Pin<alloc[55a36b64bcbf2c0d]::boxed::Box<sqlx_core[a4ded4f324f5d8f9]::testing::run_test<sqlx_postgres[f91b3d724d6dd0d8]::database::Postgres, sqlx_core[a4ded4f324f5d8f9]::testing::run_test_with_pool<sqlx_postgres[f91b3d724d6dd0d8]::database::Postgres, fn(sqlx_core[a4ded4f324f5d8f9]::pool::Pool<sqlx_postgres[f91b3d724d6dd0d8]::database::Postgres>) -> bae_common[6b1c1c741e6975]::database::tests::get_blog_post_test::get_blog_post_test::{closure#0}, bae_common[6b1c1c741e6975]::database::tests::get_blog_post_test::get_blog_post_test::{closure#0}>::{closure#0}, sqlx_core[a4ded4f324f5d8f9]::testing::run_test_with_pool<sqlx_postgres[f91b3d724d6dd0d8]::database::Postgres, fn(sqlx_core[a4ded4f324f5d8f9]::pool::Pool<sqlx_postgres[f91b3d724d6dd0d8]::database::Postgres>) -> bae_common[6b1c1c741e6975]::database::tests::get_blog_post_test::get_blog_post_test::{closure#0}, bae_common[6b1c1c741e6975]::database::tests::get_blog_post_test::get_blog_post_test::{closure#0}>::{closure#0}::{closure#0}>::{closure#0}>>>>::{closure#0}::{closure#0}::{closure#0}>
[INFO] [stdout]                                at /opt/rustwide/cargo-home/registry/src/index.crates.io-1949cf8c6b5b557f/tokio-1.41.0/src/runtime/coop.rs:73:5
[INFO] [stdout]   30:     0x56b8586b0c5b - <tokio[2fe2756910d70000]::runtime::scheduler::current_thread::CoreGuard>::block_on::<core[6883ba1bc0fe4ed1]::pin::Pin<&mut core[6883ba1bc0fe4ed1]::pin::Pin<alloc[55a36b64bcbf2c0d]::boxed::Box<sqlx_core[a4ded4f324f5d8f9]::testing::run_test<sqlx_postgres[f91b3d724d6dd0d8]::database::Postgres, sqlx_core[a4ded4f324f5d8f9]::testing::run_test_with_pool<sqlx_postgres[f91b3d724d6dd0d8]::database::Postgres, fn(sqlx_core[a4ded4f324f5d8f9]::pool::Pool<sqlx_postgres[f91b3d724d6dd0d8]::database::Postgres>) -> bae_common[6b1c1c741e6975]::database::tests::get_blog_post_test::get_blog_post_test::{closure#0}, bae_common[6b1c1c741e6975]::database::tests::get_blog_post_test::get_blog_post_test::{closure#0}>::{closure#0}, sqlx_core[a4ded4f324f5d8f9]::testing::run_test_with_pool<sqlx_postgres[f91b3d724d6dd0d8]::database::Postgres, fn(sqlx_core[a4ded4f324f5d8f9]::pool::Pool<sqlx_postgres[f91b3d724d6dd0d8]::database::Postgres>) -> bae_common[6b1c1c741e6975]::database::tests::get_blog_post_test::get_blog_post_test::{closure#0}, bae_common[6b1c1c741e6975]::database::tests::get_blog_post_test::get_blog_post_test::{closure#0}>::{closure#0}::{closure#0}>::{closure#0}>>>>::{closure#0}::{closure#0}
[INFO] [stdout]                                at /opt/rustwide/cargo-home/registry/src/index.crates.io-1949cf8c6b5b557f/tokio-1.41.0/src/runtime/scheduler/current_thread/mod.rs:729:25
[INFO] [stdout]   31:     0x56b8586a551d - <tokio[2fe2756910d70000]::runtime::scheduler::current_thread::Context>::enter::<core[6883ba1bc0fe4ed1]::task::poll::Poll<core[6883ba1bc0fe4ed1]::result::Result<(), bae_common[6b1c1c741e6975]::database::Error>>, <tokio[2fe2756910d70000]::runtime::scheduler::current_thread::CoreGuard>::block_on<core[6883ba1bc0fe4ed1]::pin::Pin<&mut core[6883ba1bc0fe4ed1]::pin::Pin<alloc[55a36b64bcbf2c0d]::boxed::Box<sqlx_core[a4ded4f324f5d8f9]::testing::run_test<sqlx_postgres[f91b3d724d6dd0d8]::database::Postgres, sqlx_core[a4ded4f324f5d8f9]::testing::run_test_with_pool<sqlx_postgres[f91b3d724d6dd0d8]::database::Postgres, fn(sqlx_core[a4ded4f324f5d8f9]::pool::Pool<sqlx_postgres[f91b3d724d6dd0d8]::database::Postgres>) -> bae_common[6b1c1c741e6975]::database::tests::get_blog_post_test::get_blog_post_test::{closure#0}, bae_common[6b1c1c741e6975]::database::tests::get_blog_post_test::get_blog_post_test::{closure#0}>::{closure#0}, sqlx_core[a4ded4f324f5d8f9]::testing::run_test_with_pool<sqlx_postgres[f91b3d724d6dd0d8]::database::Postgres, fn(sqlx_core[a4ded4f324f5d8f9]::pool::Pool<sqlx_postgres[f91b3d724d6dd0d8]::database::Postgres>) -> bae_common[6b1c1c741e6975]::database::tests::get_blog_post_test::get_blog_post_test::{closure#0}, bae_common[6b1c1c741e6975]::database::tests::get_blog_post_test::get_blog_post_test::{closure#0}>::{closure#0}::{closure#0}>::{closure#0}>>>>::{closure#0}::{closure#0}>
[INFO] [stdout]                                at /opt/rustwide/cargo-home/registry/src/index.crates.io-1949cf8c6b5b557f/tokio-1.41.0/src/runtime/scheduler/current_thread/mod.rs:428:19
[INFO] [stdout]   32:     0x56b8586ac360 - <tokio[2fe2756910d70000]::runtime::scheduler::current_thread::CoreGuard>::block_on::<core[6883ba1bc0fe4ed1]::pin::Pin<&mut core[6883ba1bc0fe4ed1]::pin::Pin<alloc[55a36b64bcbf2c0d]::boxed::Box<sqlx_core[a4ded4f324f5d8f9]::testing::run_test<sqlx_postgres[f91b3d724d6dd0d8]::database::Postgres, sqlx_core[a4ded4f324f5d8f9]::testing::run_test_with_pool<sqlx_postgres[f91b3d724d6dd0d8]::database::Postgres, fn(sqlx_core[a4ded4f324f5d8f9]::pool::Pool<sqlx_postgres[f91b3d724d6dd0d8]::database::Postgres>) -> bae_common[6b1c1c741e6975]::database::tests::get_blog_post_test::get_blog_post_test::{closure#0}, bae_common[6b1c1c741e6975]::database::tests::get_blog_post_test::get_blog_post_test::{closure#0}>::{closure#0}, sqlx_core[a4ded4f324f5d8f9]::testing::run_test_with_pool<sqlx_postgres[f91b3d724d6dd0d8]::database::Postgres, fn(sqlx_core[a4ded4f324f5d8f9]::pool::Pool<sqlx_postgres[f91b3d724d6dd0d8]::database::Postgres>) -> bae_common[6b1c1c741e6975]::database::tests::get_blog_post_test::get_blog_post_test::{closure#0}, bae_common[6b1c1c741e6975]::database::tests::get_blog_post_test::get_blog_post_test::{closure#0}>::{closure#0}::{closure#0}>::{closure#0}>>>>::{closure#0}
[INFO] [stdout]                                at /opt/rustwide/cargo-home/registry/src/index.crates.io-1949cf8c6b5b557f/tokio-1.41.0/src/runtime/scheduler/current_thread/mod.rs:728:44
[INFO] [stdout]   33:     0x56b8586abfdb - <tokio[2fe2756910d70000]::runtime::scheduler::current_thread::CoreGuard>::enter::<<tokio[2fe2756910d70000]::runtime::scheduler::current_thread::CoreGuard>::block_on<core[6883ba1bc0fe4ed1]::pin::Pin<&mut core[6883ba1bc0fe4ed1]::pin::Pin<alloc[55a36b64bcbf2c0d]::boxed::Box<sqlx_core[a4ded4f324f5d8f9]::testing::run_test<sqlx_postgres[f91b3d724d6dd0d8]::database::Postgres, sqlx_core[a4ded4f324f5d8f9]::testing::run_test_with_pool<sqlx_postgres[f91b3d724d6dd0d8]::database::Postgres, fn(sqlx_core[a4ded4f324f5d8f9]::pool::Pool<sqlx_postgres[f91b3d724d6dd0d8]::database::Postgres>) -> bae_common[6b1c1c741e6975]::database::tests::get_blog_post_test::get_blog_post_test::{closure#0}, bae_common[6b1c1c741e6975]::database::tests::get_blog_post_test::get_blog_post_test::{closure#0}>::{closure#0}, sqlx_core[a4ded4f324f5d8f9]::testing::run_test_with_pool<sqlx_postgres[f91b3d724d6dd0d8]::database::Postgres, fn(sqlx_core[a4ded4f324f5d8f9]::pool::Pool<sqlx_postgres[f91b3d724d6dd0d8]::database::Postgres>) -> bae_common[6b1c1c741e6975]::database::tests::get_blog_post_test::get_blog_post_test::{closure#0}, bae_common[6b1c1c741e6975]::database::tests::get_blog_post_test::get_blog_post_test::{closure#0}>::{closure#0}::{closure#0}>::{closure#0}>>>>::{closure#0}, core[6883ba1bc0fe4ed1]::option::Option<core[6883ba1bc0fe4ed1]::result::Result<(), bae_common[6b1c1c741e6975]::database::Error>>>::{closure#0}
[INFO] [stdout]                                at /opt/rustwide/cargo-home/registry/src/index.crates.io-1949cf8c6b5b557f/tokio-1.41.0/src/runtime/scheduler/current_thread/mod.rs:807:68
[INFO] [stdout]   34:     0x56b8586ca0da - <tokio[2fe2756910d70000]::runtime::context::scoped::Scoped<tokio[2fe2756910d70000]::runtime::scheduler::Context>>::set::<<tokio[2fe2756910d70000]::runtime::scheduler::current_thread::CoreGuard>::enter<<tokio[2fe2756910d70000]::runtime::scheduler::current_thread::CoreGuard>::block_on<core[6883ba1bc0fe4ed1]::pin::Pin<&mut core[6883ba1bc0fe4ed1]::pin::Pin<alloc[55a36b64bcbf2c0d]::boxed::Box<sqlx_core[a4ded4f324f5d8f9]::testing::run_test<sqlx_postgres[f91b3d724d6dd0d8]::database::Postgres, sqlx_core[a4ded4f324f5d8f9]::testing::run_test_with_pool<sqlx_postgres[f91b3d724d6dd0d8]::database::Postgres, fn(sqlx_core[a4ded4f324f5d8f9]::pool::Pool<sqlx_postgres[f91b3d724d6dd0d8]::database::Postgres>) -> bae_common[6b1c1c741e6975]::database::tests::get_blog_post_test::get_blog_post_test::{closure#0}, bae_common[6b1c1c741e6975]::database::tests::get_blog_post_test::get_blog_post_test::{closure#0}>::{closure#0}, sqlx_core[a4ded4f324f5d8f9]::testing::run_test_with_pool<sqlx_postgres[f91b3d724d6dd0d8]::database::Postgres, fn(sqlx_core[a4ded4f324f5d8f9]::pool::Pool<sqlx_postgres[f91b3d724d6dd0d8]::database::Postgres>) -> bae_common[6b1c1c741e6975]::database::tests::get_blog_post_test::get_blog_post_test::{closure#0}, bae_common[6b1c1c741e6975]::database::tests::get_blog_post_test::get_blog_post_test::{closure#0}>::{closure#0}::{closure#0}>::{closure#0}>>>>::{closure#0}, core[6883ba1bc0fe4ed1]::option::Option<core[6883ba1bc0fe4ed1]::result::Result<(), bae_common[6b1c1c741e6975]::database::Error>>>::{closure#0}, (alloc[55a36b64bcbf2c0d]::boxed::Box<tokio[2fe2756910d70000]::runtime::scheduler::current_thread::Core>, core[6883ba1bc0fe4ed1]::option::Option<core[6883ba1bc0fe4ed1]::result::Result<(), bae_common[6b1c1c741e6975]::database::Error>>)>
[INFO] [stdout]                                at /opt/rustwide/cargo-home/registry/src/index.crates.io-1949cf8c6b5b557f/tokio-1.41.0/src/runtime/context/scoped.rs:40:9
[INFO] [stdout]   35:     0x56b8586dda0a - tokio[2fe2756910d70000]::runtime::context::set_scheduler::<(alloc[55a36b64bcbf2c0d]::boxed::Box<tokio[2fe2756910d70000]::runtime::scheduler::current_thread::Core>, core[6883ba1bc0fe4ed1]::option::Option<core[6883ba1bc0fe4ed1]::result::Result<(), bae_common[6b1c1c741e6975]::database::Error>>), <tokio[2fe2756910d70000]::runtime::scheduler::current_thread::CoreGuard>::enter<<tokio[2fe2756910d70000]::runtime::scheduler::current_thread::CoreGuard>::block_on<core[6883ba1bc0fe4ed1]::pin::Pin<&mut core[6883ba1bc0fe4ed1]::pin::Pin<alloc[55a36b64bcbf2c0d]::boxed::Box<sqlx_core[a4ded4f324f5d8f9]::testing::run_test<sqlx_postgres[f91b3d724d6dd0d8]::database::Postgres, sqlx_core[a4ded4f324f5d8f9]::testing::run_test_with_pool<sqlx_postgres[f91b3d724d6dd0d8]::database::Postgres, fn(sqlx_core[a4ded4f324f5d8f9]::pool::Pool<sqlx_postgres[f91b3d724d6dd0d8]::database::Postgres>) -> bae_common[6b1c1c741e6975]::database::tests::get_blog_post_test::get_blog_post_test::{closure#0}, bae_common[6b1c1c741e6975]::database::tests::get_blog_post_test::get_blog_post_test::{closure#0}>::{closure#0}, sqlx_core[a4ded4f324f5d8f9]::testing::run_test_with_pool<sqlx_postgres[f91b3d724d6dd0d8]::database::Postgres, fn(sqlx_core[a4ded4f324f5d8f9]::pool::Pool<sqlx_postgres[f91b3d724d6dd0d8]::database::Postgres>) -> bae_common[6b1c1c741e6975]::database::tests::get_blog_post_test::get_blog_post_test::{closure#0}, bae_common[6b1c1c741e6975]::database::tests::get_blog_post_test::get_blog_post_test::{closure#0}>::{closure#0}::{closure#0}>::{closure#0}>>>>::{closure#0}, core[6883ba1bc0fe4ed1]::option::Option<core[6883ba1bc0fe4ed1]::result::Result<(), bae_common[6b1c1c741e6975]::database::Error>>>::{closure#0}>::{closure#0}
[INFO] [stdout]                                at /opt/rustwide/cargo-home/registry/src/index.crates.io-1949cf8c6b5b557f/tokio-1.41.0/src/runtime/context.rs:180:38
[INFO] [stdout]   36:     0x56b858707f18 - <std[73adb7dc35730857]::thread::local::LocalKey<tokio[2fe2756910d70000]::runtime::context::Context>>::try_with::<tokio[2fe2756910d70000]::runtime::context::set_scheduler<(alloc[55a36b64bcbf2c0d]::boxed::Box<tokio[2fe2756910d70000]::runtime::scheduler::current_thread::Core>, core[6883ba1bc0fe4ed1]::option::Option<core[6883ba1bc0fe4ed1]::result::Result<(), bae_common[6b1c1c741e6975]::database::Error>>), <tokio[2fe2756910d70000]::runtime::scheduler::current_thread::CoreGuard>::enter<<tokio[2fe2756910d70000]::runtime::scheduler::current_thread::CoreGuard>::block_on<core[6883ba1bc0fe4ed1]::pin::Pin<&mut core[6883ba1bc0fe4ed1]::pin::Pin<alloc[55a36b64bcbf2c0d]::boxed::Box<sqlx_core[a4ded4f324f5d8f9]::testing::run_test<sqlx_postgres[f91b3d724d6dd0d8]::database::Postgres, sqlx_core[a4ded4f324f5d8f9]::testing::run_test_with_pool<sqlx_postgres[f91b3d724d6dd0d8]::database::Postgres, fn(sqlx_core[a4ded4f324f5d8f9]::pool::Pool<sqlx_postgres[f91b3d724d6dd0d8]::database::Postgres>) -> bae_common[6b1c1c741e6975]::database::tests::get_blog_post_test::get_blog_post_test::{closure#0}, bae_common[6b1c1c741e6975]::database::tests::get_blog_post_test::get_blog_post_test::{closure#0}>::{closure#0}, sqlx_core[a4ded4f324f5d8f9]::testing::run_test_with_pool<sqlx_postgres[f91b3d724d6dd0d8]::database::Postgres, fn(sqlx_core[a4ded4f324f5d8f9]::pool::Pool<sqlx_postgres[f91b3d724d6dd0d8]::database::Postgres>) -> bae_common[6b1c1c741e6975]::database::tests::get_blog_post_test::get_blog_post_test::{closure#0}, bae_common[6b1c1c741e6975]::database::tests::get_blog_post_test::get_blog_post_test::{closure#0}>::{closure#0}::{closure#0}>::{closure#0}>>>>::{closure#0}, core[6883ba1bc0fe4ed1]::option::Option<core[6883ba1bc0fe4ed1]::result::Result<(), bae_common[6b1c1c741e6975]::database::Error>>>::{closure#0}>::{closure#0}, (alloc[55a36b64bcbf2c0d]::boxed::Box<tokio[2fe2756910d70000]::runtime::scheduler::current_thread::Core>, core[6883ba1bc0fe4ed1]::option::Option<core[6883ba1bc0fe4ed1]::result::Result<(), bae_common[6b1c1c741e6975]::database::Error>>)>
[INFO] [stdout]                                at /rustc/6b3fa26749ab40e159b2dd5cf577acaaf5902772/library/std/src/thread/local.rs:463:12
[INFO] [stdout]   37:     0x56b85870758d - <std[73adb7dc35730857]::thread::local::LocalKey<tokio[2fe2756910d70000]::runtime::context::Context>>::with::<tokio[2fe2756910d70000]::runtime::context::set_scheduler<(alloc[55a36b64bcbf2c0d]::boxed::Box<tokio[2fe2756910d70000]::runtime::scheduler::current_thread::Core>, core[6883ba1bc0fe4ed1]::option::Option<core[6883ba1bc0fe4ed1]::result::Result<(), bae_common[6b1c1c741e6975]::database::Error>>), <tokio[2fe2756910d70000]::runtime::scheduler::current_thread::CoreGuard>::enter<<tokio[2fe2756910d70000]::runtime::scheduler::current_thread::CoreGuard>::block_on<core[6883ba1bc0fe4ed1]::pin::Pin<&mut core[6883ba1bc0fe4ed1]::pin::Pin<alloc[55a36b64bcbf2c0d]::boxed::Box<sqlx_core[a4ded4f324f5d8f9]::testing::run_test<sqlx_postgres[f91b3d724d6dd0d8]::database::Postgres, sqlx_core[a4ded4f324f5d8f9]::testing::run_test_with_pool<sqlx_postgres[f91b3d724d6dd0d8]::database::Postgres, fn(sqlx_core[a4ded4f324f5d8f9]::pool::Pool<sqlx_postgres[f91b3d724d6dd0d8]::database::Postgres>) -> bae_common[6b1c1c741e6975]::database::tests::get_blog_post_test::get_blog_post_test::{closure#0}, bae_common[6b1c1c741e6975]::database::tests::get_blog_post_test::get_blog_post_test::{closure#0}>::{closure#0}, sqlx_core[a4ded4f324f5d8f9]::testing::run_test_with_pool<sqlx_postgres[f91b3d724d6dd0d8]::database::Postgres, fn(sqlx_core[a4ded4f324f5d8f9]::pool::Pool<sqlx_postgres[f91b3d724d6dd0d8]::database::Postgres>) -> bae_common[6b1c1c741e6975]::database::tests::get_blog_post_test::get_blog_post_test::{closure#0}, bae_common[6b1c1c741e6975]::database::tests::get_blog_post_test::get_blog_post_test::{closure#0}>::{closure#0}::{closure#0}>::{closure#0}>>>>::{closure#0}, core[6883ba1bc0fe4ed1]::option::Option<core[6883ba1bc0fe4ed1]::result::Result<(), bae_common[6b1c1c741e6975]::database::Error>>>::{closure#0}>::{closure#0}, (alloc[55a36b64bcbf2c0d]::boxed::Box<tokio[2fe2756910d70000]::runtime::scheduler::current_thread::Core>, core[6883ba1bc0fe4ed1]::option::Option<core[6883ba1bc0fe4ed1]::result::Result<(), bae_common[6b1c1c741e6975]::database::Error>>)>
[INFO] [stdout]                                at /rustc/6b3fa26749ab40e159b2dd5cf577acaaf5902772/library/std/src/thread/local.rs:427:20
[INFO] [stdout]   38:     0x56b8586dac91 - tokio[2fe2756910d70000]::runtime::context::set_scheduler::<(alloc[55a36b64bcbf2c0d]::boxed::Box<tokio[2fe2756910d70000]::runtime::scheduler::current_thread::Core>, core[6883ba1bc0fe4ed1]::option::Option<core[6883ba1bc0fe4ed1]::result::Result<(), bae_common[6b1c1c741e6975]::database::Error>>), <tokio[2fe2756910d70000]::runtime::scheduler::current_thread::CoreGuard>::enter<<tokio[2fe2756910d70000]::runtime::scheduler::current_thread::CoreGuard>::block_on<core[6883ba1bc0fe4ed1]::pin::Pin<&mut core[6883ba1bc0fe4ed1]::pin::Pin<alloc[55a36b64bcbf2c0d]::boxed::Box<sqlx_core[a4ded4f324f5d8f9]::testing::run_test<sqlx_postgres[f91b3d724d6dd0d8]::database::Postgres, sqlx_core[a4ded4f324f5d8f9]::testing::run_test_with_pool<sqlx_postgres[f91b3d724d6dd0d8]::database::Postgres, fn(sqlx_core[a4ded4f324f5d8f9]::pool::Pool<sqlx_postgres[f91b3d724d6dd0d8]::database::Postgres>) -> bae_common[6b1c1c741e6975]::database::tests::get_blog_post_test::get_blog_post_test::{closure#0}, bae_common[6b1c1c741e6975]::database::tests::get_blog_post_test::get_blog_post_test::{closure#0}>::{closure#0}, sqlx_core[a4ded4f324f5d8f9]::testing::run_test_with_pool<sqlx_postgres[f91b3d724d6dd0d8]::database::Postgres, fn(sqlx_core[a4ded4f324f5d8f9]::pool::Pool<sqlx_postgres[f91b3d724d6dd0d8]::database::Postgres>) -> bae_common[6b1c1c741e6975]::database::tests::get_blog_post_test::get_blog_post_test::{closure#0}, bae_common[6b1c1c741e6975]::database::tests::get_blog_post_test::get_blog_post_test::{closure#0}>::{closure#0}::{closure#0}>::{closure#0}>>>>::{closure#0}, core[6883ba1bc0fe4ed1]::option::Option<core[6883ba1bc0fe4ed1]::result::Result<(), bae_common[6b1c1c741e6975]::database::Error>>>::{closure#0}>
[INFO] [stdout]                                at /opt/rustwide/cargo-home/registry/src/index.crates.io-1949cf8c6b5b557f/tokio-1.41.0/src/runtime/context.rs:180:17
[INFO] [stdout]   39:     0x56b8586a85ae - <tokio[2fe2756910d70000]::runtime::scheduler::current_thread::CoreGuard>::enter::<<tokio[2fe2756910d70000]::runtime::scheduler::current_thread::CoreGuard>::block_on<core[6883ba1bc0fe4ed1]::pin::Pin<&mut core[6883ba1bc0fe4ed1]::pin::Pin<alloc[55a36b64bcbf2c0d]::boxed::Box<sqlx_core[a4ded4f324f5d8f9]::testing::run_test<sqlx_postgres[f91b3d724d6dd0d8]::database::Postgres, sqlx_core[a4ded4f324f5d8f9]::testing::run_test_with_pool<sqlx_postgres[f91b3d724d6dd0d8]::database::Postgres, fn(sqlx_core[a4ded4f324f5d8f9]::pool::Pool<sqlx_postgres[f91b3d724d6dd0d8]::database::Postgres>) -> bae_common[6b1c1c741e6975]::database::tests::get_blog_post_test::get_blog_post_test::{closure#0}, bae_common[6b1c1c741e6975]::database::tests::get_blog_post_test::get_blog_post_test::{closure#0}>::{closure#0}, sqlx_core[a4ded4f324f5d8f9]::testing::run_test_with_pool<sqlx_postgres[f91b3d724d6dd0d8]::database::Postgres, fn(sqlx_core[a4ded4f324f5d8f9]::pool::Pool<sqlx_postgres[f91b3d724d6dd0d8]::database::Postgres>) -> bae_common[6b1c1c741e6975]::database::tests::get_blog_post_test::get_blog_post_test::{closure#0}, bae_common[6b1c1c741e6975]::database::tests::get_blog_post_test::get_blog_post_test::{closure#0}>::{closure#0}::{closure#0}>::{closure#0}>>>>::{closure#0}, core[6883ba1bc0fe4ed1]::option::Option<core[6883ba1bc0fe4ed1]::result::Result<(), bae_common[6b1c1c741e6975]::database::Error>>>
[INFO] [stdout]                                at /opt/rustwide/cargo-home/registry/src/index.crates.io-1949cf8c6b5b557f/tokio-1.41.0/src/runtime/scheduler/current_thread/mod.rs:807:27
[INFO] [stdout]   40:     0x56b8586a9e42 - <tokio[2fe2756910d70000]::runtime::scheduler::current_thread::CoreGuard>::block_on::<core[6883ba1bc0fe4ed1]::pin::Pin<&mut core[6883ba1bc0fe4ed1]::pin::Pin<alloc[55a36b64bcbf2c0d]::boxed::Box<sqlx_core[a4ded4f324f5d8f9]::testing::run_test<sqlx_postgres[f91b3d724d6dd0d8]::database::Postgres, sqlx_core[a4ded4f324f5d8f9]::testing::run_test_with_pool<sqlx_postgres[f91b3d724d6dd0d8]::database::Postgres, fn(sqlx_core[a4ded4f324f5d8f9]::pool::Pool<sqlx_postgres[f91b3d724d6dd0d8]::database::Postgres>) -> bae_common[6b1c1c741e6975]::database::tests::get_blog_post_test::get_blog_post_test::{closure#0}, bae_common[6b1c1c741e6975]::database::tests::get_blog_post_test::get_blog_post_test::{closure#0}>::{closure#0}, sqlx_core[a4ded4f324f5d8f9]::testing::run_test_with_pool<sqlx_postgres[f91b3d724d6dd0d8]::database::Postgres, fn(sqlx_core[a4ded4f324f5d8f9]::pool::Pool<sqlx_postgres[f91b3d724d6dd0d8]::database::Postgres>) -> bae_common[6b1c1c741e6975]::database::tests::get_blog_post_test::get_blog_post_test::{closure#0}, bae_common[6b1c1c741e6975]::database::tests::get_blog_post_test::get_blog_post_test::{closure#0}>::{closure#0}::{closure#0}>::{closure#0}>>>>
[INFO] [stdout]                                at /opt/rustwide/cargo-home/registry/src/index.crates.io-1949cf8c6b5b557f/tokio-1.41.0/src/runtime/scheduler/current_thread/mod.rs:716:24
[INFO] [stdout]   41:     0x56b8586aa412 - <tokio[2fe2756910d70000]::runtime::scheduler::current_thread::CurrentThread>::block_on::<core[6883ba1bc0fe4ed1]::pin::Pin<alloc[55a36b64bcbf2c0d]::boxed::Box<sqlx_core[a4ded4f324f5d8f9]::testing::run_test<sqlx_postgres[f91b3d724d6dd0d8]::database::Postgres, sqlx_core[a4ded4f324f5d8f9]::testing::run_test_with_pool<sqlx_postgres[f91b3d724d6dd0d8]::database::Postgres, fn(sqlx_core[a4ded4f324f5d8f9]::pool::Pool<sqlx_postgres[f91b3d724d6dd0d8]::database::Postgres>) -> bae_common[6b1c1c741e6975]::database::tests::get_blog_post_test::get_blog_post_test::{closure#0}, bae_common[6b1c1c741e6975]::database::tests::get_blog_post_test::get_blog_post_test::{closure#0}>::{closure#0}, sqlx_core[a4ded4f324f5d8f9]::testing::run_test_with_pool<sqlx_postgres[f91b3d724d6dd0d8]::database::Postgres, fn(sqlx_core[a4ded4f324f5d8f9]::pool::Pool<sqlx_postgres[f91b3d724d6dd0d8]::database::Postgres>) -> bae_common[6b1c1c741e6975]::database::tests::get_blog_post_test::get_blog_post_test::{closure#0}, bae_common[6b1c1c741e6975]::database::tests::get_blog_post_test::get_blog_post_test::{closure#0}>::{closure#0}::{closure#0}>::{closure#0}>>>::{closure#0}
[INFO] [stdout]                                at /opt/rustwide/cargo-home/registry/src/index.crates.io-1949cf8c6b5b557f/tokio-1.41.0/src/runtime/scheduler/current_thread/mod.rs:196:33
[INFO] [stdout]   42:     0x56b8586f721a - tokio[2fe2756910d70000]::runtime::context::runtime::enter_runtime::<<tokio[2fe2756910d70000]::runtime::scheduler::current_thread::CurrentThread>::block_on<core[6883ba1bc0fe4ed1]::pin::Pin<alloc[55a36b64bcbf2c0d]::boxed::Box<sqlx_core[a4ded4f324f5d8f9]::testing::run_test<sqlx_postgres[f91b3d724d6dd0d8]::database::Postgres, sqlx_core[a4ded4f324f5d8f9]::testing::run_test_with_pool<sqlx_postgres[f91b3d724d6dd0d8]::database::Postgres, fn(sqlx_core[a4ded4f324f5d8f9]::pool::Pool<sqlx_postgres[f91b3d724d6dd0d8]::database::Postgres>) -> bae_common[6b1c1c741e6975]::database::tests::get_blog_post_test::get_blog_post_test::{closure#0}, bae_common[6b1c1c741e6975]::database::tests::get_blog_post_test::get_blog_post_test::{closure#0}>::{closure#0}, sqlx_core[a4ded4f324f5d8f9]::testing::run_test_with_pool<sqlx_postgres[f91b3d724d6dd0d8]::database::Postgres, fn(sqlx_core[a4ded4f324f5d8f9]::pool::Pool<sqlx_postgres[f91b3d724d6dd0d8]::database::Postgres>) -> bae_common[6b1c1c741e6975]::database::tests::get_blog_post_test::get_blog_post_test::{closure#0}, bae_common[6b1c1c741e6975]::database::tests::get_blog_post_test::get_blog_post_test::{closure#0}>::{closure#0}::{closure#0}>::{closure#0}>>>::{closure#0}, core[6883ba1bc0fe4ed1]::result::Result<(), bae_common[6b1c1c741e6975]::database::Error>>
[INFO] [stdout]                                at /opt/rustwide/cargo-home/registry/src/index.crates.io-1949cf8c6b5b557f/tokio-1.41.0/src/runtime/context/runtime.rs:65:16
[INFO] [stdout]   43:     0x56b8586a4e88 - <tokio[2fe2756910d70000]::runtime::scheduler::current_thread::CurrentThread>::block_on::<core[6883ba1bc0fe4ed1]::pin::Pin<alloc[55a36b64bcbf2c0d]::boxed::Box<sqlx_core[a4ded4f324f5d8f9]::testing::run_test<sqlx_postgres[f91b3d724d6dd0d8]::database::Postgres, sqlx_core[a4ded4f324f5d8f9]::testing::run_test_with_pool<sqlx_postgres[f91b3d724d6dd0d8]::database::Postgres, fn(sqlx_core[a4ded4f324f5d8f9]::pool::Pool<sqlx_postgres[f91b3d724d6dd0d8]::database::Postgres>) -> bae_common[6b1c1c741e6975]::database::tests::get_blog_post_test::get_blog_post_test::{closure#0}, bae_common[6b1c1c741e6975]::database::tests::get_blog_post_test::get_blog_post_test::{closure#0}>::{closure#0}, sqlx_core[a4ded4f324f5d8f9]::testing::run_test_with_pool<sqlx_postgres[f91b3d724d6dd0d8]::database::Postgres, fn(sqlx_core[a4ded4f324f5d8f9]::pool::Pool<sqlx_postgres[f91b3d724d6dd0d8]::database::Postgres>) -> bae_common[6b1c1c741e6975]::database::tests::get_blog_post_test::get_blog_post_test::{closure#0}, bae_common[6b1c1c741e6975]::database::tests::get_blog_post_test::get_blog_post_test::{closure#0}>::{closure#0}::{closure#0}>::{closure#0}>>>
[INFO] [stdout]                                at /opt/rustwide/cargo-home/registry/src/index.crates.io-1949cf8c6b5b557f/tokio-1.41.0/src/runtime/scheduler/current_thread/mod.rs:184:9
[INFO] [stdout]   44:     0x56b8586f5291 - <tokio[2fe2756910d70000]::runtime::runtime::Runtime>::block_on_inner::<core[6883ba1bc0fe4ed1]::pin::Pin<alloc[55a36b64bcbf2c0d]::boxed::Box<sqlx_core[a4ded4f324f5d8f9]::testing::run_test<sqlx_postgres[f91b3d724d6dd0d8]::database::Postgres, sqlx_core[a4ded4f324f5d8f9]::testing::run_test_with_pool<sqlx_postgres[f91b3d724d6dd0d8]::database::Postgres, fn(sqlx_core[a4ded4f324f5d8f9]::pool::Pool<sqlx_postgres[f91b3d724d6dd0d8]::database::Postgres>) -> bae_common[6b1c1c741e6975]::database::tests::get_blog_post_test::get_blog_post_test::{closure#0}, bae_common[6b1c1c741e6975]::database::tests::get_blog_post_test::get_blog_post_test::{closure#0}>::{closure#0}, sqlx_core[a4ded4f324f5d8f9]::testing::run_test_with_pool<sqlx_postgres[f91b3d724d6dd0d8]::database::Postgres, fn(sqlx_core[a4ded4f324f5d8f9]::pool::Pool<sqlx_postgres[f91b3d724d6dd0d8]::database::Postgres>) -> bae_common[6b1c1c741e6975]::database::tests::get_blog_post_test::get_blog_post_test::{closure#0}, bae_common[6b1c1c741e6975]::database::tests::get_blog_post_test::get_blog_post_test::{closure#0}>::{closure#0}::{closure#0}>::{closure#0}>>>
[INFO] [stdout]                                at /opt/rustwide/cargo-home/registry/src/index.crates.io-1949cf8c6b5b557f/tokio-1.41.0/src/runtime/runtime.rs:368:52
[INFO] [stdout]   45:     0x56b8586f5d89 - <tokio[2fe2756910d70000]::runtime::runtime::Runtime>::block_on::<sqlx_core[a4ded4f324f5d8f9]::testing::run_test<sqlx_postgres[f91b3d724d6dd0d8]::database::Postgres, sqlx_core[a4ded4f324f5d8f9]::testing::run_test_with_pool<sqlx_postgres[f91b3d724d6dd0d8]::database::Postgres, fn(sqlx_core[a4ded4f324f5d8f9]::pool::Pool<sqlx_postgres[f91b3d724d6dd0d8]::database::Postgres>) -> bae_common[6b1c1c741e6975]::database::tests::get_blog_post_test::get_blog_post_test::{closure#0}, bae_common[6b1c1c741e6975]::database::tests::get_blog_post_test::get_blog_post_test::{closure#0}>::{closure#0}, sqlx_core[a4ded4f324f5d8f9]::testing::run_test_with_pool<sqlx_postgres[f91b3d724d6dd0d8]::database::Postgres, fn(sqlx_core[a4ded4f324f5d8f9]::pool::Pool<sqlx_postgres[f91b3d724d6dd0d8]::database::Postgres>) -> bae_common[6b1c1c741e6975]::database::tests::get_blog_post_test::get_blog_post_test::{closure#0}, bae_common[6b1c1c741e6975]::database::tests::get_blog_post_test::get_blog_post_test::{closure#0}>::{closure#0}::{closure#0}>::{closure#0}>
[INFO] [stdout]                                at /opt/rustwide/cargo-home/registry/src/index.crates.io-1949cf8c6b5b557f/tokio-1.41.0/src/runtime/runtime.rs:340:18
[INFO] [stdout]   46:     0x56b8586fcf83 - sqlx_core[a4ded4f324f5d8f9]::rt::test_block_on::<sqlx_core[a4ded4f324f5d8f9]::testing::run_test<sqlx_postgres[f91b3d724d6dd0d8]::database::Postgres, sqlx_core[a4ded4f324f5d8f9]::testing::run_test_with_pool<sqlx_postgres[f91b3d724d6dd0d8]::database::Postgres, fn(sqlx_core[a4ded4f324f5d8f9]::pool::Pool<sqlx_postgres[f91b3d724d6dd0d8]::database::Postgres>) -> bae_common[6b1c1c741e6975]::database::tests::get_blog_post_test::get_blog_post_test::{closure#0}, bae_common[6b1c1c741e6975]::database::tests::get_blog_post_test::get_blog_post_test::{closure#0}>::{closure#0}, sqlx_core[a4ded4f324f5d8f9]::testing::run_test_with_pool<sqlx_postgres[f91b3d724d6dd0d8]::database::Postgres, fn(sqlx_core[a4ded4f324f5d8f9]::pool::Pool<sqlx_postgres[f91b3d724d6dd0d8]::database::Postgres>) -> bae_common[6b1c1c741e6975]::database::tests::get_blog_post_test::get_blog_post_test::{closure#0}, bae_common[6b1c1c741e6975]::database::tests::get_blog_post_test::get_blog_post_test::{closure#0}>::{closure#0}::{closure#0}>::{closure#0}>
[INFO] [stdout]                                at /opt/rustwide/cargo-home/registry/src/index.crates.io-1949cf8c6b5b557f/sqlx-core-0.8.2/src/rt/mod.rs:123:14
[INFO] [stdout]   47:     0x56b8586cf218 - sqlx_core[a4ded4f324f5d8f9]::testing::run_test::<sqlx_postgres[f91b3d724d6dd0d8]::database::Postgres, sqlx_core[a4ded4f324f5d8f9]::testing::run_test_with_pool<sqlx_postgres[f91b3d724d6dd0d8]::database::Postgres, fn(sqlx_core[a4ded4f324f5d8f9]::pool::Pool<sqlx_postgres[f91b3d724d6dd0d8]::database::Postgres>) -> bae_common[6b1c1c741e6975]::database::tests::get_blog_post_test::get_blog_post_test::{closure#0}, bae_common[6b1c1c741e6975]::database::tests::get_blog_post_test::get_blog_post_test::{closure#0}>::{closure#0}, sqlx_core[a4ded4f324f5d8f9]::testing::run_test_with_pool<sqlx_postgres[f91b3d724d6dd0d8]::database::Postgres, fn(sqlx_core[a4ded4f324f5d8f9]::pool::Pool<sqlx_postgres[f91b3d724d6dd0d8]::database::Postgres>) -> bae_common[6b1c1c741e6975]::database::tests::get_blog_post_test::get_blog_post_test::{closure#0}, bae_common[6b1c1c741e6975]::database::tests::get_blog_post_test::get_blog_post_test::{closure#0}>::{closure#0}::{closure#0}>
[INFO] [stdout]                                at /opt/rustwide/cargo-home/registry/src/index.crates.io-1949cf8c6b5b557f/sqlx-core-0.8.2/src/testing/mod.rs:210:5
[INFO] [stdout]   48:     0x56b8586cf0bf - sqlx_core[a4ded4f324f5d8f9]::testing::run_test_with_pool::<sqlx_postgres[f91b3d724d6dd0d8]::database::Postgres, fn(sqlx_core[a4ded4f324f5d8f9]::pool::Pool<sqlx_postgres[f91b3d724d6dd0d8]::database::Postgres>) -> bae_common[6b1c1c741e6975]::database::tests::get_blog_post_test::get_blog_post_test::{closure#0}, bae_common[6b1c1c741e6975]::database::tests::get_blog_post_test::get_blog_post_test::{closure#0}>
[INFO] [stdout]                                at /opt/rustwide/cargo-home/registry/src/index.crates.io-1949cf8c6b5b557f/sqlx-core-0.8.2/src/testing/mod.rs:181:5
[INFO] [stdout]   49:     0x56b8586d4d78 - <fn(sqlx_core[a4ded4f324f5d8f9]::pool::Pool<sqlx_postgres[f91b3d724d6dd0d8]::database::Postgres>) -> bae_common[6b1c1c741e6975]::database::tests::get_blog_post_test::get_blog_post_test::{closure#0} as sqlx_core[a4ded4f324f5d8f9]::testing::TestFn>::run_test
[INFO] [stdout]                                at /opt/rustwide/cargo-home/registry/src/index.crates.io-1949cf8c6b5b557f/sqlx-core-0.8.2/src/testing/mod.rs:84:9
[INFO] [stdout]   50:     0x56b8586eefec - bae_common[6b1c1c741e6975]::database::tests::get_blog_post_test
[INFO] [stdout]                                at /opt/rustwide/workdir/bae-common/src/database.rs:454:5
[INFO] [stdout]   51:     0x56b8586ea17d - bae_common[6b1c1c741e6975]::database::tests::get_blog_post_test::{closure#0}
[INFO] [stdout]                                at /opt/rustwide/workdir/bae-common/src/database.rs:455:54
[INFO] [stdout]   52:     0x56b8586bd656 - <bae_common[6b1c1c741e6975]::database::tests::get_blog_post_test::{closure#0} as core[6883ba1bc0fe4ed1]::ops::function::FnOnce<()>>::call_once
[INFO] [stdout]                                at /rustc/6b3fa26749ab40e159b2dd5cf577acaaf5902772/library/core/src/ops/function.rs:250:5
[INFO] [stdout]   53:     0x56b85870ca0b - <fn() -> core[6883ba1bc0fe4ed1]::result::Result<(), alloc[55a36b64bcbf2c0d]::string::String> as core[6883ba1bc0fe4ed1]::ops::function::FnOnce<()>>::call_once
[INFO] [stdout]                                at /rustc/6b3fa26749ab40e159b2dd5cf577acaaf5902772/library/core/src/ops/function.rs:250:5
[INFO] [stdout]   54:     0x56b85870ca0b - test[980ffaebd391d06d]::__rust_begin_short_backtrace::<core[6883ba1bc0fe4ed1]::result::Result<(), alloc[55a36b64bcbf2c0d]::string::String>, fn() -> core[6883ba1bc0fe4ed1]::result::Result<(), alloc[55a36b64bcbf2c0d]::string::String>>
[INFO] [stdout]                                at /rustc/6b3fa26749ab40e159b2dd5cf577acaaf5902772/library/test/src/lib.rs:724:18
[INFO] [stdout]   55:     0x56b85871a055 - test[980ffaebd391d06d]::run_test_in_process::{closure#0}
[INFO] [stdout]                                at /rustc/6b3fa26749ab40e159b2dd5cf577acaaf5902772/library/test/src/lib.rs:747:74
[INFO] [stdout]   56:     0x56b85871a055 - <core[6883ba1bc0fe4ed1]::panic::unwind_safe::AssertUnwindSafe<test[980ffaebd391d06d]::run_test_in_process::{closure#0}> as core[6883ba1bc0fe4ed1]::ops::function::FnOnce<()>>::call_once
[INFO] [stdout]                                at /rustc/6b3fa26749ab40e159b2dd5cf577acaaf5902772/library/core/src/panic/unwind_safe.rs:275:9
[INFO] [stdout]   57:     0x56b85871a055 - std[73adb7dc35730857]::panicking::catch_unwind::do_call::<core[6883ba1bc0fe4ed1]::panic::unwind_safe::AssertUnwindSafe<test[980ffaebd391d06d]::run_test_in_process::{closure#0}>, core[6883ba1bc0fe4ed1]::result::Result<(), alloc[55a36b64bcbf2c0d]::string::String>>
[INFO] [stdout]                                at /rustc/6b3fa26749ab40e159b2dd5cf577acaaf5902772/library/std/src/panicking.rs:576:43
[INFO] [stdout]   58:     0x56b85871a055 - std[73adb7dc35730857]::panicking::catch_unwind::<core[6883ba1bc0fe4ed1]::result::Result<(), alloc[55a36b64bcbf2c0d]::string::String>, core[6883ba1bc0fe4ed1]::panic::unwind_safe::AssertUnwindSafe<test[980ffaebd391d06d]::run_test_in_process::{closure#0}>>
[INFO] [stdout]                                at /rustc/6b3fa26749ab40e159b2dd5cf577acaaf5902772/library/std/src/panicking.rs:544:19
[INFO] [stdout]   59:     0x56b85871a055 - std[73adb7dc35730857]::panic::catch_unwind::<core[6883ba1bc0fe4ed1]::panic::unwind_safe::AssertUnwindSafe<test[980ffaebd391d06d]::run_test_in_process::{closure#0}>, core[6883ba1bc0fe4ed1]::result::Result<(), alloc[55a36b64bcbf2c0d]::string::String>>
[INFO] [stdout]                                at /rustc/6b3fa26749ab40e159b2dd5cf577acaaf5902772/library/std/src/panic.rs:359:14
[INFO] [stdout]   60:     0x56b85871a055 - test[980ffaebd391d06d]::run_test_in_process
[INFO] [stdout]                                at /rustc/6b3fa26749ab40e159b2dd5cf577acaaf5902772/library/test/src/lib.rs:747:27
[INFO] [stdout]   61:     0x56b85871a055 - test[980ffaebd391d06d]::run_test::{closure#0}
[INFO] [stdout]                                at /rustc/6b3fa26749ab40e159b2dd5cf577acaaf5902772/library/test/src/lib.rs:668:43
[INFO] [stdout]   62:     0x56b858714b04 - test[980ffaebd391d06d]::run_test::{closure#1}
[INFO] [stdout]                                at /rustc/6b3fa26749ab40e159b2dd5cf577acaaf5902772/library/test/src/lib.rs:698:41
[INFO] [stdout]   63:     0x56b858714b04 - std[73adb7dc35730857]::sys::backtrace::__rust_begin_short_backtrace::<test[980ffaebd391d06d]::run_test::{closure#1}, ()>
[INFO] [stdout]                                at /rustc/6b3fa26749ab40e159b2dd5cf577acaaf5902772/library/std/src/sys/backtrace.rs:166:18
[INFO] [stdout]   64:     0x56b85871d1a2 - std[73adb7dc35730857]::thread::lifecycle::spawn_unchecked::<test[980ffaebd391d06d]::run_test::{closure#1}, ()>::{closure#1}::{closure#0}
[INFO] [stdout]                                at /rustc/6b3fa26749ab40e159b2dd5cf577acaaf5902772/library/std/src/thread/lifecycle.rs:70:13
[INFO] [stdout]   65:     0x56b85871d1a2 - <core[6883ba1bc0fe4ed1]::panic::unwind_safe::AssertUnwindSafe<std[73adb7dc35730857]::thread::lifecycle::spawn_unchecked<test[980ffaebd391d06d]::run_test::{closure#1}, ()>::{closure#1}::{closure#0}> as core[6883ba1bc0fe4ed1]::ops::function::FnOnce<()>>::call_once
[INFO] [stdout]                                at /rustc/6b3fa26749ab40e159b2dd5cf577acaaf5902772/library/core/src/panic/unwind_safe.rs:275:9
[INFO] [stdout]   66:     0x56b85871d1a2 - std[73adb7dc35730857]::panicking::catch_unwind::do_call::<core[6883ba1bc0fe4ed1]::panic::unwind_safe::AssertUnwindSafe<std[73adb7dc35730857]::thread::lifecycle::spawn_unchecked<test[980ffaebd391d06d]::run_test::{closure#1}, ()>::{closure#1}::{closure#0}>, ()>
[INFO] [stdout]                                at /rustc/6b3fa26749ab40e159b2dd5cf577acaaf5902772/library/std/src/panicking.rs:576:43
[INFO] [stdout]   67:     0x56b85871d1a2 - std[73adb7dc35730857]::panicking::catch_unwind::<(), core[6883ba1bc0fe4ed1]::panic::unwind_safe::AssertUnwindSafe<std[73adb7dc35730857]::thread::lifecycle::spawn_unchecked<test[980ffaebd391d06d]::run_test::{closure#1}, ()>::{closure#1}::{closure#0}>>
[INFO] [stdout]                                at /rustc/6b3fa26749ab40e159b2dd5cf577acaaf5902772/library/std/src/panicking.rs:544:19
[INFO] [stdout]   68:     0x56b85871d1a2 - std[73adb7dc35730857]::panic::catch_unwind::<core[6883ba1bc0fe4ed1]::panic::unwind_safe::AssertUnwindSafe<std[73adb7dc35730857]::thread::lifecycle::spawn_unchecked<test[980ffaebd391d06d]::run_test::{closure#1}, ()>::{closure#1}::{closure#0}>, ()>
[INFO] [stdout]                                at /rustc/6b3fa26749ab40e159b2dd5cf577acaaf5902772/library/std/src/panic.rs:359:14
[INFO] [stdout]   69:     0x56b85871d1a2 - std[73adb7dc35730857]::thread::lifecycle::spawn_unchecked::<test[980ffaebd391d06d]::run_test::{closure#1}, ()>::{closure#1}
[INFO] [stdout]                                at /rustc/6b3fa26749ab40e159b2dd5cf577acaaf5902772/library/std/src/thread/lifecycle.rs:68:26
[INFO] [stdout]   70:     0x56b85871d1a2 - <std[73adb7dc35730857]::thread::lifecycle::spawn_unchecked<test[980ffaebd391d06d]::run_test::{closure#1}, ()>::{closure#1} as core[6883ba1bc0fe4ed1]::ops::function::FnOnce<()>>::call_once::{shim:vtable#0}
[INFO] [stdout]                                at /rustc/6b3fa26749ab40e159b2dd5cf577acaaf5902772/library/core/src/ops/function.rs:250:5
[INFO] [stdout]   71:     0x56b858adaf5f - <alloc[55a36b64bcbf2c0d]::boxed::Box<dyn core[6883ba1bc0fe4ed1]::ops::function::FnOnce<(), Output = ()> + core[6883ba1bc0fe4ed1]::marker::Send> as core[6883ba1bc0fe4ed1]::ops::function::FnOnce<()>>::call_once
[INFO] [stdout]                                at /rustc/6b3fa26749ab40e159b2dd5cf577acaaf5902772/library/alloc/src/boxed.rs:2319:9
[INFO] [stdout]   72:     0x56b858adaf5f - <std[73adb7dc35730857]::sys::thread::unix::Thread>::new::thread_start
[INFO] [stdout]                                at /rustc/6b3fa26749ab40e159b2dd5cf577acaaf5902772/library/std/src/sys/thread/unix.rs:123:17
[INFO] [stdout]   73:     0x7919ed8b4aa4 - <unknown>
[INFO] [stdout]   74:     0x7919ed941a64 - clone
[INFO] [stdout]   75:                0x0 - <unknown>
[INFO] [stdout] 
[INFO] [stdout] ---- database::tests::get_blog_posts_test stdout ----
[INFO] [stdout] 
[INFO] [stdout] thread 'database::tests::get_blog_posts_test' (5063) panicked at /opt/rustwide/cargo-home/registry/src/index.crates.io-1949cf8c6b5b557f/sqlx-postgres-0.8.2/src/testing/mod.rs:78:44:
[INFO] [stdout] DATABASE_URL must be set: EnvVar(NotPresent)
[INFO] [stdout] stack backtrace:
[INFO] [stdout]    0:     0x56b858adba81 - std[73adb7dc35730857]::backtrace_rs::backtrace::libunwind::trace
[INFO] [stdout]                                at /rustc/6b3fa26749ab40e159b2dd5cf577acaaf5902772/library/std/src/../../backtrace/src/backtrace/libunwind.rs:117:9
[INFO] [stdout]    1:     0x56b858adba81 - std[73adb7dc35730857]::backtrace_rs::backtrace::trace_unsynchronized::<std[73adb7dc35730857]::sys::backtrace::_print_fmt::{closure#1}>
[INFO] [stdout]                                at /rustc/6b3fa26749ab40e159b2dd5cf577acaaf5902772/library/std/src/../../backtrace/src/backtrace/mod.rs:66:14
[INFO] [stdout]    2:     0x56b858adba81 - std[73adb7dc35730857]::sys::backtrace::_print_fmt
[INFO] [stdout]                                at /rustc/6b3fa26749ab40e159b2dd5cf577acaaf5902772/library/std/src/sys/backtrace.rs:74:9
[INFO] [stdout]    3:     0x56b858adba81 - <<std[73adb7dc35730857]::sys::backtrace::BacktraceLock>::print::DisplayBacktrace as core[6883ba1bc0fe4ed1]::fmt::Display>::fmt
[INFO] [stdout]                                at /rustc/6b3fa26749ab40e159b2dd5cf577acaaf5902772/library/std/src/sys/backtrace.rs:44:26
[INFO] [stdout]    4:     0x56b858af2f8a - <core[6883ba1bc0fe4ed1]::fmt::rt::Argument>::fmt
[INFO] [stdout]                                at /rustc/6b3fa26749ab40e159b2dd5cf577acaaf5902772/library/core/src/fmt/rt.rs:152:76
[INFO] [stdout]    5:     0x56b858af2f8a - core[6883ba1bc0fe4ed1]::fmt::write
[INFO] [stdout]    6:     0x56b858ae04bc - std[73adb7dc35730857]::io::default_write_fmt::<alloc[55a36b64bcbf2c0d]::vec::Vec<u8>>
[INFO] [stdout]                                at /rustc/6b3fa26749ab40e159b2dd5cf577acaaf5902772/library/std/src/io/mod.rs:626:11
[INFO] [stdout]    7:     0x56b858ae04bc - <alloc[55a36b64bcbf2c0d]::vec::Vec<u8> as std[73adb7dc35730857]::io::Write>::write_fmt
[INFO] [stdout]                                at /rustc/6b3fa26749ab40e159b2dd5cf577acaaf5902772/library/std/src/io/mod.rs:1730:13
[INFO] [stdout]    8:     0x56b858ab8aa6 - <std[73adb7dc35730857]::sys::backtrace::BacktraceLock>::print
[INFO] [stdout]                                at /rustc/6b3fa26749ab40e159b2dd5cf577acaaf5902772/library/std/src/sys/backtrace.rs:47:9
[INFO] [stdout]    9:     0x56b858ab8aa6 - std[73adb7dc35730857]::panicking::default_hook::{closure#0}
[INFO] [stdout]                                at /rustc/6b3fa26749ab40e159b2dd5cf577acaaf5902772/library/std/src/panicking.rs:292:27
[INFO] [stdout]   10:     0x56b858ad32b9 - std[73adb7dc35730857]::panicking::default_hook
[INFO] [stdout]                                at /rustc/6b3fa26749ab40e159b2dd5cf577acaaf5902772/library/std/src/panicking.rs:316:9
[INFO] [stdout]   11:     0x56b8587196d0 - <alloc[55a36b64bcbf2c0d]::boxed::Box<dyn for<'a, 'b> core[6883ba1bc0fe4ed1]::ops::function::Fn<(&'a std[73adb7dc35730857]::panic::PanicHookInfo<'b>,), Output = ()> + core[6883ba1bc0fe4ed1]::marker::Send + core[6883ba1bc0fe4ed1]::marker::Sync> as core[6883ba1bc0fe4ed1]::ops::function::Fn<(&std[73adb7dc35730857]::panic::PanicHookInfo,)>>::call
[INFO] [stdout]                                at /rustc/6b3fa26749ab40e159b2dd5cf577acaaf5902772/library/alloc/src/boxed.rs:2333:9
[INFO] [stdout]   12:     0x56b8587196d0 - test[980ffaebd391d06d]::test_main_inner::<test[980ffaebd391d06d]::test_main_static::{closure#0}>::{closure#0}
[INFO] [stdout]                                at /rustc/6b3fa26749ab40e159b2dd5cf577acaaf5902772/library/test/src/lib.rs:155:21
[INFO] [stdout]   13:     0x56b858ad35e2 - <alloc[55a36b64bcbf2c0d]::boxed::Box<dyn for<'a, 'b> core[6883ba1bc0fe4ed1]::ops::function::Fn<(&'a std[73adb7dc35730857]::panic::PanicHookInfo<'b>,), Output = ()> + core[6883ba1bc0fe4ed1]::marker::Send + core[6883ba1bc0fe4ed1]::marker::Sync> as core[6883ba1bc0fe4ed1]::ops::function::Fn<(&std[73adb7dc35730857]::panic::PanicHookInfo,)>>::call
[INFO] [stdout]                                at /rustc/6b3fa26749ab40e159b2dd5cf577acaaf5902772/library/alloc/src/boxed.rs:2333:9
[INFO] [stdout]   14:     0x56b858ad35e2 - std[73adb7dc35730857]::panicking::panic_with_hook
[INFO] [stdout]                                at /rustc/6b3fa26749ab40e159b2dd5cf577acaaf5902772/library/std/src/panicking.rs:823:13
[INFO] [stdout]   15:     0x56b858ab8b52 - std[73adb7dc35730857]::panicking::panic_handler::{closure#0}
[INFO] [stdout]                                at /rustc/6b3fa26749ab40e159b2dd5cf577acaaf5902772/library/std/src/panicking.rs:688:13
[INFO] [stdout]   16:     0x56b858ab0199 - std[73adb7dc35730857]::sys::backtrace::__rust_end_short_backtrace::<std[73adb7dc35730857]::panicking::panic_handler::{closure#0}, !>
[INFO] [stdout]                                at /rustc/6b3fa26749ab40e159b2dd5cf577acaaf5902772/library/std/src/sys/backtrace.rs:182:18
[INFO] [stdout]   17:     0x56b858ab99dd - __rustc[a7b7b02e776dd976]::rust_begin_unwind
[INFO] [stdout]                                at /rustc/6b3fa26749ab40e159b2dd5cf577acaaf5902772/library/std/src/panicking.rs:679:5
[INFO] [stdout]   18:     0x56b858af37bc - core[6883ba1bc0fe4ed1]::panicking::panic_fmt
[INFO] [stdout]                                at /rustc/6b3fa26749ab40e159b2dd5cf577acaaf5902772/library/core/src/panicking.rs:80:14
[INFO] [stdout]   19:     0x56b858af3502 - core[6883ba1bc0fe4ed1]::result::unwrap_failed
[INFO] [stdout]                                at /rustc/6b3fa26749ab40e159b2dd5cf577acaaf5902772/library/core/src/result.rs:1870:5
[INFO] [stdout]   20:     0x56b8587cef9b - <core[6883ba1bc0fe4ed1]::result::Result<alloc[55a36b64bcbf2c0d]::string::String, dotenvy[3ff1008ebe5a7094]::errors::Error>>::expect
[INFO] [stdout]                                at /rustc/6b3fa26749ab40e159b2dd5cf577acaaf5902772/library/core/src/result.rs:1183:23
[INFO] [stdout]   21:     0x56b85876f167 - sqlx_postgres[f91b3d724d6dd0d8]::testing::test_context::{closure#0}
[INFO] [stdout]                                at /opt/rustwide/cargo-home/registry/src/index.crates.io-1949cf8c6b5b557f/sqlx-postgres-0.8.2/src/testing/mod.rs:78:44
[INFO] [stdout]   22:     0x56b858771bf2 - <sqlx_postgres[f91b3d724d6dd0d8]::database::Postgres as sqlx_core[a4ded4f324f5d8f9]::testing::TestSupport>::test_context::{closure#0}
[INFO] [stdout]                                at /opt/rustwide/cargo-home/registry/src/index.crates.io-1949cf8c6b5b557f/sqlx-postgres-0.8.2/src/testing/mod.rs:29:50
[INFO] [stdout]   23:     0x56b8586df4cf - <core[6883ba1bc0fe4ed1]::pin::Pin<alloc[55a36b64bcbf2c0d]::boxed::Box<dyn core[6883ba1bc0fe4ed1]::future::future::Future<Output = core[6883ba1bc0fe4ed1]::result::Result<sqlx_core[a4ded4f324f5d8f9]::testing::TestContext<sqlx_postgres[f91b3d724d6dd0d8]::database::Postgres>, sqlx_core[a4ded4f324f5d8f9]::error::Error>> + core[6883ba1bc0fe4ed1]::marker::Send>> as core[6883ba1bc0fe4ed1]::future::future::Future>::poll
[INFO] [stdout]                                at /rustc/6b3fa26749ab40e159b2dd5cf577acaaf5902772/library/core/src/future/future.rs:133:9
[INFO] [stdout]   24:     0x56b8586d1829 - sqlx_core[a4ded4f324f5d8f9]::testing::run_test::<sqlx_postgres[f91b3d724d6dd0d8]::database::Postgres, sqlx_core[a4ded4f324f5d8f9]::testing::run_test_with_pool<sqlx_postgres[f91b3d724d6dd0d8]::database::Postgres, fn(sqlx_core[a4ded4f324f5d8f9]::pool::Pool<sqlx_postgres[f91b3d724d6dd0d8]::database::Postgres>) -> bae_common[6b1c1c741e6975]::database::tests::get_blog_posts_test::get_blog_posts_test::{closure#0}, bae_common[6b1c1c741e6975]::database::tests::get_blog_posts_test::get_blog_posts_test::{closure#0}>::{closure#0}, sqlx_core[a4ded4f324f5d8f9]::testing::run_test_with_pool<sqlx_postgres[f91b3d724d6dd0d8]::database::Postgres, fn(sqlx_core[a4ded4f324f5d8f9]::pool::Pool<sqlx_postgres[f91b3d724d6dd0d8]::database::Postgres>) -> bae_common[6b1c1c741e6975]::database::tests::get_blog_posts_test::get_blog_posts_test::{closure#0}, bae_common[6b1c1c741e6975]::database::tests::get_blog_posts_test::get_blog_posts_test::{closure#0}>::{closure#0}::{closure#0}>::{closure#0}
[INFO] [stdout]                                at /opt/rustwide/cargo-home/registry/src/index.crates.io-1949cf8c6b5b557f/sqlx-core-0.8.2/src/testing/mod.rs:212:14
[INFO] [stdout]   25:     0x56b8586df58b - <core[6883ba1bc0fe4ed1]::pin::Pin<alloc[55a36b64bcbf2c0d]::boxed::Box<sqlx_core[a4ded4f324f5d8f9]::testing::run_test<sqlx_postgres[f91b3d724d6dd0d8]::database::Postgres, sqlx_core[a4ded4f324f5d8f9]::testing::run_test_with_pool<sqlx_postgres[f91b3d724d6dd0d8]::database::Postgres, fn(sqlx_core[a4ded4f324f5d8f9]::pool::Pool<sqlx_postgres[f91b3d724d6dd0d8]::database::Postgres>) -> bae_common[6b1c1c741e6975]::database::tests::get_blog_posts_test::get_blog_posts_test::{closure#0}, bae_common[6b1c1c741e6975]::database::tests::get_blog_posts_test::get_blog_posts_test::{closure#0}>::{closure#0}, sqlx_core[a4ded4f324f5d8f9]::testing::run_test_with_pool<sqlx_postgres[f91b3d724d6dd0d8]::database::Postgres, fn(sqlx_core[a4ded4f324f5d8f9]::pool::Pool<sqlx_postgres[f91b3d724d6dd0d8]::database::Postgres>) -> bae_common[6b1c1c741e6975]::database::tests::get_blog_posts_test::get_blog_posts_test::{closure#0}, bae_common[6b1c1c741e6975]::database::tests::get_blog_posts_test::get_blog_posts_test::{closure#0}>::{closure#0}::{closure#0}>::{closure#0}>> as core[6883ba1bc0fe4ed1]::future::future::Future>::poll
[INFO] [stdout]                                at /rustc/6b3fa26749ab40e159b2dd5cf577acaaf5902772/library/core/src/future/future.rs:133:9
[INFO] [stdout]   26:     0x56b8586df6ab - <core[6883ba1bc0fe4ed1]::pin::Pin<&mut core[6883ba1bc0fe4ed1]::pin::Pin<alloc[55a36b64bcbf2c0d]::boxed::Box<sqlx_core[a4ded4f324f5d8f9]::testing::run_test<sqlx_postgres[f91b3d724d6dd0d8]::database::Postgres, sqlx_core[a4ded4f324f5d8f9]::testing::run_test_with_pool<sqlx_postgres[f91b3d724d6dd0d8]::database::Postgres, fn(sqlx_core[a4ded4f324f5d8f9]::pool::Pool<sqlx_postgres[f91b3d724d6dd0d8]::database::Postgres>) -> bae_common[6b1c1c741e6975]::database::tests::get_blog_posts_test::get_blog_posts_test::{closure#0}, bae_common[6b1c1c741e6975]::database::tests::get_blog_posts_test::get_blog_posts_test::{closure#0}>::{closure#0}, sqlx_core[a4ded4f324f5d8f9]::testing::run_test_with_pool<sqlx_postgres[f91b3d724d6dd0d8]::database::Postgres, fn(sqlx_core[a4ded4f324f5d8f9]::pool::Pool<sqlx_postgres[f91b3d724d6dd0d8]::database::Postgres>) -> bae_common[6b1c1c741e6975]::database::tests::get_blog_posts_test::get_blog_posts_test::{closure#0}, bae_common[6b1c1c741e6975]::database::tests::get_blog_posts_test::get_blog_posts_test::{closure#0}>::{closure#0}::{closure#0}>::{closure#0}>>> as core[6883ba1bc0fe4ed1]::future::future::Future>::poll
[INFO] [stdout]                                at /rustc/6b3fa26749ab40e159b2dd5cf577acaaf5902772/library/core/src/future/future.rs:133:9
[INFO] [stdout]   27:     0x56b8586b16ab - <tokio[2fe2756910d70000]::runtime::scheduler::current_thread::CoreGuard>::block_on::<core[6883ba1bc0fe4ed1]::pin::Pin<&mut core[6883ba1bc0fe4ed1]::pin::Pin<alloc[55a36b64bcbf2c0d]::boxed::Box<sqlx_core[a4ded4f324f5d8f9]::testing::run_test<sqlx_postgres[f91b3d724d6dd0d8]::database::Postgres, sqlx_core[a4ded4f324f5d8f9]::testing::run_test_with_pool<sqlx_postgres[f91b3d724d6dd0d8]::database::Postgres, fn(sqlx_core[a4ded4f324f5d8f9]::pool::Pool<sqlx_postgres[f91b3d724d6dd0d8]::database::Postgres>) -> bae_common[6b1c1c741e6975]::database::tests::get_blog_posts_test::get_blog_posts_test::{closure#0}, bae_common[6b1c1c741e6975]::database::tests::get_blog_posts_test::get_blog_posts_test::{closure#0}>::{closure#0}, sqlx_core[a4ded4f324f5d8f9]::testing::run_test_with_pool<sqlx_postgres[f91b3d724d6dd0d8]::database::Postgres, fn(sqlx_core[a4ded4f324f5d8f9]::pool::Pool<sqlx_postgres[f91b3d724d6dd0d8]::database::Postgres>) -> bae_common[6b1c1c741e6975]::database::tests::get_blog_posts_test::get_blog_posts_test::{closure#0}, bae_common[6b1c1c741e6975]::database::tests::get_blog_posts_test::get_blog_posts_test::{closure#0}>::{closure#0}::{closure#0}>::{closure#0}>>>>::{closure#0}::{closure#0}::{closure#0}
[INFO] [stdout]                                at /opt/rustwide/cargo-home/registry/src/index.crates.io-1949cf8c6b5b557f/tokio-1.41.0/src/runtime/scheduler/current_thread/mod.rs:729:73
[INFO] [stdout]   28:     0x56b8586b0e2b - tokio[2fe2756910d70000]::runtime::coop::with_budget::<core[6883ba1bc0fe4ed1]::task::poll::Poll<core[6883ba1bc0fe4ed1]::result::Result<(), bae_common[6b1c1c741e6975]::database::Error>>, <tokio[2fe2756910d70000]::runtime::scheduler::current_thread::CoreGuard>::block_on<core[6883ba1bc0fe4ed1]::pin::Pin<&mut core[6883ba1bc0fe4ed1]::pin::Pin<alloc[55a36b64bcbf2c0d]::boxed::Box<sqlx_core[a4ded4f324f5d8f9]::testing::run_test<sqlx_postgres[f91b3d724d6dd0d8]::database::Postgres, sqlx_core[a4ded4f324f5d8f9]::testing::run_test_with_pool<sqlx_postgres[f91b3d724d6dd0d8]::database::Postgres, fn(sqlx_core[a4ded4f324f5d8f9]::pool::Pool<sqlx_postgres[f91b3d724d6dd0d8]::database::Postgres>) -> bae_common[6b1c1c741e6975]::database::tests::get_blog_posts_test::get_blog_posts_test::{closure#0}, bae_common[6b1c1c741e6975]::database::tests::get_blog_posts_test::get_blog_posts_test::{closure#0}>::{closure#0}, sqlx_core[a4ded4f324f5d8f9]::testing::run_test_with_pool<sqlx_postgres[f91b3d724d6dd0d8]::database::Postgres, fn(sqlx_core[a4ded4f324f5d8f9]::pool::Pool<sqlx_postgres[f91b3d724d6dd0d8]::database::Postgres>) -> bae_common[6b1c1c741e6975]::database::tests::get_blog_posts_test::get_blog_posts_test::{closure#0}, bae_common[6b1c1c741e6975]::database::tests::get_blog_posts_test::get_blog_posts_test::{closure#0}>::{closure#0}::{closure#0}>::{closure#0}>>>>::{closure#0}::{closure#0}::{closure#0}>
[INFO] [stdout]                                at /opt/rustwide/cargo-home/registry/src/index.crates.io-1949cf8c6b5b557f/tokio-1.41.0/src/runtime/coop.rs:107:5
[INFO] [stdout]   29:     0x56b8586b0e2b - tokio[2fe2756910d70000]::runtime::coop::budget::<core[6883ba1bc0fe4ed1]::task::poll::Poll<core[6883ba1bc0fe4ed1]::result::Result<(), bae_common[6b1c1c741e6975]::database::Error>>, <tokio[2fe2756910d70000]::runtime::scheduler::current_thread::CoreGuard>::block_on<core[6883ba1bc0fe4ed1]::pin::Pin<&mut core[6883ba1bc0fe4ed1]::pin::Pin<alloc[55a36b64bcbf2c0d]::boxed::Box<sqlx_core[a4ded4f324f5d8f9]::testing::run_test<sqlx_postgres[f91b3d724d6dd0d8]::database::Postgres, sqlx_core[a4ded4f324f5d8f9]::testing::run_test_with_pool<sqlx_postgres[f91b3d724d6dd0d8]::database::Postgres, fn(sqlx_core[a4ded4f324f5d8f9]::pool::Pool<sqlx_postgres[f91b3d724d6dd0d8]::database::Postgres>) -> bae_common[6b1c1c741e6975]::database::tests::get_blog_posts_test::get_blog_posts_test::{closure#0}, bae_common[6b1c1c741e6975]::database::tests::get_blog_posts_test::get_blog_posts_test::{closure#0}>::{closure#0}, sqlx_core[a4ded4f324f5d8f9]::testing::run_test_with_pool<sqlx_postgres[f91b3d724d6dd0d8]::database::Postgres, fn(sqlx_core[a4ded4f324f5d8f9]::pool::Pool<sqlx_postgres[f91b3d724d6dd0d8]::database::Postgres>) -> bae_common[6b1c1c741e6975]::database::tests::get_blog_posts_test::get_blog_posts_test::{closure#0}, bae_common[6b1c1c741e6975]::database::tests::get_blog_posts_test::get_blog_posts_test::{closure#0}>::{closure#0}::{closure#0}>::{closure#0}>>>>::{closure#0}::{closure#0}::{closure#0}>
[INFO] [stdout]                                at /opt/rustwide/cargo-home/registry/src/index.crates.io-1949cf8c6b5b557f/tokio-1.41.0/src/runtime/coop.rs:73:5
[INFO] [stdout]   30:     0x56b8586b0e2b - <tokio[2fe2756910d70000]::runtime::scheduler::current_thread::CoreGuard>::block_on::<core[6883ba1bc0fe4ed1]::pin::Pin<&mut core[6883ba1bc0fe4ed1]::pin::Pin<alloc[55a36b64bcbf2c0d]::boxed::Box<sqlx_core[a4ded4f324f5d8f9]::testing::run_test<sqlx_postgres[f91b3d724d6dd0d8]::database::Postgres, sqlx_core[a4ded4f324f5d8f9]::testing::run_test_with_pool<sqlx_postgres[f91b3d724d6dd0d8]::database::Postgres, fn(sqlx_core[a4ded4f324f5d8f9]::pool::Pool<sqlx_postgres[f91b3d724d6dd0d8]::database::Postgres>) -> bae_common[6b1c1c741e6975]::database::tests::get_blog_posts_test::get_blog_posts_test::{closure#0}, bae_common[6b1c1c741e6975]::database::tests::get_blog_posts_test::get_blog_posts_test::{closure#0}>::{closure#0}, sqlx_core[a4ded4f324f5d8f9]::testing::run_test_with_pool<sqlx_postgres[f91b3d724d6dd0d8]::database::Postgres, fn(sqlx_core[a4ded4f324f5d8f9]::pool::Pool<sqlx_postgres[f91b3d724d6dd0d8]::database::Postgres>) -> bae_common[6b1c1c741e6975]::database::tests::get_blog_posts_test::get_blog_posts_test::{closure#0}, bae_common[6b1c1c741e6975]::database::tests::get_blog_posts_test::get_blog_posts_test::{closure#0}>::{closure#0}::{closure#0}>::{closure#0}>>>>::{closure#0}::{closure#0}
[INFO] [stdout]                                at /opt/rustwide/cargo-home/registry/src/index.crates.io-1949cf8c6b5b557f/tokio-1.41.0/src/runtime/scheduler/current_thread/mod.rs:729:25
[INFO] [stdout]   31:     0x56b8586a589d - <tokio[2fe2756910d70000]::runtime::scheduler::current_thread::Context>::enter::<core[6883ba1bc0fe4ed1]::task::poll::Poll<core[6883ba1bc0fe4ed1]::result::Result<(), bae_common[6b1c1c741e6975]::database::Error>>, <tokio[2fe2756910d70000]::runtime::scheduler::current_thread::CoreGuard>::block_on<core[6883ba1bc0fe4ed1]::pin::Pin<&mut core[6883ba1bc0fe4ed1]::pin::Pin<alloc[55a36b64bcbf2c0d]::boxed::Box<sqlx_core[a4ded4f324f5d8f9]::testing::run_test<sqlx_postgres[f91b3d724d6dd0d8]::database::Postgres, sqlx_core[a4ded4f324f5d8f9]::testing::run_test_with_pool<sqlx_postgres[f91b3d724d6dd0d8]::database::Postgres, fn(sqlx_core[a4ded4f324f5d8f9]::pool::Pool<sqlx_postgres[f91b3d724d6dd0d8]::database::Postgres>) -> bae_common[6b1c1c741e6975]::database::tests::get_blog_posts_test::get_blog_posts_test::{closure#0}, bae_common[6b1c1c741e6975]::database::tests::get_blog_posts_test::get_blog_posts_test::{closure#0}>::{closure#0}, sqlx_core[a4ded4f324f5d8f9]::testing::run_test_with_pool<sqlx_postgres[f91b3d724d6dd0d8]::database::Postgres, fn(sqlx_core[a4ded4f324f5d8f9]::pool::Pool<sqlx_postgres[f91b3d724d6dd0d8]::database::Postgres>) -> bae_common[6b1c1c741e6975]::database::tests::get_blog_posts_test::get_blog_posts_test::{closure#0}, bae_common[6b1c1c741e6975]::database::tests::get_blog_posts_test::get_blog_posts_test::{closure#0}>::{closure#0}::{closure#0}>::{closure#0}>>>>::{closure#0}::{closure#0}>
[INFO] [stdout]                                at /opt/rustwide/cargo-home/registry/src/index.crates.io-1949cf8c6b5b557f/tokio-1.41.0/src/runtime/scheduler/current_thread/mod.rs:428:19
[INFO] [stdout]   32:     0x56b8586ace90 - <tokio[2fe2756910d70000]::runtime::scheduler::current_thread::CoreGuard>::block_on::<core[6883ba1bc0fe4ed1]::pin::Pin<&mut core[6883ba1bc0fe4ed1]::pin::Pin<alloc[55a36b64bcbf2c0d]::boxed::Box<sqlx_core[a4ded4f324f5d8f9]::testing::run_test<sqlx_postgres[f91b3d724d6dd0d8]::database::Postgres, sqlx_core[a4ded4f324f5d8f9]::testing::run_test_with_pool<sqlx_postgres[f91b3d724d6dd0d8]::database::Postgres, fn(sqlx_core[a4ded4f324f5d8f9]::pool::Pool<sqlx_postgres[f91b3d724d6dd0d8]::database::Postgres>) -> bae_common[6b1c1c741e6975]::database::tests::get_blog_posts_test::get_blog_posts_test::{closure#0}, bae_common[6b1c1c741e6975]::database::tests::get_blog_posts_test::get_blog_posts_test::{closure#0}>::{closure#0}, sqlx_core[a4ded4f324f5d8f9]::testing::run_test_with_pool<sqlx_postgres[f91b3d724d6dd0d8]::database::Postgres, fn(sqlx_core[a4ded4f324f5d8f9]::pool::Pool<sqlx_postgres[f91b3d724d6dd0d8]::database::Postgres>) -> bae_common[6b1c1c741e6975]::database::tests::get_blog_posts_test::get_blog_posts_test::{closure#0}, bae_common[6b1c1c741e6975]::database::tests::get_blog_posts_test::get_blog_posts_test::{closure#0}>::{closure#0}::{closure#0}>::{closure#0}>>>>::{closure#0}
[INFO] [stdout]                                at /opt/rustwide/cargo-home/registry/src/index.crates.io-1949cf8c6b5b557f/tokio-1.41.0/src/runtime/scheduler/current_thread/mod.rs:728:44
[INFO] [stdout]   33:     0x56b8586ac00b - <tokio[2fe2756910d70000]::runtime::scheduler::current_thread::CoreGuard>::enter::<<tokio[2fe2756910d70000]::runtime::scheduler::current_thread::CoreGuard>::block_on<core[6883ba1bc0fe4ed1]::pin::Pin<&mut core[6883ba1bc0fe4ed1]::pin::Pin<alloc[55a36b64bcbf2c0d]::boxed::Box<sqlx_core[a4ded4f324f5d8f9]::testing::run_test<sqlx_postgres[f91b3d724d6dd0d8]::database::Postgres, sqlx_core[a4ded4f324f5d8f9]::testing::run_test_with_pool<sqlx_postgres[f91b3d724d6dd0d8]::database::Postgres, fn(sqlx_core[a4ded4f324f5d8f9]::pool::Pool<sqlx_postgres[f91b3d724d6dd0d8]::database::Postgres>) -> bae_common[6b1c1c741e6975]::database::tests::get_blog_posts_test::get_blog_posts_test::{closure#0}, bae_common[6b1c1c741e6975]::database::tests::get_blog_posts_test::get_blog_posts_test::{closure#0}>::{closure#0}, sqlx_core[a4ded4f324f5d8f9]::testing::run_test_with_pool<sqlx_postgres[f91b3d724d6dd0d8]::database::Postgres, fn(sqlx_core[a4ded4f324f5d8f9]::pool::Pool<sqlx_postgres[f91b3d724d6dd0d8]::database::Postgres>) -> bae_common[6b1c1c741e6975]::database::tests::get_blog_posts_test::get_blog_posts_test::{closure#0}, bae_common[6b1c1c741e6975]::database::tests::get_blog_posts_test::get_blog_posts_test::{closure#0}>::{closure#0}::{closure#0}>::{closure#0}>>>>::{closure#0}, core[6883ba1bc0fe4ed1]::option::Option<core[6883ba1bc0fe4ed1]::result::Result<(), bae_common[6b1c1c741e6975]::database::Error>>>::{closure#0}
[INFO] [stdout]                                at /opt/rustwide/cargo-home/registry/src/index.crates.io-1949cf8c6b5b557f/tokio-1.41.0/src/runtime/scheduler/current_thread/mod.rs:807:68
[INFO] [stdout]   34:     0x56b8586ca20a - <tokio[2fe2756910d70000]::runtime::context::scoped::Scoped<tokio[2fe2756910d70000]::runtime::scheduler::Context>>::set::<<tokio[2fe2756910d70000]::runtime::scheduler::current_thread::CoreGuard>::enter<<tokio[2fe2756910d70000]::runtime::scheduler::current_thread::CoreGuard>::block_on<core[6883ba1bc0fe4ed1]::pin::Pin<&mut core[6883ba1bc0fe4ed1]::pin::Pin<alloc[55a36b64bcbf2c0d]::boxed::Box<sqlx_core[a4ded4f324f5d8f9]::testing::run_test<sqlx_postgres[f91b3d724d6dd0d8]::database::Postgres, sqlx_core[a4ded4f324f5d8f9]::testing::run_test_with_pool<sqlx_postgres[f91b3d724d6dd0d8]::database::Postgres, fn(sqlx_core[a4ded4f324f5d8f9]::pool::Pool<sqlx_postgres[f91b3d724d6dd0d8]::database::Postgres>) -> bae_common[6b1c1c741e6975]::database::tests::get_blog_posts_test::get_blog_posts_test::{closure#0}, bae_common[6b1c1c741e6975]::database::tests::get_blog_posts_test::get_blog_posts_test::{closure#0}>::{closure#0}, sqlx_core[a4ded4f324f5d8f9]::testing::run_test_with_pool<sqlx_postgres[f91b3d724d6dd0d8]::database::Postgres, fn(sqlx_core[a4ded4f324f5d8f9]::pool::Pool<sqlx_postgres[f91b3d724d6dd0d8]::database::Postgres>) -> bae_common[6b1c1c741e6975]::database::tests::get_blog_posts_test::get_blog_posts_test::{closure#0}, bae_common[6b1c1c741e6975]::database::tests::get_blog_posts_test::get_blog_posts_test::{closure#0}>::{closure#0}::{closure#0}>::{closure#0}>>>>::{closure#0}, core[6883ba1bc0fe4ed1]::option::Option<core[6883ba1bc0fe4ed1]::result::Result<(), bae_common[6b1c1c741e6975]::database::Error>>>::{closure#0}, (alloc[55a36b64bcbf2c0d]::boxed::Box<tokio[2fe2756910d70000]::runtime::scheduler::current_thread::Core>, core[6883ba1bc0fe4ed1]::option::Option<core[6883ba1bc0fe4ed1]::result::Result<(), bae_common[6b1c1c741e6975]::database::Error>>)>
[INFO] [stdout]                                at /opt/rustwide/cargo-home/registry/src/index.crates.io-1949cf8c6b5b557f/tokio-1.41.0/src/runtime/context/scoped.rs:40:9
[INFO] [stdout]   35:     0x56b8586dda6a - tokio[2fe2756910d70000]::runtime::context::set_scheduler::<(alloc[55a36b64bcbf2c0d]::boxed::Box<tokio[2fe2756910d70000]::runtime::scheduler::current_thread::Core>, core[6883ba1bc0fe4ed1]::option::Option<core[6883ba1bc0fe4ed1]::result::Result<(), bae_common[6b1c1c741e6975]::database::Error>>), <tokio[2fe2756910d70000]::runtime::scheduler::current_thread::CoreGuard>::enter<<tokio[2fe2756910d70000]::runtime::scheduler::current_thread::CoreGuard>::block_on<core[6883ba1bc0fe4ed1]::pin::Pin<&mut core[6883ba1bc0fe4ed1]::pin::Pin<alloc[55a36b64bcbf2c0d]::boxed::Box<sqlx_core[a4ded4f324f5d8f9]::testing::run_test<sqlx_postgres[f91b3d724d6dd0d8]::database::Postgres, sqlx_core[a4ded4f324f5d8f9]::testing::run_test_with_pool<sqlx_postgres[f91b3d724d6dd0d8]::database::Postgres, fn(sqlx_core[a4ded4f324f5d8f9]::pool::Pool<sqlx_postgres[f91b3d724d6dd0d8]::database::Postgres>) -> bae_common[6b1c1c741e6975]::database::tests::get_blog_posts_test::get_blog_posts_test::{closure#0}, bae_common[6b1c1c741e6975]::database::tests::get_blog_posts_test::get_blog_posts_test::{closure#0}>::{closure#0}, sqlx_core[a4ded4f324f5d8f9]::testing::run_test_with_pool<sqlx_postgres[f91b3d724d6dd0d8]::database::Postgres, fn(sqlx_core[a4ded4f324f5d8f9]::pool::Pool<sqlx_postgres[f91b3d724d6dd0d8]::database::Postgres>) -> bae_common[6b1c1c741e6975]::database::tests::get_blog_posts_test::get_blog_posts_test::{closure#0}, bae_common[6b1c1c741e6975]::database::tests::get_blog_posts_test::get_blog_posts_test::{closure#0}>::{closure#0}::{closure#0}>::{closure#0}>>>>::{closure#0}, core[6883ba1bc0fe4ed1]::option::Option<core[6883ba1bc0fe4ed1]::result::Result<(), bae_common[6b1c1c741e6975]::database::Error>>>::{closure#0}>::{closure#0}
[INFO] [stdout]                                at /opt/rustwide/cargo-home/registry/src/index.crates.io-1949cf8c6b5b557f/tokio-1.41.0/src/runtime/context.rs:180:38
[INFO] [stdout]   36:     0x56b858708068 - <std[73adb7dc35730857]::thread::local::LocalKey<tokio[2fe2756910d70000]::runtime::context::Context>>::try_with::<tokio[2fe2756910d70000]::runtime::context::set_scheduler<(alloc[55a36b64bcbf2c0d]::boxed::Box<tokio[2fe2756910d70000]::runtime::scheduler::current_thread::Core>, core[6883ba1bc0fe4ed1]::option::Option<core[6883ba1bc0fe4ed1]::result::Result<(), bae_common[6b1c1c741e6975]::database::Error>>), <tokio[2fe2756910d70000]::runtime::scheduler::current_thread::CoreGuard>::enter<<tokio[2fe2756910d70000]::runtime::scheduler::current_thread::CoreGuard>::block_on<core[6883ba1bc0fe4ed1]::pin::Pin<&mut core[6883ba1bc0fe4ed1]::pin::Pin<alloc[55a36b64bcbf2c0d]::boxed::Box<sqlx_core[a4ded4f324f5d8f9]::testing::run_test<sqlx_postgres[f91b3d724d6dd0d8]::database::Postgres, sqlx_core[a4ded4f324f5d8f9]::testing::run_test_with_pool<sqlx_postgres[f91b3d724d6dd0d8]::database::Postgres, fn(sqlx_core[a4ded4f324f5d8f9]::pool::Pool<sqlx_postgres[f91b3d724d6dd0d8]::database::Postgres>) -> bae_common[6b1c1c741e6975]::database::tests::get_blog_posts_test::get_blog_posts_test::{closure#0}, bae_common[6b1c1c741e6975]::database::tests::get_blog_posts_test::get_blog_posts_test::{closure#0}>::{closure#0}, sqlx_core[a4ded4f324f5d8f9]::testing::run_test_with_pool<sqlx_postgres[f91b3d724d6dd0d8]::database::Postgres, fn(sqlx_core[a4ded4f324f5d8f9]::pool::Pool<sqlx_postgres[f91b3d724d6dd0d8]::database::Postgres>) -> bae_common[6b1c1c741e6975]::database::tests::get_blog_posts_test::get_blog_posts_test::{closure#0}, bae_common[6b1c1c741e6975]::database::tests::get_blog_posts_test::get_blog_posts_test::{closure#0}>::{closure#0}::{closure#0}>::{closure#0}>>>>::{closure#0}, core[6883ba1bc0fe4ed1]::option::Option<core[6883ba1bc0fe4ed1]::result::Result<(), bae_common[6b1c1c741e6975]::database::Error>>>::{closure#0}>::{closure#0}, (alloc[55a36b64bcbf2c0d]::boxed::Box<tokio[2fe2756910d70000]::runtime::scheduler::current_thread::Core>, core[6883ba1bc0fe4ed1]::option::Option<core[6883ba1bc0fe4ed1]::result::Result<(), bae_common[6b1c1c741e6975]::database::Error>>)>
[INFO] [stdout]                                at /rustc/6b3fa26749ab40e159b2dd5cf577acaaf5902772/library/std/src/thread/local.rs:463:12
[INFO] [stdout]   37:     0x56b8587075fd - <std[73adb7dc35730857]::thread::local::LocalKey<tokio[2fe2756910d70000]::runtime::context::Context>>::with::<tokio[2fe2756910d70000]::runtime::context::set_scheduler<(alloc[55a36b64bcbf2c0d]::boxed::Box<tokio[2fe2756910d70000]::runtime::scheduler::current_thread::Core>, core[6883ba1bc0fe4ed1]::option::Option<core[6883ba1bc0fe4ed1]::result::Result<(), bae_common[6b1c1c741e6975]::database::Error>>), <tokio[2fe2756910d70000]::runtime::scheduler::current_thread::CoreGuard>::enter<<tokio[2fe2756910d70000]::runtime::scheduler::current_thread::CoreGuard>::block_on<core[6883ba1bc0fe4ed1]::pin::Pin<&mut core[6883ba1bc0fe4ed1]::pin::Pin<alloc[55a36b64bcbf2c0d]::boxed::Box<sqlx_core[a4ded4f324f5d8f9]::testing::run_test<sqlx_postgres[f91b3d724d6dd0d8]::database::Postgres, sqlx_core[a4ded4f324f5d8f9]::testing::run_test_with_pool<sqlx_postgres[f91b3d724d6dd0d8]::database::Postgres, fn(sqlx_core[a4ded4f324f5d8f9]::pool::Pool<sqlx_postgres[f91b3d724d6dd0d8]::database::Postgres>) -> bae_common[6b1c1c741e6975]::database::tests::get_blog_posts_test::get_blog_posts_test::{closure#0}, bae_common[6b1c1c741e6975]::database::tests::get_blog_posts_test::get_blog_posts_test::{closure#0}>::{closure#0}, sqlx_core[a4ded4f324f5d8f9]::testing::run_test_with_pool<sqlx_postgres[f91b3d724d6dd0d8]::database::Postgres, fn(sqlx_core[a4ded4f324f5d8f9]::pool::Pool<sqlx_postgres[f91b3d724d6dd0d8]::database::Postgres>) -> bae_common[6b1c1c741e6975]::database::tests::get_blog_posts_test::get_blog_posts_test::{closure#0}, bae_common[6b1c1c741e6975]::database::tests::get_blog_posts_test::get_blog_posts_test::{closure#0}>::{closure#0}::{closure#0}>::{closure#0}>>>>::{closure#0}, core[6883ba1bc0fe4ed1]::option::Option<core[6883ba1bc0fe4ed1]::result::Result<(), bae_common[6b1c1c741e6975]::database::Error>>>::{closure#0}>::{closure#0}, (alloc[55a36b64bcbf2c0d]::boxed::Box<tokio[2fe2756910d70000]::runtime::scheduler::current_thread::Core>, core[6883ba1bc0fe4ed1]::option::Option<core[6883ba1bc0fe4ed1]::result::Result<(), bae_common[6b1c1c741e6975]::database::Error>>)>
[INFO] [stdout]                                at /rustc/6b3fa26749ab40e159b2dd5cf577acaaf5902772/library/std/src/thread/local.rs:427:20
[INFO] [stdout]   38:     0x56b8586dace1 - tokio[2fe2756910d70000]::runtime::context::set_scheduler::<(alloc[55a36b64bcbf2c0d]::boxed::Box<tokio[2fe2756910d70000]::runtime::scheduler::current_thread::Core>, core[6883ba1bc0fe4ed1]::option::Option<core[6883ba1bc0fe4ed1]::result::Result<(), bae_common[6b1c1c741e6975]::database::Error>>), <tokio[2fe2756910d70000]::runtime::scheduler::current_thread::CoreGuard>::enter<<tokio[2fe2756910d70000]::runtime::scheduler::current_thread::CoreGuard>::block_on<core[6883ba1bc0fe4ed1]::pin::Pin<&mut core[6883ba1bc0fe4ed1]::pin::Pin<alloc[55a36b64bcbf2c0d]::boxed::Box<sqlx_core[a4ded4f324f5d8f9]::testing::run_test<sqlx_postgres[f91b3d724d6dd0d8]::database::Postgres, sqlx_core[a4ded4f324f5d8f9]::testing::run_test_with_pool<sqlx_postgres[f91b3d724d6dd0d8]::database::Postgres, fn(sqlx_core[a4ded4f324f5d8f9]::pool::Pool<sqlx_postgres[f91b3d724d6dd0d8]::database::Postgres>) -> bae_common[6b1c1c741e6975]::database::tests::get_blog_posts_test::get_blog_posts_test::{closure#0}, bae_common[6b1c1c741e6975]::database::tests::get_blog_posts_test::get_blog_posts_test::{closure#0}>::{closure#0}, sqlx_core[a4ded4f324f5d8f9]::testing::run_test_with_pool<sqlx_postgres[f91b3d724d6dd0d8]::database::Postgres, fn(sqlx_core[a4ded4f324f5d8f9]::pool::Pool<sqlx_postgres[f91b3d724d6dd0d8]::database::Postgres>) -> bae_common[6b1c1c741e6975]::database::tests::get_blog_posts_test::get_blog_posts_test::{closure#0}, bae_common[6b1c1c741e6975]::database::tests::get_blog_posts_test::get_blog_posts_test::{closure#0}>::{closure#0}::{closure#0}>::{closure#0}>>>>::{closure#0}, core[6883ba1bc0fe4ed1]::option::Option<core[6883ba1bc0fe4ed1]::result::Result<(), bae_common[6b1c1c741e6975]::database::Error>>>::{closure#0}>
[INFO] [stdout]                                at /opt/rustwide/cargo-home/registry/src/index.crates.io-1949cf8c6b5b557f/tokio-1.41.0/src/runtime/context.rs:180:17
[INFO] [stdout]   39:     0x56b8586a8a0e - <tokio[2fe2756910d70000]::runtime::scheduler::current_thread::CoreGuard>::enter::<<tokio[2fe2756910d70000]::runtime::scheduler::current_thread::CoreGuard>::block_on<core[6883ba1bc0fe4ed1]::pin::Pin<&mut core[6883ba1bc0fe4ed1]::pin::Pin<alloc[55a36b64bcbf2c0d]::boxed::Box<sqlx_core[a4ded4f324f5d8f9]::testing::run_test<sqlx_postgres[f91b3d724d6dd0d8]::database::Postgres, sqlx_core[a4ded4f324f5d8f9]::testing::run_test_with_pool<sqlx_postgres[f91b3d724d6dd0d8]::database::Postgres, fn(sqlx_core[a4ded4f324f5d8f9]::pool::Pool<sqlx_postgres[f91b3d724d6dd0d8]::database::Postgres>) -> bae_common[6b1c1c741e6975]::database::tests::get_blog_posts_test::get_blog_posts_test::{closure#0}, bae_common[6b1c1c741e6975]::database::tests::get_blog_posts_test::get_blog_posts_test::{closure#0}>::{closure#0}, sqlx_core[a4ded4f324f5d8f9]::testing::run_test_with_pool<sqlx_postgres[f91b3d724d6dd0d8]::database::Postgres, fn(sqlx_core[a4ded4f324f5d8f9]::pool::Pool<sqlx_postgres[f91b3d724d6dd0d8]::database::Postgres>) -> bae_common[6b1c1c741e6975]::database::tests::get_blog_posts_test::get_blog_posts_test::{closure#0}, bae_common[6b1c1c741e6975]::database::tests::get_blog_posts_test::get_blog_posts_test::{closure#0}>::{closure#0}::{closure#0}>::{closure#0}>>>>::{closure#0}, core[6883ba1bc0fe4ed1]::option::Option<core[6883ba1bc0fe4ed1]::result::Result<(), bae_common[6b1c1c741e6975]::database::Error>>>
[INFO] [stdout]                                at /opt/rustwide/cargo-home/registry/src/index.crates.io-1949cf8c6b5b557f/tokio-1.41.0/src/runtime/scheduler/current_thread/mod.rs:807:27
[INFO] [stdout]   40:     0x56b8586a9ee2 - <tokio[2fe2756910d70000]::runtime::scheduler::current_thread::CoreGuard>::block_on::<core[6883ba1bc0fe4ed1]::pin::Pin<&mut core[6883ba1bc0fe4ed1]::pin::Pin<alloc[55a36b64bcbf2c0d]::boxed::Box<sqlx_core[a4ded4f324f5d8f9]::testing::run_test<sqlx_postgres[f91b3d724d6dd0d8]::database::Postgres, sqlx_core[a4ded4f324f5d8f9]::testing::run_test_with_pool<sqlx_postgres[f91b3d724d6dd0d8]::database::Postgres, fn(sqlx_core[a4ded4f324f5d8f9]::pool::Pool<sqlx_postgres[f91b3d724d6dd0d8]::database::Postgres>) -> bae_common[6b1c1c741e6975]::database::tests::get_blog_posts_test::get_blog_posts_test::{closure#0}, bae_common[6b1c1c741e6975]::database::tests::get_blog_posts_test::get_blog_posts_test::{closure#0}>::{closure#0}, sqlx_core[a4ded4f324f5d8f9]::testing::run_test_with_pool<sqlx_postgres[f91b3d724d6dd0d8]::database::Postgres, fn(sqlx_core[a4ded4f324f5d8f9]::pool::Pool<sqlx_postgres[f91b3d724d6dd0d8]::database::Postgres>) -> bae_common[6b1c1c741e6975]::database::tests::get_blog_posts_test::get_blog_posts_test::{closure#0}, bae_common[6b1c1c741e6975]::database::tests::get_blog_posts_test::get_blog_posts_test::{closure#0}>::{closure#0}::{closure#0}>::{closure#0}>>>>
[INFO] [stdout]                                at /opt/rustwide/cargo-home/registry/src/index.crates.io-1949cf8c6b5b557f/tokio-1.41.0/src/runtime/scheduler/current_thread/mod.rs:716:24
[INFO] [stdout]   41:     0x56b8586aa7c2 - <tokio[2fe2756910d70000]::runtime::scheduler::current_thread::CurrentThread>::block_on::<core[6883ba1bc0fe4ed1]::pin::Pin<alloc[55a36b64bcbf2c0d]::boxed::Box<sqlx_core[a4ded4f324f5d8f9]::testing::run_test<sqlx_postgres[f91b3d724d6dd0d8]::database::Postgres, sqlx_core[a4ded4f324f5d8f9]::testing::run_test_with_pool<sqlx_postgres[f91b3d724d6dd0d8]::database::Postgres, fn(sqlx_core[a4ded4f324f5d8f9]::pool::Pool<sqlx_postgres[f91b3d724d6dd0d8]::database::Postgres>) -> bae_common[6b1c1c741e6975]::database::tests::get_blog_posts_test::get_blog_posts_test::{closure#0}, bae_common[6b1c1c741e6975]::database::tests::get_blog_posts_test::get_blog_posts_test::{closure#0}>::{closure#0}, sqlx_core[a4ded4f324f5d8f9]::testing::run_test_with_pool<sqlx_postgres[f91b3d724d6dd0d8]::database::Postgres, fn(sqlx_core[a4ded4f324f5d8f9]::pool::Pool<sqlx_postgres[f91b3d724d6dd0d8]::database::Postgres>) -> bae_common[6b1c1c741e6975]::database::tests::get_blog_posts_test::get_blog_posts_test::{closure#0}, bae_common[6b1c1c741e6975]::database::tests::get_blog_posts_test::get_blog_posts_test::{closure#0}>::{closure#0}::{closure#0}>::{closure#0}>>>::{closure#0}
[INFO] [stdout]                                at /opt/rustwide/cargo-home/registry/src/index.crates.io-1949cf8c6b5b557f/tokio-1.41.0/src/runtime/scheduler/current_thread/mod.rs:196:33
[INFO] [stdout]   42:     0x56b8586f739a - tokio[2fe2756910d70000]::runtime::context::runtime::enter_runtime::<<tokio[2fe2756910d70000]::runtime::scheduler::current_thread::CurrentThread>::block_on<core[6883ba1bc0fe4ed1]::pin::Pin<alloc[55a36b64bcbf2c0d]::boxed::Box<sqlx_core[a4ded4f324f5d8f9]::testing::run_test<sqlx_postgres[f91b3d724d6dd0d8]::database::Postgres, sqlx_core[a4ded4f324f5d8f9]::testing::run_test_with_pool<sqlx_postgres[f91b3d724d6dd0d8]::database::Postgres, fn(sqlx_core[a4ded4f324f5d8f9]::pool::Pool<sqlx_postgres[f91b3d724d6dd0d8]::database::Postgres>) -> bae_common[6b1c1c741e6975]::database::tests::get_blog_posts_test::get_blog_posts_test::{closure#0}, bae_common[6b1c1c741e6975]::database::tests::get_blog_posts_test::get_blog_posts_test::{closure#0}>::{closure#0}, sqlx_core[a4ded4f324f5d8f9]::testing::run_test_with_pool<sqlx_postgres[f91b3d724d6dd0d8]::database::Postgres, fn(sqlx_core[a4ded4f324f5d8f9]::pool::Pool<sqlx_postgres[f91b3d724d6dd0d8]::database::Postgres>) -> bae_common[6b1c1c741e6975]::database::tests::get_blog_posts_test::get_blog_posts_test::{closure#0}, bae_common[6b1c1c741e6975]::database::tests::get_blog_posts_test::get_blog_posts_test::{closure#0}>::{closure#0}::{closure#0}>::{closure#0}>>>::{closure#0}, core[6883ba1bc0fe4ed1]::result::Result<(), bae_common[6b1c1c741e6975]::database::Error>>
[INFO] [stdout]                                at /opt/rustwide/cargo-home/registry/src/index.crates.io-1949cf8c6b5b557f/tokio-1.41.0/src/runtime/context/runtime.rs:65:16
[INFO] [stdout]   43:     0x56b8586a4f58 - <tokio[2fe2756910d70000]::runtime::scheduler::current_thread::CurrentThread>::block_on::<core[6883ba1bc0fe4ed1]::pin::Pin<alloc[55a36b64bcbf2c0d]::boxed::Box<sqlx_core[a4ded4f324f5d8f9]::testing::run_test<sqlx_postgres[f91b3d724d6dd0d8]::database::Postgres, sqlx_core[a4ded4f324f5d8f9]::testing::run_test_with_pool<sqlx_postgres[f91b3d724d6dd0d8]::database::Postgres, fn(sqlx_core[a4ded4f324f5d8f9]::pool::Pool<sqlx_postgres[f91b3d724d6dd0d8]::database::Postgres>) -> bae_common[6b1c1c741e6975]::database::tests::get_blog_posts_test::get_blog_posts_test::{closure#0}, bae_common[6b1c1c741e6975]::database::tests::get_blog_posts_test::get_blog_posts_test::{closure#0}>::{closure#0}, sqlx_core[a4ded4f324f5d8f9]::testing::run_test_with_pool<sqlx_postgres[f91b3d724d6dd0d8]::database::Postgres, fn(sqlx_core[a4ded4f324f5d8f9]::pool::Pool<sqlx_postgres[f91b3d724d6dd0d8]::database::Postgres>) -> bae_common[6b1c1c741e6975]::database::tests::get_blog_posts_test::get_blog_posts_test::{closure#0}, bae_common[6b1c1c741e6975]::database::tests::get_blog_posts_test::get_blog_posts_test::{closure#0}>::{closure#0}::{closure#0}>::{closure#0}>>>
[INFO] [stdout]                                at /opt/rustwide/cargo-home/registry/src/index.crates.io-1949cf8c6b5b557f/tokio-1.41.0/src/runtime/scheduler/current_thread/mod.rs:184:9
[INFO] [stdout]   44:     0x56b8586f53b1 - <tokio[2fe2756910d70000]::runtime::runtime::Runtime>::block_on_inner::<core[6883ba1bc0fe4ed1]::pin::Pin<alloc[55a36b64bcbf2c0d]::boxed::Box<sqlx_core[a4ded4f324f5d8f9]::testing::run_test<sqlx_postgres[f91b3d724d6dd0d8]::database::Postgres, sqlx_core[a4ded4f324f5d8f9]::testing::run_test_with_pool<sqlx_postgres[f91b3d724d6dd0d8]::database::Postgres, fn(sqlx_core[a4ded4f324f5d8f9]::pool::Pool<sqlx_postgres[f91b3d724d6dd0d8]::database::Postgres>) -> bae_common[6b1c1c741e6975]::database::tests::get_blog_posts_test::get_blog_posts_test::{closure#0}, bae_common[6b1c1c741e6975]::database::tests::get_blog_posts_test::get_blog_posts_test::{closure#0}>::{closure#0}, sqlx_core[a4ded4f324f5d8f9]::testing::run_test_with_pool<sqlx_postgres[f91b3d724d6dd0d8]::database::Postgres, fn(sqlx_core[a4ded4f324f5d8f9]::pool::Pool<sqlx_postgres[f91b3d724d6dd0d8]::database::Postgres>) -> bae_common[6b1c1c741e6975]::database::tests::get_blog_posts_test::get_blog_posts_test::{closure#0}, bae_common[6b1c1c741e6975]::database::tests::get_blog_posts_test::get_blog_posts_test::{closure#0}>::{closure#0}::{closure#0}>::{closure#0}>>>
[INFO] [stdout]                                at /opt/rustwide/cargo-home/registry/src/index.crates.io-1949cf8c6b5b557f/tokio-1.41.0/src/runtime/runtime.rs:368:52
[INFO] [stdout]   45:     0x56b8586f6049 - <tokio[2fe2756910d70000]::runtime::runtime::Runtime>::block_on::<sqlx_core[a4ded4f324f5d8f9]::testing::run_test<sqlx_postgres[f91b3d724d6dd0d8]::database::Postgres, sqlx_core[a4ded4f324f5d8f9]::testing::run_test_with_pool<sqlx_postgres[f91b3d724d6dd0d8]::database::Postgres, fn(sqlx_core[a4ded4f324f5d8f9]::pool::Pool<sqlx_postgres[f91b3d724d6dd0d8]::database::Postgres>) -> bae_common[6b1c1c741e6975]::database::tests::get_blog_posts_test::get_blog_posts_test::{closure#0}, bae_common[6b1c1c741e6975]::database::tests::get_blog_posts_test::get_blog_posts_test::{closure#0}>::{closure#0}, sqlx_core[a4ded4f324f5d8f9]::testing::run_test_with_pool<sqlx_postgres[f91b3d724d6dd0d8]::database::Postgres, fn(sqlx_core[a4ded4f324f5d8f9]::pool::Pool<sqlx_postgres[f91b3d724d6dd0d8]::database::Postgres>) -> bae_common[6b1c1c741e6975]::database::tests::get_blog_posts_test::get_blog_posts_test::{closure#0}, bae_common[6b1c1c741e6975]::database::tests::get_blog_posts_test::get_blog_posts_test::{closure#0}>::{closure#0}::{closure#0}>::{closure#0}>
[INFO] [stdout]                                at /opt/rustwide/cargo-home/registry/src/index.crates.io-1949cf8c6b5b557f/tokio-1.41.0/src/runtime/runtime.rs:340:18
[INFO] [stdout]   46:     0x56b8586fd133 - sqlx_core[a4ded4f324f5d8f9]::rt::test_block_on::<sqlx_core[a4ded4f324f5d8f9]::testing::run_test<sqlx_postgres[f91b3d724d6dd0d8]::database::Postgres, sqlx_core[a4ded4f324f5d8f9]::testing::run_test_with_pool<sqlx_postgres[f91b3d724d6dd0d8]::database::Postgres, fn(sqlx_core[a4ded4f324f5d8f9]::pool::Pool<sqlx_postgres[f91b3d724d6dd0d8]::database::Postgres>) -> bae_common[6b1c1c741e6975]::database::tests::get_blog_posts_test::get_blog_posts_test::{closure#0}, bae_common[6b1c1c741e6975]::database::tests::get_blog_posts_test::get_blog_posts_test::{closure#0}>::{closure#0}, sqlx_core[a4ded4f324f5d8f9]::testing::run_test_with_pool<sqlx_postgres[f91b3d724d6dd0d8]::database::Postgres, fn(sqlx_core[a4ded4f324f5d8f9]::pool::Pool<sqlx_postgres[f91b3d724d6dd0d8]::database::Postgres>) -> bae_common[6b1c1c741e6975]::database::tests::get_blog_posts_test::get_blog_posts_test::{closure#0}, bae_common[6b1c1c741e6975]::database::tests::get_blog_posts_test::get_blog_posts_test::{closure#0}>::{closure#0}::{closure#0}>::{closure#0}>
[INFO] [stdout]                                at /opt/rustwide/cargo-home/registry/src/index.crates.io-1949cf8c6b5b557f/sqlx-core-0.8.2/src/rt/mod.rs:123:14
[INFO] [stdout]   47:     0x56b8586cf2b8 - sqlx_core[a4ded4f324f5d8f9]::testing::run_test::<sqlx_postgres[f91b3d724d6dd0d8]::database::Postgres, sqlx_core[a4ded4f324f5d8f9]::testing::run_test_with_pool<sqlx_postgres[f91b3d724d6dd0d8]::database::Postgres, fn(sqlx_core[a4ded4f324f5d8f9]::pool::Pool<sqlx_postgres[f91b3d724d6dd0d8]::database::Postgres>) -> bae_common[6b1c1c741e6975]::database::tests::get_blog_posts_test::get_blog_posts_test::{closure#0}, bae_common[6b1c1c741e6975]::database::tests::get_blog_posts_test::get_blog_posts_test::{closure#0}>::{closure#0}, sqlx_core[a4ded4f324f5d8f9]::testing::run_test_with_pool<sqlx_postgres[f91b3d724d6dd0d8]::database::Postgres, fn(sqlx_core[a4ded4f324f5d8f9]::pool::Pool<sqlx_postgres[f91b3d724d6dd0d8]::database::Postgres>) -> bae_common[6b1c1c741e6975]::database::tests::get_blog_posts_test::get_blog_posts_test::{closure#0}, bae_common[6b1c1c741e6975]::database::tests::get_blog_posts_test::get_blog_posts_test::{closure#0}>::{closure#0}::{closure#0}>
[INFO] [stdout]                                at /opt/rustwide/cargo-home/registry/src/index.crates.io-1949cf8c6b5b557f/sqlx-core-0.8.2/src/testing/mod.rs:210:5
[INFO] [stdout]   48:     0x56b8586cf11f - sqlx_core[a4ded4f324f5d8f9]::testing::run_test_with_pool::<sqlx_postgres[f91b3d724d6dd0d8]::database::Postgres, fn(sqlx_core[a4ded4f324f5d8f9]::pool::Pool<sqlx_postgres[f91b3d724d6dd0d8]::database::Postgres>) -> bae_common[6b1c1c741e6975]::database::tests::get_blog_posts_test::get_blog_posts_test::{closure#0}, bae_common[6b1c1c741e6975]::database::tests::get_blog_posts_test::get_blog_posts_test::{closure#0}>
[INFO] [stdout]                                at /opt/rustwide/cargo-home/registry/src/index.crates.io-1949cf8c6b5b557f/sqlx-core-0.8.2/src/testing/mod.rs:181:5
[INFO] [stdout]   49:     0x56b8586d4dd8 - <fn(sqlx_core[a4ded4f324f5d8f9]::pool::Pool<sqlx_postgres[f91b3d724d6dd0d8]::database::Postgres>) -> bae_common[6b1c1c741e6975]::database::tests::get_blog_posts_test::get_blog_posts_test::{closure#0} as sqlx_core[a4ded4f324f5d8f9]::testing::TestFn>::run_test
[INFO] [stdout]                                at /opt/rustwide/cargo-home/registry/src/index.crates.io-1949cf8c6b5b557f/sqlx-core-0.8.2/src/testing/mod.rs:84:9
[INFO] [stdout]   50:     0x56b8586ef0ec - bae_common[6b1c1c741e6975]::database::tests::get_blog_posts_test
[INFO] [stdout]                                at /opt/rustwide/workdir/bae-common/src/database.rs:493:5
[INFO] [stdout]   51:     0x56b8586ea1bd - bae_common[6b1c1c741e6975]::database::tests::get_blog_posts_test::{closure#0}
[INFO] [stdout]                                at /opt/rustwide/workdir/bae-common/src/database.rs:494:51
[INFO] [stdout]   52:     0x56b8586bd696 - <bae_common[6b1c1c741e6975]::database::tests::get_blog_posts_test::{closure#0} as core[6883ba1bc0fe4ed1]::ops::function::FnOnce<()>>::call_once
[INFO] [stdout]                                at /rustc/6b3fa26749ab40e159b2dd5cf577acaaf5902772/library/core/src/ops/function.rs:250:5
[INFO] [stdout]   53:     0x56b85870ca0b - <fn() -> core[6883ba1bc0fe4ed1]::result::Result<(), alloc[55a36b64bcbf2c0d]::string::String> as core[6883ba1bc0fe4ed1]::ops::function::FnOnce<()>>::call_once
[INFO] [stdout]                                at /rustc/6b3fa26749ab40e159b2dd5cf577acaaf5902772/library/core/src/ops/function.rs:250:5
[INFO] [stdout]   54:     0x56b85870ca0b - test[980ffaebd391d06d]::__rust_begin_short_backtrace::<core[6883ba1bc0fe4ed1]::result::Result<(), alloc[55a36b64bcbf2c0d]::string::String>, fn() -> core[6883ba1bc0fe4ed1]::result::Result<(), alloc[55a36b64bcbf2c0d]::string::String>>
[INFO] [stdout]                                at /rustc/6b3fa26749ab40e159b2dd5cf577acaaf5902772/library/test/src/lib.rs:724:18
[INFO] [stdout]   55:     0x56b85871a055 - test[980ffaebd391d06d]::run_test_in_process::{closure#0}
[INFO] [stdout]                                at /rustc/6b3fa26749ab40e159b2dd5cf577acaaf5902772/library/test/src/lib.rs:747:74
[INFO] [stdout]   56:     0x56b85871a055 - <core[6883ba1bc0fe4ed1]::panic::unwind_safe::AssertUnwindSafe<test[980ffaebd391d06d]::run_test_in_process::{closure#0}> as core[6883ba1bc0fe4ed1]::ops::function::FnOnce<()>>::call_once
[INFO] [stdout]                                at /rustc/6b3fa26749ab40e159b2dd5cf577acaaf5902772/library/core/src/panic/unwind_safe.rs:275:9
[INFO] [stdout]   57:     0x56b85871a055 - std[73adb7dc35730857]::panicking::catch_unwind::do_call::<core[6883ba1bc0fe4ed1]::panic::unwind_safe::AssertUnwindSafe<test[980ffaebd391d06d]::run_test_in_process::{closure#0}>, core[6883ba1bc0fe4ed1]::result::Result<(), alloc[55a36b64bcbf2c0d]::string::String>>
[INFO] [stdout]                                at /rustc/6b3fa26749ab40e159b2dd5cf577acaaf5902772/library/std/src/panicking.rs:576:43
[INFO] [stdout]   58:     0x56b85871a055 - std[73adb7dc35730857]::panicking::catch_unwind::<core[6883ba1bc0fe4ed1]::result::Result<(), alloc[55a36b64bcbf2c0d]::string::String>, core[6883ba1bc0fe4ed1]::panic::unwind_safe::AssertUnwindSafe<test[980ffaebd391d06d]::run_test_in_process::{closure#0}>>
[INFO] [stdout]                                at /rustc/6b3fa26749ab40e159b2dd5cf577acaaf5902772/library/std/src/panicking.rs:544:19
[INFO] [stdout]   59:     0x56b85871a055 - std[73adb7dc35730857]::panic::catch_unwind::<core[6883ba1bc0fe4ed1]::panic::unwind_safe::AssertUnwindSafe<test[980ffaebd391d06d]::run_test_in_process::{closure#0}>, core[6883ba1bc0fe4ed1]::result::Result<(), alloc[55a36b64bcbf2c0d]::string::String>>
[INFO] [stdout]                                at /rustc/6b3fa26749ab40e159b2dd5cf577acaaf5902772/library/std/src/panic.rs:359:14
[INFO] [stdout]   60:     0x56b85871a055 - test[980ffaebd391d06d]::run_test_in_process
[INFO] [stdout]                                at /rustc/6b3fa26749ab40e159b2dd5cf577acaaf5902772/library/test/src/lib.rs:747:27
[INFO] [stdout]   61:     0x56b85871a055 - test[980ffaebd391d06d]::run_test::{closure#0}
[INFO] [stdout]                                at /rustc/6b3fa26749ab40e159b2dd5cf577acaaf5902772/library/test/src/lib.rs:668:43
[INFO] [stdout]   62:     0x56b858714b04 - test[980ffaebd391d06d]::run_test::{closure#1}
[INFO] [stdout]                                at /rustc/6b3fa26749ab40e159b2dd5cf577acaaf5902772/library/test/src/lib.rs:698:41
[INFO] [stdout]   63:     0x56b858714b04 - std[73adb7dc35730857]::sys::backtrace::__rust_begin_short_backtrace::<test[980ffaebd391d06d]::run_test::{closure#1}, ()>
[INFO] [stdout]                                at /rustc/6b3fa26749ab40e159b2dd5cf577acaaf5902772/library/std/src/sys/backtrace.rs:166:18
[INFO] [stdout]   64:     0x56b85871d1a2 - std[73adb7dc35730857]::thread::lifecycle::spawn_unchecked::<test[980ffaebd391d06d]::run_test::{closure#1}, ()>::{closure#1}::{closure#0}
[INFO] [stdout]                                at /rustc/6b3fa26749ab40e159b2dd5cf577acaaf5902772/library/std/src/thread/lifecycle.rs:70:13
[INFO] [stdout]   65:     0x56b85871d1a2 - <core[6883ba1bc0fe4ed1]::panic::unwind_safe::AssertUnwindSafe<std[73adb7dc35730857]::thread::lifecycle::spawn_unchecked<test[980ffaebd391d06d]::run_test::{closure#1}, ()>::{closure#1}::{closure#0}> as core[6883ba1bc0fe4ed1]::ops::function::FnOnce<()>>::call_once
[INFO] [stdout]                                at /rustc/6b3fa26749ab40e159b2dd5cf577acaaf5902772/library/core/src/panic/unwind_safe.rs:275:9
[INFO] [stdout]   66:     0x56b85871d1a2 - std[73adb7dc35730857]::panicking::catch_unwind::do_call::<core[6883ba1bc0fe4ed1]::panic::unwind_safe::AssertUnwindSafe<std[73adb7dc35730857]::thread::lifecycle::spawn_unchecked<test[980ffaebd391d06d]::run_test::{closure#1}, ()>::{closure#1}::{closure#0}>, ()>
[INFO] [stdout]                                at /rustc/6b3fa26749ab40e159b2dd5cf577acaaf5902772/library/std/src/panicking.rs:576:43
[INFO] [stdout]   67:     0x56b85871d1a2 - std[73adb7dc35730857]::panicking::catch_unwind::<(), core[6883ba1bc0fe4ed1]::panic::unwind_safe::AssertUnwindSafe<std[73adb7dc35730857]::thread::lifecycle::spawn_unchecked<test[980ffaebd391d06d]::run_test::{closure#1}, ()>::{closure#1}::{closure#0}>>
[INFO] [stdout]                                at /rustc/6b3fa26749ab40e159b2dd5cf577acaaf5902772/library/std/src/panicking.rs:544:19
[INFO] [stdout]   68:     0x56b85871d1a2 - std[73adb7dc35730857]::panic::catch_unwind::<core[6883ba1bc0fe4ed1]::panic::unwind_safe::AssertUnwindSafe<std[73adb7dc35730857]::thread::lifecycle::spawn_unchecked<test[980ffaebd391d06d]::run_test::{closure#1}, ()>::{closure#1}::{closure#0}>, ()>
[INFO] [stdout]                                at /rustc/6b3fa26749ab40e159b2dd5cf577acaaf5902772/library/std/src/panic.rs:359:14
[INFO] [stdout]   69:     0x56b85871d1a2 - std[73adb7dc35730857]::thread::lifecycle::spawn_unchecked::<test[980ffaebd391d06d]::run_test::{closure#1}, ()>::{closure#1}
[INFO] [stdout]                                at /rustc/6b3fa26749ab40e159b2dd5cf577acaaf5902772/library/std/src/thread/lifecycle.rs:68:26
[INFO] [stdout]   70:     0x56b85871d1a2 - <std[73adb7dc35730857]::thread::lifecycle::spawn_unchecked<test[980ffaebd391d06d]::run_test::{closure#1}, ()>::{closure#1} as core[6883ba1bc0fe4ed1]::ops::function::FnOnce<()>>::call_once::{shim:vtable#0}
[INFO] [stdout]                                at /rustc/6b3fa26749ab40e159b2dd5cf577acaaf5902772/library/core/src/ops/function.rs:250:5
[INFO] [stdout]   71:     0x56b858adaf5f - <alloc[55a36b64bcbf2c0d]::boxed::Box<dyn core[6883ba1bc0fe4ed1]::ops::function::FnOnce<(), Output = ()> + core[6883ba1bc0fe4ed1]::marker::Send> as core[6883ba1bc0fe4ed1]::ops::function::FnOnce<()>>::call_once
[INFO] [stdout]                                at /rustc/6b3fa26749ab40e159b2dd5cf577acaaf5902772/library/alloc/src/boxed.rs:2319:9
[INFO] [stdout]   72:     0x56b858adaf5f - <std[73adb7dc35730857]::sys::thread::unix::Thread>::new::thread_start
[INFO] [stdout]                                at /rustc/6b3fa26749ab40e159b2dd5cf577acaaf5902772/library/std/src/sys/thread/unix.rs:123:17
[INFO] [stdout]   73:     0x7919ed8b4aa4 - <unknown>
[INFO] [stdout]   74:     0x7919ed941a64 - clone
[INFO] [stdout]   75:                0x0 - <unknown>
[INFO] [stdout] 
[INFO] [stdout] ---- database::tests::tags_test stdout ----
[INFO] [stdout] 
[INFO] [stdout] thread 'database::tests::tags_test' (5064) panicked at /opt/rustwide/cargo-home/registry/src/index.crates.io-1949cf8c6b5b557f/sqlx-postgres-0.8.2/src/testing/mod.rs:78:44:
[INFO] [stdout] DATABASE_URL must be set: EnvVar(NotPresent)
[INFO] [stdout] stack backtrace:
[INFO] [stdout]    0:     0x56b858adba81 - std[73adb7dc35730857]::backtrace_rs::backtrace::libunwind::trace
[INFO] [stdout]                                at /rustc/6b3fa26749ab40e159b2dd5cf577acaaf5902772/library/std/src/../../backtrace/src/backtrace/libunwind.rs:117:9
[INFO] [stdout]    1:     0x56b858adba81 - std[73adb7dc35730857]::backtrace_rs::backtrace::trace_unsynchronized::<std[73adb7dc35730857]::sys::backtrace::_print_fmt::{closure#1}>
[INFO] [stdout]                                at /rustc/6b3fa26749ab40e159b2dd5cf577acaaf5902772/library/std/src/../../backtrace/src/backtrace/mod.rs:66:14
[INFO] [stdout]    2:     0x56b858adba81 - std[73adb7dc35730857]::sys::backtrace::_print_fmt
[INFO] [stdout]                                at /rustc/6b3fa26749ab40e159b2dd5cf577acaaf5902772/library/std/src/sys/backtrace.rs:74:9
[INFO] [stdout]    3:     0x56b858adba81 - <<std[73adb7dc35730857]::sys::backtrace::BacktraceLock>::print::DisplayBacktrace as core[6883ba1bc0fe4ed1]::fmt::Display>::fmt
[INFO] [stdout]                                at /rustc/6b3fa26749ab40e159b2dd5cf577acaaf5902772/library/std/src/sys/backtrace.rs:44:26
[INFO] [stdout]    4:     0x56b858af2f8a - <core[6883ba1bc0fe4ed1]::fmt::rt::Argument>::fmt
[INFO] [stdout]                                at /rustc/6b3fa26749ab40e159b2dd5cf577acaaf5902772/library/core/src/fmt/rt.rs:152:76
[INFO] [stdout]    5:     0x56b858af2f8a - core[6883ba1bc0fe4ed1]::fmt::write
[INFO] [stdout]    6:     0x56b858ae04bc - std[73adb7dc35730857]::io::default_write_fmt::<alloc[55a36b64bcbf2c0d]::vec::Vec<u8>>
[INFO] [stdout]                                at /rustc/6b3fa26749ab40e159b2dd5cf577acaaf5902772/library/std/src/io/mod.rs:626:11
[INFO] [stdout]    7:     0x56b858ae04bc - <alloc[55a36b64bcbf2c0d]::vec::Vec<u8> as std[73adb7dc35730857]::io::Write>::write_fmt
[INFO] [stdout]                                at /rustc/6b3fa26749ab40e159b2dd5cf577acaaf5902772/library/std/src/io/mod.rs:1730:13
[INFO] [stdout]    8:     0x56b858ab8aa6 - <std[73adb7dc35730857]::sys::backtrace::BacktraceLock>::print
[INFO] [stdout]                                at /rustc/6b3fa26749ab40e159b2dd5cf577acaaf5902772/library/std/src/sys/backtrace.rs:47:9
[INFO] [stdout]    9:     0x56b858ab8aa6 - std[73adb7dc35730857]::panicking::default_hook::{closure#0}
[INFO] [stdout]                                at /rustc/6b3fa26749ab40e159b2dd5cf577acaaf5902772/library/std/src/panicking.rs:292:27
[INFO] [stdout]   10:     0x56b858ad32b9 - std[73adb7dc35730857]::panicking::default_hook
[INFO] [stdout]                                at /rustc/6b3fa26749ab40e159b2dd5cf577acaaf5902772/library/std/src/panicking.rs:316:9
[INFO] [stdout]   11:     0x56b8587196d0 - <alloc[55a36b64bcbf2c0d]::boxed::Box<dyn for<'a, 'b> core[6883ba1bc0fe4ed1]::ops::function::Fn<(&'a std[73adb7dc35730857]::panic::PanicHookInfo<'b>,), Output = ()> + core[6883ba1bc0fe4ed1]::marker::Send + core[6883ba1bc0fe4ed1]::marker::Sync> as core[6883ba1bc0fe4ed1]::ops::function::Fn<(&std[73adb7dc35730857]::panic::PanicHookInfo,)>>::call
[INFO] [stdout]                                at /rustc/6b3fa26749ab40e159b2dd5cf577acaaf5902772/library/alloc/src/boxed.rs:2333:9
[INFO] [stdout]   12:     0x56b8587196d0 - test[980ffaebd391d06d]::test_main_inner::<test[980ffaebd391d06d]::test_main_static::{closure#0}>::{closure#0}
[INFO] [stdout]                                at /rustc/6b3fa26749ab40e159b2dd5cf577acaaf5902772/library/test/src/lib.rs:155:21
[INFO] [stdout]   13:     0x56b858ad35e2 - <alloc[55a36b64bcbf2c0d]::boxed::Box<dyn for<'a, 'b> core[6883ba1bc0fe4ed1]::ops::function::Fn<(&'a std[73adb7dc35730857]::panic::PanicHookInfo<'b>,), Output = ()> + core[6883ba1bc0fe4ed1]::marker::Send + core[6883ba1bc0fe4ed1]::marker::Sync> as core[6883ba1bc0fe4ed1]::ops::function::Fn<(&std[73adb7dc35730857]::panic::PanicHookInfo,)>>::call
[INFO] [stdout]                                at /rustc/6b3fa26749ab40e159b2dd5cf577acaaf5902772/library/alloc/src/boxed.rs:2333:9
[INFO] [stdout]   14:     0x56b858ad35e2 - std[73adb7dc35730857]::panicking::panic_with_hook
[INFO] [stdout]                                at /rustc/6b3fa26749ab40e159b2dd5cf577acaaf5902772/library/std/src/panicking.rs:823:13
[INFO] [stdout]   15:     0x56b858ab8b52 - std[73adb7dc35730857]::panicking::panic_handler::{closure#0}
[INFO] [stdout]                                at /rustc/6b3fa26749ab40e159b2dd5cf577acaaf5902772/library/std/src/panicking.rs:688:13
[INFO] [stdout]   16:     0x56b858ab0199 - std[73adb7dc35730857]::sys::backtrace::__rust_end_short_backtrace::<std[73adb7dc35730857]::panicking::panic_handler::{closure#0}, !>
[INFO] [stdout]                                at /rustc/6b3fa26749ab40e159b2dd5cf577acaaf5902772/library/std/src/sys/backtrace.rs:182:18
[INFO] [stdout]   17:     0x56b858ab99dd - __rustc[a7b7b02e776dd976]::rust_begin_unwind
[INFO] [stdout]                                at /rustc/6b3fa26749ab40e159b2dd5cf577acaaf5902772/library/std/src/panicking.rs:679:5
[INFO] [stdout]   18:     0x56b858af37bc - core[6883ba1bc0fe4ed1]::panicking::panic_fmt
[INFO] [stdout]                                at /rustc/6b3fa26749ab40e159b2dd5cf577acaaf5902772/library/core/src/panicking.rs:80:14
[INFO] [stdout]   19:     0x56b858af3502 - core[6883ba1bc0fe4ed1]::result::unwrap_failed
[INFO] [stdout]                                at /rustc/6b3fa26749ab40e159b2dd5cf577acaaf5902772/library/core/src/result.rs:1870:5
[INFO] [stdout]   20:     0x56b8587cef9b - <core[6883ba1bc0fe4ed1]::result::Result<alloc[55a36b64bcbf2c0d]::string::String, dotenvy[3ff1008ebe5a7094]::errors::Error>>::expect
[INFO] [stdout]                                at /rustc/6b3fa26749ab40e159b2dd5cf577acaaf5902772/library/core/src/result.rs:1183:23
[INFO] [stdout]   21:     0x56b85876f167 - sqlx_postgres[f91b3d724d6dd0d8]::testing::test_context::{closure#0}
[INFO] [stdout]                                at /opt/rustwide/cargo-home/registry/src/index.crates.io-1949cf8c6b5b557f/sqlx-postgres-0.8.2/src/testing/mod.rs:78:44
[INFO] [stdout]   22:     0x56b858771bf2 - <sqlx_postgres[f91b3d724d6dd0d8]::database::Postgres as sqlx_core[a4ded4f324f5d8f9]::testing::TestSupport>::test_context::{closure#0}
[INFO] [stdout]                                at /opt/rustwide/cargo-home/registry/src/index.crates.io-1949cf8c6b5b557f/sqlx-postgres-0.8.2/src/testing/mod.rs:29:50
[INFO] [stdout]   23:     0x56b8586df4cf - <core[6883ba1bc0fe4ed1]::pin::Pin<alloc[55a36b64bcbf2c0d]::boxed::Box<dyn core[6883ba1bc0fe4ed1]::future::future::Future<Output = core[6883ba1bc0fe4ed1]::result::Result<sqlx_core[a4ded4f324f5d8f9]::testing::TestContext<sqlx_postgres[f91b3d724d6dd0d8]::database::Postgres>, sqlx_core[a4ded4f324f5d8f9]::error::Error>> + core[6883ba1bc0fe4ed1]::marker::Send>> as core[6883ba1bc0fe4ed1]::future::future::Future>::poll
[INFO] [stdout]                                at /rustc/6b3fa26749ab40e159b2dd5cf577acaaf5902772/library/core/src/future/future.rs:133:9
[INFO] [stdout]   24:     0x56b8586d2349 - sqlx_core[a4ded4f324f5d8f9]::testing::run_test::<sqlx_postgres[f91b3d724d6dd0d8]::database::Postgres, sqlx_core[a4ded4f324f5d8f9]::testing::run_test_with_pool<sqlx_postgres[f91b3d724d6dd0d8]::database::Postgres, fn(sqlx_core[a4ded4f324f5d8f9]::pool::Pool<sqlx_postgres[f91b3d724d6dd0d8]::database::Postgres>) -> bae_common[6b1c1c741e6975]::database::tests::tags_test::tags_test::{closure#0}, bae_common[6b1c1c741e6975]::database::tests::tags_test::tags_test::{closure#0}>::{closure#0}, sqlx_core[a4ded4f324f5d8f9]::testing::run_test_with_pool<sqlx_postgres[f91b3d724d6dd0d8]::database::Postgres, fn(sqlx_core[a4ded4f324f5d8f9]::pool::Pool<sqlx_postgres[f91b3d724d6dd0d8]::database::Postgres>) -> bae_common[6b1c1c741e6975]::database::tests::tags_test::tags_test::{closure#0}, bae_common[6b1c1c741e6975]::database::tests::tags_test::tags_test::{closure#0}>::{closure#0}::{closure#0}>::{closure#0}
[INFO] [stdout]                                at /opt/rustwide/cargo-home/registry/src/index.crates.io-1949cf8c6b5b557f/sqlx-core-0.8.2/src/testing/mod.rs:212:14
[INFO] [stdout]   25:     0x56b8586df5eb - <core[6883ba1bc0fe4ed1]::pin::Pin<alloc[55a36b64bcbf2c0d]::boxed::Box<sqlx_core[a4ded4f324f5d8f9]::testing::run_test<sqlx_postgres[f91b3d724d6dd0d8]::database::Postgres, sqlx_core[a4ded4f324f5d8f9]::testing::run_test_with_pool<sqlx_postgres[f91b3d724d6dd0d8]::database::Postgres, fn(sqlx_core[a4ded4f324f5d8f9]::pool::Pool<sqlx_postgres[f91b3d724d6dd0d8]::database::Postgres>) -> bae_common[6b1c1c741e6975]::database::tests::tags_test::tags_test::{closure#0}, bae_common[6b1c1c741e6975]::database::tests::tags_test::tags_test::{closure#0}>::{closure#0}, sqlx_core[a4ded4f324f5d8f9]::testing::run_test_with_pool<sqlx_postgres[f91b3d724d6dd0d8]::database::Postgres, fn(sqlx_core[a4ded4f324f5d8f9]::pool::Pool<sqlx_postgres[f91b3d724d6dd0d8]::database::Postgres>) -> bae_common[6b1c1c741e6975]::database::tests::tags_test::tags_test::{closure#0}, bae_common[6b1c1c741e6975]::database::tests::tags_test::tags_test::{closure#0}>::{closure#0}::{closure#0}>::{closure#0}>> as core[6883ba1bc0fe4ed1]::future::future::Future>::poll
[INFO] [stdout]                                at /rustc/6b3fa26749ab40e159b2dd5cf577acaaf5902772/library/core/src/future/future.rs:133:9
[INFO] [stdout]   26:     0x56b8586df70b - <core[6883ba1bc0fe4ed1]::pin::Pin<&mut core[6883ba1bc0fe4ed1]::pin::Pin<alloc[55a36b64bcbf2c0d]::boxed::Box<sqlx_core[a4ded4f324f5d8f9]::testing::run_test<sqlx_postgres[f91b3d724d6dd0d8]::database::Postgres, sqlx_core[a4ded4f324f5d8f9]::testing::run_test_with_pool<sqlx_postgres[f91b3d724d6dd0d8]::database::Postgres, fn(sqlx_core[a4ded4f324f5d8f9]::pool::Pool<sqlx_postgres[f91b3d724d6dd0d8]::database::Postgres>) -> bae_common[6b1c1c741e6975]::database::tests::tags_test::tags_test::{closure#0}, bae_common[6b1c1c741e6975]::database::tests::tags_test::tags_test::{closure#0}>::{closure#0}, sqlx_core[a4ded4f324f5d8f9]::testing::run_test_with_pool<sqlx_postgres[f91b3d724d6dd0d8]::database::Postgres, fn(sqlx_core[a4ded4f324f5d8f9]::pool::Pool<sqlx_postgres[f91b3d724d6dd0d8]::database::Postgres>) -> bae_common[6b1c1c741e6975]::database::tests::tags_test::tags_test::{closure#0}, bae_common[6b1c1c741e6975]::database::tests::tags_test::tags_test::{closure#0}>::{closure#0}::{closure#0}>::{closure#0}>>> as core[6883ba1bc0fe4ed1]::future::future::Future>::poll
[INFO] [stdout]                                at /rustc/6b3fa26749ab40e159b2dd5cf577acaaf5902772/library/core/src/future/future.rs:133:9
[INFO] [stdout]   27:     0x56b8586b170b - <tokio[2fe2756910d70000]::runtime::scheduler::current_thread::CoreGuard>::block_on::<core[6883ba1bc0fe4ed1]::pin::Pin<&mut core[6883ba1bc0fe4ed1]::pin::Pin<alloc[55a36b64bcbf2c0d]::boxed::Box<sqlx_core[a4ded4f324f5d8f9]::testing::run_test<sqlx_postgres[f91b3d724d6dd0d8]::database::Postgres, sqlx_core[a4ded4f324f5d8f9]::testing::run_test_with_pool<sqlx_postgres[f91b3d724d6dd0d8]::database::Postgres, fn(sqlx_core[a4ded4f324f5d8f9]::pool::Pool<sqlx_postgres[f91b3d724d6dd0d8]::database::Postgres>) -> bae_common[6b1c1c741e6975]::database::tests::tags_test::tags_test::{closure#0}, bae_common[6b1c1c741e6975]::database::tests::tags_test::tags_test::{closure#0}>::{closure#0}, sqlx_core[a4ded4f324f5d8f9]::testing::run_test_with_pool<sqlx_postgres[f91b3d724d6dd0d8]::database::Postgres, fn(sqlx_core[a4ded4f324f5d8f9]::pool::Pool<sqlx_postgres[f91b3d724d6dd0d8]::database::Postgres>) -> bae_common[6b1c1c741e6975]::database::tests::tags_test::tags_test::{closure#0}, bae_common[6b1c1c741e6975]::database::tests::tags_test::tags_test::{closure#0}>::{closure#0}::{closure#0}>::{closure#0}>>>>::{closure#0}::{closure#0}::{closure#0}
[INFO] [stdout]                                at /opt/rustwide/cargo-home/registry/src/index.crates.io-1949cf8c6b5b557f/tokio-1.41.0/src/runtime/scheduler/current_thread/mod.rs:729:73
[INFO] [stdout]   28:     0x56b8586b0ffb - tokio[2fe2756910d70000]::runtime::coop::with_budget::<core[6883ba1bc0fe4ed1]::task::poll::Poll<core[6883ba1bc0fe4ed1]::result::Result<(), bae_common[6b1c1c741e6975]::database::Error>>, <tokio[2fe2756910d70000]::runtime::scheduler::current_thread::CoreGuard>::block_on<core[6883ba1bc0fe4ed1]::pin::Pin<&mut core[6883ba1bc0fe4ed1]::pin::Pin<alloc[55a36b64bcbf2c0d]::boxed::Box<sqlx_core[a4ded4f324f5d8f9]::testing::run_test<sqlx_postgres[f91b3d724d6dd0d8]::database::Postgres, sqlx_core[a4ded4f324f5d8f9]::testing::run_test_with_pool<sqlx_postgres[f91b3d724d6dd0d8]::database::Postgres, fn(sqlx_core[a4ded4f324f5d8f9]::pool::Pool<sqlx_postgres[f91b3d724d6dd0d8]::database::Postgres>) -> bae_common[6b1c1c741e6975]::database::tests::tags_test::tags_test::{closure#0}, bae_common[6b1c1c741e6975]::database::tests::tags_test::tags_test::{closure#0}>::{closure#0}, sqlx_core[a4ded4f324f5d8f9]::testing::run_test_with_pool<sqlx_postgres[f91b3d724d6dd0d8]::database::Postgres, fn(sqlx_core[a4ded4f324f5d8f9]::pool::Pool<sqlx_postgres[f91b3d724d6dd0d8]::database::Postgres>) -> bae_common[6b1c1c741e6975]::database::tests::tags_test::tags_test::{closure#0}, bae_common[6b1c1c741e6975]::database::tests::tags_test::tags_test::{closure#0}>::{closure#0}::{closure#0}>::{closure#0}>>>>::{closure#0}::{closure#0}::{closure#0}>
[INFO] [stdout]                                at /opt/rustwide/cargo-home/registry/src/index.crates.io-1949cf8c6b5b557f/tokio-1.41.0/src/runtime/coop.rs:107:5
[INFO] [stdout]   29:     0x56b8586b0ffb - tokio[2fe2756910d70000]::runtime::coop::budget::<core[6883ba1bc0fe4ed1]::task::poll::Poll<core[6883ba1bc0fe4ed1]::result::Result<(), bae_common[6b1c1c741e6975]::database::Error>>, <tokio[2fe2756910d70000]::runtime::scheduler::current_thread::CoreGuard>::block_on<core[6883ba1bc0fe4ed1]::pin::Pin<&mut core[6883ba1bc0fe4ed1]::pin::Pin<alloc[55a36b64bcbf2c0d]::boxed::Box<sqlx_core[a4ded4f324f5d8f9]::testing::run_test<sqlx_postgres[f91b3d724d6dd0d8]::database::Postgres, sqlx_core[a4ded4f324f5d8f9]::testing::run_test_with_pool<sqlx_postgres[f91b3d724d6dd0d8]::database::Postgres, fn(sqlx_core[a4ded4f324f5d8f9]::pool::Pool<sqlx_postgres[f91b3d724d6dd0d8]::database::Postgres>) -> bae_common[6b1c1c741e6975]::database::tests::tags_test::tags_test::{closure#0}, bae_common[6b1c1c741e6975]::database::tests::tags_test::tags_test::{closure#0}>::{closure#0}, sqlx_core[a4ded4f324f5d8f9]::testing::run_test_with_pool<sqlx_postgres[f91b3d724d6dd0d8]::database::Postgres, fn(sqlx_core[a4ded4f324f5d8f9]::pool::Pool<sqlx_postgres[f91b3d724d6dd0d8]::database::Postgres>) -> bae_common[6b1c1c741e6975]::database::tests::tags_test::tags_test::{closure#0}, bae_common[6b1c1c741e6975]::database::tests::tags_test::tags_test::{closure#0}>::{closure#0}::{closure#0}>::{closure#0}>>>>::{closure#0}::{closure#0}::{closure#0}>
[INFO] [stdout]                                at /opt/rustwide/cargo-home/registry/src/index.crates.io-1949cf8c6b5b557f/tokio-1.41.0/src/runtime/coop.rs:73:5
[INFO] [stdout]   30:     0x56b8586b0ffb - <tokio[2fe2756910d70000]::runtime::scheduler::current_thread::CoreGuard>::block_on::<core[6883ba1bc0fe4ed1]::pin::Pin<&mut core[6883ba1bc0fe4ed1]::pin::Pin<alloc[55a36b64bcbf2c0d]::boxed::Box<sqlx_core[a4ded4f324f5d8f9]::testing::run_test<sqlx_postgres[f91b3d724d6dd0d8]::database::Postgres, sqlx_core[a4ded4f324f5d8f9]::testing::run_test_with_pool<sqlx_postgres[f91b3d724d6dd0d8]::database::Postgres, fn(sqlx_core[a4ded4f324f5d8f9]::pool::Pool<sqlx_postgres[f91b3d724d6dd0d8]::database::Postgres>) -> bae_common[6b1c1c741e6975]::database::tests::tags_test::tags_test::{closure#0}, bae_common[6b1c1c741e6975]::database::tests::tags_test::tags_test::{closure#0}>::{closure#0}, sqlx_core[a4ded4f324f5d8f9]::testing::run_test_with_pool<sqlx_postgres[f91b3d724d6dd0d8]::database::Postgres, fn(sqlx_core[a4ded4f324f5d8f9]::pool::Pool<sqlx_postgres[f91b3d724d6dd0d8]::database::Postgres>) -> bae_common[6b1c1c741e6975]::database::tests::tags_test::tags_test::{closure#0}, bae_common[6b1c1c741e6975]::database::tests::tags_test::tags_test::{closure#0}>::{closure#0}::{closure#0}>::{closure#0}>>>>::{closure#0}::{closure#0}
[INFO] [stdout]                                at /opt/rustwide/cargo-home/registry/src/index.crates.io-1949cf8c6b5b557f/tokio-1.41.0/src/runtime/scheduler/current_thread/mod.rs:729:25
[INFO] [stdout]   31:     0x56b8586a5c1d - <tokio[2fe2756910d70000]::runtime::scheduler::current_thread::Context>::enter::<core[6883ba1bc0fe4ed1]::task::poll::Poll<core[6883ba1bc0fe4ed1]::result::Result<(), bae_common[6b1c1c741e6975]::database::Error>>, <tokio[2fe2756910d70000]::runtime::scheduler::current_thread::CoreGuard>::block_on<core[6883ba1bc0fe4ed1]::pin::Pin<&mut core[6883ba1bc0fe4ed1]::pin::Pin<alloc[55a36b64bcbf2c0d]::boxed::Box<sqlx_core[a4ded4f324f5d8f9]::testing::run_test<sqlx_postgres[f91b3d724d6dd0d8]::database::Postgres, sqlx_core[a4ded4f324f5d8f9]::testing::run_test_with_pool<sqlx_postgres[f91b3d724d6dd0d8]::database::Postgres, fn(sqlx_core[a4ded4f324f5d8f9]::pool::Pool<sqlx_postgres[f91b3d724d6dd0d8]::database::Postgres>) -> bae_common[6b1c1c741e6975]::database::tests::tags_test::tags_test::{closure#0}, bae_common[6b1c1c741e6975]::database::tests::tags_test::tags_test::{closure#0}>::{closure#0}, sqlx_core[a4ded4f324f5d8f9]::testing::run_test_with_pool<sqlx_postgres[f91b3d724d6dd0d8]::database::Postgres, fn(sqlx_core[a4ded4f324f5d8f9]::pool::Pool<sqlx_postgres[f91b3d724d6dd0d8]::database::Postgres>) -> bae_common[6b1c1c741e6975]::database::tests::tags_test::tags_test::{closure#0}, bae_common[6b1c1c741e6975]::database::tests::tags_test::tags_test::{closure#0}>::{closure#0}::{closure#0}>::{closure#0}>>>>::{closure#0}::{closure#0}>
[INFO] [stdout]                                at /opt/rustwide/cargo-home/registry/src/index.crates.io-1949cf8c6b5b557f/tokio-1.41.0/src/runtime/scheduler/current_thread/mod.rs:428:19
[INFO] [stdout]   32:     0x56b8586ad9c0 - <tokio[2fe2756910d70000]::runtime::scheduler::current_thread::CoreGuard>::block_on::<core[6883ba1bc0fe4ed1]::pin::Pin<&mut core[6883ba1bc0fe4ed1]::pin::Pin<alloc[55a36b64bcbf2c0d]::boxed::Box<sqlx_core[a4ded4f324f5d8f9]::testing::run_test<sqlx_postgres[f91b3d724d6dd0d8]::database::Postgres, sqlx_core[a4ded4f324f5d8f9]::testing::run_test_with_pool<sqlx_postgres[f91b3d724d6dd0d8]::database::Postgres, fn(sqlx_core[a4ded4f324f5d8f9]::pool::Pool<sqlx_postgres[f91b3d724d6dd0d8]::database::Postgres>) -> bae_common[6b1c1c741e6975]::database::tests::tags_test::tags_test::{closure#0}, bae_common[6b1c1c741e6975]::database::tests::tags_test::tags_test::{closure#0}>::{closure#0}, sqlx_core[a4ded4f324f5d8f9]::testing::run_test_with_pool<sqlx_postgres[f91b3d724d6dd0d8]::database::Postgres, fn(sqlx_core[a4ded4f324f5d8f9]::pool::Pool<sqlx_postgres[f91b3d724d6dd0d8]::database::Postgres>) -> bae_common[6b1c1c741e6975]::database::tests::tags_test::tags_test::{closure#0}, bae_common[6b1c1c741e6975]::database::tests::tags_test::tags_test::{closure#0}>::{closure#0}::{closure#0}>::{closure#0}>>>>::{closure#0}
[INFO] [stdout]                                at /opt/rustwide/cargo-home/registry/src/index.crates.io-1949cf8c6b5b557f/tokio-1.41.0/src/runtime/scheduler/current_thread/mod.rs:728:44
[INFO] [stdout]   33:     0x56b8586ac03b - <tokio[2fe2756910d70000]::runtime::scheduler::current_thread::CoreGuard>::enter::<<tokio[2fe2756910d70000]::runtime::scheduler::current_thread::CoreGuard>::block_on<core[6883ba1bc0fe4ed1]::pin::Pin<&mut core[6883ba1bc0fe4ed1]::pin::Pin<alloc[55a36b64bcbf2c0d]::boxed::Box<sqlx_core[a4ded4f324f5d8f9]::testing::run_test<sqlx_postgres[f91b3d724d6dd0d8]::database::Postgres, sqlx_core[a4ded4f324f5d8f9]::testing::run_test_with_pool<sqlx_postgres[f91b3d724d6dd0d8]::database::Postgres, fn(sqlx_core[a4ded4f324f5d8f9]::pool::Pool<sqlx_postgres[f91b3d724d6dd0d8]::database::Postgres>) -> bae_common[6b1c1c741e6975]::database::tests::tags_test::tags_test::{closure#0}, bae_common[6b1c1c741e6975]::database::tests::tags_test::tags_test::{closure#0}>::{closure#0}, sqlx_core[a4ded4f324f5d8f9]::testing::run_test_with_pool<sqlx_postgres[f91b3d724d6dd0d8]::database::Postgres, fn(sqlx_core[a4ded4f324f5d8f9]::pool::Pool<sqlx_postgres[f91b3d724d6dd0d8]::database::Postgres>) -> bae_common[6b1c1c741e6975]::database::tests::tags_test::tags_test::{closure#0}, bae_common[6b1c1c741e6975]::database::tests::tags_test::tags_test::{closure#0}>::{closure#0}::{closure#0}>::{closure#0}>>>>::{closure#0}, core[6883ba1bc0fe4ed1]::option::Option<core[6883ba1bc0fe4ed1]::result::Result<(), bae_common[6b1c1c741e6975]::database::Error>>>::{closure#0}
[INFO] [stdout]                                at /opt/rustwide/cargo-home/registry/src/index.crates.io-1949cf8c6b5b557f/tokio-1.41.0/src/runtime/scheduler/current_thread/mod.rs:807:68
[INFO] [stdout]   34:     0x56b8586ca33a - <tokio[2fe2756910d70000]::runtime::context::scoped::Scoped<tokio[2fe2756910d70000]::runtime::scheduler::Context>>::set::<<tokio[2fe2756910d70000]::runtime::scheduler::current_thread::CoreGuard>::enter<<tokio[2fe2756910d70000]::runtime::scheduler::current_thread::CoreGuard>::block_on<core[6883ba1bc0fe4ed1]::pin::Pin<&mut core[6883ba1bc0fe4ed1]::pin::Pin<alloc[55a36b64bcbf2c0d]::boxed::Box<sqlx_core[a4ded4f324f5d8f9]::testing::run_test<sqlx_postgres[f91b3d724d6dd0d8]::database::Postgres, sqlx_core[a4ded4f324f5d8f9]::testing::run_test_with_pool<sqlx_postgres[f91b3d724d6dd0d8]::database::Postgres, fn(sqlx_core[a4ded4f324f5d8f9]::pool::Pool<sqlx_postgres[f91b3d724d6dd0d8]::database::Postgres>) -> bae_common[6b1c1c741e6975]::database::tests::tags_test::tags_test::{closure#0}, bae_common[6b1c1c741e6975]::database::tests::tags_test::tags_test::{closure#0}>::{closure#0}, sqlx_core[a4ded4f324f5d8f9]::testing::run_test_with_pool<sqlx_postgres[f91b3d724d6dd0d8]::database::Postgres, fn(sqlx_core[a4ded4f324f5d8f9]::pool::Pool<sqlx_postgres[f91b3d724d6dd0d8]::database::Postgres>) -> bae_common[6b1c1c741e6975]::database::tests::tags_test::tags_test::{closure#0}, bae_common[6b1c1c741e6975]::database::tests::tags_test::tags_test::{closure#0}>::{closure#0}::{closure#0}>::{closure#0}>>>>::{closure#0}, core[6883ba1bc0fe4ed1]::option::Option<core[6883ba1bc0fe4ed1]::result::Result<(), bae_common[6b1c1c741e6975]::database::Error>>>::{closure#0}, (alloc[55a36b64bcbf2c0d]::boxed::Box<tokio[2fe2756910d70000]::runtime::scheduler::current_thread::Core>, core[6883ba1bc0fe4ed1]::option::Option<core[6883ba1bc0fe4ed1]::result::Result<(), bae_common[6b1c1c741e6975]::database::Error>>)>
[INFO] [stdout]                                at /opt/rustwide/cargo-home/registry/src/index.crates.io-1949cf8c6b5b557f/tokio-1.41.0/src/runtime/context/scoped.rs:40:9
[INFO] [stdout]   35:     0x56b8586ddaca - tokio[2fe2756910d70000]::runtime::context::set_scheduler::<(alloc[55a36b64bcbf2c0d]::boxed::Box<tokio[2fe2756910d70000]::runtime::scheduler::current_thread::Core>, core[6883ba1bc0fe4ed1]::option::Option<core[6883ba1bc0fe4ed1]::result::Result<(), bae_common[6b1c1c741e6975]::database::Error>>), <tokio[2fe2756910d70000]::runtime::scheduler::current_thread::CoreGuard>::enter<<tokio[2fe2756910d70000]::runtime::scheduler::current_thread::CoreGuard>::block_on<core[6883ba1bc0fe4ed1]::pin::Pin<&mut core[6883ba1bc0fe4ed1]::pin::Pin<alloc[55a36b64bcbf2c0d]::boxed::Box<sqlx_core[a4ded4f324f5d8f9]::testing::run_test<sqlx_postgres[f91b3d724d6dd0d8]::database::Postgres, sqlx_core[a4ded4f324f5d8f9]::testing::run_test_with_pool<sqlx_postgres[f91b3d724d6dd0d8]::database::Postgres, fn(sqlx_core[a4ded4f324f5d8f9]::pool::Pool<sqlx_postgres[f91b3d724d6dd0d8]::database::Postgres>) -> bae_common[6b1c1c741e6975]::database::tests::tags_test::tags_test::{closure#0}, bae_common[6b1c1c741e6975]::database::tests::tags_test::tags_test::{closure#0}>::{closure#0}, sqlx_core[a4ded4f324f5d8f9]::testing::run_test_with_pool<sqlx_postgres[f91b3d724d6dd0d8]::database::Postgres, fn(sqlx_core[a4ded4f324f5d8f9]::pool::Pool<sqlx_postgres[f91b3d724d6dd0d8]::database::Postgres>) -> bae_common[6b1c1c741e6975]::database::tests::tags_test::tags_test::{closure#0}, bae_common[6b1c1c741e6975]::database::tests::tags_test::tags_test::{closure#0}>::{closure#0}::{closure#0}>::{closure#0}>>>>::{closure#0}, core[6883ba1bc0fe4ed1]::option::Option<core[6883ba1bc0fe4ed1]::result::Result<(), bae_common[6b1c1c741e6975]::database::Error>>>::{closure#0}>::{closure#0}
[INFO] [stdout]                                at /opt/rustwide/cargo-home/registry/src/index.crates.io-1949cf8c6b5b557f/tokio-1.41.0/src/runtime/context.rs:180:38
[INFO] [stdout]   36:     0x56b8587081b8 - <std[73adb7dc35730857]::thread::local::LocalKey<tokio[2fe2756910d70000]::runtime::context::Context>>::try_with::<tokio[2fe2756910d70000]::runtime::context::set_scheduler<(alloc[55a36b64bcbf2c0d]::boxed::Box<tokio[2fe2756910d70000]::runtime::scheduler::current_thread::Core>, core[6883ba1bc0fe4ed1]::option::Option<core[6883ba1bc0fe4ed1]::result::Result<(), bae_common[6b1c1c741e6975]::database::Error>>), <tokio[2fe2756910d70000]::runtime::scheduler::current_thread::CoreGuard>::enter<<tokio[2fe2756910d70000]::runtime::scheduler::current_thread::CoreGuard>::block_on<core[6883ba1bc0fe4ed1]::pin::Pin<&mut core[6883ba1bc0fe4ed1]::pin::Pin<alloc[55a36b64bcbf2c0d]::boxed::Box<sqlx_core[a4ded4f324f5d8f9]::testing::run_test<sqlx_postgres[f91b3d724d6dd0d8]::database::Postgres, sqlx_core[a4ded4f324f5d8f9]::testing::run_test_with_pool<sqlx_postgres[f91b3d724d6dd0d8]::database::Postgres, fn(sqlx_core[a4ded4f324f5d8f9]::pool::Pool<sqlx_postgres[f91b3d724d6dd0d8]::database::Postgres>) -> bae_common[6b1c1c741e6975]::database::tests::tags_test::tags_test::{closure#0}, bae_common[6b1c1c741e6975]::database::tests::tags_test::tags_test::{closure#0}>::{closure#0}, sqlx_core[a4ded4f324f5d8f9]::testing::run_test_with_pool<sqlx_postgres[f91b3d724d6dd0d8]::database::Postgres, fn(sqlx_core[a4ded4f324f5d8f9]::pool::Pool<sqlx_postgres[f91b3d724d6dd0d8]::database::Postgres>) -> bae_common[6b1c1c741e6975]::database::tests::tags_test::tags_test::{closure#0}, bae_common[6b1c1c741e6975]::database::tests::tags_test::tags_test::{closure#0}>::{closure#0}::{closure#0}>::{closure#0}>>>>::{closure#0}, core[6883ba1bc0fe4ed1]::option::Option<core[6883ba1bc0fe4ed1]::result::Result<(), bae_common[6b1c1c741e6975]::database::Error>>>::{closure#0}>::{closure#0}, (alloc[55a36b64bcbf2c0d]::boxed::Box<tokio[2fe2756910d70000]::runtime::scheduler::current_thread::Core>, core[6883ba1bc0fe4ed1]::option::Option<core[6883ba1bc0fe4ed1]::result::Result<(), bae_common[6b1c1c741e6975]::database::Error>>)>
[INFO] [stdout]                                at /rustc/6b3fa26749ab40e159b2dd5cf577acaaf5902772/library/std/src/thread/local.rs:463:12
[INFO] [stdout]   37:     0x56b85870766d - <std[73adb7dc35730857]::thread::local::LocalKey<tokio[2fe2756910d70000]::runtime::context::Context>>::with::<tokio[2fe2756910d70000]::runtime::context::set_scheduler<(alloc[55a36b64bcbf2c0d]::boxed::Box<tokio[2fe2756910d70000]::runtime::scheduler::current_thread::Core>, core[6883ba1bc0fe4ed1]::option::Option<core[6883ba1bc0fe4ed1]::result::Result<(), bae_common[6b1c1c741e6975]::database::Error>>), <tokio[2fe2756910d70000]::runtime::scheduler::current_thread::CoreGuard>::enter<<tokio[2fe2756910d70000]::runtime::scheduler::current_thread::CoreGuard>::block_on<core[6883ba1bc0fe4ed1]::pin::Pin<&mut core[6883ba1bc0fe4ed1]::pin::Pin<alloc[55a36b64bcbf2c0d]::boxed::Box<sqlx_core[a4ded4f324f5d8f9]::testing::run_test<sqlx_postgres[f91b3d724d6dd0d8]::database::Postgres, sqlx_core[a4ded4f324f5d8f9]::testing::run_test_with_pool<sqlx_postgres[f91b3d724d6dd0d8]::database::Postgres, fn(sqlx_core[a4ded4f324f5d8f9]::pool::Pool<sqlx_postgres[f91b3d724d6dd0d8]::database::Postgres>) -> bae_common[6b1c1c741e6975]::database::tests::tags_test::tags_test::{closure#0}, bae_common[6b1c1c741e6975]::database::tests::tags_test::tags_test::{closure#0}>::{closure#0}, sqlx_core[a4ded4f324f5d8f9]::testing::run_test_with_pool<sqlx_postgres[f91b3d724d6dd0d8]::database::Postgres, fn(sqlx_core[a4ded4f324f5d8f9]::pool::Pool<sqlx_postgres[f91b3d724d6dd0d8]::database::Postgres>) -> bae_common[6b1c1c741e6975]::database::tests::tags_test::tags_test::{closure#0}, bae_common[6b1c1c741e6975]::database::tests::tags_test::tags_test::{closure#0}>::{closure#0}::{closure#0}>::{closure#0}>>>>::{closure#0}, core[6883ba1bc0fe4ed1]::option::Option<core[6883ba1bc0fe4ed1]::result::Result<(), bae_common[6b1c1c741e6975]::database::Error>>>::{closure#0}>::{closure#0}, (alloc[55a36b64bcbf2c0d]::boxed::Box<tokio[2fe2756910d70000]::runtime::scheduler::current_thread::Core>, core[6883ba1bc0fe4ed1]::option::Option<core[6883ba1bc0fe4ed1]::result::Result<(), bae_common[6b1c1c741e6975]::database::Error>>)>
[INFO] [stdout]                                at /rustc/6b3fa26749ab40e159b2dd5cf577acaaf5902772/library/std/src/thread/local.rs:427:20
[INFO] [stdout]   38:     0x56b8586dad31 - tokio[2fe2756910d70000]::runtime::context::set_scheduler::<(alloc[55a36b64bcbf2c0d]::boxed::Box<tokio[2fe2756910d70000]::runtime::scheduler::current_thread::Core>, core[6883ba1bc0fe4ed1]::option::Option<core[6883ba1bc0fe4ed1]::result::Result<(), bae_common[6b1c1c741e6975]::database::Error>>), <tokio[2fe2756910d70000]::runtime::scheduler::current_thread::CoreGuard>::enter<<tokio[2fe2756910d70000]::runtime::scheduler::current_thread::CoreGuard>::block_on<core[6883ba1bc0fe4ed1]::pin::Pin<&mut core[6883ba1bc0fe4ed1]::pin::Pin<alloc[55a36b64bcbf2c0d]::boxed::Box<sqlx_core[a4ded4f324f5d8f9]::testing::run_test<sqlx_postgres[f91b3d724d6dd0d8]::database::Postgres, sqlx_core[a4ded4f324f5d8f9]::testing::run_test_with_pool<sqlx_postgres[f91b3d724d6dd0d8]::database::Postgres, fn(sqlx_core[a4ded4f324f5d8f9]::pool::Pool<sqlx_postgres[f91b3d724d6dd0d8]::database::Postgres>) -> bae_common[6b1c1c741e6975]::database::tests::tags_test::tags_test::{closure#0}, bae_common[6b1c1c741e6975]::database::tests::tags_test::tags_test::{closure#0}>::{closure#0}, sqlx_core[a4ded4f324f5d8f9]::testing::run_test_with_pool<sqlx_postgres[f91b3d724d6dd0d8]::database::Postgres, fn(sqlx_core[a4ded4f324f5d8f9]::pool::Pool<sqlx_postgres[f91b3d724d6dd0d8]::database::Postgres>) -> bae_common[6b1c1c741e6975]::database::tests::tags_test::tags_test::{closure#0}, bae_common[6b1c1c741e6975]::database::tests::tags_test::tags_test::{closure#0}>::{closure#0}::{closure#0}>::{closure#0}>>>>::{closure#0}, core[6883ba1bc0fe4ed1]::option::Option<core[6883ba1bc0fe4ed1]::result::Result<(), bae_common[6b1c1c741e6975]::database::Error>>>::{closure#0}>
[INFO] [stdout]                                at /opt/rustwide/cargo-home/registry/src/index.crates.io-1949cf8c6b5b557f/tokio-1.41.0/src/runtime/context.rs:180:17
[INFO] [stdout]   39:     0x56b8586a8e6e - <tokio[2fe2756910d70000]::runtime::scheduler::current_thread::CoreGuard>::enter::<<tokio[2fe2756910d70000]::runtime::scheduler::current_thread::CoreGuard>::block_on<core[6883ba1bc0fe4ed1]::pin::Pin<&mut core[6883ba1bc0fe4ed1]::pin::Pin<alloc[55a36b64bcbf2c0d]::boxed::Box<sqlx_core[a4ded4f324f5d8f9]::testing::run_test<sqlx_postgres[f91b3d724d6dd0d8]::database::Postgres, sqlx_core[a4ded4f324f5d8f9]::testing::run_test_with_pool<sqlx_postgres[f91b3d724d6dd0d8]::database::Postgres, fn(sqlx_core[a4ded4f324f5d8f9]::pool::Pool<sqlx_postgres[f91b3d724d6dd0d8]::database::Postgres>) -> bae_common[6b1c1c741e6975]::database::tests::tags_test::tags_test::{closure#0}, bae_common[6b1c1c741e6975]::database::tests::tags_test::tags_test::{closure#0}>::{closure#0}, sqlx_core[a4ded4f324f5d8f9]::testing::run_test_with_pool<sqlx_postgres[f91b3d724d6dd0d8]::database::Postgres, fn(sqlx_core[a4ded4f324f5d8f9]::pool::Pool<sqlx_postgres[f91b3d724d6dd0d8]::database::Postgres>) -> bae_common[6b1c1c741e6975]::database::tests::tags_test::tags_test::{closure#0}, bae_common[6b1c1c741e6975]::database::tests::tags_test::tags_test::{closure#0}>::{closure#0}::{closure#0}>::{closure#0}>>>>::{closure#0}, core[6883ba1bc0fe4ed1]::option::Option<core[6883ba1bc0fe4ed1]::result::Result<(), bae_common[6b1c1c741e6975]::database::Error>>>
[INFO] [stdout]                                at /opt/rustwide/cargo-home/registry/src/index.crates.io-1949cf8c6b5b557f/tokio-1.41.0/src/runtime/scheduler/current_thread/mod.rs:807:27
[INFO] [stdout]   40:     0x56b8586a9f82 - <tokio[2fe2756910d70000]::runtime::scheduler::current_thread::CoreGuard>::block_on::<core[6883ba1bc0fe4ed1]::pin::Pin<&mut core[6883ba1bc0fe4ed1]::pin::Pin<alloc[55a36b64bcbf2c0d]::boxed::Box<sqlx_core[a4ded4f324f5d8f9]::testing::run_test<sqlx_postgres[f91b3d724d6dd0d8]::database::Postgres, sqlx_core[a4ded4f324f5d8f9]::testing::run_test_with_pool<sqlx_postgres[f91b3d724d6dd0d8]::database::Postgres, fn(sqlx_core[a4ded4f324f5d8f9]::pool::Pool<sqlx_postgres[f91b3d724d6dd0d8]::database::Postgres>) -> bae_common[6b1c1c741e6975]::database::tests::tags_test::tags_test::{closure#0}, bae_common[6b1c1c741e6975]::database::tests::tags_test::tags_test::{closure#0}>::{closure#0}, sqlx_core[a4ded4f324f5d8f9]::testing::run_test_with_pool<sqlx_postgres[f91b3d724d6dd0d8]::database::Postgres, fn(sqlx_core[a4ded4f324f5d8f9]::pool::Pool<sqlx_postgres[f91b3d724d6dd0d8]::database::Postgres>) -> bae_common[6b1c1c741e6975]::database::tests::tags_test::tags_test::{closure#0}, bae_common[6b1c1c741e6975]::database::tests::tags_test::tags_test::{closure#0}>::{closure#0}::{closure#0}>::{closure#0}>>>>
[INFO] [stdout]                                at /opt/rustwide/cargo-home/registry/src/index.crates.io-1949cf8c6b5b557f/tokio-1.41.0/src/runtime/scheduler/current_thread/mod.rs:716:24
[INFO] [stdout]   41:     0x56b8586aab72 - <tokio[2fe2756910d70000]::runtime::scheduler::current_thread::CurrentThread>::block_on::<core[6883ba1bc0fe4ed1]::pin::Pin<alloc[55a36b64bcbf2c0d]::boxed::Box<sqlx_core[a4ded4f324f5d8f9]::testing::run_test<sqlx_postgres[f91b3d724d6dd0d8]::database::Postgres, sqlx_core[a4ded4f324f5d8f9]::testing::run_test_with_pool<sqlx_postgres[f91b3d724d6dd0d8]::database::Postgres, fn(sqlx_core[a4ded4f324f5d8f9]::pool::Pool<sqlx_postgres[f91b3d724d6dd0d8]::database::Postgres>) -> bae_common[6b1c1c741e6975]::database::tests::tags_test::tags_test::{closure#0}, bae_common[6b1c1c741e6975]::database::tests::tags_test::tags_test::{closure#0}>::{closure#0}, sqlx_core[a4ded4f324f5d8f9]::testing::run_test_with_pool<sqlx_postgres[f91b3d724d6dd0d8]::database::Postgres, fn(sqlx_core[a4ded4f324f5d8f9]::pool::Pool<sqlx_postgres[f91b3d724d6dd0d8]::database::Postgres>) -> bae_common[6b1c1c741e6975]::database::tests::tags_test::tags_test::{closure#0}, bae_common[6b1c1c741e6975]::database::tests::tags_test::tags_test::{closure#0}>::{closure#0}::{closure#0}>::{closure#0}>>>::{closure#0}
[INFO] [stdout]                                at /opt/rustwide/cargo-home/registry/src/index.crates.io-1949cf8c6b5b557f/tokio-1.41.0/src/runtime/scheduler/current_thread/mod.rs:196:33
[INFO] [stdout]   42:     0x56b8586f751a - tokio[2fe2756910d70000]::runtime::context::runtime::enter_runtime::<<tokio[2fe2756910d70000]::runtime::scheduler::current_thread::CurrentThread>::block_on<core[6883ba1bc0fe4ed1]::pin::Pin<alloc[55a36b64bcbf2c0d]::boxed::Box<sqlx_core[a4ded4f324f5d8f9]::testing::run_test<sqlx_postgres[f91b3d724d6dd0d8]::database::Postgres, sqlx_core[a4ded4f324f5d8f9]::testing::run_test_with_pool<sqlx_postgres[f91b3d724d6dd0d8]::database::Postgres, fn(sqlx_core[a4ded4f324f5d8f9]::pool::Pool<sqlx_postgres[f91b3d724d6dd0d8]::database::Postgres>) -> bae_common[6b1c1c741e6975]::database::tests::tags_test::tags_test::{closure#0}, bae_common[6b1c1c741e6975]::database::tests::tags_test::tags_test::{closure#0}>::{closure#0}, sqlx_core[a4ded4f324f5d8f9]::testing::run_test_with_pool<sqlx_postgres[f91b3d724d6dd0d8]::database::Postgres, fn(sqlx_core[a4ded4f324f5d8f9]::pool::Pool<sqlx_postgres[f91b3d724d6dd0d8]::database::Postgres>) -> bae_common[6b1c1c741e6975]::database::tests::tags_test::tags_test::{closure#0}, bae_common[6b1c1c741e6975]::database::tests::tags_test::tags_test::{closure#0}>::{closure#0}::{closure#0}>::{closure#0}>>>::{closure#0}, core[6883ba1bc0fe4ed1]::result::Result<(), bae_common[6b1c1c741e6975]::database::Error>>
[INFO] [stdout]                                at /opt/rustwide/cargo-home/registry/src/index.crates.io-1949cf8c6b5b557f/tokio-1.41.0/src/runtime/context/runtime.rs:65:16
[INFO] [stdout]   43:     0x56b8586a5028 - <tokio[2fe2756910d70000]::runtime::scheduler::current_thread::CurrentThread>::block_on::<core[6883ba1bc0fe4ed1]::pin::Pin<alloc[55a36b64bcbf2c0d]::boxed::Box<sqlx_core[a4ded4f324f5d8f9]::testing::run_test<sqlx_postgres[f91b3d724d6dd0d8]::database::Postgres, sqlx_core[a4ded4f324f5d8f9]::testing::run_test_with_pool<sqlx_postgres[f91b3d724d6dd0d8]::database::Postgres, fn(sqlx_core[a4ded4f324f5d8f9]::pool::Pool<sqlx_postgres[f91b3d724d6dd0d8]::database::Postgres>) -> bae_common[6b1c1c741e6975]::database::tests::tags_test::tags_test::{closure#0}, bae_common[6b1c1c741e6975]::database::tests::tags_test::tags_test::{closure#0}>::{closure#0}, sqlx_core[a4ded4f324f5d8f9]::testing::run_test_with_pool<sqlx_postgres[f91b3d724d6dd0d8]::database::Postgres, fn(sqlx_core[a4ded4f324f5d8f9]::pool::Pool<sqlx_postgres[f91b3d724d6dd0d8]::database::Postgres>) -> bae_common[6b1c1c741e6975]::database::tests::tags_test::tags_test::{closure#0}, bae_common[6b1c1c741e6975]::database::tests::tags_test::tags_test::{closure#0}>::{closure#0}::{closure#0}>::{closure#0}>>>
[INFO] [stdout]                                at /opt/rustwide/cargo-home/registry/src/index.crates.io-1949cf8c6b5b557f/tokio-1.41.0/src/runtime/scheduler/current_thread/mod.rs:184:9
[INFO] [stdout]   44:     0x56b8586f54d1 - <tokio[2fe2756910d70000]::runtime::runtime::Runtime>::block_on_inner::<core[6883ba1bc0fe4ed1]::pin::Pin<alloc[55a36b64bcbf2c0d]::boxed::Box<sqlx_core[a4ded4f324f5d8f9]::testing::run_test<sqlx_postgres[f91b3d724d6dd0d8]::database::Postgres, sqlx_core[a4ded4f324f5d8f9]::testing::run_test_with_pool<sqlx_postgres[f91b3d724d6dd0d8]::database::Postgres, fn(sqlx_core[a4ded4f324f5d8f9]::pool::Pool<sqlx_postgres[f91b3d724d6dd0d8]::database::Postgres>) -> bae_common[6b1c1c741e6975]::database::tests::tags_test::tags_test::{closure#0}, bae_common[6b1c1c741e6975]::database::tests::tags_test::tags_test::{closure#0}>::{closure#0}, sqlx_core[a4ded4f324f5d8f9]::testing::run_test_with_pool<sqlx_postgres[f91b3d724d6dd0d8]::database::Postgres, fn(sqlx_core[a4ded4f324f5d8f9]::pool::Pool<sqlx_postgres[f91b3d724d6dd0d8]::database::Postgres>) -> bae_common[6b1c1c741e6975]::database::tests::tags_test::tags_test::{closure#0}, bae_common[6b1c1c741e6975]::database::tests::tags_test::tags_test::{closure#0}>::{closure#0}::{closure#0}>::{closure#0}>>>
[INFO] [stdout]                                at /opt/rustwide/cargo-home/registry/src/index.crates.io-1949cf8c6b5b557f/tokio-1.41.0/src/runtime/runtime.rs:368:52
[INFO] [stdout]   45:     0x56b8586f6309 - <tokio[2fe2756910d70000]::runtime::runtime::Runtime>::block_on::<sqlx_core[a4ded4f324f5d8f9]::testing::run_test<sqlx_postgres[f91b3d724d6dd0d8]::database::Postgres, sqlx_core[a4ded4f324f5d8f9]::testing::run_test_with_pool<sqlx_postgres[f91b3d724d6dd0d8]::database::Postgres, fn(sqlx_core[a4ded4f324f5d8f9]::pool::Pool<sqlx_postgres[f91b3d724d6dd0d8]::database::Postgres>) -> bae_common[6b1c1c741e6975]::database::tests::tags_test::tags_test::{closure#0}, bae_common[6b1c1c741e6975]::database::tests::tags_test::tags_test::{closure#0}>::{closure#0}, sqlx_core[a4ded4f324f5d8f9]::testing::run_test_with_pool<sqlx_postgres[f91b3d724d6dd0d8]::database::Postgres, fn(sqlx_core[a4ded4f324f5d8f9]::pool::Pool<sqlx_postgres[f91b3d724d6dd0d8]::database::Postgres>) -> bae_common[6b1c1c741e6975]::database::tests::tags_test::tags_test::{closure#0}, bae_common[6b1c1c741e6975]::database::tests::tags_test::tags_test::{closure#0}>::{closure#0}::{closure#0}>::{closure#0}>
[INFO] [stdout]                                at /opt/rustwide/cargo-home/registry/src/index.crates.io-1949cf8c6b5b557f/tokio-1.41.0/src/runtime/runtime.rs:340:18
[INFO] [stdout]   46:     0x56b8586fd2e3 - sqlx_core[a4ded4f324f5d8f9]::rt::test_block_on::<sqlx_core[a4ded4f324f5d8f9]::testing::run_test<sqlx_postgres[f91b3d724d6dd0d8]::database::Postgres, sqlx_core[a4ded4f324f5d8f9]::testing::run_test_with_pool<sqlx_postgres[f91b3d724d6dd0d8]::database::Postgres, fn(sqlx_core[a4ded4f324f5d8f9]::pool::Pool<sqlx_postgres[f91b3d724d6dd0d8]::database::Postgres>) -> bae_common[6b1c1c741e6975]::database::tests::tags_test::tags_test::{closure#0}, bae_common[6b1c1c741e6975]::database::tests::tags_test::tags_test::{closure#0}>::{closure#0}, sqlx_core[a4ded4f324f5d8f9]::testing::run_test_with_pool<sqlx_postgres[f91b3d724d6dd0d8]::database::Postgres, fn(sqlx_core[a4ded4f324f5d8f9]::pool::Pool<sqlx_postgres[f91b3d724d6dd0d8]::database::Postgres>) -> bae_common[6b1c1c741e6975]::database::tests::tags_test::tags_test::{closure#0}, bae_common[6b1c1c741e6975]::database::tests::tags_test::tags_test::{closure#0}>::{closure#0}::{closure#0}>::{closure#0}>
[INFO] [stdout]                                at /opt/rustwide/cargo-home/registry/src/index.crates.io-1949cf8c6b5b557f/sqlx-core-0.8.2/src/rt/mod.rs:123:14
[INFO] [stdout]   47:     0x56b8586cf358 - sqlx_core[a4ded4f324f5d8f9]::testing::run_test::<sqlx_postgres[f91b3d724d6dd0d8]::database::Postgres, sqlx_core[a4ded4f324f5d8f9]::testing::run_test_with_pool<sqlx_postgres[f91b3d724d6dd0d8]::database::Postgres, fn(sqlx_core[a4ded4f324f5d8f9]::pool::Pool<sqlx_postgres[f91b3d724d6dd0d8]::database::Postgres>) -> bae_common[6b1c1c741e6975]::database::tests::tags_test::tags_test::{closure#0}, bae_common[6b1c1c741e6975]::database::tests::tags_test::tags_test::{closure#0}>::{closure#0}, sqlx_core[a4ded4f324f5d8f9]::testing::run_test_with_pool<sqlx_postgres[f91b3d724d6dd0d8]::database::Postgres, fn(sqlx_core[a4ded4f324f5d8f9]::pool::Pool<sqlx_postgres[f91b3d724d6dd0d8]::database::Postgres>) -> bae_common[6b1c1c741e6975]::database::tests::tags_test::tags_test::{closure#0}, bae_common[6b1c1c741e6975]::database::tests::tags_test::tags_test::{closure#0}>::{closure#0}::{closure#0}>
[INFO] [stdout]                                at /opt/rustwide/cargo-home/registry/src/index.crates.io-1949cf8c6b5b557f/sqlx-core-0.8.2/src/testing/mod.rs:210:5
[INFO] [stdout]   48:     0x56b8586cf17f - sqlx_core[a4ded4f324f5d8f9]::testing::run_test_with_pool::<sqlx_postgres[f91b3d724d6dd0d8]::database::Postgres, fn(sqlx_core[a4ded4f324f5d8f9]::pool::Pool<sqlx_postgres[f91b3d724d6dd0d8]::database::Postgres>) -> bae_common[6b1c1c741e6975]::database::tests::tags_test::tags_test::{closure#0}, bae_common[6b1c1c741e6975]::database::tests::tags_test::tags_test::{closure#0}>
[INFO] [stdout]                                at /opt/rustwide/cargo-home/registry/src/index.crates.io-1949cf8c6b5b557f/sqlx-core-0.8.2/src/testing/mod.rs:181:5
[INFO] [stdout]   49:     0x56b8586d4e38 - <fn(sqlx_core[a4ded4f324f5d8f9]::pool::Pool<sqlx_postgres[f91b3d724d6dd0d8]::database::Postgres>) -> bae_common[6b1c1c741e6975]::database::tests::tags_test::tags_test::{closure#0} as sqlx_core[a4ded4f324f5d8f9]::testing::TestFn>::run_test
[INFO] [stdout]                                at /opt/rustwide/cargo-home/registry/src/index.crates.io-1949cf8c6b5b557f/sqlx-core-0.8.2/src/testing/mod.rs:84:9
[INFO] [stdout]   50:     0x56b8586ef1ec - bae_common[6b1c1c741e6975]::database::tests::tags_test
[INFO] [stdout]                                at /opt/rustwide/workdir/bae-common/src/database.rs:571:5
[INFO] [stdout]   51:     0x56b8586ea1fd - bae_common[6b1c1c741e6975]::database::tests::tags_test::{closure#0}
[INFO] [stdout]                                at /opt/rustwide/workdir/bae-common/src/database.rs:572:41
[INFO] [stdout]   52:     0x56b8586bd6d6 - <bae_common[6b1c1c741e6975]::database::tests::tags_test::{closure#0} as core[6883ba1bc0fe4ed1]::ops::function::FnOnce<()>>::call_once
[INFO] [stdout]                                at /rustc/6b3fa26749ab40e159b2dd5cf577acaaf5902772/library/core/src/ops/function.rs:250:5
[INFO] [stdout]   53:     0x56b85870ca0b - <fn() -> core[6883ba1bc0fe4ed1]::result::Result<(), alloc[55a36b64bcbf2c0d]::string::String> as core[6883ba1bc0fe4ed1]::ops::function::FnOnce<()>>::call_once
[INFO] [stdout]                                at /rustc/6b3fa26749ab40e159b2dd5cf577acaaf5902772/library/core/src/ops/function.rs:250:5
[INFO] [stdout]   54:     0x56b85870ca0b - test[980ffaebd391d06d]::__rust_begin_short_backtrace::<core[6883ba1bc0fe4ed1]::result::Result<(), alloc[55a36b64bcbf2c0d]::string::String>, fn() -> core[6883ba1bc0fe4ed1]::result::Result<(), alloc[55a36b64bcbf2c0d]::string::String>>
[INFO] [stdout]                                at /rustc/6b3fa26749ab40e159b2dd5cf577acaaf5902772/library/test/src/lib.rs:724:18
[INFO] [stdout]   55:     0x56b85871a055 - test[980ffaebd391d06d]::run_test_in_process::{closure#0}
[INFO] [stdout]                                at /rustc/6b3fa26749ab40e159b2dd5cf577acaaf5902772/library/test/src/lib.rs:747:74
[INFO] [stdout]   56:     0x56b85871a055 - <core[6883ba1bc0fe4ed1]::panic::unwind_safe::AssertUnwindSafe<test[980ffaebd391d06d]::run_test_in_process::{closure#0}> as core[6883ba1bc0fe4ed1]::ops::function::FnOnce<()>>::call_once
[INFO] [stdout]                                at /rustc/6b3fa26749ab40e159b2dd5cf577acaaf5902772/library/core/src/panic/unwind_safe.rs:275:9
[INFO] [stdout]   57:     0x56b85871a055 - std[73adb7dc35730857]::panicking::catch_unwind::do_call::<core[6883ba1bc0fe4ed1]::panic::unwind_safe::AssertUnwindSafe<test[980ffaebd391d06d]::run_test_in_process::{closure#0}>, core[6883ba1bc0fe4ed1]::result::Result<(), alloc[55a36b64bcbf2c0d]::string::String>>
[INFO] [stdout]                                at /rustc/6b3fa26749ab40e159b2dd5cf577acaaf5902772/library/std/src/panicking.rs:576:43
[INFO] [stdout]   58:     0x56b85871a055 - std[73adb7dc35730857]::panicking::catch_unwind::<core[6883ba1bc0fe4ed1]::result::Result<(), alloc[55a36b64bcbf2c0d]::string::String>, core[6883ba1bc0fe4ed1]::panic::unwind_safe::AssertUnwindSafe<test[980ffaebd391d06d]::run_test_in_process::{closure#0}>>
[INFO] [stdout]                                at /rustc/6b3fa26749ab40e159b2dd5cf577acaaf5902772/library/std/src/panicking.rs:544:19
[INFO] [stdout]   59:     0x56b85871a055 - std[73adb7dc35730857]::panic::catch_unwind::<core[6883ba1bc0fe4ed1]::panic::unwind_safe::AssertUnwindSafe<test[980ffaebd391d06d]::run_test_in_process::{closure#0}>, core[6883ba1bc0fe4ed1]::result::Result<(), alloc[55a36b64bcbf2c0d]::string::String>>
[INFO] [stdout]                                at /rustc/6b3fa26749ab40e159b2dd5cf577acaaf5902772/library/std/src/panic.rs:359:14
[INFO] [stdout]   60:     0x56b85871a055 - test[980ffaebd391d06d]::run_test_in_process
[INFO] [stdout]                                at /rustc/6b3fa26749ab40e159b2dd5cf577acaaf5902772/library/test/src/lib.rs:747:27
[INFO] [stdout]   61:     0x56b85871a055 - test[980ffaebd391d06d]::run_test::{closure#0}
[INFO] [stdout]                                at /rustc/6b3fa26749ab40e159b2dd5cf577acaaf5902772/library/test/src/lib.rs:668:43
[INFO] [stdout]   62:     0x56b858714b04 - test[980ffaebd391d06d]::run_test::{closure#1}
[INFO] [stdout]                                at /rustc/6b3fa26749ab40e159b2dd5cf577acaaf5902772/library/test/src/lib.rs:698:41
[INFO] [stdout]   63:     0x56b858714b04 - std[73adb7dc35730857]::sys::backtrace::__rust_begin_short_backtrace::<test[980ffaebd391d06d]::run_test::{closure#1}, ()>
[INFO] [stdout]                                at /rustc/6b3fa26749ab40e159b2dd5cf577acaaf5902772/library/std/src/sys/backtrace.rs:166:18
[INFO] [stdout]   64:     0x56b85871d1a2 - std[73adb7dc35730857]::thread::lifecycle::spawn_unchecked::<test[980ffaebd391d06d]::run_test::{closure#1}, ()>::{closure#1}::{closure#0}
[INFO] [stdout]                                at /rustc/6b3fa26749ab40e159b2dd5cf577acaaf5902772/library/std/src/thread/lifecycle.rs:70:13
[INFO] [stdout]   65:     0x56b85871d1a2 - <core[6883ba1bc0fe4ed1]::panic::unwind_safe::AssertUnwindSafe<std[73adb7dc35730857]::thread::lifecycle::spawn_unchecked<test[980ffaebd391d06d]::run_test::{closure#1}, ()>::{closure#1}::{closure#0}> as core[6883ba1bc0fe4ed1]::ops::function::FnOnce<()>>::call_once
[INFO] [stdout]                                at /rustc/6b3fa26749ab40e159b2dd5cf577acaaf5902772/library/core/src/panic/unwind_safe.rs:275:9
[INFO] [stdout]   66:     0x56b85871d1a2 - std[73adb7dc35730857]::panicking::catch_unwind::do_call::<core[6883ba1bc0fe4ed1]::panic::unwind_safe::AssertUnwindSafe<std[73adb7dc35730857]::thread::lifecycle::spawn_unchecked<test[980ffaebd391d06d]::run_test::{closure#1}, ()>::{closure#1}::{closure#0}>, ()>
[INFO] [stdout]                                at /rustc/6b3fa26749ab40e159b2dd5cf577acaaf5902772/library/std/src/panicking.rs:576:43
[INFO] [stdout]   67:     0x56b85871d1a2 - std[73adb7dc35730857]::panicking::catch_unwind::<(), core[6883ba1bc0fe4ed1]::panic::unwind_safe::AssertUnwindSafe<std[73adb7dc35730857]::thread::lifecycle::spawn_unchecked<test[980ffaebd391d06d]::run_test::{closure#1}, ()>::{closure#1}::{closure#0}>>
[INFO] [stdout]                                at /rustc/6b3fa26749ab40e159b2dd5cf577acaaf5902772/library/std/src/panicking.rs:544:19
[INFO] [stdout]   68:     0x56b85871d1a2 - std[73adb7dc35730857]::panic::catch_unwind::<core[6883ba1bc0fe4ed1]::panic::unwind_safe::AssertUnwindSafe<std[73adb7dc35730857]::thread::lifecycle::spawn_unchecked<test[980ffaebd391d06d]::run_test::{closure#1}, ()>::{closure#1}::{closure#0}>, ()>
[INFO] [stdout]                                at /rustc/6b3fa26749ab40e159b2dd5cf577acaaf5902772/library/std/src/panic.rs:359:14
[INFO] [stdout]   69:     0x56b85871d1a2 - std[73adb7dc35730857]::thread::lifecycle::spawn_unchecked::<test[980ffaebd391d06d]::run_test::{closure#1}, ()>::{closure#1}
[INFO] [stdout]                                at /rustc/6b3fa26749ab40e159b2dd5cf577acaaf5902772/library/std/src/thread/lifecycle.rs:68:26
[INFO] [stdout]   70:     0x56b85871d1a2 - <std[73adb7dc35730857]::thread::lifecycle::spawn_unchecked<test[980ffaebd391d06d]::run_test::{closure#1}, ()>::{closure#1} as core[6883ba1bc0fe4ed1]::ops::function::FnOnce<()>>::call_once::{shim:vtable#0}
[INFO] [stdout]                                at /rustc/6b3fa26749ab40e159b2dd5cf577acaaf5902772/library/core/src/ops/function.rs:250:5
[INFO] [stdout]   71:     0x56b858adaf5f - <alloc[55a36b64bcbf2c0d]::boxed::Box<dyn core[6883ba1bc0fe4ed1]::ops::function::FnOnce<(), Output = ()> + core[6883ba1bc0fe4ed1]::marker::Send> as core[6883ba1bc0fe4ed1]::ops::function::FnOnce<()>>::call_once
[INFO] [stdout]                                at /rustc/6b3fa26749ab40e159b2dd5cf577acaaf5902772/library/alloc/src/boxed.rs:2319:9
[INFO] [stdout]   72:     0x56b858adaf5f - <std[73adb7dc35730857]::sys::thread::unix::Thread>::new::thread_start
[INFO] [stdout]                                at /rustc/6b3fa26749ab40e159b2dd5cf577acaaf5902772/library/std/src/sys/thread/unix.rs:123:17
[INFO] [stdout]   73:     0x7919ed8b4aa4 - <unknown>
[INFO] [stdout]   74:     0x7919ed941a64 - clone
[INFO] [stdout]   75:                0x0 - <unknown>
[INFO] [stdout] 
[INFO] [stdout] 
[INFO] [stdout] failures:
[INFO] [stdout]     database::tests::get_blog_post_test
[INFO] [stdout]     database::tests::get_blog_posts_test
[INFO] [stdout]     database::tests::tags_test
[INFO] [stdout] 
[INFO] [stdout] test result: FAILED. 1 passed; 3 failed; 0 ignored; 0 measured; 0 filtered out; finished in 0.20s
[INFO] [stdout] 
[INFO] [stderr] error: test failed, to rerun pass `-p bae-common --lib`
[INFO] running `Command { std: "docker" "inspect" "d56a46e8c3bd2f0dc0484f90f6772c82ab102b021c0ab4afffc3d14d4ff8e202", kill_on_drop: false }`
[INFO] running `Command { std: "docker" "rm" "-f" "d56a46e8c3bd2f0dc0484f90f6772c82ab102b021c0ab4afffc3d14d4ff8e202", kill_on_drop: false }`
[INFO] [stdout] d56a46e8c3bd2f0dc0484f90f6772c82ab102b021c0ab4afffc3d14d4ff8e202
