[INFO] cloning repository https://github.com/gingerlifts/opl-data
[INFO] running `Command { std: "git" "-c" "credential.helper=" "-c" "credential.helper=/workspace/cargo-home/bin/git-credential-null" "clone" "--bare" "https://github.com/gingerlifts/opl-data" "/workspace/cache/git-repos/https%3A%2F%2Fgithub.com%2Fgingerlifts%2Fopl-data", kill_on_drop: false }`
[INFO] [stderr] Cloning into bare repository '/workspace/cache/git-repos/https%3A%2F%2Fgithub.com%2Fgingerlifts%2Fopl-data'...
[INFO] running `Command { std: "git" "rev-parse" "HEAD", kill_on_drop: false }`
[INFO] [stdout] 473b4cfc9c2112808491a944ed134629476a907e
[INFO] testing gingerlifts/opl-data against 1.98.0-beta.1 for beta-1.98-2
[INFO] running `Command { std: "git" "clone" "/workspace/cache/git-repos/https%3A%2F%2Fgithub.com%2Fgingerlifts%2Fopl-data" "/workspace/builds/worker-5-tc2/source", kill_on_drop: false }`
[INFO] [stderr] Cloning into '/workspace/builds/worker-5-tc2/source'...
[INFO] [stderr] done.
[INFO] [stderr] Updating files:   5% (8885/166369)
Updating files:   6% (9983/166369)
Updating files:   7% (11646/166369)
Updating files:   8% (13310/166369)
Updating files:   9% (14974/166369)
Updating files:  10% (16637/166369)
Updating files:  10% (17721/166369)
Updating files:  11% (18301/166369)
Updating files:  12% (19965/166369)
Updating files:  13% (21628/166369)
Updating files:  14% (23292/166369)
Updating files:  15% (24956/166369)
Updating files:  16% (26620/166369)
Updating files:  16% (26884/166369)
Updating files:  17% (28283/166369)
Updating files:  18% (29947/166369)
Updating files:  19% (31611/166369)
Updating files:  20% (33274/166369)
Updating files:  21% (34938/166369)
Updating files:  21% (35044/166369)
Updating files:  22% (36602/166369)
Updating files:  23% (38265/166369)
Updating files:  24% (39929/166369)
Updating files:  24% (41229/166369)
Updating files:  25% (41593/166369)
Updating files:  26% (43256/166369)
Updating files:  27% (44920/166369)
Updating files:  28% (46584/166369)
Updating files:  29% (48248/166369)
Updating files:  29% (49687/166369)
Updating files:  30% (49911/166369)
Updating files:  31% (51575/166369)
Updating files:  32% (53239/166369)
Updating files:  33% (54902/166369)
Updating files:  34% (56566/166369)
Updating files:  34% (57988/166369)
Updating files:  35% (58230/166369)
Updating files:  36% (59893/166369)
Updating files:  37% (61557/166369)
Updating files:  38% (63221/166369)
Updating files:  39% (64884/166369)
Updating files:  40% (66548/166369)
Updating files:  40% (66632/166369)
Updating files:  41% (68212/166369)
Updating files:  42% (69875/166369)
Updating files:  43% (71539/166369)
Updating files:  44% (73203/166369)
Updating files:  45% (74867/166369)
Updating files:  46% (76530/166369)
Updating files:  46% (77245/166369)
Updating files:  47% (78194/166369)
Updating files:  48% (79858/166369)
Updating files:  49% (81521/166369)
Updating files:  50% (83185/166369)
Updating files:  51% (84849/166369)
Updating files:  52% (86512/166369)
Updating files:  52% (87269/166369)
Updating files:  53% (88176/166369)
Updating files:  54% (89840/166369)
Updating files:  55% (91503/166369)
Updating files:  56% (93167/166369)
Updating files:  57% (94831/166369)
Updating files:  58% (96495/166369)
Updating files:  58% (96528/166369)
Updating files:  59% (98158/166369)
Updating files:  60% (99822/166369)
Updating files:  61% (101486/166369)
Updating files:  62% (103149/166369)
Updating files:  63% (104813/166369)
Updating files:  63% (106427/166369)
Updating files:  64% (106477/166369)
Updating files:  65% (108140/166369)
Updating files:  66% (109804/166369)
Updating files:  67% (111468/166369)
Updating files:  68% (113131/166369)
Updating files:  69% (114795/166369)
Updating files:  69% (115809/166369)
Updating files:  70% (116459/166369)
Updating files:  71% (118122/166369)
Updating files:  72% (119786/166369)
Updating files:  73% (121450/166369)
Updating files:  74% (123114/166369)
Updating files:  75% (124777/166369)
Updating files:  75% (125588/166369)
Updating files:  76% (126441/166369)
Updating files:  77% (128105/166369)
Updating files:  78% (129768/166369)
Updating files:  79% (131432/166369)
Updating files:  80% (133096/166369)
Updating files:  81% (134759/166369)
Updating files:  81% (135212/166369)
Updating files:  82% (136423/166369)
Updating files:  83% (138087/166369)
Updating files:  84% (139750/166369)
Updating files:  85% (141414/166369)
Updating files:  85% (142725/166369)
Updating files:  86% (143078/166369)
Updating files:  87% (144742/166369)
Updating files:  88% (146405/166369)
Updating files:  89% (148069/166369)
Updating files:  90% (149733/166369)
Updating files:  90% (149776/166369)
Updating files:  91% (151396/166369)
Updating files:  92% (153060/166369)
Updating files:  93% (154724/166369)
Updating files:  94% (156387/166369)
Updating files:  94% (156916/166369)
Updating files:  95% (158051/166369)
Updating files:  96% (159715/166369)
Updating files:  97% (161378/166369)
Updating files:  98% (163042/166369)
Updating files:  98% (163591/166369)
Updating files:  99% (164706/166369)
Updating files: 100% (166369/166369)
Updating files: 100% (166369/166369), done.
[INFO] started tweaking git repo https://github.com/gingerlifts/opl-data
[INFO] finished tweaking git repo https://github.com/gingerlifts/opl-data
[INFO] tweaked toml for git repo https://github.com/gingerlifts/opl-data written to /workspace/builds/worker-5-tc2/source/Cargo.toml
[INFO] validating manifest of git repo https://github.com/gingerlifts/opl-data on toolchain 1.98.0-beta.1
[INFO] running `Command { std: CARGO_HOME="/workspace/cargo-home" RUSTUP_HOME="/workspace/rustup-home" "/workspace/cargo-home/bin/cargo" "+1.98.0-beta.1" "metadata" "--manifest-path" "Cargo.toml" "--no-deps", kill_on_drop: false }`
[INFO] crate git repo https://github.com/gingerlifts/opl-data already has a lockfile, it will not be regenerated
[INFO] running `Command { std: CARGO_HOME="/workspace/cargo-home" RUSTUP_HOME="/workspace/rustup-home" "/workspace/cargo-home/bin/cargo" "+1.98.0-beta.1" "fetch" "--manifest-path" "Cargo.toml", kill_on_drop: false }`
[INFO] running `Command { std: "docker" "create" "-v" "/var/lib/crater-agent-workspace/builds/worker-5-tc2/source:/opt/rustwide/workdir:ro,Z" "-v" "/var/lib/crater-agent-workspace/builds/worker-5-tc2/target:/opt/rustwide/target:rw,Z" "-v" "/var/lib/crater-agent-workspace/cargo-home:/opt/rustwide/cargo-home:ro,Z" "-v" "/var/lib/crater-agent-workspace/rustup-home:/opt/rustwide/rustup-home:ro,Z" "-m" "1610612736" "--network" "none" "ghcr.io/rust-lang/crates-build-env/linux@sha256:3d5ced03c013a94a2f102a4510f48a6e9184255caf5fd8244f58017bde7f5210" "sleep" "infinity", kill_on_drop: false }`
[INFO] [stdout] ff38e19233b901be1920eba189779847b729683a93d2a49e9c0bfa16fdf6c3b3
[INFO] running `Command { std: "docker" "start" "ff38e19233b901be1920eba189779847b729683a93d2a49e9c0bfa16fdf6c3b3", kill_on_drop: false }`
[INFO] running `Command { std: "docker" "inspect" "ff38e19233b901be1920eba189779847b729683a93d2a49e9c0bfa16fdf6c3b3", kill_on_drop: false }`
[INFO] running `Command { std: "docker" "exec" "-e" "SOURCE_DIR=/opt/rustwide/workdir" "-e" "CARGO_HOME=/opt/rustwide/cargo-home" "-e" "RUSTUP_HOME=/opt/rustwide/rustup-home" "-e" "CARGO_TARGET_DIR=/opt/rustwide/target" "-w" "/opt/rustwide/workdir" "--user" "0:0" "ff38e19233b901be1920eba189779847b729683a93d2a49e9c0bfa16fdf6c3b3" "/opt/rustwide/cargo-home/bin/cargo" "+1.98.0-beta.1" "metadata" "--no-deps" "--format-version=1", kill_on_drop: false }`
[INFO] running `Command { std: "docker" "inspect" "ff38e19233b901be1920eba189779847b729683a93d2a49e9c0bfa16fdf6c3b3", kill_on_drop: false }`
[INFO] running `Command { std: "docker" "exec" "-e" "SOURCE_DIR=/opt/rustwide/workdir" "-e" "CARGO_HOME=/opt/rustwide/cargo-home" "-e" "RUSTUP_HOME=/opt/rustwide/rustup-home" "-e" "CARGO_TARGET_DIR=/opt/rustwide/target" "-e" "CARGO_INCREMENTAL=0" "-e" "RUST_BACKTRACE=full" "-e" "RUSTFLAGS=--cap-lints=warn" "-e" "RUSTDOCFLAGS=--cap-lints=warn" "-w" "/opt/rustwide/workdir" "--user" "0:0" "ff38e19233b901be1920eba189779847b729683a93d2a49e9c0bfa16fdf6c3b3" "/opt/rustwide/cargo-home/bin/cargo" "+1.98.0-beta.1" "build" "--frozen" "--message-format=json", kill_on_drop: false }`
[INFO] [stderr]    Compiling proc-macro2 v1.0.86
[INFO] [stderr]    Compiling unicode-ident v1.0.12
[INFO] [stderr]    Compiling libc v0.2.155
[INFO] [stderr]    Compiling version_check v0.9.4
[INFO] [stderr]    Compiling cfg-if v1.0.0
[INFO] [stderr]    Compiling memchr v2.7.4
[INFO] [stderr]    Compiling autocfg v1.3.0
[INFO] [stderr]    Compiling once_cell v1.19.0
[INFO] [stderr]    Compiling serde v1.0.203
[INFO] [stderr]    Compiling itoa v1.0.11
[INFO] [stderr]    Compiling pin-project-lite v0.2.14
[INFO] [stderr]    Compiling log v0.4.21
[INFO] [stderr]    Compiling cc v1.0.100
[INFO] [stderr]    Compiling ryu v1.0.18
[INFO] [stderr]    Compiling bytes v1.6.0
[INFO] [stderr]    Compiling hashbrown v0.14.5
[INFO] [stderr]    Compiling equivalent v1.0.1
[INFO] [stderr]    Compiling crossbeam-utils v0.8.20
[INFO] [stderr]    Compiling either v1.12.0
[INFO] [stderr]    Compiling yansi v1.0.1
[INFO] [stderr]    Compiling pin-utils v0.1.0
[INFO] [stderr]    Compiling proc-macro2-diagnostics v0.10.1
[INFO] [stderr]    Compiling smallvec v1.13.2
[INFO] [stderr]    Compiling siphasher v0.3.11
[INFO] [stderr]    Compiling fnv v1.0.7
[INFO] [stderr]    Compiling futures-core v0.3.30
[INFO] [stderr]    Compiling tracing-core v0.1.32
[INFO] [stderr]    Compiling percent-encoding v2.3.1
[INFO] [stderr]    Compiling lazy_static v1.5.0
[INFO] [stderr]    Compiling rustversion v1.0.17
[INFO] [stderr]    Compiling slab v0.4.9
[INFO] [stderr]    Compiling httparse v1.9.4
[INFO] [stderr]    Compiling bitflags v2.5.0
[INFO] [stderr]    Compiling futures-sink v0.3.30
[INFO] [stderr]    Compiling http v0.2.12
[INFO] [stderr]    Compiling phf_shared v0.11.2
[INFO] [stderr]    Compiling num-traits v0.2.19
[INFO] [stderr]    Compiling heck v0.4.1
[INFO] [stderr]    Compiling regex-syntax v0.8.4
[INFO] [stderr]    Compiling rand_core v0.6.4
[INFO] [stderr]    Compiling serde_json v1.0.117
[INFO] [stderr]    Compiling rustix v0.38.34
[INFO] [stderr]    Compiling tracing v0.1.40
[INFO] [stderr]    Compiling rand v0.8.5
[INFO] [stderr]    Compiling crossbeam-epoch v0.9.18
[INFO] [stderr]    Compiling csv-core v0.1.11
[INFO] [stderr]    Compiling futures-channel v0.3.30
[INFO] [stderr]    Compiling quote v1.0.36
[INFO] [stderr]    Compiling crossbeam-deque v0.8.5
[INFO] [stderr]    Compiling syn v2.0.68
[INFO] [stderr]    Compiling smartstring v1.0.1
[INFO] [stderr]    Compiling ahash v0.7.8
[INFO] [stderr]    Compiling futures-io v0.3.30
[INFO] [stderr]    Compiling linux-raw-sys v0.4.14
[INFO] [stderr]    Compiling futures-task v0.3.30
[INFO] [stderr]    Compiling thiserror v1.0.61
[INFO] [stderr]    Compiling strum v0.25.0
[INFO] [stderr]    Compiling arrayvec v0.7.4
[INFO] [stderr]    Compiling ascii v1.1.0
[INFO] [stderr]    Compiling try-lock v0.2.5
[INFO] [stderr]    Compiling spin v0.9.8
[INFO] [stderr]    Compiling time-core v0.1.2
[INFO] [stderr]    Compiling getrandom v0.2.15
[INFO] [stderr]    Compiling mio v0.8.11
[INFO] [stderr]    Compiling num_cpus v1.16.0
[INFO] [stderr]    Compiling signal-hook-registry v1.4.2
[INFO] [stderr]    Compiling socket2 v0.5.7
[INFO] [stderr]    Compiling inlinable_string v0.1.15
[INFO] [stderr]    Compiling num-conv v0.1.0
[INFO] [stderr]    Compiling powerfmt v0.2.0
[INFO] [stderr]    Compiling same-file v1.0.6
[INFO] [stderr]    Compiling tinyvec_macros v0.1.1
[INFO] [stderr]    Compiling tinyvec v1.6.0
[INFO] [stderr]    Compiling time-macros v0.2.18
[INFO] [stderr]    Compiling want v0.3.1
[INFO] [stderr]    Compiling deranged v0.3.11
[INFO] [stderr]    Compiling walkdir v2.5.0
[INFO] [stderr]    Compiling http-body v0.4.6
[INFO] [stderr]    Compiling futures-util v0.3.30
[INFO] [stderr]    Compiling phf_generator v0.11.2
[INFO] [stderr]    Compiling aho-corasick v1.1.3
[INFO] [stderr]    Compiling cookie v0.18.1
[INFO] [stderr]    Compiling httpdate v1.0.3
[INFO] [stderr]    Compiling tower-service v0.3.2
[INFO] [stderr]    Compiling ref-cast v1.0.23
[INFO] [stderr]    Compiling winnow v0.6.13
[INFO] [stderr]    Compiling byteorder v1.5.0
[INFO] [stderr]    Compiling regex-automata v0.4.7
[INFO] [stderr]    Compiling bitflags v1.3.2
[INFO] [stderr]    Compiling static_assertions v1.1.0
[INFO] [stderr]    Compiling fxhash v0.2.1
[INFO] [stderr]    Compiling phf_codegen v0.11.2
[INFO] [stderr]    Compiling unicode-normalization v0.1.23
[INFO] [stderr]    Compiling is-terminal v0.4.12
[INFO] [stderr]    Compiling phf v0.11.2
[INFO] [stderr]    Compiling itertools v0.11.0
[INFO] [stderr]    Compiling uncased v0.9.10
[INFO] [stderr]    Compiling ucd-trie v0.1.6
[INFO] [stderr]    Compiling time v0.3.36
[INFO] [stderr]    Compiling iana-time-zone v0.1.60
[INFO] [stderr]    Compiling tokio v1.38.0
[INFO] [stderr]    Compiling chrono v0.4.38
[INFO] [stderr]    Compiling hashbrown v0.12.3
[INFO] [stderr]    Compiling ring v0.17.8
[INFO] [stderr]    Compiling stable-pattern v0.1.0
[INFO] [stderr]    Compiling regex v1.10.5
[INFO] [stderr]    Compiling bstr v1.9.1
[INFO] [stderr]    Compiling lock_api v0.4.12
[INFO] [stderr]    Compiling unic-char-range v0.9.0
[INFO] [stderr]    Compiling state v0.6.0
[INFO] [stderr]    Compiling ppv-lite86 v0.2.17
[INFO] [stderr]    Compiling unic-common v0.9.0
[INFO] [stderr]    Compiling parking_lot_core v0.9.10
[INFO] [stderr]    Compiling rayon-core v1.12.1
[INFO] [stderr]    Compiling libm v0.2.8
[INFO] [stderr]    Compiling unic-ucd-version v0.9.0
[INFO] [stderr]    Compiling futures v0.3.30
[INFO] [stderr]    Compiling parse-zoneinfo v0.3.1
[INFO] [stderr]    Compiling rand_chacha v0.3.1
[INFO] [stderr]    Compiling unic-char-property v0.9.0
[INFO] [stderr]    Compiling indexmap v2.2.6
[INFO] [stderr]    Compiling nibble_vec v0.1.0
[INFO] [stderr]    Compiling figment v0.10.19
[INFO] [stderr]    Compiling multer v3.1.0
[INFO] [stderr]    Compiling adler v1.0.2
[INFO] [stderr]    Compiling chrono-tz-build v0.3.0
[INFO] [stderr]    Compiling scopeguard v1.2.0
[INFO] [stderr]    Compiling endian-type v0.1.2
[INFO] [stderr]    Compiling miniz_oxide v0.7.4
[INFO] [stderr]    Compiling radix_trie v0.2.1
[INFO] [stderr]    Compiling unic-ucd-segment v0.9.0
[INFO] [stderr]    Compiling chrono-tz v0.9.0
[INFO] [stderr]    Compiling fd-lock v3.0.13
[INFO] [stderr]    Compiling nix v0.26.4
[INFO] [stderr]    Compiling libmimalloc-sys v0.1.39
[INFO] [stderr]    Compiling inotify-sys v0.1.5
[INFO] [stderr]    Compiling http v1.1.0
[INFO] [stderr]    Compiling sharded-slab v0.1.7
[INFO] [stderr]    Compiling rocket v0.5.1
[INFO] [stderr]    Compiling thread_local v1.1.8
[INFO] [stderr]    Compiling encoding_rs v0.8.34
[INFO] [stderr]    Compiling rustls-pki-types v1.7.0
[INFO] [stderr]    Compiling home v0.5.9
[INFO] [stderr]    Compiling unicode-width v0.1.13
[INFO] [stderr]    Compiling mime v0.3.17
[INFO] [stderr]    Compiling untrusted v0.9.0
[INFO] [stderr]    Compiling pico-args v0.5.0
[INFO] [stderr]    Compiling glob v0.3.1
[INFO] [stderr]    Compiling fastrand v2.1.0
[INFO] [stderr]    Compiling devise_core v0.4.1
[INFO] [stderr]    Compiling unicode-segmentation v1.11.0
[INFO] [stderr]    Compiling unicode-xid v0.2.4
[INFO] [stderr]    Compiling deunicode v1.6.0
[INFO] [stderr]    Compiling utf8parse v0.2.2
[INFO] [stderr]    Compiling tempfile v3.10.1
[INFO] [stderr]    Compiling tracing-subscriber v0.3.18
[INFO] [stderr]    Compiling humansize v2.1.3
[INFO] [stderr]    Compiling rayon v1.10.0
[INFO] [stderr]    Compiling slug v0.1.5
[INFO] [stderr]    Compiling inotify v0.9.6
[INFO] [stderr]    Compiling unic-segment v0.9.0
[INFO] [stderr]    Compiling hyper v0.14.29
[INFO] [stderr]    Compiling parking_lot v0.12.3
[INFO] [stderr]    Compiling itertools-num v0.1.3
[INFO] [stderr]    Compiling backtrace v0.3.71
[INFO] [stderr]    Compiling filetime v0.2.23
[INFO] [stderr]    Compiling crossbeam-channel v0.5.13
[INFO] [stderr]    Compiling colored v2.1.0
[INFO] [stderr]    Compiling unicode-bidi v0.3.15
[INFO] [stderr]    Compiling gimli v0.28.1
[INFO] [stderr]    Compiling rustyline v12.0.0
[INFO] [stderr]    Compiling globset v0.4.14
[INFO] [stderr]    Compiling binascii v0.1.4
[INFO] [stderr]    Compiling rustls v0.22.4
[INFO] [stderr]    Compiling atomic v0.5.3
[INFO] [stderr]    Compiling ignore v0.4.22
[INFO] [stderr]    Compiling eyre v0.6.12
[INFO] [stderr]    Compiling serde_derive v1.0.203
[INFO] [stderr]    Compiling tokio-macros v2.3.0
[INFO] [stderr]    Compiling pear_codegen v0.2.9
[INFO] [stderr]    Compiling strum_macros v0.25.3
[INFO] [stderr]    Compiling thiserror-impl v1.0.61
[INFO] [stderr]    Compiling ref-cast-impl v1.0.23
[INFO] [stderr]    Compiling devise_codegen v0.4.1
[INFO] [stderr]    Compiling async-stream-impl v0.3.5
[INFO] [stderr]    Compiling langpack v0.1.0 (/opt/rustwide/workdir/crates/langpack)
[INFO] [stderr]    Compiling pear v0.2.9
[INFO] [stderr]    Compiling async-trait v0.1.80
[INFO] [stderr]    Compiling devise v0.4.1
[INFO] [stderr]    Compiling globwalk v0.9.1
[INFO] [stderr]    Compiling rustls-webpki v0.102.4
[INFO] [stderr]    Compiling idna v0.5.0
[INFO] [stderr]    Compiling notify v6.1.1
[INFO] [stderr]    Compiling async-stream v0.3.5
[INFO] [stderr]    Compiling rocket_http v0.5.1
[INFO] [stderr]    Compiling tracing-error v0.2.0
[INFO] [stderr]    Compiling pest v2.7.10
[INFO] [stderr]    Compiling object v0.32.2
[INFO] [stderr]    Compiling addr2line v0.21.0
[INFO] [stderr]    Compiling form_urlencoded v1.2.1
[INFO] [stderr]    Compiling crc32fast v1.4.2
[INFO] [stderr]    Compiling subtle v2.6.0
[INFO] [stderr]    Compiling zeroize v1.8.1
[INFO] [stderr]    Compiling owo-colors v3.5.0
[INFO] [stderr]    Compiling indenter v0.3.3
[INFO] [stderr]    Compiling rustc-demangle v0.1.24
[INFO] [stderr]    Compiling normpath v1.2.0
[INFO] [stderr]    Compiling url v2.5.2
[INFO] [stderr]    Compiling flate2 v1.0.30
[INFO] [stderr]    Compiling mimalloc v0.1.43
[INFO] [stderr]    Compiling webpki-roots v0.26.3
[INFO] [stderr]    Compiling accept-language v3.1.0
[INFO] [stderr]    Compiling urlencoding v2.1.3
[INFO] [stderr]    Compiling base64 v0.22.1
[INFO] [stderr]    Compiling dotenv v0.15.0
[INFO] [stderr]    Compiling color-spantrace v0.2.1
[INFO] [stderr]    Compiling pest_meta v2.7.10
[INFO] [stderr]    Compiling rocket_codegen v0.5.1
[INFO] [stderr]    Compiling pest_generator v2.7.10
[INFO] [stderr]    Compiling pest_derive v2.7.10
[INFO] [stderr]    Compiling ureq v2.9.7
[INFO] [stderr]    Compiling color-eyre v0.6.3
[INFO] [stderr]    Compiling toml_datetime v0.6.6
[INFO] [stderr]    Compiling opltypes v0.2.0 (/opt/rustwide/workdir/crates/opltypes)
[INFO] [stderr]    Compiling csv v1.3.0
[INFO] [stderr]    Compiling serde_spanned v0.6.6
[INFO] [stderr]    Compiling symbol_table v0.3.0
[INFO] [stderr]    Compiling ubyte v0.10.4
[INFO] [stderr]    Compiling tokio-util v0.7.11
[INFO] [stderr]    Compiling tokio-stream v0.1.15
[INFO] [stderr]    Compiling toml_edit v0.22.14
[INFO] [stderr]    Compiling tera v1.20.0
[INFO] [stderr]    Compiling goodlift-import v0.1.0 (/opt/rustwide/workdir/goodlift-import)
[INFO] [stderr]    Compiling h2 v0.3.26
[INFO] [stdout] warning: fields `age`, `best_squat`, `best_bench`, and `best_deadlift` are never read
[INFO] [stdout]    --> goodlift-import/src/goodlift.rs:194:9
[INFO] [stdout]     |
[INFO] [stdout] 189 | pub struct Row {
[INFO] [stdout]     |            --- fields in this struct
[INFO] [stdout] ...
[INFO] [stdout] 194 |     pub age: u8,
[INFO] [stdout]     |         ^^^
[INFO] [stdout] ...
[INFO] [stdout] 206 |     pub best_squat: Attempt,
[INFO] [stdout]     |         ^^^^^^^^^^
[INFO] [stdout] ...
[INFO] [stdout] 214 |     pub best_bench: Attempt,
[INFO] [stdout]     |         ^^^^^^^^^^
[INFO] [stdout] ...
[INFO] [stdout] 222 |     pub best_deadlift: Attempt,
[INFO] [stdout]     |         ^^^^^^^^^^^^^
[INFO] [stdout]     |
[INFO] [stdout]     = note: `Row` has a derived impl for the trait `Debug`, but this is intentionally ignored during dead code analysis
[INFO] [stdout]     = note: `#[warn(dead_code)]` (part of `#[warn(unused)]`) on by default
[INFO] [stdout] 
[INFO] [stdout] 
[INFO] [stderr]    Compiling toml v0.8.14
[INFO] [stderr]    Compiling coefficients v0.1.0 (/opt/rustwide/workdir/crates/coefficients)
[INFO] [stderr]    Compiling opldb v0.1.0 (/opt/rustwide/workdir/crates/db)
[INFO] [stderr]    Compiling checker v0.1.0 (/opt/rustwide/workdir/checker)
[INFO] [stdout] warning: hiding a lifetime that's named elsewhere is confusing
[INFO] [stdout]    --> checker/src/compiler/make_csv.rs:262:51
[INFO] [stdout]     |
[INFO] [stdout] 262 |     fn from(entry: &'md Entry, lifter_id: u32) -> EntryLifterData {
[INFO] [stdout]     |                     ---                           ^^^^^^^^^^^^^^^ the same lifetime is hidden here
[INFO] [stdout]     |                     |
[INFO] [stdout]     |                     the lifetime is named here
[INFO] [stdout]     |
[INFO] [stdout]     = help: the same lifetime is referred to in inconsistent ways, making the signature confusing
[INFO] [stdout]     = note: `#[warn(mismatched_lifetime_syntaxes)]` on by default
[INFO] [stdout] help: consistently use `'md`
[INFO] [stdout]     |
[INFO] [stdout] 262 |     fn from(entry: &'md Entry, lifter_id: u32) -> EntryLifterData<'md> {
[INFO] [stdout]     |                                                                  +++++
[INFO] [stdout] 
[INFO] [stdout] 
[INFO] [stderr]    Compiling search v0.1.0 (/opt/rustwide/workdir/crates/search)
[INFO] [stderr]    Compiling rocket_dyn_templates v0.2.0
[INFO] [stderr]    Compiling server v0.1.0 (/opt/rustwide/workdir/server)
[INFO] [stderr]     Finished `dev` profile [unoptimized + debuginfo] target(s) in 2m 30s
[INFO] running `Command { std: "docker" "inspect" "ff38e19233b901be1920eba189779847b729683a93d2a49e9c0bfa16fdf6c3b3", kill_on_drop: false }`
[INFO] running `Command { std: "docker" "exec" "-e" "SOURCE_DIR=/opt/rustwide/workdir" "-e" "CARGO_HOME=/opt/rustwide/cargo-home" "-e" "RUSTUP_HOME=/opt/rustwide/rustup-home" "-e" "CARGO_TARGET_DIR=/opt/rustwide/target" "-e" "CARGO_INCREMENTAL=0" "-e" "RUST_BACKTRACE=full" "-e" "RUSTFLAGS=--cap-lints=warn" "-e" "RUSTDOCFLAGS=--cap-lints=warn" "-w" "/opt/rustwide/workdir" "--user" "0:0" "ff38e19233b901be1920eba189779847b729683a93d2a49e9c0bfa16fdf6c3b3" "/opt/rustwide/cargo-home/bin/cargo" "+1.98.0-beta.1" "test" "--frozen" "--no-run" "--message-format=json", kill_on_drop: false }`
[INFO] [stderr]    Compiling half v2.4.1
[INFO] [stderr]    Compiling ciborium-io v0.2.2
[INFO] [stderr]    Compiling clap_lex v0.7.1
[INFO] [stderr]    Compiling plotters-backend v0.3.6
[INFO] [stderr]    Compiling anstyle v1.0.7
[INFO] [stdout] warning: hiding a lifetime that's named elsewhere is confusing
[INFO] [stdout]    --> checker/src/compiler/make_csv.rs:262:51
[INFO] [stdout]     |
[INFO] [stdout] 262 |     fn from(entry: &'md Entry, lifter_id: u32) -> EntryLifterData {
[INFO] [stdout]     |                     ---                           ^^^^^^^^^^^^^^^ the same lifetime is hidden here
[INFO] [stdout]     |                     |
[INFO] [stdout]     |                     the lifetime is named here
[INFO] [stdout]     |
[INFO] [stdout]     = help: the same lifetime is referred to in inconsistent ways, making the signature confusing
[INFO] [stdout]     = note: `#[warn(mismatched_lifetime_syntaxes)]` on by default
[INFO] [stdout] help: consistently use `'md`
[INFO] [stdout]     |
[INFO] [stdout] 262 |     fn from(entry: &'md Entry, lifter_id: u32) -> EntryLifterData<'md> {
[INFO] [stdout]     |                                                                  +++++
[INFO] [stdout] 
[INFO] [stdout] 
[INFO] [stderr]    Compiling itertools v0.10.5
[INFO] [stderr]    Compiling cast v0.3.0
[INFO] [stderr]    Compiling tinytemplate v1.2.1
[INFO] [stderr]    Compiling anes v0.1.6
[INFO] [stderr]    Compiling oorandom v11.1.3
[INFO] [stderr]    Compiling server v0.1.0 (/opt/rustwide/workdir/server)
[INFO] [stderr]    Compiling langpack v0.1.0 (/opt/rustwide/workdir/crates/langpack)
[INFO] [stderr]    Compiling search v0.1.0 (/opt/rustwide/workdir/crates/search)
[INFO] [stderr]    Compiling goodlift-import v0.1.0 (/opt/rustwide/workdir/goodlift-import)
[INFO] [stderr]    Compiling checker v0.1.0 (/opt/rustwide/workdir/checker)
[INFO] [stdout] warning: creating a shared reference to mutable static
[INFO] [stdout]   --> crates/search/tests/search.rs:30:9
[INFO] [stdout]    |
[INFO] [stdout] 30 |         OPLDB_GLOBAL.as_ref().unwrap()
[INFO] [stdout]    |         ^^^^^^^^^^^^^^^^^^^^^ shared reference to mutable static
[INFO] [stdout]    |
[INFO] [stdout]    = note: shared references to mutable statics are dangerous; it's undefined behavior if the static is mutated or if a mutable reference is created for it while the shared reference lives
[INFO] [stdout]    = note: for more information, see <https://doc.rust-lang.org/edition-guide/rust-2024/static-mut-references.html>
[INFO] [stdout]    = note: `#[warn(static_mut_refs)]` (part of `#[warn(rust_2024_compatibility)]`) on by default
[INFO] [stdout] 
[INFO] [stdout] 
[INFO] [stderr]    Compiling clap_builder v4.5.7
[INFO] [stderr]    Compiling ciborium-ll v0.2.2
[INFO] [stderr]    Compiling plotters-svg v0.3.6
[INFO] [stdout] warning: fields `age`, `best_squat`, `best_bench`, and `best_deadlift` are never read
[INFO] [stdout]    --> goodlift-import/src/goodlift.rs:194:9
[INFO] [stdout]     |
[INFO] [stdout] 189 | pub struct Row {
[INFO] [stdout]     |            --- fields in this struct
[INFO] [stdout] ...
[INFO] [stdout] 194 |     pub age: u8,
[INFO] [stdout]     |         ^^^
[INFO] [stdout] ...
[INFO] [stdout] 206 |     pub best_squat: Attempt,
[INFO] [stdout]     |         ^^^^^^^^^^
[INFO] [stdout] ...
[INFO] [stdout] 214 |     pub best_bench: Attempt,
[INFO] [stdout]     |         ^^^^^^^^^^
[INFO] [stdout] ...
[INFO] [stdout] 222 |     pub best_deadlift: Attempt,
[INFO] [stdout]     |         ^^^^^^^^^^^^^
[INFO] [stdout]     |
[INFO] [stdout]     = note: `Row` has a derived impl for the trait `Debug`, but this is intentionally ignored during dead code analysis
[INFO] [stdout]     = note: `#[warn(dead_code)]` (part of `#[warn(unused)]`) on by default
[INFO] [stdout] 
[INFO] [stdout] 
[INFO] [stderr]    Compiling plotters v0.3.6
[INFO] [stderr]    Compiling ciborium v0.2.2
[INFO] [stderr]    Compiling criterion-plot v0.5.0
[INFO] [stdout] warning: hiding a lifetime that's named elsewhere is confusing
[INFO] [stdout]    --> checker/src/compiler/make_csv.rs:262:51
[INFO] [stdout]     |
[INFO] [stdout] 262 |     fn from(entry: &'md Entry, lifter_id: u32) -> EntryLifterData {
[INFO] [stdout]     |                     ---                           ^^^^^^^^^^^^^^^ the same lifetime is hidden here
[INFO] [stdout]     |                     |
[INFO] [stdout]     |                     the lifetime is named here
[INFO] [stdout]     |
[INFO] [stdout]     = help: the same lifetime is referred to in inconsistent ways, making the signature confusing
[INFO] [stdout]     = note: `#[warn(mismatched_lifetime_syntaxes)]` on by default
[INFO] [stdout] help: consistently use `'md`
[INFO] [stdout]     |
[INFO] [stdout] 262 |     fn from(entry: &'md Entry, lifter_id: u32) -> EntryLifterData<'md> {
[INFO] [stdout]     |                                                                  +++++
[INFO] [stdout] 
[INFO] [stdout] 
[INFO] [stderr]    Compiling clap v4.5.7
[INFO] [stdout] warning: creating a shared reference to mutable static
[INFO] [stdout]   --> server/src/tests.rs:37:9
[INFO] [stdout]    |
[INFO] [stdout] 37 |         OPLDB_GLOBAL.as_ref().unwrap()
[INFO] [stdout]    |         ^^^^^^^^^^^^^^^^^^^^^ shared reference to mutable static
[INFO] [stdout]    |
[INFO] [stdout]    = note: shared references to mutable statics are dangerous; it's undefined behavior if the static is mutated or if a mutable reference is created for it while the shared reference lives
[INFO] [stdout]    = note: for more information, see <https://doc.rust-lang.org/edition-guide/rust-2024/static-mut-references.html>
[INFO] [stdout]    = note: `#[warn(static_mut_refs)]` (part of `#[warn(rust_2024_compatibility)]`) on by default
[INFO] [stdout] 
[INFO] [stdout] 
[INFO] [stderr]    Compiling criterion v0.5.1
[INFO] [stderr]    Compiling opldb v0.1.0 (/opt/rustwide/workdir/crates/db)
[INFO] [stderr]    Compiling opltypes v0.2.0 (/opt/rustwide/workdir/crates/opltypes)
[INFO] [stderr]    Compiling coefficients v0.1.0 (/opt/rustwide/workdir/crates/coefficients)
[INFO] [stdout] warning: creating a shared reference to mutable static
[INFO] [stdout]   --> crates/db/tests/common/mod.rs:28:9
[INFO] [stdout]    |
[INFO] [stdout] 28 |         OPLDB_GLOBAL.as_ref().unwrap()
[INFO] [stdout]    |         ^^^^^^^^^^^^^^^^^^^^^ shared reference to mutable static
[INFO] [stdout]    |
[INFO] [stdout]    = note: shared references to mutable statics are dangerous; it's undefined behavior if the static is mutated or if a mutable reference is created for it while the shared reference lives
[INFO] [stdout]    = note: for more information, see <https://doc.rust-lang.org/edition-guide/rust-2024/static-mut-references.html>
[INFO] [stdout]    = note: `#[warn(static_mut_refs)]` (part of `#[warn(rust_2024_compatibility)]`) on by default
[INFO] [stdout] 
[INFO] [stdout] 
[INFO] [stderr]     Finished `test` profile [unoptimized + debuginfo] target(s) in 23.09s
[INFO] running `Command { std: "docker" "inspect" "ff38e19233b901be1920eba189779847b729683a93d2a49e9c0bfa16fdf6c3b3", kill_on_drop: false }`
[INFO] running `Command { std: "docker" "exec" "-e" "SOURCE_DIR=/opt/rustwide/workdir" "-e" "CARGO_HOME=/opt/rustwide/cargo-home" "-e" "RUSTUP_HOME=/opt/rustwide/rustup-home" "-e" "CARGO_TARGET_DIR=/opt/rustwide/target" "-e" "CARGO_INCREMENTAL=0" "-e" "RUST_BACKTRACE=full" "-e" "RUSTFLAGS=--cap-lints=warn" "-e" "RUSTDOCFLAGS=--cap-lints=warn" "-w" "/opt/rustwide/workdir" "--user" "0:0" "ff38e19233b901be1920eba189779847b729683a93d2a49e9c0bfa16fdf6c3b3" "/opt/rustwide/cargo-home/bin/cargo" "+1.98.0-beta.1" "test" "--frozen", kill_on_drop: false }`
[INFO] [stderr] warning: hiding a lifetime that's named elsewhere is confusing
[INFO] [stderr]    --> checker/src/compiler/make_csv.rs:262:51
[INFO] [stderr]     |
[INFO] [stderr] 262 |     fn from(entry: &'md Entry, lifter_id: u32) -> EntryLifterData {
[INFO] [stderr]     |                     ---                           ^^^^^^^^^^^^^^^ the same lifetime is hidden here
[INFO] [stderr]     |                     |
[INFO] [stderr]     |                     the lifetime is named here
[INFO] [stderr]     |
[INFO] [stderr]     = help: the same lifetime is referred to in inconsistent ways, making the signature confusing
[INFO] [stderr]     = note: `#[warn(mismatched_lifetime_syntaxes)]` on by default
[INFO] [stderr] help: consistently use `'md`
[INFO] [stderr]     |
[INFO] [stderr] 262 |     fn from(entry: &'md Entry, lifter_id: u32) -> EntryLifterData<'md> {
[INFO] [stderr]     |                                                                  +++++
[INFO] [stderr] 
[INFO] [stderr] warning: `checker` (lib) generated 1 warning (run `cargo fix --lib -p checker` to apply 1 suggestion)
[INFO] [stderr] warning: creating a shared reference to mutable static
[INFO] [stderr]   --> crates/db/tests/common/mod.rs:28:9
[INFO] [stderr]    |
[INFO] [stderr] 28 |         OPLDB_GLOBAL.as_ref().unwrap()
[INFO] [stderr]    |         ^^^^^^^^^^^^^^^^^^^^^ shared reference to mutable static
[INFO] [stderr]    |
[INFO] [stderr]    = note: shared references to mutable statics are dangerous; it's undefined behavior if the static is mutated or if a mutable reference is created for it while the shared reference lives
[INFO] [stderr]    = note: for more information, see <https://doc.rust-lang.org/edition-guide/rust-2024/static-mut-references.html>
[INFO] [stderr]    = note: `#[warn(static_mut_refs)]` (part of `#[warn(rust_2024_compatibility)]`) on by default
[INFO] [stderr] 
[INFO] [stderr] warning: creating a shared reference to mutable static
[INFO] [stderr]   --> crates/search/tests/search.rs:30:9
[INFO] [stderr]    |
[INFO] [stderr] 30 |         OPLDB_GLOBAL.as_ref().unwrap()
[INFO] [stderr]    |         ^^^^^^^^^^^^^^^^^^^^^ shared reference to mutable static
[INFO] [stderr]    |
[INFO] [stderr]    = note: shared references to mutable statics are dangerous; it's undefined behavior if the static is mutated or if a mutable reference is created for it while the shared reference lives
[INFO] [stderr]    = note: for more information, see <https://doc.rust-lang.org/edition-guide/rust-2024/static-mut-references.html>
[INFO] [stderr]    = note: `#[warn(static_mut_refs)]` (part of `#[warn(rust_2024_compatibility)]`) on by default
[INFO] [stderr] 
[INFO] [stderr] warning: `opldb` (test "integration") generated 1 warning
[INFO] [stderr] warning: `search` (test "search") generated 1 warning
[INFO] [stderr] warning: creating a shared reference to mutable static
[INFO] [stderr]   --> server/src/tests.rs:37:9
[INFO] [stderr]    |
[INFO] [stderr] 37 |         OPLDB_GLOBAL.as_ref().unwrap()
[INFO] [stderr]    |         ^^^^^^^^^^^^^^^^^^^^^ shared reference to mutable static
[INFO] [stderr]    |
[INFO] [stderr]    = note: shared references to mutable statics are dangerous; it's undefined behavior if the static is mutated or if a mutable reference is created for it while the shared reference lives
[INFO] [stderr]    = note: for more information, see <https://doc.rust-lang.org/edition-guide/rust-2024/static-mut-references.html>
[INFO] [stderr]    = note: `#[warn(static_mut_refs)]` (part of `#[warn(rust_2024_compatibility)]`) on by default
[INFO] [stderr] 
[INFO] [stderr] warning: `server` (bin "server" test) generated 1 warning
[INFO] [stderr] warning: `checker` (lib test) generated 1 warning (1 duplicate)
[INFO] [stderr] warning: fields `age`, `best_squat`, `best_bench`, and `best_deadlift` are never read
[INFO] [stderr]    --> goodlift-import/src/goodlift.rs:194:9
[INFO] [stderr]     |
[INFO] [stderr] 189 | pub struct Row {
[INFO] [stderr]     |            --- fields in this struct
[INFO] [stderr] ...
[INFO] [stderr] 194 |     pub age: u8,
[INFO] [stderr]     |         ^^^
[INFO] [stderr] ...
[INFO] [stderr] 206 |     pub best_squat: Attempt,
[INFO] [stderr]     |         ^^^^^^^^^^
[INFO] [stderr] ...
[INFO] [stderr] 214 |     pub best_bench: Attempt,
[INFO] [stderr]     |         ^^^^^^^^^^
[INFO] [stderr] ...
[INFO] [stderr] 222 |     pub best_deadlift: Attempt,
[INFO] [stderr]     |         ^^^^^^^^^^^^^
[INFO] [stderr]     |
[INFO] [stderr]     = note: `Row` has a derived impl for the trait `Debug`, but this is intentionally ignored during dead code analysis
[INFO] [stderr]     = note: `#[warn(dead_code)]` (part of `#[warn(unused)]`) on by default
[INFO] [stderr] 
[INFO] [stderr] warning: `goodlift-import` (bin "goodlift-import" test) generated 1 warning
[INFO] [stderr]     Finished `test` profile [unoptimized + debuginfo] target(s) in 0.52s
[INFO] [stderr]      Running unittests src/lib.rs (/opt/rustwide/target/debug/deps/checker-92b5ad0b5e216163)
[INFO] [stdout] 
[INFO] [stdout] running 8 tests
[INFO] [stdout] test compiler::interpolate_age::tests::range_narrow_by_age ... ok
[INFO] [stdout] test compiler::interpolate_age::tests::range_narrow_by_range ... ok
[INFO] [stdout] test compiler::interpolate_age::tests::range_narrow_by_birthdate ... ok
[INFO] [stdout] test compiler::interpolate_country::tests::all_none ... ok
[INFO] [stdout] test compiler::interpolate_country::tests::conflict ... ok
[INFO] [stdout] test compiler::interpolate_country::tests::uk_subsets ... ok
[INFO] [stdout] test compiler::interpolate_country::tests::one_some ... ok
[INFO] [stdout] test disambiguator::group_age::tests::prelim_test ... ok
[INFO] [stdout] 
[INFO] [stdout] test result: ok. 8 passed; 0 failed; 0 ignored; 0 measured; 0 filtered out; finished in 0.02s
[INFO] [stdout] 
[INFO] [stderr]      Running unittests src/main.rs (/opt/rustwide/target/debug/deps/checker-4f04be47837f8ace)
[INFO] [stderr]      Running tests/entries.rs (/opt/rustwide/target/debug/deps/entries-68a425f92f2dea2d)
[INFO] [stdout] 
[INFO] [stdout] running 0 tests
[INFO] [stdout] 
[INFO] [stdout] test result: ok. 0 passed; 0 failed; 0 ignored; 0 measured; 0 filtered out; finished in 0.00s
[INFO] [stdout] 
[INFO] [stdout] 
[INFO] [stdout] running 8 tests
[INFO] [stdout] test test_empty_file ... ok
[INFO] [stdout] test test_event_consistency ... ok
[INFO] [stdout] test regression_tests ... ok
[INFO] [stdout] test test_invalid_headers ... ok
[INFO] [stdout] test test_column_sex ... ok
[INFO] [stdout] test test_column_cyrillicname ... ok
[INFO] [stdout] test test_column_equipment ... ok
[INFO] [stdout] test test_column_event ... ok
[INFO] [stdout] 
[INFO] [stdout] test result: ok. 8 passed; 0 failed; 0 ignored; 0 measured; 0 filtered out; finished in 0.16s
[INFO] [stdout] 
[INFO] [stderr]      Running tests/meet.rs (/opt/rustwide/target/debug/deps/meet-a0c77e8c6faf82ca)
[INFO] [stdout] 
[INFO] [stdout] running 13 tests
[INFO] [stdout] test test_empty_file ... ok
[INFO] [stdout] test test_date ... ok
[INFO] [stdout] test test_header_typos ... ok
[INFO] [stdout] test test_meetstate ... ok
[INFO] [stdout] test test_meettown ... ok
[INFO] [stdout] test test_meetname ... ok
[INFO] [stdout] test test_invalid_rowcounts ... ok
[INFO] [stdout] test test_federation ... ok
[INFO] [stdout] test test_meetcountry ... ok
[INFO] [stdout] test test_missing_headers ... ok
[INFO] [stdout] test test_reordered_headers ... ok
[INFO] [stdout] test test_valid_bob3 ... ok
[INFO] [stdout] test test_missing_data - should panic ... ok
[INFO] [stdout] 
[INFO] [stdout] test result: ok. 13 passed; 0 failed; 0 ignored; 0 measured; 0 filtered out; finished in 0.05s
[INFO] [stdout] 
[INFO] [stderr]      Running unittests src/lib.rs (/opt/rustwide/target/debug/deps/coefficients-4fa41d32f97c0948)
[INFO] [stdout] 
[INFO] [stdout] running 17 tests
[INFO] [stdout] test ah::tests::male_coefficients ... ok
[INFO] [stdout] test ah::tests::female_coefficients ... ok
[INFO] [stdout] test glossbrenner::tests::coefficients ... ok
[INFO] [stdout] test hoffman::tests::example ... ok
[INFO] [stdout] test ipf::tests::edge_cases ... ok
[INFO] [stdout] test ipf::tests::expected_values ... ok
[INFO] [stdout] test nasa::tests::points ... ok
[INFO] [stdout] test schwartzmalone::tests::coefficients ... ok
[INFO] [stdout] test schwartzmalone::tests::schwartz_coefficient_table ... ok
[INFO] [stdout] test mcculloch::tests::bounds_check ... ok
[INFO] [stdout] test wilks2020::tests::coefficients_men ... ok
[INFO] [stdout] test glossbrenner::tests::points ... ok
[INFO] [stdout] test wilks::tests::coefficients ... ok
[INFO] [stdout] test wilks2020::tests::coefficients_women ... ok
[INFO] [stdout] test schwartzmalone::tests::points ... ok
[INFO] [stdout] test wilks::tests::points ... ok
[INFO] [stderr]      Running unittests src/main.rs (/opt/rustwide/target/debug/deps/goodlift_import-5ada67acae0ba5b4)
[INFO] [stderr]      Running unittests src/lib.rs (/opt/rustwide/target/debug/deps/langpack-61416d59eec632db)
[INFO] [stderr]      Running unittests src/lib.rs (/opt/rustwide/target/debug/deps/opldb-bbac4a30c1c46e9b)
[INFO] [stderr]      Running tests/integration.rs (/opt/rustwide/target/debug/deps/integration-32674f0e96a53a38)
[INFO] [stdout] test goodlift::tests::published_examples ... ok
[INFO] [stdout] 
[INFO] [stdout] test result: ok. 17 passed; 0 failed; 0 ignored; 0 measured; 0 filtered out; finished in 0.01s
[INFO] [stdout] 
[INFO] [stdout] 
[INFO] [stdout] running 3 tests
[INFO] [stdout] test types::tests::can_parse_failed_lifts ... ok
[INFO] [stdout] test types::tests::can_parse_skipped_lifts ... ok
[INFO] [stdout] test types::tests::can_parse_successful_lifts ... ok
[INFO] [stdout] 
[INFO] [stdout] test result: ok. 3 passed; 0 failed; 0 ignored; 0 measured; 0 filtered out; finished in 0.00s
[INFO] [stdout] 
[INFO] [stdout] 
[INFO] [stdout] running 0 tests
[INFO] [stdout] 
[INFO] [stdout] test result: ok. 0 passed; 0 failed; 0 ignored; 0 measured; 0 filtered out; finished in 0.00s
[INFO] [stdout] 
[INFO] [stdout] 
[INFO] [stdout] running 7 tests
[INFO] [stdout] test cache::test::test_detect_nonmonotonic ... ok
[INFO] [stdout] test cache::test::test_intersect_basic ... ok
[INFO] [stdout] test cache::test::test_union_basic ... ok
[INFO] [stdout] test cache::test::test_union_empty ... ok
[INFO] [stdout] test cache::test::test_intersect_empty ... ok
[INFO] [stdout] test query::direct::rankings::tests::test_rankings_query_from_path_errors ... ok
[INFO] [stdout] test query::direct::rankings::tests::test_rankings_query_from_path ... ok
[INFO] [stdout] 
[INFO] [stdout] test result: ok. 7 passed; 0 failed; 0 ignored; 0 measured; 0 filtered out; finished in 0.00s
[INFO] [stdout] 
[INFO] [stdout] 
[INFO] [stdout] running 2 tests
[INFO] [stdout] test sorts_only_include_valid_entries ... FAILED
[INFO] [stdout] test num_unique_lifters_is_valid ... FAILED
[INFO] [stdout] 
[INFO] [stdout] failures:
[INFO] [stdout] 
[INFO] [stdout] ---- sorts_only_include_valid_entries stdout ----
[INFO] [stdout] 
[INFO] [stdout] thread 'sorts_only_include_valid_entries' (5367) panicked at crates/db/tests/common/mod.rs:17:20:
[INFO] [stdout] Once instance has previously been poisoned
[INFO] [stdout] stack backtrace:
[INFO] [stdout]    0:     0x646edfc38c01 - std[73adb7dc35730857]::backtrace_rs::backtrace::libunwind::trace
[INFO] [stdout]                                at /rustc/6b3fa26749ab40e159b2dd5cf577acaaf5902772/library/std/src/../../backtrace/src/backtrace/libunwind.rs:117:9
[INFO] [stdout]    1:     0x646edfc38c01 - std[73adb7dc35730857]::backtrace_rs::backtrace::trace_unsynchronized::<std[73adb7dc35730857]::sys::backtrace::_print_fmt::{closure#1}>
[INFO] [stdout]                                at /rustc/6b3fa26749ab40e159b2dd5cf577acaaf5902772/library/std/src/../../backtrace/src/backtrace/mod.rs:66:14
[INFO] [stdout]    2:     0x646edfc38c01 - std[73adb7dc35730857]::sys::backtrace::_print_fmt
[INFO] [stdout]                                at /rustc/6b3fa26749ab40e159b2dd5cf577acaaf5902772/library/std/src/sys/backtrace.rs:74:9
[INFO] [stdout]    3:     0x646edfc38c01 - <<std[73adb7dc35730857]::sys::backtrace::BacktraceLock>::print::DisplayBacktrace as core[6883ba1bc0fe4ed1]::fmt::Display>::fmt
[INFO] [stdout]                                at /rustc/6b3fa26749ab40e159b2dd5cf577acaaf5902772/library/std/src/sys/backtrace.rs:44:26
[INFO] [stdout]    4:     0x646edfc4db2a - <core[6883ba1bc0fe4ed1]::fmt::rt::Argument>::fmt
[INFO] [stdout]                                at /rustc/6b3fa26749ab40e159b2dd5cf577acaaf5902772/library/core/src/fmt/rt.rs:152:76
[INFO] [stdout]    5:     0x646edfc4db2a - core[6883ba1bc0fe4ed1]::fmt::write
[INFO] [stdout]    6:     0x646edfc3d16c - std[73adb7dc35730857]::io::default_write_fmt::<alloc[55a36b64bcbf2c0d]::vec::Vec<u8>>
[INFO] [stdout]                                at /rustc/6b3fa26749ab40e159b2dd5cf577acaaf5902772/library/std/src/io/mod.rs:626:11
[INFO] [stdout]    7:     0x646edfc3d16c - <alloc[55a36b64bcbf2c0d]::vec::Vec<u8> as std[73adb7dc35730857]::io::Write>::write_fmt
[INFO] [stdout]                                at /rustc/6b3fa26749ab40e159b2dd5cf577acaaf5902772/library/std/src/io/mod.rs:1730:13
[INFO] [stdout]    8:     0x646edfc17376 - <std[73adb7dc35730857]::sys::backtrace::BacktraceLock>::print
[INFO] [stdout]                                at /rustc/6b3fa26749ab40e159b2dd5cf577acaaf5902772/library/std/src/sys/backtrace.rs:47:9
[INFO] [stdout]    9:     0x646edfc17376 - std[73adb7dc35730857]::panicking::default_hook::{closure#0}
[INFO] [stdout]                                at /rustc/6b3fa26749ab40e159b2dd5cf577acaaf5902772/library/std/src/panicking.rs:292:27
[INFO] [stdout]   10:     0x646edfc30e29 - std[73adb7dc35730857]::panicking::default_hook
[INFO] [stdout]                                at /rustc/6b3fa26749ab40e159b2dd5cf577acaaf5902772/library/std/src/panicking.rs:316:9
[INFO] [stdout]   11:     0x646edfb32750 - <alloc[55a36b64bcbf2c0d]::boxed::Box<dyn for<'a, 'b> core[6883ba1bc0fe4ed1]::ops::function::Fn<(&'a std[73adb7dc35730857]::panic::PanicHookInfo<'b>,), Output = ()> + core[6883ba1bc0fe4ed1]::marker::Send + core[6883ba1bc0fe4ed1]::marker::Sync> as core[6883ba1bc0fe4ed1]::ops::function::Fn<(&std[73adb7dc35730857]::panic::PanicHookInfo,)>>::call
[INFO] [stdout]                                at /rustc/6b3fa26749ab40e159b2dd5cf577acaaf5902772/library/alloc/src/boxed.rs:2333:9
[INFO] [stdout]   12:     0x646edfb32750 - test[980ffaebd391d06d]::test_main_inner::<test[980ffaebd391d06d]::test_main_static::{closure#0}>::{closure#0}
[INFO] [stdout]                                at /rustc/6b3fa26749ab40e159b2dd5cf577acaaf5902772/library/test/src/lib.rs:155:21
[INFO] [stdout]   13:     0x646edfc30fe2 - <alloc[55a36b64bcbf2c0d]::boxed::Box<dyn for<'a, 'b> core[6883ba1bc0fe4ed1]::ops::function::Fn<(&'a std[73adb7dc35730857]::panic::PanicHookInfo<'b>,), Output = ()> + core[6883ba1bc0fe4ed1]::marker::Send + core[6883ba1bc0fe4ed1]::marker::Sync> as core[6883ba1bc0fe4ed1]::ops::function::Fn<(&std[73adb7dc35730857]::panic::PanicHookInfo,)>>::call
[INFO] [stdout]                                at /rustc/6b3fa26749ab40e159b2dd5cf577acaaf5902772/library/alloc/src/boxed.rs:2333:9
[INFO] [stdout]   14:     0x646edfc30fe2 - std[73adb7dc35730857]::panicking::panic_with_hook
[INFO] [stdout]                                at /rustc/6b3fa26749ab40e159b2dd5cf577acaaf5902772/library/std/src/panicking.rs:823:13
[INFO] [stdout]   15:     0x646edfc17454 - std[73adb7dc35730857]::panicking::panic_handler::{closure#0}
[INFO] [stdout]                                at /rustc/6b3fa26749ab40e159b2dd5cf577acaaf5902772/library/std/src/panicking.rs:681:13
[INFO] [stdout]   16:     0x646edfc0ed59 - std[73adb7dc35730857]::sys::backtrace::__rust_end_short_backtrace::<std[73adb7dc35730857]::panicking::panic_handler::{closure#0}, !>
[INFO] [stdout]                                at /rustc/6b3fa26749ab40e159b2dd5cf577acaaf5902772/library/std/src/sys/backtrace.rs:182:18
[INFO] [stdout]   17:     0x646edfc1801d - __rustc[a7b7b02e776dd976]::rust_begin_unwind
[INFO] [stdout]                                at /rustc/6b3fa26749ab40e159b2dd5cf577acaaf5902772/library/std/src/panicking.rs:679:5
[INFO] [stdout]   18:     0x646edfc4e2bc - core[6883ba1bc0fe4ed1]::panicking::panic_fmt
[INFO] [stdout]                                at /rustc/6b3fa26749ab40e159b2dd5cf577acaaf5902772/library/core/src/panicking.rs:80:14
[INFO] [stdout]   19:     0x646edfc1cdb2 - <std[73adb7dc35730857]::sys::sync::once::futex::Once>::call
[INFO] [stdout]                                at /rustc/6b3fa26749ab40e159b2dd5cf577acaaf5902772/library/std/src/sys/sync/once/futex.rs:155:21
[INFO] [stdout]   20:     0x646edfb255b0 - <std[73adb7dc35730857]::sync::once::Once>::call_once::<integration[fdb7e7e3636d3138]::common::db::{closure#0}>
[INFO] [stdout]                                at /rustc/6b3fa26749ab40e159b2dd5cf577acaaf5902772/library/std/src/sync/once.rs:166:20
[INFO] [stdout]   21:     0x646edfb255b0 - integration[fdb7e7e3636d3138]::common::db
[INFO] [stdout]                                at /opt/rustwide/workdir/crates/db/tests/common/mod.rs:17:20
[INFO] [stdout]   22:     0x646edfb255b0 - integration[fdb7e7e3636d3138]::sorts_only_include_valid_entries
[INFO] [stdout]                                at /opt/rustwide/workdir/crates/db/tests/integration.rs:16:14
[INFO] [stdout]   23:     0x646edfb255b0 - integration[fdb7e7e3636d3138]::sorts_only_include_valid_entries::{closure#0}
[INFO] [stdout]                                at /opt/rustwide/workdir/crates/db/tests/integration.rs:15:38
[INFO] [stdout]   24:     0x646edfb255b0 - <integration[fdb7e7e3636d3138]::sorts_only_include_valid_entries::{closure#0} as core[6883ba1bc0fe4ed1]::ops::function::FnOnce<()>>::call_once
[INFO] [stdout]                                at /rustc/6b3fa26749ab40e159b2dd5cf577acaaf5902772/library/core/src/ops/function.rs:250:5
[INFO] [stdout]   25:     0x646edfb25a8b - <fn() -> core[6883ba1bc0fe4ed1]::result::Result<(), alloc[55a36b64bcbf2c0d]::string::String> as core[6883ba1bc0fe4ed1]::ops::function::FnOnce<()>>::call_once
[INFO] [stdout]                                at /rustc/6b3fa26749ab40e159b2dd5cf577acaaf5902772/library/core/src/ops/function.rs:250:5
[INFO] [stdout]   26:     0x646edfb25a8b - test[980ffaebd391d06d]::__rust_begin_short_backtrace::<core[6883ba1bc0fe4ed1]::result::Result<(), alloc[55a36b64bcbf2c0d]::string::String>, fn() -> core[6883ba1bc0fe4ed1]::result::Result<(), alloc[55a36b64bcbf2c0d]::string::String>>
[INFO] [stdout]                                at /rustc/6b3fa26749ab40e159b2dd5cf577acaaf5902772/library/test/src/lib.rs:724:18
[INFO] [stdout]   27:     0x646edfb330d5 - test[980ffaebd391d06d]::run_test_in_process::{closure#0}
[INFO] [stdout]                                at /rustc/6b3fa26749ab40e159b2dd5cf577acaaf5902772/library/test/src/lib.rs:747:74
[INFO] [stdout]   28:     0x646edfb330d5 - <core[6883ba1bc0fe4ed1]::panic::unwind_safe::AssertUnwindSafe<test[980ffaebd391d06d]::run_test_in_process::{closure#0}> as core[6883ba1bc0fe4ed1]::ops::function::FnOnce<()>>::call_once
[INFO] [stdout]                                at /rustc/6b3fa26749ab40e159b2dd5cf577acaaf5902772/library/core/src/panic/unwind_safe.rs:275:9
[INFO] [stdout]   29:     0x646edfb330d5 - std[73adb7dc35730857]::panicking::catch_unwind::do_call::<core[6883ba1bc0fe4ed1]::panic::unwind_safe::AssertUnwindSafe<test[980ffaebd391d06d]::run_test_in_process::{closure#0}>, core[6883ba1bc0fe4ed1]::result::Result<(), alloc[55a36b64bcbf2c0d]::string::String>>
[INFO] [stdout]                                at /rustc/6b3fa26749ab40e159b2dd5cf577acaaf5902772/library/std/src/panicking.rs:576:43
[INFO] [stdout]   30:     0x646edfb330d5 - std[73adb7dc35730857]::panicking::catch_unwind::<core[6883ba1bc0fe4ed1]::result::Result<(), alloc[55a36b64bcbf2c0d]::string::String>, core[6883ba1bc0fe4ed1]::panic::unwind_safe::AssertUnwindSafe<test[980ffaebd391d06d]::run_test_in_process::{closure#0}>>
[INFO] [stdout]                                at /rustc/6b3fa26749ab40e159b2dd5cf577acaaf5902772/library/std/src/panicking.rs:544:19
[INFO] [stdout]   31:     0x646edfb330d5 - std[73adb7dc35730857]::panic::catch_unwind::<core[6883ba1bc0fe4ed1]::panic::unwind_safe::AssertUnwindSafe<test[980ffaebd391d06d]::run_test_in_process::{closure#0}>, core[6883ba1bc0fe4ed1]::result::Result<(), alloc[55a36b64bcbf2c0d]::string::String>>
[INFO] [stdout]                                at /rustc/6b3fa26749ab40e159b2dd5cf577acaaf5902772/library/std/src/panic.rs:359:14
[INFO] [stdout]   32:     0x646edfb330d5 - test[980ffaebd391d06d]::run_test_in_process
[INFO] [stdout]                                at /rustc/6b3fa26749ab40e159b2dd5cf577acaaf5902772/library/test/src/lib.rs:747:27
[INFO] [stdout]   33:     0x646edfb330d5 - test[980ffaebd391d06d]::run_test::{closure#0}
[INFO] [stdout]                                at /rustc/6b3fa26749ab40e159b2dd5cf577acaaf5902772/library/test/src/lib.rs:668:43
[INFO] [stdout]   34:     0x646edfb2db84 - test[980ffaebd391d06d]::run_test::{closure#1}
[INFO] [stdout]                                at /rustc/6b3fa26749ab40e159b2dd5cf577acaaf5902772/library/test/src/lib.rs:698:41
[INFO] [stdout]   35:     0x646edfb2db84 - std[73adb7dc35730857]::sys::backtrace::__rust_begin_short_backtrace::<test[980ffaebd391d06d]::run_test::{closure#1}, ()>
[INFO] [stdout]                                at /rustc/6b3fa26749ab40e159b2dd5cf577acaaf5902772/library/std/src/sys/backtrace.rs:166:18
[INFO] [stdout]   36:     0x646edfb36222 - std[73adb7dc35730857]::thread::lifecycle::spawn_unchecked::<test[980ffaebd391d06d]::run_test::{closure#1}, ()>::{closure#1}::{closure#0}
[INFO] [stdout]                                at /rustc/6b3fa26749ab40e159b2dd5cf577acaaf5902772/library/std/src/thread/lifecycle.rs:70:13
[INFO] [stdout]   37:     0x646edfb36222 - <core[6883ba1bc0fe4ed1]::panic::unwind_safe::AssertUnwindSafe<std[73adb7dc35730857]::thread::lifecycle::spawn_unchecked<test[980ffaebd391d06d]::run_test::{closure#1}, ()>::{closure#1}::{closure#0}> as core[6883ba1bc0fe4ed1]::ops::function::FnOnce<()>>::call_once
[INFO] [stdout]                                at /rustc/6b3fa26749ab40e159b2dd5cf577acaaf5902772/library/core/src/panic/unwind_safe.rs:275:9
[INFO] [stdout]   38:     0x646edfb36222 - std[73adb7dc35730857]::panicking::catch_unwind::do_call::<core[6883ba1bc0fe4ed1]::panic::unwind_safe::AssertUnwindSafe<std[73adb7dc35730857]::thread::lifecycle::spawn_unchecked<test[980ffaebd391d06d]::run_test::{closure#1}, ()>::{closure#1}::{closure#0}>, ()>
[INFO] [stdout]                                at /rustc/6b3fa26749ab40e159b2dd5cf577acaaf5902772/library/std/src/panicking.rs:576:43
[INFO] [stdout]   39:     0x646edfb36222 - std[73adb7dc35730857]::panicking::catch_unwind::<(), core[6883ba1bc0fe4ed1]::panic::unwind_safe::AssertUnwindSafe<std[73adb7dc35730857]::thread::lifecycle::spawn_unchecked<test[980ffaebd391d06d]::run_test::{closure#1}, ()>::{closure#1}::{closure#0}>>
[INFO] [stdout]                                at /rustc/6b3fa26749ab40e159b2dd5cf577acaaf5902772/library/std/src/panicking.rs:544:19
[INFO] [stdout]   40:     0x646edfb36222 - std[73adb7dc35730857]::panic::catch_unwind::<core[6883ba1bc0fe4ed1]::panic::unwind_safe::AssertUnwindSafe<std[73adb7dc35730857]::thread::lifecycle::spawn_unchecked<test[980ffaebd391d06d]::run_test::{closure#1}, ()>::{closure#1}::{closure#0}>, ()>
[INFO] [stdout]                                at /rustc/6b3fa26749ab40e159b2dd5cf577acaaf5902772/library/std/src/panic.rs:359:14
[INFO] [stdout]   41:     0x646edfb36222 - std[73adb7dc35730857]::thread::lifecycle::spawn_unchecked::<test[980ffaebd391d06d]::run_test::{closure#1}, ()>::{closure#1}
[INFO] [stdout]                                at /rustc/6b3fa26749ab40e159b2dd5cf577acaaf5902772/library/std/src/thread/lifecycle.rs:68:26
[INFO] [stdout]   42:     0x646edfb36222 - <std[73adb7dc35730857]::thread::lifecycle::spawn_unchecked<test[980ffaebd391d06d]::run_test::{closure#1}, ()>::{closure#1} as core[6883ba1bc0fe4ed1]::ops::function::FnOnce<()>>::call_once::{shim:vtable#0}
[INFO] [stdout]                                at /rustc/6b3fa26749ab40e159b2dd5cf577acaaf5902772/library/core/src/ops/function.rs:250:5
[INFO] [stdout]   43:     0x646edfc3848f - <alloc[55a36b64bcbf2c0d]::boxed::Box<dyn core[6883ba1bc0fe4ed1]::ops::function::FnOnce<(), Output = ()> + core[6883ba1bc0fe4ed1]::marker::Send> as core[6883ba1bc0fe4ed1]::ops::function::FnOnce<()>>::call_once
[INFO] [stdout]                                at /rustc/6b3fa26749ab40e159b2dd5cf577acaaf5902772/library/alloc/src/boxed.rs:2319:9
[INFO] [stdout]   44:     0x646edfc3848f - <std[73adb7dc35730857]::sys::thread::unix::Thread>::new::thread_start
[INFO] [stdout]                                at /rustc/6b3fa26749ab40e159b2dd5cf577acaaf5902772/library/std/src/sys/thread/unix.rs:123:17
[INFO] [stdout]   45:     0x7c81730eaaa4 - <unknown>
[INFO] [stdout]   46:     0x7c8173177a64 - clone
[INFO] [stdout]   47:                0x0 - <unknown>
[INFO] [stdout] 
[INFO] [stdout] ---- num_unique_lifters_is_valid stdout ----
[INFO] [stdout] 
[INFO] [stdout] thread 'num_unique_lifters_is_valid' (5366) panicked at crates/db/tests/common/mod.rs:24:18:
[INFO] [stdout] called `Result::unwrap()` on an `Err` value: Error(Io(Os { code: 2, kind: NotFound, message: "No such file or directory" }))
[INFO] [stdout] stack backtrace:
[INFO] [stdout]    0:     0x646edfc38c01 - std[73adb7dc35730857]::backtrace_rs::backtrace::libunwind::trace
[INFO] [stdout]                                at /rustc/6b3fa26749ab40e159b2dd5cf577acaaf5902772/library/std/src/../../backtrace/src/backtrace/libunwind.rs:117:9
[INFO] [stdout]    1:     0x646edfc38c01 - std[73adb7dc35730857]::backtrace_rs::backtrace::trace_unsynchronized::<std[73adb7dc35730857]::sys::backtrace::_print_fmt::{closure#1}>
[INFO] [stdout]                                at /rustc/6b3fa26749ab40e159b2dd5cf577acaaf5902772/library/std/src/../../backtrace/src/backtrace/mod.rs:66:14
[INFO] [stdout]    2:     0x646edfc38c01 - std[73adb7dc35730857]::sys::backtrace::_print_fmt
[INFO] [stdout]                                at /rustc/6b3fa26749ab40e159b2dd5cf577acaaf5902772/library/std/src/sys/backtrace.rs:74:9
[INFO] [stdout]    3:     0x646edfc38c01 - <<std[73adb7dc35730857]::sys::backtrace::BacktraceLock>::print::DisplayBacktrace as core[6883ba1bc0fe4ed1]::fmt::Display>::fmt
[INFO] [stdout]                                at /rustc/6b3fa26749ab40e159b2dd5cf577acaaf5902772/library/std/src/sys/backtrace.rs:44:26
[INFO] [stdout]    4:     0x646edfc4db2a - <core[6883ba1bc0fe4ed1]::fmt::rt::Argument>::fmt
[INFO] [stdout]                                at /rustc/6b3fa26749ab40e159b2dd5cf577acaaf5902772/library/core/src/fmt/rt.rs:152:76
[INFO] [stdout]    5:     0x646edfc4db2a - core[6883ba1bc0fe4ed1]::fmt::write
[INFO] [stdout]    6:     0x646edfc3d16c - std[73adb7dc35730857]::io::default_write_fmt::<alloc[55a36b64bcbf2c0d]::vec::Vec<u8>>
[INFO] [stdout]                                at /rustc/6b3fa26749ab40e159b2dd5cf577acaaf5902772/library/std/src/io/mod.rs:626:11
[INFO] [stdout]    7:     0x646edfc3d16c - <alloc[55a36b64bcbf2c0d]::vec::Vec<u8> as std[73adb7dc35730857]::io::Write>::write_fmt
[INFO] [stdout]                                at /rustc/6b3fa26749ab40e159b2dd5cf577acaaf5902772/library/std/src/io/mod.rs:1730:13
[INFO] [stdout]    8:     0x646edfc17376 - <std[73adb7dc35730857]::sys::backtrace::BacktraceLock>::print
[INFO] [stdout]                                at /rustc/6b3fa26749ab40e159b2dd5cf577acaaf5902772/library/std/src/sys/backtrace.rs:47:9
[INFO] [stdout]    9:     0x646edfc17376 - std[73adb7dc35730857]::panicking::default_hook::{closure#0}
[INFO] [stdout]                                at /rustc/6b3fa26749ab40e159b2dd5cf577acaaf5902772/library/std/src/panicking.rs:292:27
[INFO] [stdout]   10:     0x646edfc30e29 - std[73adb7dc35730857]::panicking::default_hook
[INFO] [stdout]                                at /rustc/6b3fa26749ab40e159b2dd5cf577acaaf5902772/library/std/src/panicking.rs:316:9
[INFO] [stdout]   11:     0x646edfb32750 - <alloc[55a36b64bcbf2c0d]::boxed::Box<dyn for<'a, 'b> core[6883ba1bc0fe4ed1]::ops::function::Fn<(&'a std[73adb7dc35730857]::panic::PanicHookInfo<'b>,), Output = ()> + core[6883ba1bc0fe4ed1]::marker::Send + core[6883ba1bc0fe4ed1]::marker::Sync> as core[6883ba1bc0fe4ed1]::ops::function::Fn<(&std[73adb7dc35730857]::panic::PanicHookInfo,)>>::call
[INFO] [stdout]                                at /rustc/6b3fa26749ab40e159b2dd5cf577acaaf5902772/library/alloc/src/boxed.rs:2333:9
[INFO] [stdout]   12:     0x646edfb32750 - test[980ffaebd391d06d]::test_main_inner::<test[980ffaebd391d06d]::test_main_static::{closure#0}>::{closure#0}
[INFO] [stdout]                                at /rustc/6b3fa26749ab40e159b2dd5cf577acaaf5902772/library/test/src/lib.rs:155:21
[INFO] [stdout]   13:     0x646edfc30fe2 - <alloc[55a36b64bcbf2c0d]::boxed::Box<dyn for<'a, 'b> core[6883ba1bc0fe4ed1]::ops::function::Fn<(&'a std[73adb7dc35730857]::panic::PanicHookInfo<'b>,), Output = ()> + core[6883ba1bc0fe4ed1]::marker::Send + core[6883ba1bc0fe4ed1]::marker::Sync> as core[6883ba1bc0fe4ed1]::ops::function::Fn<(&std[73adb7dc35730857]::panic::PanicHookInfo,)>>::call
[INFO] [stdout]                                at /rustc/6b3fa26749ab40e159b2dd5cf577acaaf5902772/library/alloc/src/boxed.rs:2333:9
[INFO] [stdout]   14:     0x646edfc30fe2 - std[73adb7dc35730857]::panicking::panic_with_hook
[INFO] [stdout]                                at /rustc/6b3fa26749ab40e159b2dd5cf577acaaf5902772/library/std/src/panicking.rs:823:13
[INFO] [stdout]   15:     0x646edfc17422 - std[73adb7dc35730857]::panicking::panic_handler::{closure#0}
[INFO] [stdout]                                at /rustc/6b3fa26749ab40e159b2dd5cf577acaaf5902772/library/std/src/panicking.rs:688:13
[INFO] [stdout]   16:     0x646edfc0ed59 - std[73adb7dc35730857]::sys::backtrace::__rust_end_short_backtrace::<std[73adb7dc35730857]::panicking::panic_handler::{closure#0}, !>
[INFO] [stdout]                                at /rustc/6b3fa26749ab40e159b2dd5cf577acaaf5902772/library/std/src/sys/backtrace.rs:182:18
[INFO] [stdout]   17:     0x646edfc1801d - __rustc[a7b7b02e776dd976]::rust_begin_unwind
[INFO] [stdout]                                at /rustc/6b3fa26749ab40e159b2dd5cf577acaaf5902772/library/std/src/panicking.rs:679:5
[INFO] [stdout]   18:     0x646edfc4e2bc - core[6883ba1bc0fe4ed1]::panicking::panic_fmt
[INFO] [stdout]                                at /rustc/6b3fa26749ab40e159b2dd5cf577acaaf5902772/library/core/src/panicking.rs:80:14
[INFO] [stdout]   19:     0x646edfc4e032 - core[6883ba1bc0fe4ed1]::result::unwrap_failed
[INFO] [stdout]                                at /rustc/6b3fa26749ab40e159b2dd5cf577acaaf5902772/library/core/src/result.rs:1870:5
[INFO] [stdout]   20:     0x646edfb2482c - <core[6883ba1bc0fe4ed1]::result::Result<opldb[e8edf09362551a68]::OplDb, alloc[55a36b64bcbf2c0d]::boxed::Box<dyn core[6883ba1bc0fe4ed1]::error::Error>>>::unwrap
[INFO] [stdout]                                at /rustc/6b3fa26749ab40e159b2dd5cf577acaaf5902772/library/core/src/result.rs:1231:23
[INFO] [stdout]   21:     0x646edfb2482c - integration[fdb7e7e3636d3138]::common::db::{closure#0}
[INFO] [stdout]                                at /opt/rustwide/workdir/crates/db/tests/common/mod.rs:24:18
[INFO] [stdout]   22:     0x646edfb2482c - <std[73adb7dc35730857]::sync::once::Once>::call_once::<integration[fdb7e7e3636d3138]::common::db::{closure#0}>::{closure#0}
[INFO] [stdout]                                at /rustc/6b3fa26749ab40e159b2dd5cf577acaaf5902772/library/std/src/sync/once.rs:166:41
[INFO] [stdout]   23:     0x646edfc1cc79 - <std[73adb7dc35730857]::sys::sync::once::futex::Once>::call
[INFO] [stdout]                                at /rustc/6b3fa26749ab40e159b2dd5cf577acaaf5902772/library/std/src/sys/sync/once/futex.rs:183:21
[INFO] [stdout]   24:     0x646edfb24ae9 - <std[73adb7dc35730857]::sync::once::Once>::call_once::<integration[fdb7e7e3636d3138]::common::db::{closure#0}>
[INFO] [stdout]                                at /rustc/6b3fa26749ab40e159b2dd5cf577acaaf5902772/library/std/src/sync/once.rs:166:20
[INFO] [stdout]   25:     0x646edfb24ae9 - integration[fdb7e7e3636d3138]::common::db
[INFO] [stdout]                                at /opt/rustwide/workdir/crates/db/tests/common/mod.rs:17:20
[INFO] [stdout]   26:     0x646edfb24ae9 - integration[fdb7e7e3636d3138]::num_unique_lifters_is_valid
[INFO] [stdout]                                at /opt/rustwide/workdir/crates/db/tests/integration.rs:92:14
[INFO] [stdout]   27:     0x646edfb24ae9 - integration[fdb7e7e3636d3138]::num_unique_lifters_is_valid::{closure#0}
[INFO] [stdout]                                at /opt/rustwide/workdir/crates/db/tests/integration.rs:91:33
[INFO] [stdout]   28:     0x646edfb24ae9 - <integration[fdb7e7e3636d3138]::num_unique_lifters_is_valid::{closure#0} as core[6883ba1bc0fe4ed1]::ops::function::FnOnce<()>>::call_once
[INFO] [stdout]                                at /rustc/6b3fa26749ab40e159b2dd5cf577acaaf5902772/library/core/src/ops/function.rs:250:5
[INFO] [stdout]   29:     0x646edfb25a8b - <fn() -> core[6883ba1bc0fe4ed1]::result::Result<(), alloc[55a36b64bcbf2c0d]::string::String> as core[6883ba1bc0fe4ed1]::ops::function::FnOnce<()>>::call_once
[INFO] [stdout]                                at /rustc/6b3fa26749ab40e159b2dd5cf577acaaf5902772/library/core/src/ops/function.rs:250:5
[INFO] [stdout]   30:     0x646edfb25a8b - test[980ffaebd391d06d]::__rust_begin_short_backtrace::<core[6883ba1bc0fe4ed1]::result::Result<(), alloc[55a36b64bcbf2c0d]::string::String>, fn() -> core[6883ba1bc0fe4ed1]::result::Result<(), alloc[55a36b64bcbf2c0d]::string::String>>
[INFO] [stdout]                                at /rustc/6b3fa26749ab40e159b2dd5cf577acaaf5902772/library/test/src/lib.rs:724:18
[INFO] [stdout]   31:     0x646edfb330d5 - test[980ffaebd391d06d]::run_test_in_process::{closure#0}
[INFO] [stdout]                                at /rustc/6b3fa26749ab40e159b2dd5cf577acaaf5902772/library/test/src/lib.rs:747:74
[INFO] [stdout]   32:     0x646edfb330d5 - <core[6883ba1bc0fe4ed1]::panic::unwind_safe::AssertUnwindSafe<test[980ffaebd391d06d]::run_test_in_process::{closure#0}> as core[6883ba1bc0fe4ed1]::ops::function::FnOnce<()>>::call_once
[INFO] [stdout]                                at /rustc/6b3fa26749ab40e159b2dd5cf577acaaf5902772/library/core/src/panic/unwind_safe.rs:275:9
[INFO] [stdout]   33:     0x646edfb330d5 - std[73adb7dc35730857]::panicking::catch_unwind::do_call::<core[6883ba1bc0fe4ed1]::panic::unwind_safe::AssertUnwindSafe<test[980ffaebd391d06d]::run_test_in_process::{closure#0}>, core[6883ba1bc0fe4ed1]::result::Result<(), alloc[55a36b64bcbf2c0d]::string::String>>
[INFO] [stdout]                                at /rustc/6b3fa26749ab40e159b2dd5cf577acaaf5902772/library/std/src/panicking.rs:576:43
[INFO] [stdout]   34:     0x646edfb330d5 - std[73adb7dc35730857]::panicking::catch_unwind::<core[6883ba1bc0fe4ed1]::result::Result<(), alloc[55a36b64bcbf2c0d]::string::String>, core[6883ba1bc0fe4ed1]::panic::unwind_safe::AssertUnwindSafe<test[980ffaebd391d06d]::run_test_in_process::{closure#0}>>
[INFO] [stdout]                                at /rustc/6b3fa26749ab40e159b2dd5cf577acaaf5902772/library/std/src/panicking.rs:544:19
[INFO] [stdout]   35:     0x646edfb330d5 - std[73adb7dc35730857]::panic::catch_unwind::<core[6883ba1bc0fe4ed1]::panic::unwind_safe::AssertUnwindSafe<test[980ffaebd391d06d]::run_test_in_process::{closure#0}>, core[6883ba1bc0fe4ed1]::result::Result<(), alloc[55a36b64bcbf2c0d]::string::String>>
[INFO] [stdout]                                at /rustc/6b3fa26749ab40e159b2dd5cf577acaaf5902772/library/std/src/panic.rs:359:14
[INFO] [stdout]   36:     0x646edfb330d5 - test[980ffaebd391d06d]::run_test_in_process
[INFO] [stdout]                                at /rustc/6b3fa26749ab40e159b2dd5cf577acaaf5902772/library/test/src/lib.rs:747:27
[INFO] [stdout]   37:     0x646edfb330d5 - test[980ffaebd391d06d]::run_test::{closure#0}
[INFO] [stdout]                                at /rustc/6b3fa26749ab40e159b2dd5cf577acaaf5902772/library/test/src/lib.rs:668:43
[INFO] [stdout]   38:     0x646edfb2db84 - test[980ffaebd391d06d]::run_test::{closure#1}
[INFO] [stdout]                                at /rustc/6b3fa26749ab40e159b2dd5cf577acaaf5902772/library/test/src/lib.rs:698:41
[INFO] [stdout]   39:     0x646edfb2db84 - std[73adb7dc35730857]::sys::backtrace::__rust_begin_short_backtrace::<test[980ffaebd391d06d]::run_test::{closure#1}, ()>
[INFO] [stdout]                                at /rustc/6b3fa26749ab40e159b2dd5cf577acaaf5902772/library/std/src/sys/backtrace.rs:166:18
[INFO] [stdout]   40:     0x646edfb36222 - std[73adb7dc35730857]::thread::lifecycle::spawn_unchecked::<test[980ffaebd391d06d]::run_test::{closure#1}, ()>::{closure#1}::{closure#0}
[INFO] [stdout]                                at /rustc/6b3fa26749ab40e159b2dd5cf577acaaf5902772/library/std/src/thread/lifecycle.rs:70:13
[INFO] [stdout]   41:     0x646edfb36222 - <core[6883ba1bc0fe4ed1]::panic::unwind_safe::AssertUnwindSafe<std[73adb7dc35730857]::thread::lifecycle::spawn_unchecked<test[980ffaebd391d06d]::run_test::{closure#1}, ()>::{closure#1}::{closure#0}> as core[6883ba1bc0fe4ed1]::ops::function::FnOnce<()>>::call_once
[INFO] [stdout]                                at /rustc/6b3fa26749ab40e159b2dd5cf577acaaf5902772/library/core/src/panic/unwind_safe.rs:275:9
[INFO] [stdout]   42:     0x646edfb36222 - std[73adb7dc35730857]::panicking::catch_unwind::do_call::<core[6883ba1bc0fe4ed1]::panic::unwind_safe::AssertUnwindSafe<std[73adb7dc35730857]::thread::lifecycle::spawn_unchecked<test[980ffaebd391d06d]::run_test::{closure#1}, ()>::{closure#1}::{closure#0}>, ()>
[INFO] [stdout]                                at /rustc/6b3fa26749ab40e159b2dd5cf577acaaf5902772/library/std/src/panicking.rs:576:43
[INFO] [stdout]   43:     0x646edfb36222 - std[73adb7dc35730857]::panicking::catch_unwind::<(), core[6883ba1bc0fe4ed1]::panic::unwind_safe::AssertUnwindSafe<std[73adb7dc35730857]::thread::lifecycle::spawn_unchecked<test[980ffaebd391d06d]::run_test::{closure#1}, ()>::{closure#1}::{closure#0}>>
[INFO] [stdout]                                at /rustc/6b3fa26749ab40e159b2dd5cf577acaaf5902772/library/std/src/panicking.rs:544:19
[INFO] [stdout]   44:     0x646edfb36222 - std[73adb7dc35730857]::panic::catch_unwind::<core[6883ba1bc0fe4ed1]::panic::unwind_safe::AssertUnwindSafe<std[73adb7dc35730857]::thread::lifecycle::spawn_unchecked<test[980ffaebd391d06d]::run_test::{closure#1}, ()>::{closure#1}::{closure#0}>, ()>
[INFO] [stdout]                                at /rustc/6b3fa26749ab40e159b2dd5cf577acaaf5902772/library/std/src/panic.rs:359:14
[INFO] [stdout]   45:     0x646edfb36222 - std[73adb7dc35730857]::thread::lifecycle::spawn_unchecked::<test[980ffaebd391d06d]::run_test::{closure#1}, ()>::{closure#1}
[INFO] [stdout]                                at /rustc/6b3fa26749ab40e159b2dd5cf577acaaf5902772/library/std/src/thread/lifecycle.rs:68:26
[INFO] [stdout]   46:     0x646edfb36222 - <std[73adb7dc35730857]::thread::lifecycle::spawn_unchecked<test[980ffaebd391d06d]::run_test::{closure#1}, ()>::{closure#1} as core[6883ba1bc0fe4ed1]::ops::function::FnOnce<()>>::call_once::{shim:vtable#0}
[INFO] [stdout]                                at /rustc/6b3fa26749ab40e159b2dd5cf577acaaf5902772/library/core/src/ops/function.rs:250:5
[INFO] [stdout]   47:     0x646edfc3848f - <alloc[55a36b64bcbf2c0d]::boxed::Box<dyn core[6883ba1bc0fe4ed1]::ops::function::FnOnce<(), Output = ()> + core[6883ba1bc0fe4ed1]::marker::Send> as core[6883ba1bc0fe4ed1]::ops::function::FnOnce<()>>::call_once
[INFO] [stdout]                                at /rustc/6b3fa26749ab40e159b2dd5cf577acaaf5902772/library/alloc/src/boxed.rs:2319:9
[INFO] [stdout]   48:     0x646edfc3848f - <std[73adb7dc35730857]::sys::thread::unix::Thread>::new::thread_start
[INFO] [stdout]                                at /rustc/6b3fa26749ab40e159b2dd5cf577acaaf5902772/library/std/src/sys/thread/unix.rs:123:17
[INFO] [stdout]   49:     0x7c81730eaaa4 - <unknown>
[INFO] [stdout]   50:     0x7c8173177a64 - clone
[INFO] [stdout]   51:                0x0 - <unknown>
[INFO] [stdout] 
[INFO] [stdout] 
[INFO] [stdout] failures:
[INFO] [stdout]     num_unique_lifters_is_valid
[INFO] [stdout]     sorts_only_include_valid_entries
[INFO] [stdout] 
[INFO] [stdout] test result: FAILED. 0 passed; 2 failed; 0 ignored; 0 measured; 0 filtered out; finished in 0.02s
[INFO] [stdout] 
[INFO] [stderr] error: test failed, to rerun pass `-p opldb --test integration`
[INFO] running `Command { std: "docker" "inspect" "ff38e19233b901be1920eba189779847b729683a93d2a49e9c0bfa16fdf6c3b3", kill_on_drop: false }`
[INFO] running `Command { std: "docker" "rm" "-f" "ff38e19233b901be1920eba189779847b729683a93d2a49e9c0bfa16fdf6c3b3", kill_on_drop: false }`
[INFO] [stdout] ff38e19233b901be1920eba189779847b729683a93d2a49e9c0bfa16fdf6c3b3
