[INFO] cloning repository https://github.com/flashbots/attested-tls-benchmarks
[INFO] running `Command { std: "git" "-c" "credential.helper=" "-c" "credential.helper=/workspace/cargo-home/bin/git-credential-null" "clone" "--bare" "https://github.com/flashbots/attested-tls-benchmarks" "/workspace/cache/git-repos/https%3A%2F%2Fgithub.com%2Fflashbots%2Fattested-tls-benchmarks", kill_on_drop: false }`
[INFO] [stderr] Cloning into bare repository '/workspace/cache/git-repos/https%3A%2F%2Fgithub.com%2Fflashbots%2Fattested-tls-benchmarks'...
[INFO] running `Command { std: "git" "rev-parse" "HEAD", kill_on_drop: false }`
[INFO] [stdout] 24d293545737a212c35f84546185d9c1e8d58ebf
[INFO] testing flashbots/attested-tls-benchmarks against 1.98.0-beta.1 for beta-1.98-2
[INFO] running `Command { std: "git" "clone" "/workspace/cache/git-repos/https%3A%2F%2Fgithub.com%2Fflashbots%2Fattested-tls-benchmarks" "/workspace/builds/worker-2-tc2/source", kill_on_drop: false }`
[INFO] [stderr] Cloning into '/workspace/builds/worker-2-tc2/source'...
[INFO] [stderr] done.
[INFO] started tweaking git repo https://github.com/flashbots/attested-tls-benchmarks
[INFO] finished tweaking git repo https://github.com/flashbots/attested-tls-benchmarks
[INFO] tweaked toml for git repo https://github.com/flashbots/attested-tls-benchmarks written to /workspace/builds/worker-2-tc2/source/Cargo.toml
[INFO] validating manifest of git repo https://github.com/flashbots/attested-tls-benchmarks on toolchain 1.98.0-beta.1
[INFO] running `Command { std: CARGO_HOME="/workspace/cargo-home" RUSTUP_HOME="/workspace/rustup-home" "/workspace/cargo-home/bin/cargo" "+1.98.0-beta.1" "metadata" "--manifest-path" "Cargo.toml" "--no-deps", kill_on_drop: false }`
[INFO] crate git repo https://github.com/flashbots/attested-tls-benchmarks already has a lockfile, it will not be regenerated
[INFO] running `Command { std: CARGO_HOME="/workspace/cargo-home" RUSTUP_HOME="/workspace/rustup-home" "/workspace/cargo-home/bin/cargo" "+1.98.0-beta.1" "fetch" "--manifest-path" "Cargo.toml", kill_on_drop: false }`
[INFO] running `Command { std: "docker" "create" "-v" "/var/lib/crater-agent-workspace/builds/worker-2-tc2/source:/opt/rustwide/workdir:ro,Z" "-v" "/var/lib/crater-agent-workspace/builds/worker-2-tc2/target:/opt/rustwide/target:rw,Z" "-v" "/var/lib/crater-agent-workspace/cargo-home:/opt/rustwide/cargo-home:ro,Z" "-v" "/var/lib/crater-agent-workspace/rustup-home:/opt/rustwide/rustup-home:ro,Z" "-m" "1610612736" "--network" "none" "ghcr.io/rust-lang/crates-build-env/linux@sha256:3d5ced03c013a94a2f102a4510f48a6e9184255caf5fd8244f58017bde7f5210" "sleep" "infinity", kill_on_drop: false }`
[INFO] [stdout] 0069630adc7f928ca3397ce7b5cd2391991291ef8b5594e88de6b460c6be97c9
[INFO] running `Command { std: "docker" "start" "0069630adc7f928ca3397ce7b5cd2391991291ef8b5594e88de6b460c6be97c9", kill_on_drop: false }`
[INFO] running `Command { std: "docker" "inspect" "0069630adc7f928ca3397ce7b5cd2391991291ef8b5594e88de6b460c6be97c9", kill_on_drop: false }`
[INFO] running `Command { std: "docker" "exec" "-e" "SOURCE_DIR=/opt/rustwide/workdir" "-e" "CARGO_HOME=/opt/rustwide/cargo-home" "-e" "RUSTUP_HOME=/opt/rustwide/rustup-home" "-e" "CARGO_TARGET_DIR=/opt/rustwide/target" "-w" "/opt/rustwide/workdir" "--user" "0:0" "0069630adc7f928ca3397ce7b5cd2391991291ef8b5594e88de6b460c6be97c9" "/opt/rustwide/cargo-home/bin/cargo" "+1.98.0-beta.1" "metadata" "--no-deps" "--format-version=1", kill_on_drop: false }`
[INFO] running `Command { std: "docker" "inspect" "0069630adc7f928ca3397ce7b5cd2391991291ef8b5594e88de6b460c6be97c9", kill_on_drop: false }`
[INFO] running `Command { std: "docker" "exec" "-e" "SOURCE_DIR=/opt/rustwide/workdir" "-e" "CARGO_HOME=/opt/rustwide/cargo-home" "-e" "RUSTUP_HOME=/opt/rustwide/rustup-home" "-e" "CARGO_TARGET_DIR=/opt/rustwide/target" "-e" "CARGO_INCREMENTAL=0" "-e" "RUST_BACKTRACE=full" "-e" "RUSTFLAGS=--cap-lints=warn" "-e" "RUSTDOCFLAGS=--cap-lints=warn" "-w" "/opt/rustwide/workdir" "--user" "0:0" "0069630adc7f928ca3397ce7b5cd2391991291ef8b5594e88de6b460c6be97c9" "/opt/rustwide/cargo-home/bin/cargo" "+1.98.0-beta.1" "build" "--frozen" "--message-format=json", kill_on_drop: false }`
[INFO] [stderr]    Compiling unicode-ident v1.0.24
[INFO] [stderr]    Compiling proc-macro2 v1.0.106
[INFO] [stderr]    Compiling quote v1.0.44
[INFO] [stderr]    Compiling libc v0.2.182
[INFO] [stderr]    Compiling cfg-if v1.0.4
[INFO] [stderr]    Compiling zeroize v1.8.2
[INFO] [stderr]    Compiling serde_core v1.0.228
[INFO] [stderr]    Compiling version_check v0.9.5
[INFO] [stderr]    Compiling typenum v1.19.0
[INFO] [stderr]    Compiling serde v1.0.228
[INFO] [stderr]    Compiling subtle v2.6.1
[INFO] [stderr]    Compiling portable-atomic v1.13.1
[INFO] [stderr]    Compiling shlex v1.3.0
[INFO] [stderr]    Compiling find-msvc-tools v0.1.9
[INFO] [stderr]    Compiling smallvec v1.15.1
[INFO] [stderr]    Compiling const-oid v0.9.6
[INFO] [stderr]    Compiling pin-project-lite v0.2.16
[INFO] [stderr]    Compiling itoa v1.0.17
[INFO] [stderr]    Compiling critical-section v1.2.0
[INFO] [stderr]    Compiling futures-core v0.3.32
[INFO] [stderr]    Compiling futures-sink v0.3.32
[INFO] [stderr]    Compiling memchr v2.8.0
[INFO] [stderr]    Compiling equivalent v1.0.2
[INFO] [stderr]    Compiling parking_lot_core v0.9.12
[INFO] [stderr]    Compiling scopeguard v1.2.0
[INFO] [stderr]    Compiling lock_api v0.4.14
[INFO] [stderr]    Compiling cpufeatures v0.2.17
[INFO] [stderr]    Compiling dunce v1.0.5
[INFO] [stderr]    Compiling stable_deref_trait v1.2.1
[INFO] [stderr]    Compiling slab v0.4.12
[INFO] [stderr]    Compiling thiserror v2.0.18
[INFO] [stderr]    Compiling futures-channel v0.3.32
[INFO] [stderr]    Compiling zerocopy v0.8.39
[INFO] [stderr]    Compiling futures-io v0.3.32
[INFO] [stderr]    Compiling futures-task v0.3.32
[INFO] [stderr]    Compiling foldhash v0.2.0
[INFO] [stderr]    Compiling generic-array v0.14.9
[INFO] [stderr]    Compiling heck v0.5.0
[INFO] [stderr]    Compiling libm v0.2.16
[INFO] [stderr]    Compiling hashbrown v0.16.1
[INFO] [stderr]    Compiling base64ct v1.8.3
[INFO] [stderr]    Compiling fs_extra v1.3.0
[INFO] [stderr]    Compiling autocfg v1.5.0
[INFO] [stderr]    Compiling log v0.4.29
[INFO] [stderr]    Compiling syn v2.0.116
[INFO] [stderr]    Compiling litemap v0.8.1
[INFO] [stderr]    Compiling flagset v0.4.7
[INFO] [stderr]    Compiling writeable v0.6.2
[INFO] [stderr]    Compiling percent-encoding v2.3.2
[INFO] [stderr]    Compiling getrandom v0.3.4
[INFO] [stderr]    Compiling icu_properties_data v2.1.2
[INFO] [stderr]    Compiling pkg-config v0.3.32
[INFO] [stderr]    Compiling vcpkg v0.2.15
[INFO] [stderr]    Compiling icu_normalizer_data v2.1.1
[INFO] [stderr]    Compiling num-traits v0.2.19
[INFO] [stderr]    Compiling once_cell v1.21.3
[INFO] [stderr]    Compiling unicode-xid v0.2.6
[INFO] [stderr]    Compiling rustls-pki-types v1.14.0
[INFO] [stderr]    Compiling tracing-core v0.1.36
[INFO] [stderr]    Compiling pem-rfc7468 v0.7.0
[INFO] [stderr]    Compiling httparse v1.10.1
[INFO] [stderr]    Compiling aws-lc-rs v1.16.0
[INFO] [stderr]    Compiling indexmap v2.13.0
[INFO] [stderr]    Compiling untrusted v0.9.0
[INFO] [stderr]    Compiling jobserver v0.1.34
[INFO] [stderr]    Compiling getrandom v0.2.17
[INFO] [stderr]    Compiling errno v0.3.14
[INFO] [stderr]    Compiling socket2 v0.6.2
[INFO] [stderr]    Compiling mio v1.1.1
[INFO] [stderr]    Compiling paste v1.0.15
[INFO] [stderr]    Compiling cc v1.2.56
[INFO] [stderr]    Compiling signal-hook-registry v1.4.8
[INFO] [stderr]    Compiling rand_core v0.6.4
[INFO] [stderr]    Compiling parking_lot v0.12.5
[INFO] [stderr]    Compiling rustversion v1.0.22
[INFO] [stderr]    Compiling spin v0.9.8
[INFO] [stderr]    Compiling base64 v0.22.1
[INFO] [stderr]    Compiling lazy_static v1.5.0
[INFO] [stderr]    Compiling keccak v0.1.6
[INFO] [stderr]    Compiling tower-layer v0.3.3
[INFO] [stderr]    Compiling unicode-segmentation v1.12.0
[INFO] [stderr]    Compiling block-buffer v0.10.4
[INFO] [stderr]    Compiling crypto-common v0.1.6
[INFO] [stderr]    Compiling rand_core v0.9.5
[INFO] [stderr]    Compiling crossbeam-utils v0.8.21
[INFO] [stderr]    Compiling tower-service v0.3.3
[INFO] [stderr]    Compiling form_urlencoded v1.2.2
[INFO] [stderr]    Compiling atomic-waker v1.1.2
[INFO] [stderr]    Compiling num-conv v0.2.0
[INFO] [stderr]    Compiling wasm-bindgen-shared v0.2.111
[INFO] [stderr]    Compiling utf8_iter v1.0.4
[INFO] [stderr]    Compiling powerfmt v0.2.0
[INFO] [stderr]    Compiling digest v0.10.7
[INFO] [stderr]    Compiling cmake v0.1.57
[INFO] [stderr]    Compiling openssl-src v300.5.5+3.5.5
[INFO] [stderr]    Compiling convert_case v0.10.0
[INFO] [stderr]    Compiling bitflags v2.11.0
[INFO] [stderr]    Compiling ipnet v2.11.0
[INFO] [stderr]    Compiling zmij v1.0.21
[INFO] [stderr]    Compiling time-core v0.1.8
[INFO] [stderr]    Compiling try-lock v0.2.5
[INFO] [stderr]    Compiling rustls v0.23.36
[INFO] [stderr]    Compiling data-encoding v2.10.0
[INFO] [stderr]    Compiling foreign-types-shared v0.1.1
[INFO] [stderr]    Compiling fnv v1.0.7
[INFO] [stderr]    Compiling openssl v0.10.75
[INFO] [stderr]    Compiling getrandom v0.4.1
[INFO] [stderr]    Compiling want v0.3.1
[INFO] [stderr]    Compiling foreign-types v0.3.2
[INFO] [stderr]    Compiling time-macros v0.2.27
[INFO] [stderr]    Compiling signature v2.2.0
[INFO] [stderr]    Compiling deranged v0.5.8
[INFO] [stderr]    Compiling num-integer v0.1.46
[INFO] [stderr]    Compiling ff v0.13.1
[INFO] [stderr]    Compiling proc-macro-error-attr2 v2.0.0
[INFO] [stderr]    Compiling const-hex v1.17.0
[INFO] [stderr]    Compiling serde_json v1.0.149
[INFO] [stderr]    Compiling winnow v0.7.14
[INFO] [stderr]    Compiling httpdate v1.0.3
[INFO] [stderr]    Compiling base16ct v0.2.0
[INFO] [stderr]    Compiling pin-utils v0.1.0
[INFO] [stderr]    Compiling native-tls v0.2.18
[INFO] [stderr]    Compiling aws-lc-sys v0.37.1
[INFO] [stderr]    Compiling ring v0.17.14
[INFO] [stderr]    Compiling openssl-sys v0.9.111
[INFO] [stderr]    Compiling group v0.13.0
[INFO] [stderr]    Compiling sha3 v0.10.8
[INFO] [stderr]    Compiling crypto-bigint v0.5.5
[INFO] [stderr]    Compiling sync_wrapper v1.0.2
[INFO] [stderr]    Compiling tinyvec_macros v0.1.1
[INFO] [stderr]    Compiling semver v1.0.27
[INFO] [stderr]    Compiling ruint-macro v1.2.1
[INFO] [stderr]    Compiling toml_datetime v0.7.5+spec-1.1.0
[INFO] [stderr]    Compiling openssl-probe v0.2.1
[INFO] [stderr]    Compiling tinyvec v1.10.0
[INFO] [stderr]    Compiling crossbeam-epoch v0.9.18
[INFO] [stderr]    Compiling rustc_version v0.4.1
[INFO] [stderr]    Compiling ppv-lite86 v0.2.21
[INFO] [stderr]    Compiling ruint v1.17.2
[INFO] [stderr]    Compiling crossbeam-channel v0.5.15
[INFO] [stderr]    Compiling uuid v1.21.0
[INFO] [stderr]    Compiling hmac v0.12.1
[INFO] [stderr]    Compiling sha2 v0.10.9
[INFO] [stderr]    Compiling time v0.3.47
[INFO] [stderr]    Compiling bumpalo v3.20.2
[INFO] [stderr]    Compiling rand_chacha v0.9.0
[INFO] [stderr]    Compiling rustc-hash v2.1.1
[INFO] [stderr]    Compiling tagptr v0.2.0
[INFO] [stderr]    Compiling minimal-lexical v0.2.1
[INFO] [stderr]    Compiling rand_chacha v0.3.1
[INFO] [stderr]    Compiling moka v0.12.13
[INFO] [stderr]    Compiling rfc6979 v0.4.0
[INFO] [stderr]    Compiling synstructure v0.13.2
[INFO] [stderr]    Compiling syn-solidity v1.5.7
[INFO] [stderr]    Compiling rand v0.9.2
[INFO] [stderr]    Compiling macro-string v0.1.4
[INFO] [stderr]    Compiling proc-macro-error2 v2.0.1
[INFO] [stderr]    Compiling nom v7.1.3
[INFO] [stderr]    Compiling wasm-bindgen-macro-support v0.2.111
[INFO] [stderr]    Compiling toml_parser v1.0.9+spec-1.1.0
[INFO] [stderr]    Compiling curve25519-dalek v4.1.3
[INFO] [stderr]    Compiling wasm-bindgen v0.2.111
[INFO] [stderr]    Compiling webpki-roots v1.0.6
[INFO] [stderr]    Compiling iri-string v0.7.10
[INFO] [stderr]    Compiling ryu v1.0.23
[INFO] [stderr]    Compiling resolv-conf v0.7.6
[INFO] [stderr]    Compiling num-bigint-dig v0.8.6
[INFO] [stderr]    Compiling toml_edit v0.23.10+spec-1.0.0
[INFO] [stderr]    Compiling rand v0.8.5
[INFO] [stderr]    Compiling num-iter v0.1.45
[INFO] [stderr]    Compiling parity-scale-codec v3.7.5
[INFO] [stderr]    Compiling sharded-slab v0.1.7
[INFO] [stderr]    Compiling const_format_proc_macros v0.2.34
[INFO] [stderr]    Compiling thread_local v1.1.9
[INFO] [stderr]    Compiling utf8parse v0.2.2
[INFO] [stderr]    Compiling anstyle-parse v0.2.7
[INFO] [stderr]    Compiling ed25519 v2.2.3
[INFO] [stderr]    Compiling pem v3.0.6
[INFO] [stderr]    Compiling tracing-log v0.2.0
[INFO] [stderr]    Compiling tracing-subscriber v0.3.22
[INFO] [stderr]    Compiling proc-macro-crate v3.4.0
[INFO] [stderr]    Compiling arrayvec v0.7.6
[INFO] [stderr]    Compiling futures-utils-wasm v0.1.0
[INFO] [stderr]    Compiling anstyle v1.0.13
[INFO] [stderr]    Compiling rusticata-macros v4.1.0
[INFO] [stderr]    Compiling const_format v0.2.35
[INFO] [stderr]    Compiling serde_derive v1.0.228
[INFO] [stderr]    Compiling zerofrom-derive v0.1.6
[INFO] [stderr]    Compiling displaydoc v0.2.5
[INFO] [stderr]    Compiling tokio-macros v2.6.0
[INFO] [stderr]    Compiling yoke-derive v0.8.1
[INFO] [stderr]    Compiling thiserror-impl v2.0.18
[INFO] [stderr]    Compiling zerovec-derive v0.11.2
[INFO] [stderr]    Compiling tracing-attributes v0.1.31
[INFO] [stderr]    Compiling futures-macro v0.3.32
[INFO] [stderr]    Compiling der_derive v0.7.3
[INFO] [stderr]    Compiling derive_more-impl v2.1.1
[INFO] [stderr]    Compiling openssl-macros v0.1.1
[INFO] [stderr]    Compiling alloy-sol-macro-input v1.5.7
[INFO] [stderr]    Compiling async-trait v0.1.89
[INFO] [stderr]    Compiling enum-as-inner v0.6.1
[INFO] [stderr]    Compiling curve25519-dalek-derive v0.1.1
[INFO] [stderr]    Compiling futures-util v0.3.32
[INFO] [stderr]    Compiling zerofrom v0.1.6
[INFO] [stderr]    Compiling yoke v0.8.1
[INFO] [stderr]    Compiling alloy-sol-macro-expander v1.5.7
[INFO] [stderr]    Compiling asn1-rs-derive v0.6.0
[INFO] [stderr]    Compiling asn1-rs-impl v0.2.0
[INFO] [stderr]    Compiling zerovec v0.11.5
[INFO] [stderr]    Compiling zerotrie v0.2.3
[INFO] [stderr]    Compiling der v0.7.10
[INFO] [stderr]    Compiling parity-scale-codec-derive v3.7.5
[INFO] [stderr]    Compiling tracing v0.1.44
[INFO] [stderr]    Compiling derive_more-impl v1.0.0
[INFO] [stderr]    Compiling opentelemetry v0.31.0
[INFO] [stderr]    Compiling asn1-rs v0.7.1
[INFO] [stderr]    Compiling auto_impl v1.3.0
[INFO] [stderr]    Compiling tinystr v0.8.2
[INFO] [stderr]    Compiling icu_locale_core v2.1.1
[INFO] [stderr]    Compiling potential_utf v0.1.4
[INFO] [stderr]    Compiling wasm-bindgen-macro v0.2.111
[INFO] [stderr]    Compiling icu_collections v2.1.1
[INFO] [stderr]    Compiling impl-trait-for-tuples v0.2.3
[INFO] [stderr]    Compiling icu_provider v2.1.1
[INFO] [stderr]    Compiling sec1 v0.7.3
[INFO] [stderr]    Compiling spki v0.7.3
[INFO] [stderr]    Compiling oid-registry v0.8.1
[INFO] [stderr]    Compiling elliptic-curve v0.13.8
[INFO] [stderr]    Compiling pkcs8 v0.10.2
[INFO] [stderr]    Compiling is_terminal_polyfill v1.70.2
[INFO] [stderr]    Compiling either v1.15.0
[INFO] [stderr]    Compiling pkcs1 v0.7.5
[INFO] [stderr]    Compiling anstyle-query v1.1.5
[INFO] [stderr]    Compiling icu_normalizer v2.1.1
[INFO] [stderr]    Compiling icu_properties v2.1.2
[INFO] [stderr]    Compiling byte-slice-cast v1.2.3
[INFO] [stderr]    Compiling anyhow v1.0.102
[INFO] [stderr]    Compiling ecdsa v0.16.9
[INFO] [stderr]    Compiling primeorder v0.13.6
[INFO] [stderr]    Compiling colorchoice v1.0.4
[INFO] [stderr]    Compiling bytes v1.11.1
[INFO] [stderr]    Compiling serde_urlencoded v0.7.1
[INFO] [stderr]    Compiling js-sys v0.3.88
[INFO] [stderr]    Compiling anstream v0.6.21
[INFO] [stderr]    Compiling p256 v0.13.2
[INFO] [stderr]    Compiling p384 v0.13.1
[INFO] [stderr]    Compiling rsa v0.9.10
[INFO] [stderr]    Compiling itertools v0.14.0
[INFO] [stderr]    Compiling tracing-opentelemetry v0.32.1
[INFO] [stderr]    Compiling futures-executor v0.3.32
[INFO] [stderr]    Compiling derive_more v1.0.0
[INFO] [stderr]    Compiling futures v0.3.32
[INFO] [stderr]    Compiling ed25519-dalek v2.2.0
[INFO] [stderr]    Compiling scale-info-derive v2.11.6
[INFO] [stderr]    Compiling idna_adapter v1.2.1
[INFO] [stderr]    Compiling derive_more v2.1.1
[INFO] [stderr]    Compiling pin-project-internal v1.1.10
[INFO] [stderr]    Compiling num-bigint v0.4.6
[INFO] [stderr]    Compiling alloy-sol-macro v1.5.7
[INFO] [stderr]    Compiling tokio v1.49.0
[INFO] [stderr]    Compiling http v1.4.0
[INFO] [stderr]    Compiling idna v1.1.0
[INFO] [stderr]    Compiling alloy-primitives v1.5.7
[INFO] [stderr]    Compiling sha1 v0.10.6
[INFO] [stderr]    Compiling clap_lex v1.0.0
[INFO] [stderr]    Compiling base64 v0.13.1
[INFO] [stderr]    Compiling utf-8 v0.7.6
[INFO] [stderr]    Compiling hex v0.4.3
[INFO] [stderr]    Compiling strsim v0.11.1
[INFO] [stderr]    Compiling dcap-qvl-webpki v0.103.4+dcap.1
[INFO] [stderr]    Compiling url v2.5.8
[INFO] [stderr]    Compiling clap_builder v4.5.60
[INFO] [stderr]    Compiling http-body v1.0.1
[INFO] [stderr]    Compiling http-body-util v0.1.3
[INFO] [stderr]    Compiling opentelemetry-http v0.31.0
[INFO] [stderr]    Compiling scale-info v2.11.6
[INFO] [stderr]    Compiling tungstenite v0.28.0
[INFO] [stderr]    Compiling serde-human-bytes v0.1.2
[INFO] [stderr]    Compiling alloy-sol-types v1.5.7
[INFO] [stderr]    Compiling chrono v0.4.43
[INFO] [stderr]    Compiling pin-project v1.1.10
[INFO] [stderr]    Compiling x509-cert v0.2.5
[INFO] [stderr]    Compiling clap_derive v4.5.55
[INFO] [stderr]    Compiling der-parser v10.0.0
[INFO] [stderr]    Compiling byteorder v1.5.0
[INFO] [stderr]    Compiling asn1_der v0.7.7
[INFO] [stderr]    Compiling urlencoding v2.1.3
[INFO] [stderr]    Compiling yasna v0.5.2
[INFO] [stderr]    Compiling configfs-tsm v0.0.2
[INFO] [stderr]    Compiling x509-parser v0.18.1
[INFO] [stderr]    Compiling rcgen v0.13.2
[INFO] [stderr]    Compiling alloy-json-rpc v1.7.3
[INFO] [stderr]    Compiling clap v4.5.60
[INFO] [stderr]    Compiling tokio-util v0.7.18
[INFO] [stderr]    Compiling tower v0.5.3
[INFO] [stderr]    Compiling hickory-proto v0.25.2
[INFO] [stderr]    Compiling tokio-tungstenite v0.28.0
[INFO] [stderr]    Compiling h2 v0.4.13
[INFO] [stderr]    Compiling tower-http v0.6.8
[INFO] [stderr]    Compiling alloy-transport v1.7.3
[INFO] [stderr]    Compiling wasm-bindgen-futures v0.4.61
[INFO] [stderr]    Compiling tokio-stream v0.1.18
[INFO] [stderr]    Compiling hyper v1.8.1
[INFO] [stderr]    Compiling hickory-resolver v0.25.2
[INFO] [stderr]    Compiling hyper-util v0.1.20
[INFO] [stderr]    Compiling rustls-webpki v0.103.9
[INFO] [stderr]    Compiling tokio-rustls v0.26.4
[INFO] [stderr]    Compiling hyper-rustls v0.27.7
[INFO] [stderr]    Compiling nested-tls-benchmark v0.1.0 (/opt/rustwide/workdir/crates/nested-tls)
[INFO] [stderr]    Compiling tokio-native-tls v0.3.1
[INFO] [stderr]    Compiling hyper-tls v0.6.0
[INFO] [stderr]    Compiling reqwest v0.12.28
[INFO] [stderr]    Compiling alloy-transport-http v1.7.3
[INFO] [stderr]    Compiling alloy-rpc-client v1.7.3
[INFO] [stderr]    Compiling dcap-qvl v0.3.12 (https://github.com/flashbots/dcap-qvl.git?branch=peg%2Fazure-outdated-tcp-override#3657be83)
[INFO] [stderr]    Compiling attested-tls v0.0.1 (https://github.com/flashbots/attested-tls-proxy.git#ce129ca0)
[INFO] [stderr]    Compiling dcap-generate-benchmark v0.1.0 (/opt/rustwide/workdir/crates/dcap-generate)
[INFO] [stderr]     Finished `dev` profile [unoptimized + debuginfo] target(s) in 5m 04s
[INFO] [stderr] warning: the following packages contain code that will be rejected by a future version of Rust: proc-macro-error2 v2.0.1
[INFO] [stderr] note: to see what the problems were, use the option `--future-incompat-report`, or run `cargo report future-incompatibilities --id 1`
[INFO] running `Command { std: "docker" "inspect" "0069630adc7f928ca3397ce7b5cd2391991291ef8b5594e88de6b460c6be97c9", kill_on_drop: false }`
[INFO] running `Command { std: "docker" "exec" "-e" "SOURCE_DIR=/opt/rustwide/workdir" "-e" "CARGO_HOME=/opt/rustwide/cargo-home" "-e" "RUSTUP_HOME=/opt/rustwide/rustup-home" "-e" "CARGO_TARGET_DIR=/opt/rustwide/target" "-e" "CARGO_INCREMENTAL=0" "-e" "RUST_BACKTRACE=full" "-e" "RUSTFLAGS=--cap-lints=warn" "-e" "RUSTDOCFLAGS=--cap-lints=warn" "-w" "/opt/rustwide/workdir" "--user" "0:0" "0069630adc7f928ca3397ce7b5cd2391991291ef8b5594e88de6b460c6be97c9" "/opt/rustwide/cargo-home/bin/cargo" "+1.98.0-beta.1" "test" "--frozen" "--no-run" "--message-format=json", kill_on_drop: false }`
[INFO] [stderr]    Compiling bitflags v2.11.0
[INFO] [stderr]    Compiling rustix v1.1.3
[INFO] [stderr]    Compiling predicates-core v1.0.10
[INFO] [stderr]    Compiling linux-raw-sys v0.11.0
[INFO] [stderr]    Compiling regex-automata v0.4.14
[INFO] [stderr]    Compiling termtree v0.5.1
[INFO] [stderr]    Compiling difflib v0.4.0
[INFO] [stderr]    Compiling assert_cmd v2.1.2
[INFO] [stderr]    Compiling wait-timeout v0.2.1
[INFO] [stderr]    Compiling fastrand v2.3.0
[INFO] [stderr]    Compiling openssl v0.10.75
[INFO] [stderr]    Compiling tower-http v0.6.8
[INFO] [stderr]    Compiling predicates-tree v1.0.13
[INFO] [stderr]    Compiling predicates v3.1.4
[INFO] [stderr]    Compiling bstr v1.12.1
[INFO] [stderr]    Compiling tempfile v3.25.0
[INFO] [stderr]    Compiling nested-tls-benchmark v0.1.0 (/opt/rustwide/workdir/crates/nested-tls)
[INFO] [stderr]    Compiling native-tls v0.2.18
[INFO] [stderr]    Compiling tokio-native-tls v0.3.1
[INFO] [stderr]    Compiling hyper-tls v0.6.0
[INFO] [stderr]    Compiling reqwest v0.12.28
[INFO] [stderr]    Compiling alloy-transport-http v1.7.3
[INFO] [stderr]    Compiling alloy-rpc-client v1.7.3
[INFO] [stderr]    Compiling dcap-qvl v0.3.12 (https://github.com/flashbots/dcap-qvl.git?branch=peg%2Fazure-outdated-tcp-override#3657be83)
[INFO] [stderr]    Compiling attested-tls v0.0.1 (https://github.com/flashbots/attested-tls-proxy.git#ce129ca0)
[INFO] [stderr]    Compiling dcap-generate-benchmark v0.1.0 (/opt/rustwide/workdir/crates/dcap-generate)
[INFO] [stderr]     Finished `test` profile [unoptimized + debuginfo] target(s) in 30.17s
[INFO] [stderr] warning: the following packages contain code that will be rejected by a future version of Rust: proc-macro-error2 v2.0.1
[INFO] [stderr] note: to see what the problems were, use the option `--future-incompat-report`, or run `cargo report future-incompatibilities --id 1`
[INFO] running `Command { std: "docker" "inspect" "0069630adc7f928ca3397ce7b5cd2391991291ef8b5594e88de6b460c6be97c9", kill_on_drop: false }`
[INFO] running `Command { std: "docker" "exec" "-e" "SOURCE_DIR=/opt/rustwide/workdir" "-e" "CARGO_HOME=/opt/rustwide/cargo-home" "-e" "RUSTUP_HOME=/opt/rustwide/rustup-home" "-e" "CARGO_TARGET_DIR=/opt/rustwide/target" "-e" "CARGO_INCREMENTAL=0" "-e" "RUST_BACKTRACE=full" "-e" "RUSTFLAGS=--cap-lints=warn" "-e" "RUSTDOCFLAGS=--cap-lints=warn" "-w" "/opt/rustwide/workdir" "--user" "0:0" "0069630adc7f928ca3397ce7b5cd2391991291ef8b5594e88de6b460c6be97c9" "/opt/rustwide/cargo-home/bin/cargo" "+1.98.0-beta.1" "test" "--frozen", kill_on_drop: false }`
[INFO] [stderr]     Finished `test` profile [unoptimized + debuginfo] target(s) in 0.73s
[INFO] [stderr] warning: the following packages contain code that will be rejected by a future version of Rust: proc-macro-error2 v2.0.1
[INFO] [stderr] note: to see what the problems were, use the option `--future-incompat-report`, or run `cargo report future-incompatibilities --id 1`
[INFO] [stderr]      Running unittests src/main.rs (/opt/rustwide/target/debug/deps/dcap_generate_benchmark-a5c4b29f711508c7)
[INFO] [stdout] 
[INFO] [stdout] running 8 tests
[INFO] [stdout] test tests::calculate_stats_handles_empty_samples ... ok
[INFO] [stdout] test tests::calculate_stats_returns_expected_values ... ok
[INFO] [stdout] test tests::parse_expected_input_hex_accepts_valid_input ... ok
[INFO] [stdout] test tests::parse_expected_input_hex_rejects_wrong_length ... ok
[INFO] [stdout] test tests::tdx_input_is_unique_per_call ... ok
[INFO] [stdout] test tests::cli_parses_workload_values ... ok
[INFO] [stdout] test tests::percentile_uses_nearest_rank ... ok
[INFO] [stdout] test tests::parse_expected_input_hex_rejects_non_hex ... ok
[INFO] [stderr]      Running tests/smoke.rs (/opt/rustwide/target/debug/deps/smoke-0789651306537deb)
[INFO] [stdout] 
[INFO] [stdout] test result: ok. 8 passed; 0 failed; 0 ignored; 0 measured; 0 filtered out; finished in 0.01s
[INFO] [stdout] 
[INFO] [stdout] 
[INFO] [stdout] running 2 tests
[INFO] [stdout] test benchmark_smoke_writes_csv has been running for over 60 seconds
[INFO] [stdout] test benchmark_verify_smoke_writes_csv has been running for over 60 seconds
[INFO] [stdout] test benchmark_smoke_writes_csv ... FAILED
[INFO] [stdout] test benchmark_verify_smoke_writes_csv ... FAILED
[INFO] [stdout] 
[INFO] [stdout] failures:
[INFO] [stdout] 
[INFO] [stdout] ---- benchmark_smoke_writes_csv stdout ----
[INFO] [stdout] 
[INFO] [stdout] thread 'benchmark_smoke_writes_csv' (17215) panicked at /rustc/6b3fa26749ab40e159b2dd5cf577acaaf5902772/library/core/src/ops/function.rs:250:5:
[INFO] [stdout] Unexpected failure.
[INFO] [stdout] code=1
[INFO] [stdout] stderr=``````
[INFO] [stdout]    Compiling cc v1.2.56
[INFO] [stdout]    Compiling rustls v0.23.36
[INFO] [stdout]    Compiling pem v3.0.6
[INFO] [stdout]    Compiling openssl-src v300.5.5+3.5.5
[INFO] [stdout]    Compiling ring v0.17.14
[INFO] [stdout]    Compiling openssl-sys v0.9.111
[INFO] [stdout]    Compiling rustls-webpki v0.103.9
[INFO] [stdout]    Compiling dcap-qvl-webpki v0.103.4+dcap.1
[INFO] [stdout]    Compiling tokio-rustls v0.26.4
[INFO] [stdout]    Compiling hyper-rustls v0.27.7
[INFO] [stdout]    Compiling openssl v0.10.75
[INFO] [stdout]    Compiling native-tls v0.2.18
[INFO] [stdout]    Compiling tokio-native-tls v0.3.1
[INFO] [stdout]    Compiling hyper-tls v0.6.0
[INFO] [stdout]    Compiling reqwest v0.12.28
[INFO] [stdout]    Compiling alloy-transport-http v1.7.3
[INFO] [stdout]    Compiling alloy-rpc-client v1.7.3
[INFO] [stdout]    Compiling dcap-qvl v0.3.12 (https://github.com/flashbots/dcap-qvl.git?branch=peg%2Fazure-outdated-tcp-override#3657be83)
[INFO] [stdout]    Compiling attested-tls v0.0.1 (https://github.com/flashbots/attested-tls-proxy.git#ce129ca0)
[INFO] [stdout]    Compiling dcap-generate-benchmark v0.1.0 (/opt/rustwide/workdir/crates/dcap-generate)
[INFO] [stdout]     Finished `dev` profile [unoptimized + debuginfo] target(s) in 3m 14s
[INFO] [stdout] warning: the following packages contain code that will be rejected by a future version of Rust: proc-macro-error2 v2.0.1
[INFO] [stdout] note: to see what the problems were, use the option `--future-incompat-report`, or run `cargo report future-incompatibilities --id 1`
[INFO] [stdout]      Running `/opt/rustwide/target/debug/dcap-generate-benchmark --workload fs --concurrency 1,2 --iters-per-worker 2 --payload-bytes 16 --tmp-dir /tmp/.tmp3qZh7I --csv-path /tmp/.tmp3qZh7I/smoke.csv`
[INFO] [stdout] failed to create results dir results: Read-only file system (os error 30)
[INFO] [stdout] ```
[INFO] [stdout] ```
[INFO] [stdout] command=`cd "/opt/rustwide/workdir" && "cargo" "run" "-p" "dcap-generate-benchmark" "--" "--workload" "fs" "--concurrency" "1,2" "--iters-per-worker" "2" "--payload-bytes" "16" "--tmp-dir" "/tmp/.tmp3qZh7I" "--csv-path" "/tmp/.tmp3qZh7I/smoke.csv"`
[INFO] [stdout] code=1
[INFO] [stdout] stdout=""
[INFO] [stdout] stderr=```
[INFO] [stdout]    Compiling cc v1.2.56
[INFO] [stdout]    Compiling rustls v0.23.36
[INFO] [stdout]    Compiling pem v3.0.6
[INFO] [stdout]    Compiling openssl-src v300.5.5+3.5.5
[INFO] [stdout]    Compiling ring v0.17.14
[INFO] [stdout]    Compiling openssl-sys v0.9.111
[INFO] [stdout]    Compiling rustls-webpki v0.103.9
[INFO] [stdout]    Compiling dcap-qvl-webpki v0.103.4+dcap.1
[INFO] [stdout]    Compiling tokio-rustls v0.26.4
[INFO] [stdout]    Compiling hyper-rustls v0.27.7
[INFO] [stdout]    Compiling openssl v0.10.75
[INFO] [stdout]    Compiling native-tls v0.2.18
[INFO] [stdout]    Compiling tokio-native-tls v0.3.1
[INFO] [stdout]    Compiling hyper-tls v0.6.0
[INFO] [stdout]    Compiling reqwest v0.12.28
[INFO] [stdout]    Compiling alloy-transport-http v1.7.3
[INFO] [stdout]    Compiling alloy-rpc-client v1.7.3
[INFO] [stdout]    Compiling dcap-qvl v0.3.12 (https://github.com/flashbots/dcap-qvl.git?branch=peg%2Fazure-outdated-tcp-override#3657be83)
[INFO] [stdout]    Compiling attested-tls v0.0.1 (https://github.com/flashbots/attested-tls-proxy.git#ce129ca0)
[INFO] [stdout]    Compiling dcap-generate-benchmark v0.1.0 (/opt/rustwide/workdir/crates/dcap-generate)
[INFO] [stdout]     Finished `dev` profile [unoptimized + debuginfo] target(s) in 3m 14s
[INFO] [stdout] warning: the following packages contain code that will be rejected by a future version of Rust: proc-macro-error2 v2.0.1
[INFO] [stdout] note: to see what the problems were, use the option `--future-incompat-report`, or run `cargo report future-incompatibilities --id 1`
[INFO] [stdout]      Running `/opt/rustwide/target/debug/dcap-generate-benchmark --workload fs --concurrency 1,2 --iters-per-worker 2 --payload-bytes 16 --tmp-dir /tmp/.tmp3qZh7I --csv-path /tmp/.tmp3qZh7I/smoke.csv`
[INFO] [stdout] failed to create results dir results: Read-only file system (os error 30)
[INFO] [stdout] ```
[INFO] [stdout] 
[INFO] [stdout] 
[INFO] [stdout] stack backtrace:
[INFO] [stdout]    0:     0x5dbc8fc371e1 - std[73adb7dc35730857]::backtrace_rs::backtrace::libunwind::trace
[INFO] [stdout]                                at /rustc/6b3fa26749ab40e159b2dd5cf577acaaf5902772/library/std/src/../../backtrace/src/backtrace/libunwind.rs:117:9
[INFO] [stdout]    1:     0x5dbc8fc371e1 - std[73adb7dc35730857]::backtrace_rs::backtrace::trace_unsynchronized::<std[73adb7dc35730857]::sys::backtrace::_print_fmt::{closure#1}>
[INFO] [stdout]                                at /rustc/6b3fa26749ab40e159b2dd5cf577acaaf5902772/library/std/src/../../backtrace/src/backtrace/mod.rs:66:14
[INFO] [stdout]    2:     0x5dbc8fc371e1 - std[73adb7dc35730857]::sys::backtrace::_print_fmt
[INFO] [stdout]                                at /rustc/6b3fa26749ab40e159b2dd5cf577acaaf5902772/library/std/src/sys/backtrace.rs:74:9
[INFO] [stdout]    3:     0x5dbc8fc371e1 - <<std[73adb7dc35730857]::sys::backtrace::BacktraceLock>::print::DisplayBacktrace as core[6883ba1bc0fe4ed1]::fmt::Display>::fmt
[INFO] [stdout]                                at /rustc/6b3fa26749ab40e159b2dd5cf577acaaf5902772/library/std/src/sys/backtrace.rs:44:26
[INFO] [stdout]    4:     0x5dbc8fc4d2ca - <core[6883ba1bc0fe4ed1]::fmt::rt::Argument>::fmt
[INFO] [stdout]                                at /rustc/6b3fa26749ab40e159b2dd5cf577acaaf5902772/library/core/src/fmt/rt.rs:152:76
[INFO] [stdout]    5:     0x5dbc8fc4d2ca - core[6883ba1bc0fe4ed1]::fmt::write
[INFO] [stdout]    6:     0x5dbc8fc3ccfc - std[73adb7dc35730857]::io::default_write_fmt::<alloc[55a36b64bcbf2c0d]::vec::Vec<u8>>
[INFO] [stdout]                                at /rustc/6b3fa26749ab40e159b2dd5cf577acaaf5902772/library/std/src/io/mod.rs:626:11
[INFO] [stdout]    7:     0x5dbc8fc3ccfc - <alloc[55a36b64bcbf2c0d]::vec::Vec<u8> as std[73adb7dc35730857]::io::Write>::write_fmt
[INFO] [stdout]                                at /rustc/6b3fa26749ab40e159b2dd5cf577acaaf5902772/library/std/src/io/mod.rs:1730:13
[INFO] [stdout]    8:     0x5dbc8fc13ad6 - <std[73adb7dc35730857]::sys::backtrace::BacktraceLock>::print
[INFO] [stdout]                                at /rustc/6b3fa26749ab40e159b2dd5cf577acaaf5902772/library/std/src/sys/backtrace.rs:47:9
[INFO] [stdout]    9:     0x5dbc8fc13ad6 - std[73adb7dc35730857]::panicking::default_hook::{closure#0}
[INFO] [stdout]                                at /rustc/6b3fa26749ab40e159b2dd5cf577acaaf5902772/library/std/src/panicking.rs:292:27
[INFO] [stdout]   10:     0x5dbc8fc2e839 - std[73adb7dc35730857]::panicking::default_hook
[INFO] [stdout]                                at /rustc/6b3fa26749ab40e159b2dd5cf577acaaf5902772/library/std/src/panicking.rs:316:9
[INFO] [stdout]   11:     0x5dbc8fb94960 - <alloc[55a36b64bcbf2c0d]::boxed::Box<dyn for<'a, 'b> core[6883ba1bc0fe4ed1]::ops::function::Fn<(&'a std[73adb7dc35730857]::panic::PanicHookInfo<'b>,), Output = ()> + core[6883ba1bc0fe4ed1]::marker::Send + core[6883ba1bc0fe4ed1]::marker::Sync> as core[6883ba1bc0fe4ed1]::ops::function::Fn<(&std[73adb7dc35730857]::panic::PanicHookInfo,)>>::call
[INFO] [stdout]                                at /rustc/6b3fa26749ab40e159b2dd5cf577acaaf5902772/library/alloc/src/boxed.rs:2333:9
[INFO] [stdout]   12:     0x5dbc8fb94960 - test[980ffaebd391d06d]::test_main_inner::<test[980ffaebd391d06d]::test_main_static::{closure#0}>::{closure#0}
[INFO] [stdout]                                at /rustc/6b3fa26749ab40e159b2dd5cf577acaaf5902772/library/test/src/lib.rs:155:21
[INFO] [stdout]   13:     0x5dbc8fc2e9f2 - <alloc[55a36b64bcbf2c0d]::boxed::Box<dyn for<'a, 'b> core[6883ba1bc0fe4ed1]::ops::function::Fn<(&'a std[73adb7dc35730857]::panic::PanicHookInfo<'b>,), Output = ()> + core[6883ba1bc0fe4ed1]::marker::Send + core[6883ba1bc0fe4ed1]::marker::Sync> as core[6883ba1bc0fe4ed1]::ops::function::Fn<(&std[73adb7dc35730857]::panic::PanicHookInfo,)>>::call
[INFO] [stdout]                                at /rustc/6b3fa26749ab40e159b2dd5cf577acaaf5902772/library/alloc/src/boxed.rs:2333:9
[INFO] [stdout]   14:     0x5dbc8fc2e9f2 - std[73adb7dc35730857]::panicking::panic_with_hook
[INFO] [stdout]                                at /rustc/6b3fa26749ab40e159b2dd5cf577acaaf5902772/library/std/src/panicking.rs:823:13
[INFO] [stdout]   15:     0x5dbc8fc13b82 - std[73adb7dc35730857]::panicking::panic_handler::{closure#0}
[INFO] [stdout]                                at /rustc/6b3fa26749ab40e159b2dd5cf577acaaf5902772/library/std/src/panicking.rs:688:13
[INFO] [stdout]   16:     0x5dbc8fc0b239 - std[73adb7dc35730857]::sys::backtrace::__rust_end_short_backtrace::<std[73adb7dc35730857]::panicking::panic_handler::{closure#0}, !>
[INFO] [stdout]                                at /rustc/6b3fa26749ab40e159b2dd5cf577acaaf5902772/library/std/src/sys/backtrace.rs:182:18
[INFO] [stdout]   17:     0x5dbc8fc1477d - __rustc[a7b7b02e776dd976]::rust_begin_unwind
[INFO] [stdout]                                at /rustc/6b3fa26749ab40e159b2dd5cf577acaaf5902772/library/std/src/panicking.rs:679:5
[INFO] [stdout]   18:     0x5dbc8fc4db1c - core[6883ba1bc0fe4ed1]::panicking::panic_fmt
[INFO] [stdout]                                at /rustc/6b3fa26749ab40e159b2dd5cf577acaaf5902772/library/core/src/panicking.rs:80:14
[INFO] [stdout]   19:     0x5dbc8fbd9f98 - core[6883ba1bc0fe4ed1]::panicking::panic_display::<assert_cmd[9384012d717c0a37]::assert::AssertError>
[INFO] [stdout]                                at /rustc/6b3fa26749ab40e159b2dd5cf577acaaf5902772/library/core/src/panicking.rs:259:5
[INFO] [stdout]   20:     0x5dbc8fbd85e7 - <assert_cmd[9384012d717c0a37]::assert::AssertError>::panic::<assert_cmd[9384012d717c0a37]::assert::Assert>
[INFO] [stdout]                                at /opt/rustwide/cargo-home/registry/src/index.crates.io-1949cf8c6b5b557f/assert_cmd-2.1.2/src/assert.rs:1036:9
[INFO] [stdout]   21:     0x5dbc8fbdccc7 - <<assert_cmd[9384012d717c0a37]::assert::AssertError>::panic<assert_cmd[9384012d717c0a37]::assert::Assert> as core[6883ba1bc0fe4ed1]::ops::function::FnOnce<(assert_cmd[9384012d717c0a37]::assert::AssertError,)>>::call_once
[INFO] [stdout]                                at /rustc/6b3fa26749ab40e159b2dd5cf577acaaf5902772/library/core/src/ops/function.rs:250:5
[INFO] [stdout]   22:     0x5dbc8fbc8a8b - <core[6883ba1bc0fe4ed1]::result::Result<assert_cmd[9384012d717c0a37]::assert::Assert, assert_cmd[9384012d717c0a37]::assert::AssertError>>::unwrap_or_else::<<assert_cmd[9384012d717c0a37]::assert::AssertError>::panic<assert_cmd[9384012d717c0a37]::assert::Assert>>
[INFO] [stdout]                                at /rustc/6b3fa26749ab40e159b2dd5cf577acaaf5902772/library/core/src/result.rs:1620:23
[INFO] [stdout]   23:     0x5dbc8fbdb0a0 - <assert_cmd[9384012d717c0a37]::assert::Assert>::success
[INFO] [stdout]                                at /opt/rustwide/cargo-home/registry/src/index.crates.io-1949cf8c6b5b557f/assert_cmd-2.1.2/src/assert.rs:161:28
[INFO] [stdout]   24:     0x5dbc8fb7bab7 - smoke[3f7c706888da0d7b]::benchmark_smoke_writes_csv
[INFO] [stdout]                                at /opt/rustwide/workdir/crates/dcap-generate/tests/smoke.rs:33:10
[INFO] [stdout]   25:     0x5dbc8fb7b487 - smoke[3f7c706888da0d7b]::benchmark_smoke_writes_csv::{closure#0}
[INFO] [stdout]                                at /opt/rustwide/workdir/crates/dcap-generate/tests/smoke.rs:6:32
[INFO] [stdout]   26:     0x5dbc8fb7e1c6 - <smoke[3f7c706888da0d7b]::benchmark_smoke_writes_csv::{closure#0} as core[6883ba1bc0fe4ed1]::ops::function::FnOnce<()>>::call_once
[INFO] [stdout]                                at /rustc/6b3fa26749ab40e159b2dd5cf577acaaf5902772/library/core/src/ops/function.rs:250:5
[INFO] [stdout]   27:     0x5dbc8fb87c9b - <fn() -> core[6883ba1bc0fe4ed1]::result::Result<(), alloc[55a36b64bcbf2c0d]::string::String> as core[6883ba1bc0fe4ed1]::ops::function::FnOnce<()>>::call_once
[INFO] [stdout]                                at /rustc/6b3fa26749ab40e159b2dd5cf577acaaf5902772/library/core/src/ops/function.rs:250:5
[INFO] [stdout]   28:     0x5dbc8fb87c9b - test[980ffaebd391d06d]::__rust_begin_short_backtrace::<core[6883ba1bc0fe4ed1]::result::Result<(), alloc[55a36b64bcbf2c0d]::string::String>, fn() -> core[6883ba1bc0fe4ed1]::result::Result<(), alloc[55a36b64bcbf2c0d]::string::String>>
[INFO] [stdout]                                at /rustc/6b3fa26749ab40e159b2dd5cf577acaaf5902772/library/test/src/lib.rs:724:18
[INFO] [stdout]   29:     0x5dbc8fb952e5 - test[980ffaebd391d06d]::run_test_in_process::{closure#0}
[INFO] [stdout]                                at /rustc/6b3fa26749ab40e159b2dd5cf577acaaf5902772/library/test/src/lib.rs:747:74
[INFO] [stdout]   30:     0x5dbc8fb952e5 - <core[6883ba1bc0fe4ed1]::panic::unwind_safe::AssertUnwindSafe<test[980ffaebd391d06d]::run_test_in_process::{closure#0}> as core[6883ba1bc0fe4ed1]::ops::function::FnOnce<()>>::call_once
[INFO] [stdout]                                at /rustc/6b3fa26749ab40e159b2dd5cf577acaaf5902772/library/core/src/panic/unwind_safe.rs:275:9
[INFO] [stdout]   31:     0x5dbc8fb952e5 - std[73adb7dc35730857]::panicking::catch_unwind::do_call::<core[6883ba1bc0fe4ed1]::panic::unwind_safe::AssertUnwindSafe<test[980ffaebd391d06d]::run_test_in_process::{closure#0}>, core[6883ba1bc0fe4ed1]::result::Result<(), alloc[55a36b64bcbf2c0d]::string::String>>
[INFO] [stdout]                                at /rustc/6b3fa26749ab40e159b2dd5cf577acaaf5902772/library/std/src/panicking.rs:576:43
[INFO] [stdout]   32:     0x5dbc8fb952e5 - std[73adb7dc35730857]::panicking::catch_unwind::<core[6883ba1bc0fe4ed1]::result::Result<(), alloc[55a36b64bcbf2c0d]::string::String>, core[6883ba1bc0fe4ed1]::panic::unwind_safe::AssertUnwindSafe<test[980ffaebd391d06d]::run_test_in_process::{closure#0}>>
[INFO] [stdout]                                at /rustc/6b3fa26749ab40e159b2dd5cf577acaaf5902772/library/std/src/panicking.rs:544:19
[INFO] [stdout]   33:     0x5dbc8fb952e5 - std[73adb7dc35730857]::panic::catch_unwind::<core[6883ba1bc0fe4ed1]::panic::unwind_safe::AssertUnwindSafe<test[980ffaebd391d06d]::run_test_in_process::{closure#0}>, core[6883ba1bc0fe4ed1]::result::Result<(), alloc[55a36b64bcbf2c0d]::string::String>>
[INFO] [stdout]                                at /rustc/6b3fa26749ab40e159b2dd5cf577acaaf5902772/library/std/src/panic.rs:359:14
[INFO] [stdout]   34:     0x5dbc8fb952e5 - test[980ffaebd391d06d]::run_test_in_process
[INFO] [stdout]                                at /rustc/6b3fa26749ab40e159b2dd5cf577acaaf5902772/library/test/src/lib.rs:747:27
[INFO] [stdout]   35:     0x5dbc8fb952e5 - test[980ffaebd391d06d]::run_test::{closure#0}
[INFO] [stdout]                                at /rustc/6b3fa26749ab40e159b2dd5cf577acaaf5902772/library/test/src/lib.rs:668:43
[INFO] [stdout]   36:     0x5dbc8fb8fd94 - test[980ffaebd391d06d]::run_test::{closure#1}
[INFO] [stdout]                                at /rustc/6b3fa26749ab40e159b2dd5cf577acaaf5902772/library/test/src/lib.rs:698:41
[INFO] [stdout]   37:     0x5dbc8fb8fd94 - std[73adb7dc35730857]::sys::backtrace::__rust_begin_short_backtrace::<test[980ffaebd391d06d]::run_test::{closure#1}, ()>
[INFO] [stdout]                                at /rustc/6b3fa26749ab40e159b2dd5cf577acaaf5902772/library/std/src/sys/backtrace.rs:166:18
[INFO] [stdout]   38:     0x5dbc8fb98432 - std[73adb7dc35730857]::thread::lifecycle::spawn_unchecked::<test[980ffaebd391d06d]::run_test::{closure#1}, ()>::{closure#1}::{closure#0}
[INFO] [stdout]                                at /rustc/6b3fa26749ab40e159b2dd5cf577acaaf5902772/library/std/src/thread/lifecycle.rs:70:13
[INFO] [stdout]   39:     0x5dbc8fb98432 - <core[6883ba1bc0fe4ed1]::panic::unwind_safe::AssertUnwindSafe<std[73adb7dc35730857]::thread::lifecycle::spawn_unchecked<test[980ffaebd391d06d]::run_test::{closure#1}, ()>::{closure#1}::{closure#0}> as core[6883ba1bc0fe4ed1]::ops::function::FnOnce<()>>::call_once
[INFO] [stdout]                                at /rustc/6b3fa26749ab40e159b2dd5cf577acaaf5902772/library/core/src/panic/unwind_safe.rs:275:9
[INFO] [stdout]   40:     0x5dbc8fb98432 - std[73adb7dc35730857]::panicking::catch_unwind::do_call::<core[6883ba1bc0fe4ed1]::panic::unwind_safe::AssertUnwindSafe<std[73adb7dc35730857]::thread::lifecycle::spawn_unchecked<test[980ffaebd391d06d]::run_test::{closure#1}, ()>::{closure#1}::{closure#0}>, ()>
[INFO] [stdout]                                at /rustc/6b3fa26749ab40e159b2dd5cf577acaaf5902772/library/std/src/panicking.rs:576:43
[INFO] [stdout]   41:     0x5dbc8fb98432 - std[73adb7dc35730857]::panicking::catch_unwind::<(), core[6883ba1bc0fe4ed1]::panic::unwind_safe::AssertUnwindSafe<std[73adb7dc35730857]::thread::lifecycle::spawn_unchecked<test[980ffaebd391d06d]::run_test::{closure#1}, ()>::{closure#1}::{closure#0}>>
[INFO] [stdout]                                at /rustc/6b3fa26749ab40e159b2dd5cf577acaaf5902772/library/std/src/panicking.rs:544:19
[INFO] [stdout]   42:     0x5dbc8fb98432 - std[73adb7dc35730857]::panic::catch_unwind::<core[6883ba1bc0fe4ed1]::panic::unwind_safe::AssertUnwindSafe<std[73adb7dc35730857]::thread::lifecycle::spawn_unchecked<test[980ffaebd391d06d]::run_test::{closure#1}, ()>::{closure#1}::{closure#0}>, ()>
[INFO] [stdout]                                at /rustc/6b3fa26749ab40e159b2dd5cf577acaaf5902772/library/std/src/panic.rs:359:14
[INFO] [stdout]   43:     0x5dbc8fb98432 - std[73adb7dc35730857]::thread::lifecycle::spawn_unchecked::<test[980ffaebd391d06d]::run_test::{closure#1}, ()>::{closure#1}
[INFO] [stdout]                                at /rustc/6b3fa26749ab40e159b2dd5cf577acaaf5902772/library/std/src/thread/lifecycle.rs:68:26
[INFO] [stdout]   44:     0x5dbc8fb98432 - <std[73adb7dc35730857]::thread::lifecycle::spawn_unchecked<test[980ffaebd391d06d]::run_test::{closure#1}, ()>::{closure#1} as core[6883ba1bc0fe4ed1]::ops::function::FnOnce<()>>::call_once::{shim:vtable#0}
[INFO] [stdout]                                at /rustc/6b3fa26749ab40e159b2dd5cf577acaaf5902772/library/core/src/ops/function.rs:250:5
[INFO] [stdout]   45:     0x5dbc8fc3667f - <alloc[55a36b64bcbf2c0d]::boxed::Box<dyn core[6883ba1bc0fe4ed1]::ops::function::FnOnce<(), Output = ()> + core[6883ba1bc0fe4ed1]::marker::Send> as core[6883ba1bc0fe4ed1]::ops::function::FnOnce<()>>::call_once
[INFO] [stdout]                                at /rustc/6b3fa26749ab40e159b2dd5cf577acaaf5902772/library/alloc/src/boxed.rs:2319:9
[INFO] [stdout]   46:     0x5dbc8fc3667f - <std[73adb7dc35730857]::sys::thread::unix::Thread>::new::thread_start
[INFO] [stdout]                                at /rustc/6b3fa26749ab40e159b2dd5cf577acaaf5902772/library/std/src/sys/thread/unix.rs:123:17
[INFO] [stdout]   47:     0x7e25f868eaa4 - <unknown>
[INFO] [stdout]   48:     0x7e25f871ba64 - clone
[INFO] [stdout]   49:                0x0 - <unknown>
[INFO] [stdout] 
[INFO] [stdout] ---- benchmark_verify_smoke_writes_csv stdout ----
[INFO] [stdout] 
[INFO] [stdout] thread 'benchmark_verify_smoke_writes_csv' (17216) panicked at /rustc/6b3fa26749ab40e159b2dd5cf577acaaf5902772/library/core/src/ops/function.rs:250:5:
[INFO] [stdout] Unexpected failure.
[INFO] [stdout] code=1
[INFO] [stdout] stderr=``````
[INFO] [stdout]     Blocking waiting for file lock on build directory
[INFO] [stdout]     Finished `dev` profile [unoptimized + debuginfo] target(s) in 3m 14s
[INFO] [stdout] warning: the following packages contain code that will be rejected by a future version of Rust: proc-macro-error2 v2.0.1
[INFO] [stdout] note: to see what the problems were, use the option `--future-incompat-report`, or run `cargo report future-incompatibilities --id 1`
[INFO] [stdout]      Running `/opt/rustwide/target/debug/dcap-generate-benchmark --workload verify --concurrency 1 --iters-per-worker 1 --csv-path /tmp/.tmpzUb1K3/verify-smoke.csv`
[INFO] [stdout] failed to create results dir results: Read-only file system (os error 30)
[INFO] [stdout] ```
[INFO] [stdout] ```
[INFO] [stdout] command=`cd "/opt/rustwide/workdir" && "cargo" "run" "-p" "dcap-generate-benchmark" "--" "--workload" "verify" "--concurrency" "1" "--iters-per-worker" "1" "--csv-path" "/tmp/.tmpzUb1K3/verify-smoke.csv"`
[INFO] [stdout] code=1
[INFO] [stdout] stdout=""
[INFO] [stdout] stderr=```
[INFO] [stdout]     Blocking waiting for file lock on build directory
[INFO] [stdout]     Finished `dev` profile [unoptimized + debuginfo] target(s) in 3m 14s
[INFO] [stdout] warning: the following packages contain code that will be rejected by a future version of Rust: proc-macro-error2 v2.0.1
[INFO] [stdout] note: to see what the problems were, use the option `--future-incompat-report`, or run `cargo report future-incompatibilities --id 1`
[INFO] [stdout]      Running `/opt/rustwide/target/debug/dcap-generate-benchmark --workload verify --concurrency 1 --iters-per-worker 1 --csv-path /tmp/.tmpzUb1K3/verify-smoke.csv`
[INFO] [stdout] failed to create results dir results: Read-only file system (os error 30)
[INFO] [stdout] ```
[INFO] [stdout] 
[INFO] [stdout] 
[INFO] [stdout] stack backtrace:
[INFO] [stdout]    0:     0x5dbc8fc371e1 - std[73adb7dc35730857]::backtrace_rs::backtrace::libunwind::trace
[INFO] [stdout]                                at /rustc/6b3fa26749ab40e159b2dd5cf577acaaf5902772/library/std/src/../../backtrace/src/backtrace/libunwind.rs:117:9
[INFO] [stdout]    1:     0x5dbc8fc371e1 - std[73adb7dc35730857]::backtrace_rs::backtrace::trace_unsynchronized::<std[73adb7dc35730857]::sys::backtrace::_print_fmt::{closure#1}>
[INFO] [stdout]                                at /rustc/6b3fa26749ab40e159b2dd5cf577acaaf5902772/library/std/src/../../backtrace/src/backtrace/mod.rs:66:14
[INFO] [stdout]    2:     0x5dbc8fc371e1 - std[73adb7dc35730857]::sys::backtrace::_print_fmt
[INFO] [stdout]                                at /rustc/6b3fa26749ab40e159b2dd5cf577acaaf5902772/library/std/src/sys/backtrace.rs:74:9
[INFO] [stdout]    3:     0x5dbc8fc371e1 - <<std[73adb7dc35730857]::sys::backtrace::BacktraceLock>::print::DisplayBacktrace as core[6883ba1bc0fe4ed1]::fmt::Display>::fmt
[INFO] [stdout]                                at /rustc/6b3fa26749ab40e159b2dd5cf577acaaf5902772/library/std/src/sys/backtrace.rs:44:26
[INFO] [stdout]    4:     0x5dbc8fc4d2ca - <core[6883ba1bc0fe4ed1]::fmt::rt::Argument>::fmt
[INFO] [stdout]                                at /rustc/6b3fa26749ab40e159b2dd5cf577acaaf5902772/library/core/src/fmt/rt.rs:152:76
[INFO] [stdout]    5:     0x5dbc8fc4d2ca - core[6883ba1bc0fe4ed1]::fmt::write
[INFO] [stdout]    6:     0x5dbc8fc3ccfc - std[73adb7dc35730857]::io::default_write_fmt::<alloc[55a36b64bcbf2c0d]::vec::Vec<u8>>
[INFO] [stdout]                                at /rustc/6b3fa26749ab40e159b2dd5cf577acaaf5902772/library/std/src/io/mod.rs:626:11
[INFO] [stdout]    7:     0x5dbc8fc3ccfc - <alloc[55a36b64bcbf2c0d]::vec::Vec<u8> as std[73adb7dc35730857]::io::Write>::write_fmt
[INFO] [stdout]                                at /rustc/6b3fa26749ab40e159b2dd5cf577acaaf5902772/library/std/src/io/mod.rs:1730:13
[INFO] [stdout]    8:     0x5dbc8fc13ad6 - <std[73adb7dc35730857]::sys::backtrace::BacktraceLock>::print
[INFO] [stdout]                                at /rustc/6b3fa26749ab40e159b2dd5cf577acaaf5902772/library/std/src/sys/backtrace.rs:47:9
[INFO] [stdout]    9:     0x5dbc8fc13ad6 - std[73adb7dc35730857]::panicking::default_hook::{closure#0}
[INFO] [stdout]                                at /rustc/6b3fa26749ab40e159b2dd5cf577acaaf5902772/library/std/src/panicking.rs:292:27
[INFO] [stdout]   10:     0x5dbc8fc2e839 - std[73adb7dc35730857]::panicking::default_hook
[INFO] [stdout]                                at /rustc/6b3fa26749ab40e159b2dd5cf577acaaf5902772/library/std/src/panicking.rs:316:9
[INFO] [stdout]   11:     0x5dbc8fb94960 - <alloc[55a36b64bcbf2c0d]::boxed::Box<dyn for<'a, 'b> core[6883ba1bc0fe4ed1]::ops::function::Fn<(&'a std[73adb7dc35730857]::panic::PanicHookInfo<'b>,), Output = ()> + core[6883ba1bc0fe4ed1]::marker::Send + core[6883ba1bc0fe4ed1]::marker::Sync> as core[6883ba1bc0fe4ed1]::ops::function::Fn<(&std[73adb7dc35730857]::panic::PanicHookInfo,)>>::call
[INFO] [stdout]                                at /rustc/6b3fa26749ab40e159b2dd5cf577acaaf5902772/library/alloc/src/boxed.rs:2333:9
[INFO] [stdout]   12:     0x5dbc8fb94960 - test[980ffaebd391d06d]::test_main_inner::<test[980ffaebd391d06d]::test_main_static::{closure#0}>::{closure#0}
[INFO] [stdout]                                at /rustc/6b3fa26749ab40e159b2dd5cf577acaaf5902772/library/test/src/lib.rs:155:21
[INFO] [stdout]   13:     0x5dbc8fc2e9f2 - <alloc[55a36b64bcbf2c0d]::boxed::Box<dyn for<'a, 'b> core[6883ba1bc0fe4ed1]::ops::function::Fn<(&'a std[73adb7dc35730857]::panic::PanicHookInfo<'b>,), Output = ()> + core[6883ba1bc0fe4ed1]::marker::Send + core[6883ba1bc0fe4ed1]::marker::Sync> as core[6883ba1bc0fe4ed1]::ops::function::Fn<(&std[73adb7dc35730857]::panic::PanicHookInfo,)>>::call
[INFO] [stdout]                                at /rustc/6b3fa26749ab40e159b2dd5cf577acaaf5902772/library/alloc/src/boxed.rs:2333:9
[INFO] [stdout]   14:     0x5dbc8fc2e9f2 - std[73adb7dc35730857]::panicking::panic_with_hook
[INFO] [stdout]                                at /rustc/6b3fa26749ab40e159b2dd5cf577acaaf5902772/library/std/src/panicking.rs:823:13
[INFO] [stdout]   15:     0x5dbc8fc13b82 - std[73adb7dc35730857]::panicking::panic_handler::{closure#0}
[INFO] [stdout]                                at /rustc/6b3fa26749ab40e159b2dd5cf577acaaf5902772/library/std/src/panicking.rs:688:13
[INFO] [stdout]   16:     0x5dbc8fc0b239 - std[73adb7dc35730857]::sys::backtrace::__rust_end_short_backtrace::<std[73adb7dc35730857]::panicking::panic_handler::{closure#0}, !>
[INFO] [stdout]                                at /rustc/6b3fa26749ab40e159b2dd5cf577acaaf5902772/library/std/src/sys/backtrace.rs:182:18
[INFO] [stdout]   17:     0x5dbc8fc1477d - __rustc[a7b7b02e776dd976]::rust_begin_unwind
[INFO] [stdout]                                at /rustc/6b3fa26749ab40e159b2dd5cf577acaaf5902772/library/std/src/panicking.rs:679:5
[INFO] [stdout]   18:     0x5dbc8fc4db1c - core[6883ba1bc0fe4ed1]::panicking::panic_fmt
[INFO] [stdout]                                at /rustc/6b3fa26749ab40e159b2dd5cf577acaaf5902772/library/core/src/panicking.rs:80:14
[INFO] [stdout]   19:     0x5dbc8fbd9f98 - core[6883ba1bc0fe4ed1]::panicking::panic_display::<assert_cmd[9384012d717c0a37]::assert::AssertError>
[INFO] [stdout]                                at /rustc/6b3fa26749ab40e159b2dd5cf577acaaf5902772/library/core/src/panicking.rs:259:5
[INFO] [stdout]   20:     0x5dbc8fbd85e7 - <assert_cmd[9384012d717c0a37]::assert::AssertError>::panic::<assert_cmd[9384012d717c0a37]::assert::Assert>
[INFO] [stdout]                                at /opt/rustwide/cargo-home/registry/src/index.crates.io-1949cf8c6b5b557f/assert_cmd-2.1.2/src/assert.rs:1036:9
[INFO] [stdout]   21:     0x5dbc8fbdccc7 - <<assert_cmd[9384012d717c0a37]::assert::AssertError>::panic<assert_cmd[9384012d717c0a37]::assert::Assert> as core[6883ba1bc0fe4ed1]::ops::function::FnOnce<(assert_cmd[9384012d717c0a37]::assert::AssertError,)>>::call_once
[INFO] [stdout]                                at /rustc/6b3fa26749ab40e159b2dd5cf577acaaf5902772/library/core/src/ops/function.rs:250:5
[INFO] [stdout]   22:     0x5dbc8fbc8a8b - <core[6883ba1bc0fe4ed1]::result::Result<assert_cmd[9384012d717c0a37]::assert::Assert, assert_cmd[9384012d717c0a37]::assert::AssertError>>::unwrap_or_else::<<assert_cmd[9384012d717c0a37]::assert::AssertError>::panic<assert_cmd[9384012d717c0a37]::assert::Assert>>
[INFO] [stdout]                                at /rustc/6b3fa26749ab40e159b2dd5cf577acaaf5902772/library/core/src/result.rs:1620:23
[INFO] [stdout]   23:     0x5dbc8fbdb0a0 - <assert_cmd[9384012d717c0a37]::assert::Assert>::success
[INFO] [stdout]                                at /opt/rustwide/cargo-home/registry/src/index.crates.io-1949cf8c6b5b557f/assert_cmd-2.1.2/src/assert.rs:161:28
[INFO] [stdout]   24:     0x5dbc8fb7c0b7 - smoke[3f7c706888da0d7b]::benchmark_verify_smoke_writes_csv
[INFO] [stdout]                                at /opt/rustwide/workdir/crates/dcap-generate/tests/smoke.rs:64:10
[INFO] [stdout]   25:     0x5dbc8fb7b4b7 - smoke[3f7c706888da0d7b]::benchmark_verify_smoke_writes_csv::{closure#0}
[INFO] [stdout]                                at /opt/rustwide/workdir/crates/dcap-generate/tests/smoke.rs:41:39
[INFO] [stdout]   26:     0x5dbc8fb7e206 - <smoke[3f7c706888da0d7b]::benchmark_verify_smoke_writes_csv::{closure#0} as core[6883ba1bc0fe4ed1]::ops::function::FnOnce<()>>::call_once
[INFO] [stdout]                                at /rustc/6b3fa26749ab40e159b2dd5cf577acaaf5902772/library/core/src/ops/function.rs:250:5
[INFO] [stdout]   27:     0x5dbc8fb87c9b - <fn() -> core[6883ba1bc0fe4ed1]::result::Result<(), alloc[55a36b64bcbf2c0d]::string::String> as core[6883ba1bc0fe4ed1]::ops::function::FnOnce<()>>::call_once
[INFO] [stdout]                                at /rustc/6b3fa26749ab40e159b2dd5cf577acaaf5902772/library/core/src/ops/function.rs:250:5
[INFO] [stdout]   28:     0x5dbc8fb87c9b - test[980ffaebd391d06d]::__rust_begin_short_backtrace::<core[6883ba1bc0fe4ed1]::result::Result<(), alloc[55a36b64bcbf2c0d]::string::String>, fn() -> core[6883ba1bc0fe4ed1]::result::Result<(), alloc[55a36b64bcbf2c0d]::string::String>>
[INFO] [stdout]                                at /rustc/6b3fa26749ab40e159b2dd5cf577acaaf5902772/library/test/src/lib.rs:724:18
[INFO] [stdout]   29:     0x5dbc8fb952e5 - test[980ffaebd391d06d]::run_test_in_process::{closure#0}
[INFO] [stdout]                                at /rustc/6b3fa26749ab40e159b2dd5cf577acaaf5902772/library/test/src/lib.rs:747:74
[INFO] [stdout]   30:     0x5dbc8fb952e5 - <core[6883ba1bc0fe4ed1]::panic::unwind_safe::AssertUnwindSafe<test[980ffaebd391d06d]::run_test_in_process::{closure#0}> as core[6883ba1bc0fe4ed1]::ops::function::FnOnce<()>>::call_once
[INFO] [stdout]                                at /rustc/6b3fa26749ab40e159b2dd5cf577acaaf5902772/library/core/src/panic/unwind_safe.rs:275:9
[INFO] [stdout]   31:     0x5dbc8fb952e5 - std[73adb7dc35730857]::panicking::catch_unwind::do_call::<core[6883ba1bc0fe4ed1]::panic::unwind_safe::AssertUnwindSafe<test[980ffaebd391d06d]::run_test_in_process::{closure#0}>, core[6883ba1bc0fe4ed1]::result::Result<(), alloc[55a36b64bcbf2c0d]::string::String>>
[INFO] [stdout]                                at /rustc/6b3fa26749ab40e159b2dd5cf577acaaf5902772/library/std/src/panicking.rs:576:43
[INFO] [stdout]   32:     0x5dbc8fb952e5 - std[73adb7dc35730857]::panicking::catch_unwind::<core[6883ba1bc0fe4ed1]::result::Result<(), alloc[55a36b64bcbf2c0d]::string::String>, core[6883ba1bc0fe4ed1]::panic::unwind_safe::AssertUnwindSafe<test[980ffaebd391d06d]::run_test_in_process::{closure#0}>>
[INFO] [stdout]                                at /rustc/6b3fa26749ab40e159b2dd5cf577acaaf5902772/library/std/src/panicking.rs:544:19
[INFO] [stdout]   33:     0x5dbc8fb952e5 - std[73adb7dc35730857]::panic::catch_unwind::<core[6883ba1bc0fe4ed1]::panic::unwind_safe::AssertUnwindSafe<test[980ffaebd391d06d]::run_test_in_process::{closure#0}>, core[6883ba1bc0fe4ed1]::result::Result<(), alloc[55a36b64bcbf2c0d]::string::String>>
[INFO] [stdout]                                at /rustc/6b3fa26749ab40e159b2dd5cf577acaaf5902772/library/std/src/panic.rs:359:14
[INFO] [stdout]   34:     0x5dbc8fb952e5 - test[980ffaebd391d06d]::run_test_in_process
[INFO] [stdout]                                at /rustc/6b3fa26749ab40e159b2dd5cf577acaaf5902772/library/test/src/lib.rs:747:27
[INFO] [stdout]   35:     0x5dbc8fb952e5 - test[980ffaebd391d06d]::run_test::{closure#0}
[INFO] [stdout]                                at /rustc/6b3fa26749ab40e159b2dd5cf577acaaf5902772/library/test/src/lib.rs:668:43
[INFO] [stdout]   36:     0x5dbc8fb8fd94 - test[980ffaebd391d06d]::run_test::{closure#1}
[INFO] [stdout]                                at /rustc/6b3fa26749ab40e159b2dd5cf577acaaf5902772/library/test/src/lib.rs:698:41
[INFO] [stdout]   37:     0x5dbc8fb8fd94 - std[73adb7dc35730857]::sys::backtrace::__rust_begin_short_backtrace::<test[980ffaebd391d06d]::run_test::{closure#1}, ()>
[INFO] [stdout]                                at /rustc/6b3fa26749ab40e159b2dd5cf577acaaf5902772/library/std/src/sys/backtrace.rs:166:18
[INFO] [stdout]   38:     0x5dbc8fb98432 - std[73adb7dc35730857]::thread::lifecycle::spawn_unchecked::<test[980ffaebd391d06d]::run_test::{closure#1}, ()>::{closure#1}::{closure#0}
[INFO] [stdout]                                at /rustc/6b3fa26749ab40e159b2dd5cf577acaaf5902772/library/std/src/thread/lifecycle.rs:70:13
[INFO] [stdout]   39:     0x5dbc8fb98432 - <core[6883ba1bc0fe4ed1]::panic::unwind_safe::AssertUnwindSafe<std[73adb7dc35730857]::thread::lifecycle::spawn_unchecked<test[980ffaebd391d06d]::run_test::{closure#1}, ()>::{closure#1}::{closure#0}> as core[6883ba1bc0fe4ed1]::ops::function::FnOnce<()>>::call_once
[INFO] [stdout]                                at /rustc/6b3fa26749ab40e159b2dd5cf577acaaf5902772/library/core/src/panic/unwind_safe.rs:275:9
[INFO] [stdout]   40:     0x5dbc8fb98432 - std[73adb7dc35730857]::panicking::catch_unwind::do_call::<core[6883ba1bc0fe4ed1]::panic::unwind_safe::AssertUnwindSafe<std[73adb7dc35730857]::thread::lifecycle::spawn_unchecked<test[980ffaebd391d06d]::run_test::{closure#1}, ()>::{closure#1}::{closure#0}>, ()>
[INFO] [stdout]                                at /rustc/6b3fa26749ab40e159b2dd5cf577acaaf5902772/library/std/src/panicking.rs:576:43
[INFO] [stdout]   41:     0x5dbc8fb98432 - std[73adb7dc35730857]::panicking::catch_unwind::<(), core[6883ba1bc0fe4ed1]::panic::unwind_safe::AssertUnwindSafe<std[73adb7dc35730857]::thread::lifecycle::spawn_unchecked<test[980ffaebd391d06d]::run_test::{closure#1}, ()>::{closure#1}::{closure#0}>>
[INFO] [stdout]                                at /rustc/6b3fa26749ab40e159b2dd5cf577acaaf5902772/library/std/src/panicking.rs:544:19
[INFO] [stdout]   42:     0x5dbc8fb98432 - std[73adb7dc35730857]::panic::catch_unwind::<core[6883ba1bc0fe4ed1]::panic::unwind_safe::AssertUnwindSafe<std[73adb7dc35730857]::thread::lifecycle::spawn_unchecked<test[980ffaebd391d06d]::run_test::{closure#1}, ()>::{closure#1}::{closure#0}>, ()>
[INFO] [stdout]                                at /rustc/6b3fa26749ab40e159b2dd5cf577acaaf5902772/library/std/src/panic.rs:359:14
[INFO] [stdout]   43:     0x5dbc8fb98432 - std[73adb7dc35730857]::thread::lifecycle::spawn_unchecked::<test[980ffaebd391d06d]::run_test::{closure#1}, ()>::{closure#1}
[INFO] [stdout]                                at /rustc/6b3fa26749ab40e159b2dd5cf577acaaf5902772/library/std/src/thread/lifecycle.rs:68:26
[INFO] [stdout]   44:     0x5dbc8fb98432 - <std[73adb7dc35730857]::thread::lifecycle::spawn_unchecked<test[980ffaebd391d06d]::run_test::{closure#1}, ()>::{closure#1} as core[6883ba1bc0fe4ed1]::ops::function::FnOnce<()>>::call_once::{shim:vtable#0}
[INFO] [stdout]                                at /rustc/6b3fa26749ab40e159b2dd5cf577acaaf5902772/library/core/src/ops/function.rs:250:5
[INFO] [stdout]   45:     0x5dbc8fc3667f - <alloc[55a36b64bcbf2c0d]::boxed::Box<dyn core[6883ba1bc0fe4ed1]::ops::function::FnOnce<(), Output = ()> + core[6883ba1bc0fe4ed1]::marker::Send> as core[6883ba1bc0fe4ed1]::ops::function::FnOnce<()>>::call_once
[INFO] [stdout]                                at /rustc/6b3fa26749ab40e159b2dd5cf577acaaf5902772/library/alloc/src/boxed.rs:2319:9
[INFO] [stdout]   46:     0x5dbc8fc3667f - <std[73adb7dc35730857]::sys::thread::unix::Thread>::new::thread_start
[INFO] [stdout]                                at /rustc/6b3fa26749ab40e159b2dd5cf577acaaf5902772/library/std/src/sys/thread/unix.rs:123:17
[INFO] [stdout]   47:     0x7e25f868eaa4 - <unknown>
[INFO] [stdout]   48:     0x7e25f871ba64 - clone
[INFO] [stdout]   49:                0x0 - <unknown>
[INFO] [stdout] 
[INFO] [stdout] 
[INFO] [stdout] failures:
[INFO] [stdout]     benchmark_smoke_writes_csv
[INFO] [stdout]     benchmark_verify_smoke_writes_csv
[INFO] [stdout] 
[INFO] [stdout] test result: FAILED. 0 passed; 2 failed; 0 ignored; 0 measured; 0 filtered out; finished in 194.93s
[INFO] [stdout] 
[INFO] [stderr] error: test failed, to rerun pass `-p dcap-generate-benchmark --test smoke`
[INFO] running `Command { std: "docker" "inspect" "0069630adc7f928ca3397ce7b5cd2391991291ef8b5594e88de6b460c6be97c9", kill_on_drop: false }`
[INFO] running `Command { std: "docker" "rm" "-f" "0069630adc7f928ca3397ce7b5cd2391991291ef8b5594e88de6b460c6be97c9", kill_on_drop: false }`
[INFO] [stdout] 0069630adc7f928ca3397ce7b5cd2391991291ef8b5594e88de6b460c6be97c9
