[INFO] cloning repository https://github.com/dacid44/lisp_rs
[INFO] running `Command { std: "git" "-c" "credential.helper=" "-c" "credential.helper=/workspace/cargo-home/bin/git-credential-null" "clone" "--bare" "https://github.com/dacid44/lisp_rs" "/workspace/cache/git-repos/https%3A%2F%2Fgithub.com%2Fdacid44%2Flisp_rs", kill_on_drop: false }`
[INFO] [stderr] Cloning into bare repository '/workspace/cache/git-repos/https%3A%2F%2Fgithub.com%2Fdacid44%2Flisp_rs'...
[INFO] running `Command { std: "git" "rev-parse" "HEAD", kill_on_drop: false }`
[INFO] [stdout] 5cae9d5c7646b9c3f1df915d9845dc3234af153e
[INFO] testing dacid44/lisp_rs against 1.98.0-beta.1 for beta-1.98-2
[INFO] running `Command { std: "git" "clone" "/workspace/cache/git-repos/https%3A%2F%2Fgithub.com%2Fdacid44%2Flisp_rs" "/workspace/builds/worker-6-tc2/source", kill_on_drop: false }`
[INFO] [stderr] Cloning into '/workspace/builds/worker-6-tc2/source'...
[INFO] [stderr] done.
[INFO] started tweaking git repo https://github.com/dacid44/lisp_rs
[INFO] finished tweaking git repo https://github.com/dacid44/lisp_rs
[INFO] tweaked toml for git repo https://github.com/dacid44/lisp_rs written to /workspace/builds/worker-6-tc2/source/Cargo.toml
[INFO] validating manifest of git repo https://github.com/dacid44/lisp_rs on toolchain 1.98.0-beta.1
[INFO] running `Command { std: CARGO_HOME="/workspace/cargo-home" RUSTUP_HOME="/workspace/rustup-home" "/workspace/cargo-home/bin/cargo" "+1.98.0-beta.1" "metadata" "--manifest-path" "Cargo.toml" "--no-deps", kill_on_drop: false }`
[INFO] crate git repo https://github.com/dacid44/lisp_rs already has a lockfile, it will not be regenerated
[INFO] running `Command { std: CARGO_HOME="/workspace/cargo-home" RUSTUP_HOME="/workspace/rustup-home" "/workspace/cargo-home/bin/cargo" "+1.98.0-beta.1" "fetch" "--manifest-path" "Cargo.toml", kill_on_drop: false }`
[INFO] running `Command { std: "docker" "create" "-v" "/var/lib/crater-agent-workspace/builds/worker-6-tc2/source:/opt/rustwide/workdir:ro,Z" "-v" "/var/lib/crater-agent-workspace/builds/worker-6-tc2/target:/opt/rustwide/target:rw,Z" "-v" "/var/lib/crater-agent-workspace/cargo-home:/opt/rustwide/cargo-home:ro,Z" "-v" "/var/lib/crater-agent-workspace/rustup-home:/opt/rustwide/rustup-home:ro,Z" "-m" "1610612736" "--network" "none" "ghcr.io/rust-lang/crates-build-env/linux@sha256:3d5ced03c013a94a2f102a4510f48a6e9184255caf5fd8244f58017bde7f5210" "sleep" "infinity", kill_on_drop: false }`
[INFO] [stdout] f77436296af24f2ee0fda9adf2ec1b446b5ebe71bad82ad29f49dbc0ebae6483
[INFO] running `Command { std: "docker" "start" "f77436296af24f2ee0fda9adf2ec1b446b5ebe71bad82ad29f49dbc0ebae6483", kill_on_drop: false }`
[INFO] running `Command { std: "docker" "inspect" "f77436296af24f2ee0fda9adf2ec1b446b5ebe71bad82ad29f49dbc0ebae6483", kill_on_drop: false }`
[INFO] running `Command { std: "docker" "exec" "-e" "SOURCE_DIR=/opt/rustwide/workdir" "-e" "CARGO_HOME=/opt/rustwide/cargo-home" "-e" "RUSTUP_HOME=/opt/rustwide/rustup-home" "-e" "CARGO_TARGET_DIR=/opt/rustwide/target" "-w" "/opt/rustwide/workdir" "--user" "0:0" "f77436296af24f2ee0fda9adf2ec1b446b5ebe71bad82ad29f49dbc0ebae6483" "/opt/rustwide/cargo-home/bin/cargo" "+1.98.0-beta.1" "metadata" "--no-deps" "--format-version=1", kill_on_drop: false }`
[INFO] running `Command { std: "docker" "inspect" "f77436296af24f2ee0fda9adf2ec1b446b5ebe71bad82ad29f49dbc0ebae6483", kill_on_drop: false }`
[INFO] running `Command { std: "docker" "exec" "-e" "SOURCE_DIR=/opt/rustwide/workdir" "-e" "CARGO_HOME=/opt/rustwide/cargo-home" "-e" "RUSTUP_HOME=/opt/rustwide/rustup-home" "-e" "CARGO_TARGET_DIR=/opt/rustwide/target" "-e" "CARGO_INCREMENTAL=0" "-e" "RUST_BACKTRACE=full" "-e" "RUSTFLAGS=--cap-lints=warn" "-e" "RUSTDOCFLAGS=--cap-lints=warn" "-w" "/opt/rustwide/workdir" "--user" "0:0" "f77436296af24f2ee0fda9adf2ec1b446b5ebe71bad82ad29f49dbc0ebae6483" "/opt/rustwide/cargo-home/bin/cargo" "+1.98.0-beta.1" "build" "--frozen" "--message-format=json", kill_on_drop: false }`
[INFO] [stderr]    Compiling proc-macro2 v1.0.78
[INFO] [stderr]    Compiling unicode-ident v1.0.12
[INFO] [stderr]    Compiling autocfg v1.1.0
[INFO] [stderr]    Compiling libc v0.2.155
[INFO] [stderr]    Compiling thiserror v1.0.56
[INFO] [stderr]    Compiling memchr v2.7.1
[INFO] [stderr]    Compiling siphasher v0.3.11
[INFO] [stderr]    Compiling rand_core v0.6.4
[INFO] [stderr]    Compiling syn v1.0.109
[INFO] [stderr]    Compiling rand v0.8.5
[INFO] [stderr]    Compiling phf_shared v0.11.2
[INFO] [stderr]    Compiling version_check v0.9.4
[INFO] [stderr]    Compiling typenum v1.17.0
[INFO] [stderr]    Compiling num-traits v0.2.17
[INFO] [stderr]    Compiling utf8parse v0.2.1
[INFO] [stderr]    Compiling memoffset v0.6.5
[INFO] [stderr]    Compiling rustix v0.38.30
[INFO] [stderr]    Compiling generic-array v0.14.7
[INFO] [stderr]    Compiling log v0.4.20
[INFO] [stderr]    Compiling quote v1.0.35
[INFO] [stderr]    Compiling phf_generator v0.11.2
[INFO] [stderr]    Compiling bitflags v2.4.2
[INFO] [stderr]    Compiling strsim v0.10.0
[INFO] [stderr]    Compiling ucd-trie v0.1.6
[INFO] [stderr]    Compiling syn v2.0.48
[INFO] [stderr]    Compiling linux-raw-sys v0.4.13
[INFO] [stderr]    Compiling once_cell v1.19.0
[INFO] [stderr]    Compiling phf_codegen v0.11.2
[INFO] [stderr]    Compiling aho-corasick v1.1.2
[INFO] [stderr]    Compiling memoffset v0.7.1
[INFO] [stderr]    Compiling ordered-float v4.2.0
[INFO] [stderr]    Compiling cfg_aliases v0.1.1
[INFO] [stderr]    Compiling regex-syntax v0.8.2
[INFO] [stderr]    Compiling lazy_static v1.4.0
[INFO] [stderr]    Compiling nix v0.28.0
[INFO] [stderr]    Compiling nix v0.23.2
[INFO] [stderr]    Compiling dirs-sys v0.3.7
[INFO] [stderr]    Compiling block-buffer v0.10.4
[INFO] [stderr]    Compiling crypto-common v0.1.6
[INFO] [stderr]    Compiling getrandom v0.2.12
[INFO] [stderr]    Compiling digest v0.10.7
[INFO] [stderr]    Compiling terminfo v0.8.0
[INFO] [stderr]    Compiling anstyle-parse v0.2.5
[INFO] [stderr]    Compiling colorchoice v1.0.2
[INFO] [stderr]    Compiling bit-vec v0.6.3
[INFO] [stderr]    Compiling cpufeatures v0.2.12
[INFO] [stderr]    Compiling anstyle-query v1.1.1
[INFO] [stderr]    Compiling atomic v0.5.3
[INFO] [stderr]    Compiling anstyle v1.0.8
[INFO] [stderr]    Compiling anyhow v1.0.79
[INFO] [stderr]    Compiling smallvec v1.13.2
[INFO] [stderr]    Compiling minimal-lexical v0.2.1
[INFO] [stderr]    Compiling signal-hook v0.3.17
[INFO] [stderr]    Compiling lab v0.11.0
[INFO] [stderr]    Compiling nom v7.1.3
[INFO] [stderr]    Compiling nibble_vec v0.1.0
[INFO] [stderr]    Compiling anstream v0.6.15
[INFO] [stderr]    Compiling regex-automata v0.4.5
[INFO] [stderr]    Compiling uuid v1.7.0
[INFO] [stderr]    Compiling bit-set v0.5.3
[INFO] [stderr]    Compiling sha2 v0.10.8
[INFO] [stderr]    Compiling dirs v4.0.0
[INFO] [stderr]    Compiling signal-hook-registry v1.4.1
[INFO] [stderr]    Compiling euclid v0.22.9
[INFO] [stderr]    Compiling clap_lex v0.7.2
[INFO] [stderr]    Compiling endian-type v0.1.2
[INFO] [stderr]    Compiling mac_address v1.1.5
[INFO] [stderr]    Compiling thiserror-impl v1.0.56
[INFO] [stderr]    Compiling phf_macros v0.11.2
[INFO] [stderr]    Compiling fastrand v2.0.1
[INFO] [stderr]    Compiling unicode-segmentation v1.10.1
[INFO] [stderr]    Compiling deltae v0.3.2
[INFO] [stderr]    Compiling clap_builder v4.5.14
[INFO] [stderr]    Compiling phf v0.11.2
[INFO] [stderr]    Compiling tempfile v3.9.0
[INFO] [stderr]    Compiling csscolorparser v0.6.2
[INFO] [stderr]    Compiling clap_derive v4.5.13
[INFO] [stderr]    Compiling enum-map-derive v0.17.0
[INFO] [stderr]    Compiling rustyline-derive v0.10.0
[INFO] [stderr]    Compiling pest v2.7.6
[INFO] [stderr]    Compiling regex v1.10.3
[INFO] [stderr]    Compiling wezterm-dynamic-derive v0.1.0
[INFO] [stderr]    Compiling fancy-regex v0.11.0
[INFO] [stderr]    Compiling wezterm-dynamic v0.2.0
[INFO] [stderr]    Compiling pest_meta v2.7.6
[INFO] [stderr]    Compiling semver-parser v0.10.2
[INFO] [stderr]    Compiling wezterm-bidi v0.2.3
[INFO] [stderr]    Compiling wezterm-input-types v0.1.0
[INFO] [stderr]    Compiling wezterm-color-types v0.3.0
[INFO] [stderr]    Compiling semver v0.11.0
[INFO] [stderr]    Compiling num-derive v0.3.3
[INFO] [stderr]    Compiling pest_generator v2.7.6
[INFO] [stderr]    Compiling wezterm-blob-leases v0.1.0
[INFO] [stderr]    Compiling filedescriptor v0.8.2
[INFO] [stderr]    Compiling radix_trie v0.2.1
[INFO] [stderr]    Compiling nix v0.26.4
[INFO] [stderr]    Compiling fd-lock v4.0.2
[INFO] [stderr]    Compiling termios v0.3.3
[INFO] [stderr]    Compiling vtparse v0.6.2
[INFO] [stderr]    Compiling memmem v0.1.1
[INFO] [stderr]    Compiling home v0.5.9
[INFO] [stderr]    Compiling pest_derive v2.7.6
[INFO] [stderr]    Compiling base64 v0.21.7
[INFO] [stderr]    Compiling finl_unicode v1.2.0
[INFO] [stderr]    Compiling either v1.9.0
[INFO] [stderr]    Compiling unicode-width v0.1.13
[INFO] [stderr]    Compiling fixedbitset v0.4.2
[INFO] [stderr]    Compiling itertools v0.12.1
[INFO] [stderr]    Compiling clap v4.5.14
[INFO] [stderr]    Compiling derivative v2.2.0
[INFO] [stderr]    Compiling enum-map v2.7.3
[INFO] [stderr]    Compiling colored v2.1.0
[INFO] [stderr]    Compiling winnow v0.6.18
[INFO] [stderr]    Compiling literally v0.1.3
[INFO] [stderr]    Compiling rustyline v14.0.0
[INFO] [stderr]    Compiling termwiz v0.22.0
[INFO] [stderr]    Compiling lisp_rs v0.1.0 (/opt/rustwide/workdir)
[INFO] [stdout] warning: unused imports: `Color` and `Style`
[INFO] [stdout]  --> src/repl.rs:3:15
[INFO] [stdout]   |
[INFO] [stdout] 3 | use colored::{Color, ColoredString, Colorize, Style};
[INFO] [stdout]   |               ^^^^^                           ^^^^^
[INFO] [stdout]   |
[INFO] [stdout]   = note: `#[warn(unused_imports)]` (part of `#[warn(unused)]`) on by default
[INFO] [stdout] 
[INFO] [stdout] 
[INFO] [stdout] warning: unused import: `winnow::error::ParseError`
[INFO] [stdout]  --> src/repl.rs:8:5
[INFO] [stdout]   |
[INFO] [stdout] 8 | use winnow::error::ParseError;
[INFO] [stdout]   |     ^^^^^^^^^^^^^^^^^^^^^^^^^
[INFO] [stdout] 
[INFO] [stdout] 
[INFO] [stdout] warning: unused import: `tokenize`
[INFO] [stdout]   --> src/repl.rs:11:30
[INFO] [stdout]    |
[INFO] [stdout] 11 |     check_complete, tokens::{tokenize, tokenize_noisy, TokenSpan}, PartialExpressionResult, Token
[INFO] [stdout]    |                              ^^^^^^^^
[INFO] [stdout] 
[INFO] [stdout] 
[INFO] [stdout] warning: trait `expr::InputStream` is more private than the item `expression`
[INFO] [stdout]    --> src/parser.rs:223:5
[INFO] [stdout]     |
[INFO] [stdout] 223 |     pub fn expression<'a>(input: &mut impl InputStream) -> PResult<Expression, ContextError> {
[INFO] [stdout]     |     ^^^^^^^^^^^^^^^^^^^^^^^^^^^^^^^^^^^^^^^^^^^^^^^^^^^^^^^^^^^^^^^^^^^^^^^^^^^^^^^^^^^^^^^^ function `expression` is reachable at visibility `pub(crate)`
[INFO] [stdout]     |
[INFO] [stdout] note: but trait `expr::InputStream` is only usable at visibility `pub(self)`
[INFO] [stdout]    --> src/parser.rs:194:5
[INFO] [stdout]     |
[INFO] [stdout] 194 |     trait InputStream: Stream<Token = Token> + StreamIsPartial {}
[INFO] [stdout]     |     ^^^^^^^^^^^^^^^^^^^^^^^^^^^^^^^^^^^^^^^^^^^^^^^^^^^^^^^^^^
[INFO] [stdout]     = note: `#[warn(private_bounds)]` on by default
[INFO] [stdout] 
[INFO] [stdout] 
[INFO] [stdout] warning: methods `into_nil`, `into_operator`, `into_boolean`, `into_list`, and `into_function` are never used
[INFO] [stdout]    --> src/interpreter.rs:82:12
[INFO] [stdout]     |
[INFO] [stdout]  81 | impl Expression {
[INFO] [stdout]     | --------------- methods in this implementation
[INFO] [stdout]  82 |     pub fn into_nil(self) -> LispResult<()> {
[INFO] [stdout]     |            ^^^^^^^^
[INFO] [stdout] ...
[INFO] [stdout]  89 |     pub fn into_operator(self) -> LispResult<Operator> {
[INFO] [stdout]     |            ^^^^^^^^^^^^^
[INFO] [stdout] ...
[INFO] [stdout]  96 |     pub fn into_boolean(self) -> LispResult<bool> {
[INFO] [stdout]     |            ^^^^^^^^^^^^
[INFO] [stdout] ...
[INFO] [stdout] 117 |     pub fn into_list(self) -> LispResult<LinkedList<Expression>> {
[INFO] [stdout]     |            ^^^^^^^^^
[INFO] [stdout] ...
[INFO] [stdout] 131 |     pub fn into_function(self) -> LispResult<Rc<Function>> {
[INFO] [stdout]     |            ^^^^^^^^^^^^^
[INFO] [stdout]     |
[INFO] [stdout]     = note: `#[warn(dead_code)]` (part of `#[warn(unused)]`) on by default
[INFO] [stdout] 
[INFO] [stdout] 
[INFO] [stdout] warning: field `0` is never read
[INFO] [stdout]    --> src/parser.rs:283:16
[INFO] [stdout]     |
[INFO] [stdout] 283 |     Incomplete(Needed),
[INFO] [stdout]     |     ---------- ^^^^^^
[INFO] [stdout]     |     |
[INFO] [stdout]     |     field in this variant
[INFO] [stdout]     |
[INFO] [stdout] help: consider changing the field to be of unit type to suppress this warning while preserving the field numbering, or remove the field
[INFO] [stdout]     |
[INFO] [stdout] 283 -     Incomplete(Needed),
[INFO] [stdout] 283 +     Incomplete(()),
[INFO] [stdout]     |
[INFO] [stdout] 
[INFO] [stdout] 
[INFO] [stderr]     Finished `dev` profile [unoptimized + debuginfo] target(s) in 1m 44s
[INFO] running `Command { std: "docker" "inspect" "f77436296af24f2ee0fda9adf2ec1b446b5ebe71bad82ad29f49dbc0ebae6483", kill_on_drop: false }`
[INFO] running `Command { std: "docker" "exec" "-e" "SOURCE_DIR=/opt/rustwide/workdir" "-e" "CARGO_HOME=/opt/rustwide/cargo-home" "-e" "RUSTUP_HOME=/opt/rustwide/rustup-home" "-e" "CARGO_TARGET_DIR=/opt/rustwide/target" "-e" "CARGO_INCREMENTAL=0" "-e" "RUST_BACKTRACE=full" "-e" "RUSTFLAGS=--cap-lints=warn" "-e" "RUSTDOCFLAGS=--cap-lints=warn" "-w" "/opt/rustwide/workdir" "--user" "0:0" "f77436296af24f2ee0fda9adf2ec1b446b5ebe71bad82ad29f49dbc0ebae6483" "/opt/rustwide/cargo-home/bin/cargo" "+1.98.0-beta.1" "test" "--frozen" "--no-run" "--message-format=json", kill_on_drop: false }`
[INFO] [stderr]    Compiling lisp_rs v0.1.0 (/opt/rustwide/workdir)
[INFO] [stdout] warning: unused imports: `expression` and `symbol`
[INFO] [stdout]   --> src/lisp_macro.rs:45:26
[INFO] [stdout]    |
[INFO] [stdout] 45 |             lisp_macro::{expression, symbol, IntoExpr},
[INFO] [stdout]    |                          ^^^^^^^^^^  ^^^^^^
[INFO] [stdout] ...
[INFO] [stdout] 56 |     let s = lisp! { (defn factorial [n] (if (<= n 1) 1 (* n (- n 1)))) };
[INFO] [stdout]    |             ------------------------------------------------------------ in this macro invocation
[INFO] [stdout]    |
[INFO] [stdout]    = note: `#[warn(unused_imports)]` (part of `#[warn(unused)]`) on by default
[INFO] [stdout]    = note: this warning originates in the macro `lisp` (in Nightly builds, run with -Z macro-backtrace for more info)
[INFO] [stdout] 
[INFO] [stdout] 
[INFO] [stdout] warning: unused imports: `Color` and `Style`
[INFO] [stdout]  --> src/repl.rs:3:15
[INFO] [stdout]   |
[INFO] [stdout] 3 | use colored::{Color, ColoredString, Colorize, Style};
[INFO] [stdout]   |               ^^^^^                           ^^^^^
[INFO] [stdout] 
[INFO] [stdout] 
[INFO] [stdout] warning: unused import: `winnow::error::ParseError`
[INFO] [stdout]  --> src/repl.rs:8:5
[INFO] [stdout]   |
[INFO] [stdout] 8 | use winnow::error::ParseError;
[INFO] [stdout]   |     ^^^^^^^^^^^^^^^^^^^^^^^^^
[INFO] [stdout] 
[INFO] [stdout] 
[INFO] [stdout] warning: unused import: `tokenize`
[INFO] [stdout]   --> src/repl.rs:11:30
[INFO] [stdout]    |
[INFO] [stdout] 11 |     check_complete, tokens::{tokenize, tokenize_noisy, TokenSpan}, PartialExpressionResult, Token
[INFO] [stdout]    |                              ^^^^^^^^
[INFO] [stdout] 
[INFO] [stdout] 
[INFO] [stdout] warning: trait `expr::InputStream` is more private than the item `expression`
[INFO] [stdout]    --> src/parser.rs:223:5
[INFO] [stdout]     |
[INFO] [stdout] 223 |     pub fn expression<'a>(input: &mut impl InputStream) -> PResult<Expression, ContextError> {
[INFO] [stdout]     |     ^^^^^^^^^^^^^^^^^^^^^^^^^^^^^^^^^^^^^^^^^^^^^^^^^^^^^^^^^^^^^^^^^^^^^^^^^^^^^^^^^^^^^^^^ function `expression` is reachable at visibility `pub(crate)`
[INFO] [stdout]     |
[INFO] [stdout] note: but trait `expr::InputStream` is only usable at visibility `pub(self)`
[INFO] [stdout]    --> src/parser.rs:194:5
[INFO] [stdout]     |
[INFO] [stdout] 194 |     trait InputStream: Stream<Token = Token> + StreamIsPartial {}
[INFO] [stdout]     |     ^^^^^^^^^^^^^^^^^^^^^^^^^^^^^^^^^^^^^^^^^^^^^^^^^^^^^^^^^^
[INFO] [stdout]     = note: `#[warn(private_bounds)]` on by default
[INFO] [stdout] 
[INFO] [stdout] 
[INFO] [stdout] warning: methods `into_nil`, `into_operator`, `into_boolean`, `into_list`, and `into_function` are never used
[INFO] [stdout]    --> src/interpreter.rs:82:12
[INFO] [stdout]     |
[INFO] [stdout]  81 | impl Expression {
[INFO] [stdout]     | --------------- methods in this implementation
[INFO] [stdout]  82 |     pub fn into_nil(self) -> LispResult<()> {
[INFO] [stdout]     |            ^^^^^^^^
[INFO] [stdout] ...
[INFO] [stdout]  89 |     pub fn into_operator(self) -> LispResult<Operator> {
[INFO] [stdout]     |            ^^^^^^^^^^^^^
[INFO] [stdout] ...
[INFO] [stdout]  96 |     pub fn into_boolean(self) -> LispResult<bool> {
[INFO] [stdout]     |            ^^^^^^^^^^^^
[INFO] [stdout] ...
[INFO] [stdout] 117 |     pub fn into_list(self) -> LispResult<LinkedList<Expression>> {
[INFO] [stdout]     |            ^^^^^^^^^
[INFO] [stdout] ...
[INFO] [stdout] 131 |     pub fn into_function(self) -> LispResult<Rc<Function>> {
[INFO] [stdout]     |            ^^^^^^^^^^^^^
[INFO] [stdout]     |
[INFO] [stdout]     = note: `#[warn(dead_code)]` (part of `#[warn(unused)]`) on by default
[INFO] [stdout] 
[INFO] [stdout] 
[INFO] [stdout] warning: field `0` is never read
[INFO] [stdout]    --> src/parser.rs:283:16
[INFO] [stdout]     |
[INFO] [stdout] 283 |     Incomplete(Needed),
[INFO] [stdout]     |     ---------- ^^^^^^
[INFO] [stdout]     |     |
[INFO] [stdout]     |     field in this variant
[INFO] [stdout]     |
[INFO] [stdout] help: consider changing the field to be of unit type to suppress this warning while preserving the field numbering, or remove the field
[INFO] [stdout]     |
[INFO] [stdout] 283 -     Incomplete(Needed),
[INFO] [stdout] 283 +     Incomplete(()),
[INFO] [stdout]     |
[INFO] [stdout] 
[INFO] [stdout] 
[INFO] [stderr]     Finished `test` profile [unoptimized + debuginfo] target(s) in 1.78s
[INFO] running `Command { std: "docker" "inspect" "f77436296af24f2ee0fda9adf2ec1b446b5ebe71bad82ad29f49dbc0ebae6483", kill_on_drop: false }`
[INFO] running `Command { std: "docker" "exec" "-e" "SOURCE_DIR=/opt/rustwide/workdir" "-e" "CARGO_HOME=/opt/rustwide/cargo-home" "-e" "RUSTUP_HOME=/opt/rustwide/rustup-home" "-e" "CARGO_TARGET_DIR=/opt/rustwide/target" "-e" "CARGO_INCREMENTAL=0" "-e" "RUST_BACKTRACE=full" "-e" "RUSTFLAGS=--cap-lints=warn" "-e" "RUSTDOCFLAGS=--cap-lints=warn" "-w" "/opt/rustwide/workdir" "--user" "0:0" "f77436296af24f2ee0fda9adf2ec1b446b5ebe71bad82ad29f49dbc0ebae6483" "/opt/rustwide/cargo-home/bin/cargo" "+1.98.0-beta.1" "test" "--frozen", kill_on_drop: false }`
[INFO] [stderr] warning: unused imports: `expression` and `symbol`
[INFO] [stderr]   --> src/lisp_macro.rs:45:26
[INFO] [stderr]    |
[INFO] [stderr] 45 |             lisp_macro::{expression, symbol, IntoExpr},
[INFO] [stderr]    |                          ^^^^^^^^^^  ^^^^^^
[INFO] [stderr] ...
[INFO] [stderr] 56 |     let s = lisp! { (defn factorial [n] (if (<= n 1) 1 (* n (- n 1)))) };
[INFO] [stderr]    |             ------------------------------------------------------------ in this macro invocation
[INFO] [stderr]    |
[INFO] [stderr]    = note: `#[warn(unused_imports)]` (part of `#[warn(unused)]`) on by default
[INFO] [stderr]    = note: this warning originates in the macro `lisp` (in Nightly builds, run with -Z macro-backtrace for more info)
[INFO] [stderr] 
[INFO] [stderr] warning: unused imports: `Color` and `Style`
[INFO] [stderr]  --> src/repl.rs:3:15
[INFO] [stderr]   |
[INFO] [stderr] 3 | use colored::{Color, ColoredString, Colorize, Style};
[INFO] [stderr]   |               ^^^^^                           ^^^^^
[INFO] [stderr] 
[INFO] [stderr] warning: unused import: `winnow::error::ParseError`
[INFO] [stderr]  --> src/repl.rs:8:5
[INFO] [stderr]   |
[INFO] [stderr] 8 | use winnow::error::ParseError;
[INFO] [stderr]   |     ^^^^^^^^^^^^^^^^^^^^^^^^^
[INFO] [stderr] 
[INFO] [stderr] warning: unused import: `tokenize`
[INFO] [stderr]   --> src/repl.rs:11:30
[INFO] [stderr]    |
[INFO] [stderr] 11 |     check_complete, tokens::{tokenize, tokenize_noisy, TokenSpan}, PartialExpressionResult, Token
[INFO] [stderr]    |                              ^^^^^^^^
[INFO] [stderr] 
[INFO] [stderr] warning: trait `expr::InputStream` is more private than the item `expression`
[INFO] [stderr]    --> src/parser.rs:223:5
[INFO] [stderr]     |
[INFO] [stderr] 223 |     pub fn expression<'a>(input: &mut impl InputStream) -> PResult<Expression, ContextError> {
[INFO] [stderr]     |     ^^^^^^^^^^^^^^^^^^^^^^^^^^^^^^^^^^^^^^^^^^^^^^^^^^^^^^^^^^^^^^^^^^^^^^^^^^^^^^^^^^^^^^^^ function `expression` is reachable at visibility `pub(crate)`
[INFO] [stderr]     |
[INFO] [stderr] note: but trait `expr::InputStream` is only usable at visibility `pub(self)`
[INFO] [stderr]    --> src/parser.rs:194:5
[INFO] [stderr]     |
[INFO] [stderr] 194 |     trait InputStream: Stream<Token = Token> + StreamIsPartial {}
[INFO] [stderr]     |     ^^^^^^^^^^^^^^^^^^^^^^^^^^^^^^^^^^^^^^^^^^^^^^^^^^^^^^^^^^
[INFO] [stderr]     = note: `#[warn(private_bounds)]` on by default
[INFO] [stderr] 
[INFO] [stderr] warning: methods `into_nil`, `into_operator`, `into_boolean`, `into_list`, and `into_function` are never used
[INFO] [stderr]    --> src/interpreter.rs:82:12
[INFO] [stderr]     |
[INFO] [stderr]  81 | impl Expression {
[INFO] [stderr]     | --------------- methods in this implementation
[INFO] [stderr]  82 |     pub fn into_nil(self) -> LispResult<()> {
[INFO] [stderr]     |            ^^^^^^^^
[INFO] [stderr] ...
[INFO] [stderr]  89 |     pub fn into_operator(self) -> LispResult<Operator> {
[INFO] [stderr]     |            ^^^^^^^^^^^^^
[INFO] [stderr] ...
[INFO] [stderr]  96 |     pub fn into_boolean(self) -> LispResult<bool> {
[INFO] [stderr]     |            ^^^^^^^^^^^^
[INFO] [stderr] ...
[INFO] [stderr] 117 |     pub fn into_list(self) -> LispResult<LinkedList<Expression>> {
[INFO] [stderr]     |            ^^^^^^^^^
[INFO] [stderr] ...
[INFO] [stderr] 131 |     pub fn into_function(self) -> LispResult<Rc<Function>> {
[INFO] [stderr]     |            ^^^^^^^^^^^^^
[INFO] [stderr]     |
[INFO] [stderr]     = note: `#[warn(dead_code)]` (part of `#[warn(unused)]`) on by default
[INFO] [stderr] 
[INFO] [stderr] warning: field `0` is never read
[INFO] [stderr]    --> src/parser.rs:283:16
[INFO] [stderr]     |
[INFO] [stderr] 283 |     Incomplete(Needed),
[INFO] [stderr]     |     ---------- ^^^^^^
[INFO] [stderr]     |     |
[INFO] [stderr]     |     field in this variant
[INFO] [stderr]     |
[INFO] [stderr] help: consider changing the field to be of unit type to suppress this warning while preserving the field numbering, or remove the field
[INFO] [stderr]     |
[INFO] [stderr] 283 -     Incomplete(Needed),
[INFO] [stderr] 283 +     Incomplete(()),
[INFO] [stderr]     |
[INFO] [stderr] 
[INFO] [stderr] warning: `lisp_rs` (bin "lisp_rs" test) generated 7 warnings (run `cargo fix --bin "lisp_rs" -p lisp_rs --tests` to apply 3 suggestions)
[INFO] [stderr]     Finished `test` profile [unoptimized + debuginfo] target(s) in 0.20s
[INFO] [stderr]      Running unittests src/main.rs (/opt/rustwide/target/debug/deps/lisp_rs-50cc9dd25c055883)
[INFO] [stdout] 
[INFO] [stdout] running 4 tests
[INFO] [stdout] test parser::tests::test_names ... ok
[INFO] [stdout] test parser::tests::test_lists ... ok
[INFO] [stdout] test lisp_macro::test ... FAILED
[INFO] [stdout] test parser::tests::test_simple_expressions ... ok
[INFO] [stderr] error: test failed, to rerun pass `--bin lisp_rs`
[INFO] [stdout] 
[INFO] [stdout] failures:
[INFO] [stdout] 
[INFO] [stdout] ---- lisp_macro::test stdout ----
[INFO] [stdout] 
[INFO] [stdout] thread 'lisp_macro::test' (1900) panicked at src/lisp_macro.rs:57:5:
[INFO] [stdout] List([Operator(Defn), Name("factorial"), Vector([Name("n")]), List([Operator(If), List([Name("<="), Name("n"), Integer(1)]), Integer(1), List([Name("*"), Name("n"), List([Name("-"), Name("n"), Integer(1)])])])])
[INFO] [stdout] stack backtrace:
[INFO] [stdout]    0:     0x583ebd438b41 - std[73adb7dc35730857]::backtrace_rs::backtrace::libunwind::trace
[INFO] [stdout]                                at /rustc/6b3fa26749ab40e159b2dd5cf577acaaf5902772/library/std/src/../../backtrace/src/backtrace/libunwind.rs:117:9
[INFO] [stdout]    1:     0x583ebd438b41 - std[73adb7dc35730857]::backtrace_rs::backtrace::trace_unsynchronized::<std[73adb7dc35730857]::sys::backtrace::_print_fmt::{closure#1}>
[INFO] [stdout]                                at /rustc/6b3fa26749ab40e159b2dd5cf577acaaf5902772/library/std/src/../../backtrace/src/backtrace/mod.rs:66:14
[INFO] [stdout]    2:     0x583ebd438b41 - std[73adb7dc35730857]::sys::backtrace::_print_fmt
[INFO] [stdout]                                at /rustc/6b3fa26749ab40e159b2dd5cf577acaaf5902772/library/std/src/sys/backtrace.rs:74:9
[INFO] [stdout]    3:     0x583ebd438b41 - <<std[73adb7dc35730857]::sys::backtrace::BacktraceLock>::print::DisplayBacktrace as core[6883ba1bc0fe4ed1]::fmt::Display>::fmt
[INFO] [stdout]                                at /rustc/6b3fa26749ab40e159b2dd5cf577acaaf5902772/library/std/src/sys/backtrace.rs:44:26
[INFO] [stdout]    4:     0x583ebd44ccba - <core[6883ba1bc0fe4ed1]::fmt::rt::Argument>::fmt
[INFO] [stdout]                                at /rustc/6b3fa26749ab40e159b2dd5cf577acaaf5902772/library/core/src/fmt/rt.rs:152:76
[INFO] [stdout]    5:     0x583ebd44ccba - core[6883ba1bc0fe4ed1]::fmt::write
[INFO] [stdout]    6:     0x583ebd43cffc - std[73adb7dc35730857]::io::default_write_fmt::<alloc[55a36b64bcbf2c0d]::vec::Vec<u8>>
[INFO] [stdout]                                at /rustc/6b3fa26749ab40e159b2dd5cf577acaaf5902772/library/std/src/io/mod.rs:626:11
[INFO] [stdout]    7:     0x583ebd43cffc - <alloc[55a36b64bcbf2c0d]::vec::Vec<u8> as std[73adb7dc35730857]::io::Write>::write_fmt
[INFO] [stdout]                                at /rustc/6b3fa26749ab40e159b2dd5cf577acaaf5902772/library/std/src/io/mod.rs:1730:13
[INFO] [stdout]    8:     0x583ebd4172b6 - <std[73adb7dc35730857]::sys::backtrace::BacktraceLock>::print
[INFO] [stdout]                                at /rustc/6b3fa26749ab40e159b2dd5cf577acaaf5902772/library/std/src/sys/backtrace.rs:47:9
[INFO] [stdout]    9:     0x583ebd4172b6 - std[73adb7dc35730857]::panicking::default_hook::{closure#0}
[INFO] [stdout]                                at /rustc/6b3fa26749ab40e159b2dd5cf577acaaf5902772/library/std/src/panicking.rs:292:27
[INFO] [stdout]   10:     0x583ebd430d69 - std[73adb7dc35730857]::panicking::default_hook
[INFO] [stdout]                                at /rustc/6b3fa26749ab40e159b2dd5cf577acaaf5902772/library/std/src/panicking.rs:316:9
[INFO] [stdout]   11:     0x583ebd3c0040 - <alloc[55a36b64bcbf2c0d]::boxed::Box<dyn for<'a, 'b> core[6883ba1bc0fe4ed1]::ops::function::Fn<(&'a std[73adb7dc35730857]::panic::PanicHookInfo<'b>,), Output = ()> + core[6883ba1bc0fe4ed1]::marker::Send + core[6883ba1bc0fe4ed1]::marker::Sync> as core[6883ba1bc0fe4ed1]::ops::function::Fn<(&std[73adb7dc35730857]::panic::PanicHookInfo,)>>::call
[INFO] [stdout]                                at /rustc/6b3fa26749ab40e159b2dd5cf577acaaf5902772/library/alloc/src/boxed.rs:2333:9
[INFO] [stdout]   12:     0x583ebd3c0040 - test[980ffaebd391d06d]::test_main_inner::<test[980ffaebd391d06d]::test_main_static::{closure#0}>::{closure#0}
[INFO] [stdout]                                at /rustc/6b3fa26749ab40e159b2dd5cf577acaaf5902772/library/test/src/lib.rs:155:21
[INFO] [stdout]   13:     0x583ebd430f22 - <alloc[55a36b64bcbf2c0d]::boxed::Box<dyn for<'a, 'b> core[6883ba1bc0fe4ed1]::ops::function::Fn<(&'a std[73adb7dc35730857]::panic::PanicHookInfo<'b>,), Output = ()> + core[6883ba1bc0fe4ed1]::marker::Send + core[6883ba1bc0fe4ed1]::marker::Sync> as core[6883ba1bc0fe4ed1]::ops::function::Fn<(&std[73adb7dc35730857]::panic::PanicHookInfo,)>>::call
[INFO] [stdout]                                at /rustc/6b3fa26749ab40e159b2dd5cf577acaaf5902772/library/alloc/src/boxed.rs:2333:9
[INFO] [stdout]   14:     0x583ebd430f22 - std[73adb7dc35730857]::panicking::panic_with_hook
[INFO] [stdout]                                at /rustc/6b3fa26749ab40e159b2dd5cf577acaaf5902772/library/std/src/panicking.rs:823:13
[INFO] [stdout]   15:     0x583ebd417362 - std[73adb7dc35730857]::panicking::panic_handler::{closure#0}
[INFO] [stdout]                                at /rustc/6b3fa26749ab40e159b2dd5cf577acaaf5902772/library/std/src/panicking.rs:688:13
[INFO] [stdout]   16:     0x583ebd40ecc9 - std[73adb7dc35730857]::sys::backtrace::__rust_end_short_backtrace::<std[73adb7dc35730857]::panicking::panic_handler::{closure#0}, !>
[INFO] [stdout]                                at /rustc/6b3fa26749ab40e159b2dd5cf577acaaf5902772/library/std/src/sys/backtrace.rs:182:18
[INFO] [stdout]   17:     0x583ebd417f5d - __rustc[a7b7b02e776dd976]::rust_begin_unwind
[INFO] [stdout]                                at /rustc/6b3fa26749ab40e159b2dd5cf577acaaf5902772/library/std/src/panicking.rs:679:5
[INFO] [stdout]   18:     0x583ebd44d48c - core[6883ba1bc0fe4ed1]::panicking::panic_fmt
[INFO] [stdout]                                at /rustc/6b3fa26749ab40e159b2dd5cf577acaaf5902772/library/core/src/panicking.rs:80:14
[INFO] [stdout]   19:     0x583ebd39a59b - lisp_rs[7b1d90fad9757601]::lisp_macro::test
[INFO] [stdout]                                at /opt/rustwide/workdir/src/lisp_macro.rs:57:5
[INFO] [stdout]   20:     0x583ebd398bb7 - lisp_rs[7b1d90fad9757601]::lisp_macro::test::{closure#0}
[INFO] [stdout]                                at /opt/rustwide/workdir/src/lisp_macro.rs:55:10
[INFO] [stdout]   21:     0x583ebd39d396 - <lisp_rs[7b1d90fad9757601]::lisp_macro::test::{closure#0} as core[6883ba1bc0fe4ed1]::ops::function::FnOnce<()>>::call_once
[INFO] [stdout]                                at /rustc/6b3fa26749ab40e159b2dd5cf577acaaf5902772/library/core/src/ops/function.rs:250:5
[INFO] [stdout]   22:     0x583ebd3b337b - <fn() -> core[6883ba1bc0fe4ed1]::result::Result<(), alloc[55a36b64bcbf2c0d]::string::String> as core[6883ba1bc0fe4ed1]::ops::function::FnOnce<()>>::call_once
[INFO] [stdout]                                at /rustc/6b3fa26749ab40e159b2dd5cf577acaaf5902772/library/core/src/ops/function.rs:250:5
[INFO] [stdout]   23:     0x583ebd3b337b - test[980ffaebd391d06d]::__rust_begin_short_backtrace::<core[6883ba1bc0fe4ed1]::result::Result<(), alloc[55a36b64bcbf2c0d]::string::String>, fn() -> core[6883ba1bc0fe4ed1]::result::Result<(), alloc[55a36b64bcbf2c0d]::string::String>>
[INFO] [stdout]                                at /rustc/6b3fa26749ab40e159b2dd5cf577acaaf5902772/library/test/src/lib.rs:724:18
[INFO] [stdout]   24:     0x583ebd3c09c5 - test[980ffaebd391d06d]::run_test_in_process::{closure#0}
[INFO] [stdout]                                at /rustc/6b3fa26749ab40e159b2dd5cf577acaaf5902772/library/test/src/lib.rs:747:74
[INFO] [stdout]   25:     0x583ebd3c09c5 - <core[6883ba1bc0fe4ed1]::panic::unwind_safe::AssertUnwindSafe<test[980ffaebd391d06d]::run_test_in_process::{closure#0}> as core[6883ba1bc0fe4ed1]::ops::function::FnOnce<()>>::call_once
[INFO] [stdout]                                at /rustc/6b3fa26749ab40e159b2dd5cf577acaaf5902772/library/core/src/panic/unwind_safe.rs:275:9
[INFO] [stdout]   26:     0x583ebd3c09c5 - std[73adb7dc35730857]::panicking::catch_unwind::do_call::<core[6883ba1bc0fe4ed1]::panic::unwind_safe::AssertUnwindSafe<test[980ffaebd391d06d]::run_test_in_process::{closure#0}>, core[6883ba1bc0fe4ed1]::result::Result<(), alloc[55a36b64bcbf2c0d]::string::String>>
[INFO] [stdout]                                at /rustc/6b3fa26749ab40e159b2dd5cf577acaaf5902772/library/std/src/panicking.rs:576:43
[INFO] [stdout]   27:     0x583ebd3c09c5 - std[73adb7dc35730857]::panicking::catch_unwind::<core[6883ba1bc0fe4ed1]::result::Result<(), alloc[55a36b64bcbf2c0d]::string::String>, core[6883ba1bc0fe4ed1]::panic::unwind_safe::AssertUnwindSafe<test[980ffaebd391d06d]::run_test_in_process::{closure#0}>>
[INFO] [stdout]                                at /rustc/6b3fa26749ab40e159b2dd5cf577acaaf5902772/library/std/src/panicking.rs:544:19
[INFO] [stdout]   28:     0x583ebd3c09c5 - std[73adb7dc35730857]::panic::catch_unwind::<core[6883ba1bc0fe4ed1]::panic::unwind_safe::AssertUnwindSafe<test[980ffaebd391d06d]::run_test_in_process::{closure#0}>, core[6883ba1bc0fe4ed1]::result::Result<(), alloc[55a36b64bcbf2c0d]::string::String>>
[INFO] [stdout]                                at /rustc/6b3fa26749ab40e159b2dd5cf577acaaf5902772/library/std/src/panic.rs:359:14
[INFO] [stdout]   29:     0x583ebd3c09c5 - test[980ffaebd391d06d]::run_test_in_process
[INFO] [stdout]                                at /rustc/6b3fa26749ab40e159b2dd5cf577acaaf5902772/library/test/src/lib.rs:747:27
[INFO] [stdout]   30:     0x583ebd3c09c5 - test[980ffaebd391d06d]::run_test::{closure#0}
[INFO] [stdout]                                at /rustc/6b3fa26749ab40e159b2dd5cf577acaaf5902772/library/test/src/lib.rs:668:43
[INFO] [stdout]   31:     0x583ebd3bb474 - test[980ffaebd391d06d]::run_test::{closure#1}
[INFO] [stdout]                                at /rustc/6b3fa26749ab40e159b2dd5cf577acaaf5902772/library/test/src/lib.rs:698:41
[INFO] [stdout]   32:     0x583ebd3bb474 - std[73adb7dc35730857]::sys::backtrace::__rust_begin_short_backtrace::<test[980ffaebd391d06d]::run_test::{closure#1}, ()>
[INFO] [stdout]                                at /rustc/6b3fa26749ab40e159b2dd5cf577acaaf5902772/library/std/src/sys/backtrace.rs:166:18
[INFO] [stdout]   33:     0x583ebd3c3b12 - std[73adb7dc35730857]::thread::lifecycle::spawn_unchecked::<test[980ffaebd391d06d]::run_test::{closure#1}, ()>::{closure#1}::{closure#0}
[INFO] [stdout]                                at /rustc/6b3fa26749ab40e159b2dd5cf577acaaf5902772/library/std/src/thread/lifecycle.rs:70:13
[INFO] [stdout]   34:     0x583ebd3c3b12 - <core[6883ba1bc0fe4ed1]::panic::unwind_safe::AssertUnwindSafe<std[73adb7dc35730857]::thread::lifecycle::spawn_unchecked<test[980ffaebd391d06d]::run_test::{closure#1}, ()>::{closure#1}::{closure#0}> as core[6883ba1bc0fe4ed1]::ops::function::FnOnce<()>>::call_once
[INFO] [stdout]                                at /rustc/6b3fa26749ab40e159b2dd5cf577acaaf5902772/library/core/src/panic/unwind_safe.rs:275:9
[INFO] [stdout]   35:     0x583ebd3c3b12 - std[73adb7dc35730857]::panicking::catch_unwind::do_call::<core[6883ba1bc0fe4ed1]::panic::unwind_safe::AssertUnwindSafe<std[73adb7dc35730857]::thread::lifecycle::spawn_unchecked<test[980ffaebd391d06d]::run_test::{closure#1}, ()>::{closure#1}::{closure#0}>, ()>
[INFO] [stdout]                                at /rustc/6b3fa26749ab40e159b2dd5cf577acaaf5902772/library/std/src/panicking.rs:576:43
[INFO] [stdout]   36:     0x583ebd3c3b12 - std[73adb7dc35730857]::panicking::catch_unwind::<(), core[6883ba1bc0fe4ed1]::panic::unwind_safe::AssertUnwindSafe<std[73adb7dc35730857]::thread::lifecycle::spawn_unchecked<test[980ffaebd391d06d]::run_test::{closure#1}, ()>::{closure#1}::{closure#0}>>
[INFO] [stdout]                                at /rustc/6b3fa26749ab40e159b2dd5cf577acaaf5902772/library/std/src/panicking.rs:544:19
[INFO] [stdout]   37:     0x583ebd3c3b12 - std[73adb7dc35730857]::panic::catch_unwind::<core[6883ba1bc0fe4ed1]::panic::unwind_safe::AssertUnwindSafe<std[73adb7dc35730857]::thread::lifecycle::spawn_unchecked<test[980ffaebd391d06d]::run_test::{closure#1}, ()>::{closure#1}::{closure#0}>, ()>
[INFO] [stdout]                                at /rustc/6b3fa26749ab40e159b2dd5cf577acaaf5902772/library/std/src/panic.rs:359:14
[INFO] [stdout]   38:     0x583ebd3c3b12 - std[73adb7dc35730857]::thread::lifecycle::spawn_unchecked::<test[980ffaebd391d06d]::run_test::{closure#1}, ()>::{closure#1}
[INFO] [stdout]                                at /rustc/6b3fa26749ab40e159b2dd5cf577acaaf5902772/library/std/src/thread/lifecycle.rs:68:26
[INFO] [stdout]   39:     0x583ebd3c3b12 - <std[73adb7dc35730857]::thread::lifecycle::spawn_unchecked<test[980ffaebd391d06d]::run_test::{closure#1}, ()>::{closure#1} as core[6883ba1bc0fe4ed1]::ops::function::FnOnce<()>>::call_once::{shim:vtable#0}
[INFO] [stdout]                                at /rustc/6b3fa26749ab40e159b2dd5cf577acaaf5902772/library/core/src/ops/function.rs:250:5
[INFO] [stdout]   40:     0x583ebd4383cf - <alloc[55a36b64bcbf2c0d]::boxed::Box<dyn core[6883ba1bc0fe4ed1]::ops::function::FnOnce<(), Output = ()> + core[6883ba1bc0fe4ed1]::marker::Send> as core[6883ba1bc0fe4ed1]::ops::function::FnOnce<()>>::call_once
[INFO] [stdout]                                at /rustc/6b3fa26749ab40e159b2dd5cf577acaaf5902772/library/alloc/src/boxed.rs:2319:9
[INFO] [stdout]   41:     0x583ebd4383cf - <std[73adb7dc35730857]::sys::thread::unix::Thread>::new::thread_start
[INFO] [stdout]                                at /rustc/6b3fa26749ab40e159b2dd5cf577acaaf5902772/library/std/src/sys/thread/unix.rs:123:17
[INFO] [stdout]   42:     0x78fd8e2efaa4 - <unknown>
[INFO] [stdout]   43:     0x78fd8e37ca64 - clone
[INFO] [stdout]   44:                0x0 - <unknown>
[INFO] [stdout] 
[INFO] [stdout] 
[INFO] [stdout] failures:
[INFO] [stdout]     lisp_macro::test
[INFO] [stdout] 
[INFO] [stdout] test result: FAILED. 3 passed; 1 failed; 0 ignored; 0 measured; 0 filtered out; finished in 0.18s
[INFO] [stdout] 
[INFO] running `Command { std: "docker" "inspect" "f77436296af24f2ee0fda9adf2ec1b446b5ebe71bad82ad29f49dbc0ebae6483", kill_on_drop: false }`
[INFO] running `Command { std: "docker" "rm" "-f" "f77436296af24f2ee0fda9adf2ec1b446b5ebe71bad82ad29f49dbc0ebae6483", kill_on_drop: false }`
[INFO] [stdout] f77436296af24f2ee0fda9adf2ec1b446b5ebe71bad82ad29f49dbc0ebae6483
